-- phpMyAdmin SQL Dump
-- version 4.5.1
-- http://www.phpmyadmin.net
--
-- Host: 127.0.0.1
-- Creato il: Ago 31, 2016 alle 10:52
-- Versione del server: 10.1.10-MariaDB
-- Versione PHP: 5.6.19

SET SQL_MODE = "NO_AUTO_VALUE_ON_ZERO";
SET time_zone = "+00:00";


/*!40101 SET @OLD_CHARACTER_SET_CLIENT=@@CHARACTER_SET_CLIENT */;
/*!40101 SET @OLD_CHARACTER_SET_RESULTS=@@CHARACTER_SET_RESULTS */;
/*!40101 SET @OLD_COLLATION_CONNECTION=@@COLLATION_CONNECTION */;
/*!40101 SET NAMES utf8mb4 */;

--
-- Database: `rehability`
--

--
-- Dump dei dati per la tabella `cb_achievement``
--

INSERT INTO `cb_achievement` (`Id`, `Title`, `Description`, `UniqueRecords`, `Position`) VALUES
(63, 'Sequence11-Level1', 'Achievement reached when collecting experience in this level in this sequence following progression rules.', 1, 62),
(64, 'Sequence11-Level2', 'Achievement reached when collecting experience in this level in this sequence following progression rules.', 1, 63),
(65, 'Sequence11-Level3', 'Achievement reached when collecting experience in this level in this sequence following progression rules.', 1, 64),
(66, 'Sequence11-Level4', 'Achievement reached when collecting experience in this level in this sequence following progression rules.', 1, 65),
(67, 'Sequence11-Level5', 'Achievement reached when collecting experience in this level in this sequence following progression rules.', 1, 66),
(68, 'Sequence12-Level1', 'Achievement reached when collecting experience in this level in this sequence following progression rules.', 1, 67),
(69, 'Sequence12-Level2', 'Achievement reached when collecting experience in this level in this sequence following progression rules.', 1, 68),
(70, 'Sequence12-Level6', 'Achievement reached when collecting experience in this level in this sequence following progression rules.', 1, 69),
(71, 'Sequence12-Level3', 'Achievement reached when collecting experience in this level in this sequence following progression rules.', 1, 70),
(72, 'Sequence12-Level4', 'Achievement reached when collecting experience in this level in this sequence following progression rules.', 1, 71),
(73, 'Sequence12-Level7', 'Achievement reached when collecting experience in this level in this sequence following progression rules.', 1, 72),
(74, 'Sequence12-Level5', 'Achievement reached when collecting experience in this level in this sequence following progression rules.', 1, 73),
(75, 'Sequence13-Level6', 'Achievement reached when collecting experience in this level in this sequence following progression rules.', 1, 74),
(76, 'Sequence13-Level7', 'Achievement reached when collecting experience in this level in this sequence following progression rules.', 1, 75),
(77, 'Sequence13-Level8', 'Achievement reached when collecting experience in this level in this sequence following progression rules.', 1, 76),
(78, 'Sequence13-Level9', 'Achievement reached when collecting experience in this level in this sequence following progression rules.', 1, 77),
(79, 'Sequence13-Level10', 'Achievement reached when collecting experience in this level in this sequence following progression rules.', 1, 78),
(82, 'Sequence14-Level1', 'Achievement reached when collecting experience in this level in this sequence following progression rules.', 1, 81),
(83, 'Sequence14-Level2', 'Achievement reached when collecting experience in this level in this sequence following progression rules.', 1, 82),
(84, 'Sequence14-Level6', 'Achievement reached when collecting experience in this level in this sequence following progression rules.', 1, 83),
(85, 'Sequence14-Level3', 'Achievement reached when collecting experience in this level in this sequence following progression rules.', 1, 84),
(86, 'Sequence14-Level4', 'Achievement reached when collecting experience in this level in this sequence following progression rules.', 1, 85),
(87, 'Sequence14-Level7', 'Achievement reached when collecting experience in this level in this sequence following progression rules.', 1, 86),
(88, 'Sequence14-Level5', 'Achievement reached when collecting experience in this level in this sequence following progression rules.', 1, 87),
(92, 'Sequence16-Level2', 'Achievement reached when collecting experience in this level in this sequence following progression rules.', 1, 91),
(93, 'Sequence16-Level6', 'Achievement reached when collecting experience in this level in this sequence following progression rules.', 1, 92),
(94, 'Sequence16-Level3', 'Achievement reached when collecting experience in this level in this sequence following progression rules.', 1, 93),
(95, 'Sequence16-Level4', 'Achievement reached when collecting experience in this level in this sequence following progression rules.', 1, 94),
(96, 'Sequence16-Level7', 'Achievement reached when collecting experience in this level in this sequence following progression rules.', 1, 95),
(97, 'Sequence16-Level1', 'Achievement reached when collecting experience in this level in this sequence following progression rules.', 1, 96),
(98, 'Sequence16-Level5', 'Achievement reached when collecting experience in this level in this sequence following progression rules.', 1, 97),
(106, 'Sequence18-Level1', 'Achievement reached when collecting experience in this level in this sequence following progression rules.', 1, 105),
(107, 'Sequence18-Level2', 'Achievement reached when collecting experience in this level in this sequence following progression rules.', 1, 106),
(108, 'Sequence18-Level3', 'Achievement reached when collecting experience in this level in this sequence following progression rules.', 1, 107),
(109, 'Sequence18-Level4', 'Achievement reached when collecting experience in this level in this sequence following progression rules.', 1, 108),
(110, 'Sequence18-Level5', 'Achievement reached when collecting experience in this level in this sequence following progression rules.', 1, 109),
(111, 'Sequence18-Level6', 'Achievement reached when collecting experience in this level in this sequence following progression rules.', 1, 110),
(112, 'Sequence18-Level7', 'Achievement reached when collecting experience in this level in this sequence following progression rules.', 1, 111),
(113, 'Sequence18-Level8', 'Achievement reached when collecting experience in this level in this sequence following progression rules.', 1, 112),
(114, 'Sequence18-Level9', 'Achievement reached when collecting experience in this level in this sequence following progression rules.', 1, 113),
(115, 'Sequence19-Level1', 'Achievement reached when collecting experience in this level in this sequence following progression rules.', 1, 114),
(116, 'Sequence19-Level4', 'Achievement reached when collecting experience in this level in this sequence following progression rules.', 1, 115),
(117, 'Sequence19-Level3', 'Achievement reached when collecting experience in this level in this sequence following progression rules.', 1, 116),
(118, 'Sequence19-Level5', 'Achievement reached when collecting experience in this level in this sequence following progression rules.', 1, 117),
(119, 'Sequence19-Level6', 'Achievement reached when collecting experience in this level in this sequence following progression rules.', 1, 118),
(120, 'Sequence19-Level7', 'Achievement reached when collecting experience in this level in this sequence following progression rules.', 1, 119),
(121, 'Sequence19-Level8', 'Achievement reached when collecting experience in this level in this sequence following progression rules.', 1, 120),
(122, 'Sequence19-Level9', 'Achievement reached when collecting experience in this level in this sequence following progression rules.', 1, 121),
(123, 'Sequence19-Level10', 'Achievement reached when collecting experience in this level in this sequence following progression rules.', 1, 122),
(124, 'Sequence20-Level10', 'Achievement reached when collecting experience in this level in this sequence following progression rules.', 1, 123),
(125, 'Sequence20-Level2', 'Achievement reached when collecting experience in this level in this sequence following progression rules.', 1, 124),
(126, 'Sequence20-Level3', 'Achievement reached when collecting experience in this level in this sequence following progression rules.', 1, 125),
(127, 'Sequence20-Level4', 'Achievement reached when collecting experience in this level in this sequence following progression rules.', 1, 126),
(128, 'Sequence20-Level5', 'Achievement reached when collecting experience in this level in this sequence following progression rules.', 1, 127),
(129, 'Sequence20-Level6', 'Achievement reached when collecting experience in this level in this sequence following progression rules.', 1, 128),
(130, 'Sequence20-Level7', 'Achievement reached when collecting experience in this level in this sequence following progression rules.', 1, 129),
(131, 'Sequence20-Level8', 'Achievement reached when collecting experience in this level in this sequence following progression rules.', 1, 130),
(132, 'Sequence20-Level9', 'Achievement reached when collecting experience in this level in this sequence following progression rules.', 1, 131),
(133, 'Sequence21-Level9', 'Achievement reached when collecting experience in this level in this sequence following progression rules.', 1, 132),
(134, 'Sequence21-Level10', 'Achievement reached when collecting experience in this level in this sequence following progression rules.', 1, 133),
(135, 'Sequence21-Level11', 'Achievement reached when collecting experience in this level in this sequence following progression rules.', 1, 134),
(136, 'Sequence21-Level12', 'Achievement reached when collecting experience in this level in this sequence following progression rules.', 1, 135),
(137, 'Sequence21-Level13', 'Achievement reached when collecting experience in this level in this sequence following progression rules.', 1, 136),
(138, 'Sequence21-Level14', 'Achievement reached when collecting experience in this level in this sequence following progression rules.', 1, 137),
(139, 'Sequence21-Level15', 'Achievement reached when collecting experience in this level in this sequence following progression rules.', 1, 138),
(140, 'Sequence21-Level16', 'Achievement reached when collecting experience in this level in this sequence following progression rules.', 1, 139),
(141, 'Sequence21-Level17', 'Achievement reached when collecting experience in this level in this sequence following progression rules.', 1, 140),
(142, 'Sequence22-Level4', 'Achievement reached when collecting experience in this level in this sequence following progression rules.', 1, 141),
(143, 'Sequence22-Level5', 'Achievement reached when collecting experience in this level in this sequence following progression rules.', 1, 142),
(144, 'Sequence22-Level6', 'Achievement reached when collecting experience in this level in this sequence following progression rules.', 1, 143),
(145, 'Sequence22-Level8', 'Achievement reached when collecting experience in this level in this sequence following progression rules.', 1, 144),
(146, 'Sequence22-Level7', 'Achievement reached when collecting experience in this level in this sequence following progression rules.', 1, 145),
(147, 'Sequence9-Level4', 'Achievement reached when collecting experience in this level in this sequence following progression rules.', 1, 146),
(148, 'Sequence9-Level8', 'Achievement reached when collecting experience in this level in this sequence following progression rules.', 1, 147),
(151, 'Sequence23-Level1', 'Achievement reached when collecting experience in this level in this sequence following progression rules.', 1, 150),
(152, 'Sequence23-Level2', 'Achievement reached when collecting experience in this level in this sequence following progression rules.', 1, 151),
(153, 'Sequence23-Level3', 'Achievement reached when collecting experience in this level in this sequence following progression rules.', 1, 152),
(154, 'Sequence23-Level4', 'Achievement reached when collecting experience in this level in this sequence following progression rules.', 1, 153),
(155, 'Sequence23-Level5', 'Achievement reached when collecting experience in this level in this sequence following progression rules.', 1, 154),
(156, 'Sequence24-Level1', 'Achievement reached when collecting experience in this level in this sequence following progression rules.', 1, 155),
(157, 'Sequence24-Level2', 'Achievement reached when collecting experience in this level in this sequence following progression rules.', 1, 156),
(158, 'Sequence24-Level3', 'Achievement reached when collecting experience in this level in this sequence following progression rules.', 1, 157),
(159, 'Sequence24-Level4', 'Achievement reached when collecting experience in this level in this sequence following progression rules.', 1, 158),
(160, 'Sequence24-Level5', 'Achievement reached when collecting experience in this level in this sequence following progression rules.', 1, 159),
(161, 'Sequence9-Level5', 'Achievement reached when collecting experience in this level in this sequence following progression rules.', 1, 160),
(162, 'Sequence9-Level6', 'Achievement reached when collecting experience in this level in this sequence following progression rules.', 1, 161),
(163, 'Sequence9-Level7', 'Achievement reached when collecting experience in this level in this sequence following progression rules.', 1, 162),
(164,  'Sequence25-Level1', 'Achievement reached when collecting experience in this level in this sequence following progression rules.', 1,164),
(165,  'Sequence25-Level2', 'Achievement reached when collecting experience in this level in this sequence following progression rules.', 1,165),
(166,  'Sequence25-Level3', 'Achievement reached when collecting experience in this level in this sequence following progression rules.', 1,166),
(167,  'Sequence25-Level4', 'Achievement reached when collecting experience in this level in this sequence following progression rules.', 1,167),
(168,  'Sequence25-Level5', 'Achievement reached when collecting experience in this level in this sequence following progression rules.', 1,168),
(169,  'Sequence25-Level6', 'Achievement reached when collecting experience in this level in this sequence following progression rules.', 1,169),
(170,  'Sequence25-Level7', 'Achievement reached when collecting experience in this level in this sequence following progression rules.', 1,170),
                                                                                                                                            
(171,  'Sequence26-Level1', 'Achievement reached when collecting experience in this level in this sequence following progression rules.', 1,171),
(172,  'Sequence26-Level2', 'Achievement reached when collecting experience in this level in this sequence following progression rules.', 1,172),
(173,  'Sequence26-Level3', 'Achievement reached when collecting experience in this level in this sequence following progression rules.', 1,173),
(174,  'Sequence26-Level4', 'Achievement reached when collecting experience in this level in this sequence following progression rules.', 1,174),
(175,  'Sequence26-Level5', 'Achievement reached when collecting experience in this level in this sequence following progression rules.', 1,175),
(176,  'Sequence26-Level6', 'Achievement reached when collecting experience in this level in this sequence following progression rules.', 1,176),
(177,  'Sequence26-Level7', 'Achievement reached when collecting experience in this level in this sequence following progression rules.', 1,177),
                                                                                                                                            
(178,  'Sequence27-Level1', 'Achievement reached when collecting experience in this level in this sequence following progression rules.', 1,178),
(179,  'Sequence27-Level2', 'Achievement reached when collecting experience in this level in this sequence following progression rules.', 1,179),
(180,  'Sequence27-Level3', 'Achievement reached when collecting experience in this level in this sequence following progression rules.', 1,180),
(181,  'Sequence27-Level4', 'Achievement reached when collecting experience in this level in this sequence following progression rules.', 1,181),
(182,  'Sequence27-Level5', 'Achievement reached when collecting experience in this level in this sequence following progression rules.', 1,182),
(183,  'Sequence27-Level6', 'Achievement reached when collecting experience in this level in this sequence following progression rules.', 1,183),
(184,  'Sequence27-Level7', 'Achievement reached when collecting experience in this level in this sequence following progression rules.', 1,184),
                                                                                                                                            
(185,  'Sequence28-Level1', 'Achievement reached when collecting experience in this level in this sequence following progression rules.', 1,185),
(186,  'Sequence28-Level2', 'Achievement reached when collecting experience in this level in this sequence following progression rules.', 1,186),
(187,  'Sequence28-Level3', 'Achievement reached when collecting experience in this level in this sequence following progression rules.', 1,187),
(188,  'Sequence28-Level4', 'Achievement reached when collecting experience in this level in this sequence following progression rules.', 1,188),
(189,  'Sequence28-Level5', 'Achievement reached when collecting experience in this level in this sequence following progression rules.', 1,189),
(190,  'Sequence28-Level6', 'Achievement reached when collecting experience in this level in this sequence following progression rules.', 1,190),
(191,  'Sequence28-Level7', 'Achievement reached when collecting experience in this level in this sequence following progression rules.', 1,191),
                                                                                                                                           
(192, 'Sequence29-Level1', 'Achievement reached when collecting experience in this level in this sequence following progression rules.', 1, 192),
(193, 'Sequence29-Level2', 'Achievement reached when collecting experience in this level in this sequence following progression rules.', 1, 193),
(194, 'Sequence29-Level3', 'Achievement reached when collecting experience in this level in this sequence following progression rules.', 1, 194),
(195, 'Sequence29-Level4', 'Achievement reached when collecting experience in this level in this sequence following progression rules.', 1, 195),
(196, 'Sequence29-Level5', 'Achievement reached when collecting experience in this level in this sequence following progression rules.', 1, 196),

(202, 'Sequence31-Level1', 'Achievement reached when collecting experience in this level in this sequence following progression rules.', 1, 202),
(203, 'Sequence31-Level2', 'Achievement reached when collecting experience in this level in this sequence following progression rules.', 1, 203),
(204, 'Sequence31-Level3', 'Achievement reached when collecting experience in this level in this sequence following progression rules.', 1, 204),
(205, 'Sequence31-Level4', 'Achievement reached when collecting experience in this level in this sequence following progression rules.', 1, 205),
(206, 'Sequence31-Level5', 'Achievement reached when collecting experience in this level in this sequence following progression rules.', 1, 206),

(212, 'Sequence33-Level1', 'Achievement reached when collecting experience in this level in this sequence following progression rules.', 1, 212),
(213, 'Sequence33-Level2', 'Achievement reached when collecting experience in this level in this sequence following progression rules.', 1, 213),
(214, 'Sequence33-Level3', 'Achievement reached when collecting experience in this level in this sequence following progression rules.', 1, 214),
(215, 'Sequence33-Level4', 'Achievement reached when collecting experience in this level in this sequence following progression rules.', 1, 215),
(216, 'Sequence33-Level5', 'Achievement reached when collecting experience in this level in this sequence following progression rules.', 1, 216),
(217, 'Sequence34-Level1', 'Achievement reached when collecting experience in this level in this sequence following progression rules.', 1, 217),
(218, 'Sequence34-Level2', 'Achievement reached when collecting experience in this level in this sequence following progression rules.', 1, 218),
(219, 'Sequence34-Level3', 'Achievement reached when collecting experience in this level in this sequence following progression rules.', 1, 219),
(220, 'Sequence34-Level4', 'Achievement reached when collecting experience in this level in this sequence following progression rules.', 1, 220),
(221, 'Sequence34-Level5', 'Achievement reached when collecting experience in this level in this sequence following progression rules.', 1, 221),
(222, 'Sequence35-Level1', 'Achievement reached when collecting experience in this level in this sequence following progression rules.', 1, 222),
(223, 'Sequence35-Level2', 'Achievement reached when collecting experience in this level in this sequence following progression rules.', 1, 223),
(224, 'Sequence35-Level3', 'Achievement reached when collecting experience in this level in this sequence following progression rules.', 1, 224),
(225, 'Sequence35-Level4', 'Achievement reached when collecting experience in this level in this sequence following progression rules.', 1, 225),
(226, 'Sequence35-Level5', 'Achievement reached when collecting experience in this level in this sequence following progression rules.', 1, 226),
(227, 'Sequence35-Level6', 'Achievement reached when collecting experience in this level in this sequence following progression rules.', 1, 227),
(228, 'Sequence35-Level7', 'Achievement reached when collecting experience in this level in this sequence following progression rules.', 1, 228),

(229, 'Sequence36-Level1', 'Achievement reached when collecting experience in this level in this sequence following progression rules.', 1, 229),
(230, 'Sequence36-Level2', 'Achievement reached when collecting experience in this level in this sequence following progression rules.', 1, 230),
(231, 'Sequence36-Level3', 'Achievement reached when collecting experience in this level in this sequence following progression rules.', 1, 231),
(232, 'Sequence36-Level4', 'Achievement reached when collecting experience in this level in this sequence following progression rules.', 1, 232),
(233, 'Sequence36-Level5', 'Achievement reached when collecting experience in this level in this sequence following progression rules.', 1, 233),

(234, 'Sequence37-Level1', 'Achievement reached when collecting experience in this level in this sequence following progression rules.', 1, 234),
(235, 'Sequence37-Level2', 'Achievement reached when collecting experience in this level in this sequence following progression rules.', 1, 235),
(236, 'Sequence37-Level3', 'Achievement reached when collecting experience in this level in this sequence following progression rules.', 1, 236),
(237, 'Sequence37-Level4', 'Achievement reached when collecting experience in this level in this sequence following progression rules.', 1, 237),
(238, 'Sequence37-Level5', 'Achievement reached when collecting experience in this level in this sequence following progression rules.', 1, 238),

(239, 'Sequence38-Level1', 'Achievement reached when collecting experience in this level in this sequence following progression rules.', 1, 239),
(240, 'Sequence38-Level2', 'Achievement reached when collecting experience in this level in this sequence following progression rules.', 1, 240),
(241, 'Sequence38-Level3', 'Achievement reached when collecting experience in this level in this sequence following progression rules.', 1, 241),
(242, 'Sequence38-Level4', 'Achievement reached when collecting experience in this level in this sequence following progression rules.', 1, 242),
(243, 'Sequence38-Level5', 'Achievement reached when collecting experience in this level in this sequence following progression rules.', 1, 243),
(244, 'Sequence38-Level6', 'Achievement reached when collecting experience in this level in this sequence following progression rules.', 1, 244),
(245, 'Sequence38-Level7', 'Achievement reached when collecting experience in this level in this sequence following progression rules.', 1, 245),

(246, 'Sequence39-Level1', 'Achievement reached when collecting experience in this level in this sequence following progression rules.', 1, 246),
(247, 'Sequence39-Level2', 'Achievement reached when collecting experience in this level in this sequence following progression rules.', 1, 247),
(248, 'Sequence39-Level3', 'Achievement reached when collecting experience in this level in this sequence following progression rules.', 1, 248),
(249, 'Sequence39-Level4', 'Achievement reached when collecting experience in this level in this sequence following progression rules.', 1, 249),
(250, 'Sequence39-Level5', 'Achievement reached when collecting experience in this level in this sequence following progression rules.', 1, 250),

(251, 'Sequence40-Level1', 'Achievement reached when collecting experience in this level in this sequence following progression rules.', 1, 251),
(252, 'Sequence40-Level2', 'Achievement reached when collecting experience in this level in this sequence following progression rules.', 1, 252),
(253, 'Sequence40-Level3', 'Achievement reached when collecting experience in this level in this sequence following progression rules.', 1, 253),
(254, 'Sequence40-Level4', 'Achievement reached when collecting experience in this level in this sequence following progression rules.', 1, 254),
(255, 'Sequence40-Level5', 'Achievement reached when collecting experience in this level in this sequence following progression rules.', 1, 255),

(256, 'Sequence41-Level1', 'Achievement reached when collecting experience in this level in this sequence following progression rules.', 1, 256),
(257, 'Sequence41-Level2', 'Achievement reached when collecting experience in this level in this sequence following progression rules.', 1, 257),
(258, 'Sequence41-Level3', 'Achievement reached when collecting experience in this level in this sequence following progression rules.', 1, 258),
(259, 'Sequence41-Level4', 'Achievement reached when collecting experience in this level in this sequence following progression rules.', 1, 259),
(260, 'Sequence41-Level5', 'Achievement reached when collecting experience in this level in this sequence following progression rules.', 1, 260),
(268, 'Sequence41-Level6', 'Achievement reached when collecting experience in this level in this sequence following progression rules.', 1, 268),
(269, 'Sequence41-Level7', 'Achievement reached when collecting experience in this level in this sequence following progression rules.', 1, 269),

(261, 'Sequence42-Level1', 'Achievement reached when collecting experience in this level in this sequence following progression rules.', 1, 261),
(262, 'Sequence42-Level2', 'Achievement reached when collecting experience in this level in this sequence following progression rules.', 1, 262),
(263, 'Sequence42-Level3', 'Achievement reached when collecting experience in this level in this sequence following progression rules.', 1, 263),
(264, 'Sequence42-Level4', 'Achievement reached when collecting experience in this level in this sequence following progression rules.', 1, 264),
(265, 'Sequence42-Level5', 'Achievement reached when collecting experience in this level in this sequence following progression rules.', 1, 265),
(266, 'Sequence42-Level6', 'Achievement reached when collecting experience in this level in this sequence following progression rules.', 1, 266),
(267, 'Sequence42-Level7', 'Achievement reached when collecting experience in this level in this sequence following progression rules.', 1, 267),


(270, 'Sequence43-Level3', 'Achievement reached when collecting experience in this level in this sequence following progression rules.', 1, 270),
(271, 'Sequence43-Level4', 'Achievement reached when collecting experience in this level in this sequence following progression rules.', 1, 271),
(272, 'Sequence43-Level5', 'Achievement reached when collecting experience in this level in this sequence following progression rules.', 1, 272),
(273, 'Sequence44-Level5', 'Achievement reached when collecting experience in this level in this sequence following progression rules.', 1, 273),
(274, 'Sequence44-Level4', 'Achievement reached when collecting experience in this level in this sequence following progression rules.', 1, 274),
(275, 'Sequence44-Level3', 'Achievement reached when collecting experience in this level in this sequence following progression rules.', 1, 275),
(276, 'Sequence44-Level2', 'Achievement reached when collecting experience in this level in this sequence following progression rules.', 1, 276),
(277, 'Sequence44-Level1', 'Achievement reached when collecting experience in this level in this sequence following progression rules.', 1, 277),
(278, 'Sequence45-Level1', 'Achievement reached when collecting experience in this level in this sequence following progression rules.', 1, 278),
(279, 'Sequence45-Level2', 'Achievement reached when collecting experience in this level in this sequence following progression rules.', 1, 279),
(280, 'Sequence45-Level3', 'Achievement reached when collecting experience in this level in this sequence following progression rules.', 1, 280),
(281, 'Sequence45-Level4', 'Achievement reached when collecting experience in this level in this sequence following progression rules.', 1, 281),
(282, 'Sequence45-Level5', 'Achievement reached when collecting experience in this level in this sequence following progression rules.', 1, 282),
(283, 'Sequence45-Level6', 'Achievement reached when collecting experience in this level in this sequence following progression rules.', 1, 283),
(284, 'Sequence45-Level7', 'Achievement reached when collecting experience in this level in this sequence following progression rules.', 1, 284),
(285, 'Sequence45-Level8', 'Achievement reached when collecting experience in this level in this sequence following progression rules.', 1, 285),
(286, 'Sequence45-Level9', 'Achievement reached when collecting experience in this level in this sequence following progression rules.', 1, 286),
(287, 'Sequence46-Level1', 'Achievement reached when collecting experience in this level in this sequence following progression rules.', 1, 287),
(288, 'Sequence46-Level2', 'Achievement reached when collecting experience in this level in this sequence following progression rules.', 1, 288),
(289, 'Sequence46-Level3', 'Achievement reached when collecting experience in this level in this sequence following progression rules.', 1, 289),
(290, 'Sequence46-Level4', 'Achievement reached when collecting experience in this level in this sequence following progression rules.', 1, 290),
(291, 'Sequence46-Level5', 'Achievement reached when collecting experience in this level in this sequence following progression rules.', 1, 291),
(292, 'Sequence46-Level6', 'Achievement reached when collecting experience in this level in this sequence following progression rules.', 1, 292),
(293, 'Sequence46-Level7', 'Achievement reached when collecting experience in this level in this sequence following progression rules.', 1, 293),
(294, 'Sequence46-Level8', 'Achievement reached when collecting experience in this level in this sequence following progression rules.', 1, 294),
(295, 'Sequence46-Level9', 'Achievement reached when collecting experience in this level in this sequence following progression rules.', 1, 295),
(296, 'Sequence43-Level1', 'Achievement reached when collecting experience in this level in this sequence following progression rules.', 1, 268),
(297, 'Sequence43-Level2', 'Achievement reached when collecting experience in this level in this sequence following progression rules.', 1, 269);



--
-- Dump dei dati per la tabella `ima_progression_rule`
--

INSERT INTO `ima_progression_rule` (`Id`, `Sequence_Level_Id`, `Parameter`, `Operator`, `Result`, `Rule_Type`, `Weight`, `Active`, `Last_Edit`) VALUES
(100, 45, 30, '>', '0.50000', 'Required', '50.00000', 1, '2016-09-22 07:24:44'),
(101, 46, 30, '>', '0.60000', 'Required', '50.00000', 1, '2016-09-12 13:42:46'),
(102, 46, 62, '<', '5.00000', 'Multiplier', '1.50000', 1, '2016-09-22 08:34:26'),
(103, 47, 30, '>', '0.70000', 'Required', '50.00000', 1, '2016-09-19 13:24:53'),
(104, 47, 62, '>', '5.00000', 'Multiplier', '0.50000', 1, '2016-09-22 08:34:26'),
(106, 48, 30, '>', '0.75000', 'Required', '30.00000', 1, '2016-09-19 13:24:53'),
(107, 48, 62, '>', '5.00000', 'Multiplier', '0.50000', 1, '2016-09-22 08:34:26'),
(109, 49, 30, '>', '0.90000', 'Required', '30.00000', 1, '2016-09-19 13:24:53'),
(110, 49, 62, '<', '3.00000', 'Required', '1.00000', 1, '2016-09-22 08:34:26'),
(112, 50, 17, '>', '0.50000', 'Required', '50.00000', 1, '2016-09-19 12:23:06'),
(113, 51, 17, '>', '0.60000', 'Required', '20.00000', 1, '2016-09-08 14:41:12'),
(114, 51, 49, '<', '5.00000', 'Multiplier', '1.50000', 1, '2016-09-22 07:39:07'),
(115, 52, 17, '>', '0.70000', 'Required', '30.00000', 1, '2016-09-08 14:41:12'),
(116, 52, 49, '>', '5.00000', 'Multiplier', '0.50000', 1, '2016-09-22 07:39:07'),
(118, 53, 17, '>', '0.70000', 'Required', '30.00000', 1, '2016-09-08 14:41:12'),
(119, 53, 49, '<', '5.00000', 'Required', '1.00000', 1, '2016-09-22 07:39:07'),
(121, 54, 17, '>', '0.75000', 'Required', '30.00000', 1, '2016-09-08 14:58:41'),
(122, 54, 49, '<', '5.00000', 'Required', '1.00000', 1, '2016-09-22 07:39:07'),
(124, 55, 17, '>', '0.75000', 'Required', '50.00000', 1, '2016-09-08 14:41:12'),
(125, 55, 49, '<', '3.00000', 'Required', '1.00000', 1, '2016-09-22 07:39:07'),
(127, 56, 17, '>', '0.90000', 'Required', '50.00000', 1, '2016-09-08 14:41:12'),
(130, 56, 49, '<', '1.00000', 'Required', '1.00000', 1, '2016-09-22 07:39:07'),
(131, 57, 19, '>', '0.50000', 'Required', '35.00000', 1, '2016-09-22 07:07:47'),
(132, 58, 19, '>', '0.60000', 'Required', '20.00000', 1, '2016-09-08 15:35:19'),
(133, 58, 35, '>', '5.00000', 'Multiplier', '1.50000', 1, '2016-09-22 07:51:04'),
(134, 59, 19, '>', '0.70000', 'Required', '20.00000', 1, '2016-09-19 13:28:52'),
(135, 59, 35, '>', '5.00000', 'Required', '1.00000', 1, '2016-09-22 07:51:04'),
(136, 60, 19, '>', '0.75000', 'Required', '30.00000', 1, '2016-09-08 15:35:19'),
(137, 60, 35, '>', '10.00000', 'Required', '1.00000', 1, '2016-09-22 07:51:04'),
(138, 61, 19, '>', '0.90000', 'Required', '50.00000', 1, '2016-09-08 15:35:19'),
(139, 61, 35, '>', '10.00000', 'Required', '1.00000', 1, '2016-09-22 07:51:04'),
(140, 64, 18, '>', '0.50000', 'Required', '50.00000', 1, '2016-09-22 07:24:24'),
(141, 65, 18, '>', '0.60000', 'Required', '20.00000', 1, '2016-09-12 13:18:33'),
(142, 65, 50, '<', '5.00000', 'Multiplier', '1.50000', 1, '2016-09-22 07:40:05'),
(143, 66, 18, '>', '0.70000', 'Required', '30.00000', 1, '2016-09-16 08:38:05'),
(144, 66, 50, '>', '5.00000', 'Multiplier', '0.50000', 1, '2016-09-22 07:40:05'),
(145, 67, 18, '>', '0.70000', 'Required', '30.00000', 1, '2016-09-12 13:18:33'),
(146, 67, 50, '<', '5.00000', 'Required', '1.00000', 1, '2016-09-22 07:40:05'),
(147, 68, 18, '>', '0.75000', 'Required', '30.00000', 1, '2016-09-12 13:18:33'),
(148, 68, 50, '<', '5.00000', 'Required', '1.00000', 1, '2016-09-22 07:40:05'),
(149, 69, 18, '>', '0.75000', 'Required', '50.00000', 1, '2016-09-12 13:18:33'),
(150, 69, 50, '<', '3.00000', 'Required', '1.00000', 1, '2016-09-22 07:40:05'),
(151, 70, 18, '>', '0.90000', 'Required', '50.00000', 1, '2016-09-12 13:18:33'),
(152, 70, 50, '<', '1.00000', 'Required', '1.00000', 1, '2016-09-22 07:40:05'),
(165, 74, 21, '>', '0.50000', 'Required', '50.00000', 1, '2016-09-22 07:53:29'),
(166, 75, 21, '>', '0.60000', 'Required', '20.00000', 1, '2016-09-12 14:04:44'),
(167, 75, 53, '<', '5.00000', 'Multiplier', '1.50000', 1, '2016-09-22 07:53:21'),
(168, 76, 21, '>', '0.70000', 'Required', '20.00000', 1, '2016-09-15 13:49:59'),
(169, 76, 53, '>', '5.00000', 'Multiplier', '0.50000', 1, '2016-09-22 07:53:21'),
(170, 77, 21, '>', '0.70000', 'Required', '20.00000', 1, '2016-09-15 13:49:59'),
(171, 77, 53, '<', '5.00000', 'Required', '1.00000', 1, '2016-09-22 07:53:21'),
(172, 78, 21, '>', '0.70000', 'Required', '30.00000', 1, '2016-09-12 14:04:44'),
(173, 78, 53, '<', '5.00000', 'Required', '1.00000', 1, '2016-09-22 07:53:21'),
(174, 79, 21, '>', '0.75000', 'Required', '30.00000', 1, '2016-09-12 14:04:44'),
(175, 79, 53, '<', '3.00000', 'Required', '1.00000', 1, '2016-09-22 07:53:21'),
(176, 80, 21, '>', '0.90000', 'Required', '50.00000', 1, '2016-09-12 14:04:44'),
(177, 80, 53, '<', '1.00000', 'Required', '1.00000', 1, '2016-09-22 07:53:21'),
(196, 88, 45, '=', '2.00000', 'Required', '50.00000', 1, '2016-09-26 11:10:43'),
(197, 89, 29, '>', '0.50000', 'Required', '20.00000', 1, '2016-09-19 15:41:28'),
(198, 90, 29, '>', '0.50000', 'Required', '20.00000', 1, '2016-09-19 15:41:28'),
(199, 91, 29, '>', '0.50000', 'Required', '30.00000', 1, '2016-09-26 11:10:43'),
(200, 92, 29, '>', '0.50000', 'Required', '20.00000', 1, '2016-09-19 15:41:28'),
(201, 93, 29, '>', '0.50000', 'Required', '20.00000', 1, '2016-09-26 11:10:43'),
(202, 94, 61, '<', '10.00000', 'Required', '30.00000', 1, '2016-09-22 08:34:02'),
(203, 95, 61, '<', '10.00000', 'Required', '30.00000', 1, '2016-09-22 08:34:02'),
(204, 96, 61, '<', '10.00000', 'Required', '50.00000', 1, '2016-09-22 08:34:02'),
(205, 124, 20, '>', '0.50000', 'Required', '35.00000', 1, '2016-09-22 07:08:36'),
(206, 125, 20, '>', '0.60000', 'Required', '20.00000', 1, '2016-09-19 13:40:07'),
(207, 125, 36, '>', '6.00000', 'Multiplier', '1.50000', 1, '2016-09-22 15:17:30'),
(208, 126, 20, '>', '0.70000', 'Required', '20.00000', 1, '2016-09-15 10:43:57'),
(209, 126, 36, '<', '6.00000', 'Multiplier', '0.50000', 1, '2016-09-22 15:17:30'),
(210, 127, 20, '>', '0.75000', 'Required', '30.00000', 1, '2016-09-15 10:43:57'),
(211, 127, 36, '>', '10.00000', 'Required', '1.00000', 1, '2016-09-22 15:17:30'),
(212, 128, 20, '>', '0.90000', 'Required', '50.00000', 1, '2016-09-15 10:43:57'),
(213, 128, 36, '>', '10.00000', 'Required', '1.00000', 1, '2016-09-22 15:17:30'),
(214, 129, 22, '>', '0.50000', 'Required', '35.00000', 1, '2016-09-22 07:25:45'),
(216, 130, 22, '>', '0.90000', 'Required', '30.00000', 1, '2016-09-15 10:58:57'),
(217, 130, 38, '>', '10.00000', 'Required', '1.00000', 1, '2016-09-22 07:53:56'),
(228, 133, 31, '>', '0.50000', 'Required', '50.00000', 1, '2016-09-22 08:40:43'),
(229, 134, 31, '>', '0.60000', 'Required', '30.00000', 1, '2016-09-22 08:40:43'),
(230, 135, 31, '>', '0.70000', 'Required', '30.00000', 1, '2016-09-22 08:40:43'),
(231, 136, 31, '>', '0.70000', 'Required', '30.00000', 1, '2016-09-22 08:40:43'),
(232, 137, 31, '>', '0.75000', 'Required', '50.00000', 1, '2016-09-22 08:40:43'),
(233, 115, 26, '>', '0.50000', 'Required', '50.00000', 1, '2016-09-26 10:40:14'),
(234, 116, 58, '<', '3.00000', 'Required', '30.00000', 1, '2016-09-26 10:40:14'),
(235, 117, 58, '<', '3.00000', 'Required', '30.00000', 1, '2016-09-26 10:40:14'),
(236, 118, 58, '<', '3.00000', 'Required', '30.00000', 1, '2016-09-26 10:40:14'),
(237, 118, 67, '<', '30.00000', 'Required', '1.00000', 1, '2016-09-22 08:21:29'),
(239, 119, 58, '<', '3.00000', 'Required', '20.00000', 1, '2016-09-22 08:21:29'),
(240, 119, 67, '<', '30.00000', 'Required', '1.00000', 1, '2016-09-22 08:21:29'),
(242, 120, 58, '<', '3.00000', 'Required', '20.00000', 1, '2016-09-22 08:21:29'),
(243, 120, 67, '<', '30.00000', 'Required', '1.00000', 1, '2016-09-22 08:21:29'),
(245, 121, 58, '<', '3.00000', 'Required', '30.00000', 1, '2016-09-22 08:21:29'),
(246, 121, 67, '<', '30.00000', 'Required', '1.00000', 1, '2016-09-22 08:21:29'),
(247, 121, 26, '<', '0.50000', 'Required', '-30.00000', 1, '2016-09-19 15:09:47'),
(248, 122, 58, '<', '3.00000', 'Required', '30.00000', 1, '2016-09-22 08:21:29'),
(249, 122, 67, '<', '45.00000', 'Required', '1.00000', 1, '2016-09-22 08:21:29'),
(250, 122, 26, '<', '0.50000', 'Required', '-30.00000', 1, '2016-09-19 15:09:47'),
(251, 123, 58, '<', '3.00000', 'Required', '50.00000', 1, '2016-09-22 08:21:29'),
(252, 123, 67, '<', '45.00000', 'Required', '1.00000', 1, '2016-09-22 08:21:29'),
(253, 123, 26, '<', '0.50000', 'Required', '-30.00000', 1, '2016-09-19 15:09:47'),
(254, 106, 27, '>', '0.50000', 'Required', '50.00000', 1, '2016-09-26 10:56:18'),
(255, 107, 27, '>', '0.60000', 'Required', '30.00000', 1, '2016-09-26 10:56:18'),
(256, 107, 59, '<', '5.00000', 'Multiplier', '2.00000', 1, '2016-09-22 08:25:35'),
(257, 108, 27, '>', '0.60000', 'Required', '30.00000', 1, '2016-09-26 10:56:18'),
(258, 108, 59, '<', '5.00000', 'Multiplier', '2.00000', 1, '2016-09-26 10:56:18'),
(260, 109, 27, '>', '0.60000', 'Required', '30.00000', 1, '2016-09-26 10:56:18'),
(261, 109, 59, '<', '5.00000', 'Multiplier', '2.00000', 1, '2016-09-22 08:25:35'),
(263, 110, 27, '>', '0.70000', 'Required', '20.00000', 1, '2016-09-19 15:14:57'),
(264, 110, 59, '<', '5.00000', 'Multiplier', '2.00000', 1, '2016-09-22 08:25:35'),
(265, 110, 27, '<', '0.50000', 'Required', '-20.00000', 1, '2016-09-19 15:14:57'),
(266, 111, 27, '>', '0.70000', 'Required', '20.00000', 1, '2016-09-26 10:56:18'),
(267, 111, 59, '<', '5.00000', 'Multiplier', '2.00000', 1, '2016-09-22 08:25:35'),
(268, 111, 27, '<', '0.50000', 'Required', '-20.00000', 1, '2016-09-19 15:14:57'),
(269, 112, 27, '>', '0.70000', 'Required', '20.00000', 1, '2016-09-26 10:56:18'),
(270, 112, 59, '<', '5.00000', 'Multiplier', '2.00000', 1, '2016-09-22 08:25:35'),
(271, 112, 27, '<', '0.50000', 'Required', '-20.00000', 1, '2016-09-21 13:51:52'),
(272, 113, 27, '>', '0.70000', 'Required', '20.00000', 1, '2016-09-26 10:56:18'),
(273, 113, 59, '<', '5.00000', 'Multiplier', '1.50000', 1, '2016-09-22 08:25:35'),
(274, 113, 27, '<', '0.50000', 'Required', '-20.00000', 1, '2016-09-21 13:51:52'),
(275, 114, 27, '>', '0.70000', 'Required', '50.00000', 1, '2016-09-19 15:14:57'),
(276, 114, 59, '<', '5.00000', 'Multiplier', '1.50000', 1, '2016-09-22 08:25:35'),
(277, 114, 27, '<', '0.50000', 'Required', '-20.00000', 1, '2016-09-21 13:51:52'),
(278, 97, 28, '>', '0.50000', 'Required', '50.00000', 1, '2016-09-26 11:05:18'),
(279, 98, 28, '>', '0.50000', 'Required', '30.00000', 1, '2016-09-26 11:05:18'),
(281, 99, 28, '>', '0.70000', 'Required', '30.00000', 1, '2016-09-26 11:05:18'),
(283, 100, 28, '>', '0.70000', 'Required', '30.00000', 1, '2016-09-26 11:05:18'),
(284, 100, 69, '<', '10.00000', 'Multiplier', '1.50000', 1, '2016-09-22 08:33:00'),
(285, 101, 28, '>', '0.70000', 'Required', '20.00000', 1, '2016-09-15 15:14:24'),
(286, 101, 69, '<', '10.00000', 'Multiplier', '1.50000', 1, '2016-09-22 08:33:00'),
(287, 102, 28, '>', '0.70000', 'Required', '30.00000', 1, '2016-09-15 15:14:24'),
(288, 102, 28, '<', '0.50000', 'Required', '-20.00000', 1, '2016-09-19 15:24:36'),
(289, 103, 28, '>', '0.70000', 'Required', '30.00000', 1, '2016-09-15 15:14:24'),
(291, 104, 28, '>', '0.70000', 'Required', '30.00000', 1, '2016-09-15 15:14:24'),
(293, 105, 28, '>', '0.70000', 'Required', '50.00000', 1, '2016-09-19 15:24:36'),
(294, 105, 28, '<', '0.50000', 'Required', '-20.00000', 1, '2016-09-19 15:24:36'),
(295, 89, 61, '<', '3.00000', 'Multiplier', '1.50000', 1, '2016-09-22 08:34:02'),
(296, 90, 61, '<', '3.00000', 'Multiplier', '1.50000', 1, '2016-09-22 08:34:02'),
(297, 91, 70, '<', '30.00000', 'Required', '1.00000', 1, '2016-09-22 08:34:02'),
(298, 92, 70, '<', '30.00000', 'Required', '1.00000', 1, '2016-09-22 08:34:02'),
(299, 93, 70, '<', '90.00000', 'Required', '1.00000', 1, '2016-09-22 08:34:02'),
(300, 94, 70, '<', '120.00000', 'Required', '1.00000', 1, '2016-09-22 08:34:02'),
(301, 95, 70, '<', '150.00000', 'Required', '1.00000', 1, '2016-09-22 08:34:02'),
(302, 96, 70, '<', '200.00000', 'Required', '1.00000', 1, '2016-09-22 08:34:02'),
(303, 138, 32, '>', '0.50000', 'Required', '50.00000', 1, '2016-09-22 08:44:03'),
(304, 139, 32, '>', '0.60000', 'Required', '20.00000', 1, '2016-09-22 08:44:03'),
(305, 139, 64, '<', '5.00000', 'Multiplier', '1.50000', 1, '2016-09-22 08:44:03'),
(306, 140, 32, '>', '0.70000', 'Required', '20.00000', 1, '2016-09-22 08:44:03'),
(307, 140, 64, '>', '5.00000', 'Multiplier', '0.50000', 1, '2016-09-22 08:44:03'),
(308, 141, 32, '>', '0.70000', 'Required', '30.00000', 1, '2016-09-22 08:44:03'),
(309, 141, 64, '<', '3.00000', 'Required', '1.00000', 1, '2016-09-22 08:44:03'),
(310, 142, 32, '>', '0.90000', 'Required', '50.00000', 1, '2016-09-22 08:44:03'),
(311, 142, 64, '<', '3.00000', 'Required', '1.00000', 1, '2016-09-22 08:44:03'),
(312, 143, 22, '>', '0.60000', 'Required', '20.00000', 1, '2016-09-19 13:41:06'),
(313, 143, 38, '>', '6.00000', 'Multiplier', '1.50000', 1, '2016-09-22 07:53:56'),
(314, 144, 22, '>', '0.70000', 'Required', '20.00000', 1, '2016-09-16 08:52:58'),
(315, 144, 38, '<', '6.00000', 'Multiplier', '0.50000', 1, '2016-09-22 07:53:56'),
(316, 145, 22, '>', '0.75000', 'Required', '20.00000', 1, '2016-09-16 08:52:58'),
(317, 145, 38, '>', '10.00000', 'Required', '1.00000', 1, '2016-09-22 07:53:56'),
(318, 53, 49, '<', '2.00000', 'Multiplier', '1.50000', 1, '2016-09-22 07:39:07'),
(320, 54, 17, '<', '0.50000', 'Required', '-30.00000', 1, '2016-09-19 13:29:17'),
(321, 55, 17, '<', '0.50000', 'Required', '-30.00000', 1, '2016-09-19 13:29:17'),
(322, 56, 17, '<', '0.50000', 'Required', '-30.00000', 1, '2016-09-19 12:47:26'),
(323, 67, 50, '<', '2.00000', 'Multiplier', '1.50000', 1, '2016-09-22 07:40:05'),
(324, 68, 18, '<', '0.50000', 'Required', '-30.00000', 1, '2016-09-19 13:29:49'),
(325, 69, 18, '<', '0.50000', 'Required', '-30.00000', 1, '2016-09-19 13:29:49'),
(326, 70, 18, '<', '0.50000', 'Required', '-30.00000', 1, '2016-09-19 13:29:49'),
(327, 77, 53, '<', '2.00000', 'Multiplier', '1.50000', 1, '2016-09-21 13:33:58'),
(328, 78, 21, '<', '0.50000', 'Required', '-30.00000', 1, '2016-09-19 13:30:36'),
(329, 79, 21, '<', '0.50000', 'Required', '-30.00000', 1, '2016-09-19 13:30:36'),
(330, 80, 21, '<', '0.50000', 'Required', '-30.00000', 1, '2016-09-19 13:30:36'),
(331, 48, 30, '<', '0.50000', 'Required', '-30.00000', 1, '2016-09-19 13:30:19'),
(332, 49, 30, '<', '0.50000', 'Required', '-30.00000', 1, '2016-09-19 13:30:19'),
(333, 59, 19, '<', '0.50000', 'Required', '-30.00000', 1, '2016-09-19 13:28:11'),
(334, 60, 19, '<', '0.50000', 'Required', '-30.00000', 1, '2016-09-19 13:28:11'),
(335, 61, 19, '<', '0.50000', 'Required', '-30.00000', 1, '2016-09-19 13:28:11'),
(336, 127, 20, '<', '0.50000', 'Required', '-30.00000', 1, '2016-09-19 13:31:37'),
(337, 128, 20, '<', '0.50000', 'Required', '-30.00000', 1, '2016-09-19 13:31:37'),
(338, 145, 22, '<', '0.50000', 'Required', '-30.00000', 1, '2016-09-19 13:41:06'),
(339, 130, 22, '<', '0.50000', 'Required', '-30.00000', 1, '2016-09-19 13:41:06'),
(340, 73, 25, '<', '0.50000', 'Required', '-30.00000', 1, '2016-09-19 13:46:30'),
(341, 132, 25, '<', '0.50000', 'Required', '-30.00000', 1, '2016-09-19 13:46:30'),
(342, 42, 23, '<', '0.50000', 'Required', '-30.00000', 1, '2016-09-19 14:05:57'),
(343, 42, 65, '>', '500.00000', 'Required', '-30.00000', 1, '2016-09-22 07:37:33'),
(344, 43, 23, '<', '0.50000', 'Required', '-30.00000', 1, '2016-09-19 14:05:57'),
(345, 43, 65, '>', '600.00000', 'Required', '-30.00000', 1, '2016-09-22 07:37:33'),
(346, 44, 23, '<', '0.50000', 'Required', '-30.00000', 1, '2016-09-19 14:05:57'),
(347, 44, 65, '>', '900.00000', 'Required', '-30.00000', 1, '2016-09-22 07:37:33'),
(348, 141, 32, '<', '0.50000', 'Required', '-30.00000', 1, '2016-09-22 08:44:03'),
(349, 142, 32, '<', '0.50000', 'Required', '-30.00000', 1, '2016-09-22 08:44:03'),
(350, 119, 26, '<', '0.50000', 'Required', '-30.00000', 1, '2016-09-19 14:51:31'),
(351, 120, 26, '<', '0.50000', 'Required', '-30.00000', 1, '2016-09-19 14:51:31'),
(352, 114, 68, '<', '120.00000', 'Required', '1.00000', 1, '2016-09-19 15:14:57'),
(353, 103, 28, '<', '0.50000', 'Required', '-20.00000', 1, '2016-09-19 15:24:36'),
(354, 103, 69, '<', '20.00000', 'Required', '1.00000', 1, '2016-09-22 08:33:00'),
(355, 104, 28, '<', '0.50000', 'Required', '-20.00000', 1, '2016-09-19 15:24:36'),
(356, 94, 29, '<', '0.30000', 'Required', '-30.00000', 1, '2016-09-19 15:41:28'),
(357, 95, 29, '<', '0.30000', 'Required', '-30.00000', 1, '2016-09-19 15:41:28'),
(358, 96, 29, '<', '0.30000', 'Required', '-30.00000', 1, '2016-09-19 15:41:28'),
(359, 135, 63, '<', '10.00000', 'Multiplier', '1.50000', 1, '2016-09-22 08:40:43'),
(360, 136, 63, '<', '20.00000', 'Required', '1.00000', 1, '2016-09-22 08:40:43'),
(361, 137, 63, '<', '20.00000', 'Required', '1.00000', 1, '2016-09-22 08:40:43'),
(362, 133, 47, '>', '1.00000', 'Required', '1.00000', 1, '2016-09-22 08:55:17'),
(363, 133, 47, '>', '5.00000', 'Multiplier', '2.00000', 1, '2016-09-22 08:55:17'),
(364, 134, 47, '>', '2.00000', 'Required', '1.00000', 1, '2016-09-22 08:55:17'),
(365, 135, 47, '>', '2.00000', 'Required', '1.00000', 1, '2016-09-22 08:55:17'),
(366, 136, 47, '>', '2.00000', 'Required', '1.00000', 1, '2016-09-22 08:55:17'),
(367, 137, 47, '>', '2.00000', 'Required', '0.00000', 1, '2016-09-22 08:55:17'),
(368, 115, 67, '<', '10.00000', 'Multiplier', '2.00000', 1, '2016-09-26 10:40:14'),
(369, 116, 67, '<', '10.00000', 'Multiplier', '2.00000', 1, '2016-09-26 10:40:14'),
(370, 117, 67, '<', '5.00000', 'Multiplier', '2.00000', 1, '2016-09-26 10:40:14'),
(371, 106, 68, '<', '10.00000', 'Multiplier', '2.00000', 1, '2016-09-26 10:56:18'),
(372, 97, 69, '<', '10.00000', 'Multiplier', '2.00000', 1, '2016-09-26 11:05:18'),
(373, 98, 69, '<', '10.00000', 'Multiplier', '2.00000', 1, '2016-09-26 11:05:18'),
(374, 99, 69, '<', '5.00000', 'Multiplier', '2.00000', 1, '2016-09-26 11:05:18'),
(375, 88, 70, '<', '10.00000', 'Multiplier', '2.00000', 1, '2016-09-26 11:10:43'),
(376, 89, 70, '<', '10.00000', 'Multiplier', '2.00000', 1, '2016-09-26 11:10:43'),
(377, 90, 70, '<', '10.00000', 'Multiplier', '2.00000', 1, '2016-09-26 11:10:43'),
(378, 146, 76, '>', '0.50000', 'Required', '50.00000', 1, CURRENT_TIMESTAMP),
(379, 147, 76, '>', '0.60000', 'Required', '20.00000', 1, CURRENT_TIMESTAMP),
(380, 147, 78, '<', '5.00000', 'Multiplier', '1.50000', 1, CURRENT_TIMESTAMP),
(381, 151, 76, '>', '0.70000', 'Required', '30.00000', 1, CURRENT_TIMESTAMP),
(382, 151, 78, '>', '5.00000', 'Multiplier', '0.50000', 1, CURRENT_TIMESTAMP),
(383, 148, 78, '<', '2.00000', 'Multiplier', '1.50000', 1, CURRENT_TIMESTAMP),
(384, 148, 78, '<', '5.00000', 'Required', '1.00000', 1, CURRENT_TIMESTAMP),
(385, 148, 76, '>', '0.70000', 'Required', '30.00000', 1, CURRENT_TIMESTAMP),
(386, 149, 78, '<', '5.00000', 'Required', '1.00000', 1, CURRENT_TIMESTAMP),
(387, 149, 76, '<', '0.50000', 'Required', '-30.00000', 1, CURRENT_TIMESTAMP),
(388, 149, 76, '>', '0.75000', 'Required', '30.00000', 1, CURRENT_TIMESTAMP),
(389, 152, 76, '>', '0.75000', 'Required', '50.00000', 1, CURRENT_TIMESTAMP),
(390, 152, 78, '<', '3.00000', 'Required', '1.00000', 1, CURRENT_TIMESTAMP),
(391, 152, 76, '<', '0.50000', 'Required', '-30.00000', 1, CURRENT_TIMESTAMP),
(392, 150, 78, '<', '1.00000', 'Required', '1.00000', 1, CURRENT_TIMESTAMP),
(393, 150, 76, '>', '0.90000', 'Required', '50.00000', 1, CURRENT_TIMESTAMP),
(394, 150, 76, '<', '0.50000', 'Required', '-30.00000', 1, CURRENT_TIMESTAMP),
(395, 153, 79, '>', '0.50000', 'Required', '50.00000', 1, CURRENT_TIMESTAMP),
(396, 154, 79, '>', '0.60000', 'Required', '20.00000', 1, CURRENT_TIMESTAMP),
(397, 154, 82, '<', '5.00000', 'Multiplier', '1.50000', 1, CURRENT_TIMESTAMP),
(398, 158, 79, '>', '0.70000', 'Required', '30.00000', 1, CURRENT_TIMESTAMP),
(399, 158, 82, '>', '5.00000', 'Multiplier', '0.50000', 1, CURRENT_TIMESTAMP),
(400, 155, 82, '<', '2.00000', 'Multiplier', '1.50000', 1, CURRENT_TIMESTAMP),
(401, 155, 79, '>', '0.70000', 'Required', '30.00000', 1, CURRENT_TIMESTAMP),
(402, 155, 82, '<', '5.00000', 'Required', '1.00000', 1, CURRENT_TIMESTAMP),
(403, 156, 79, '>', '0.75000', 'Required', '30.00000', 1, CURRENT_TIMESTAMP),
(404, 156, 82, '<', '5.00000', 'Required', '1.00000', 1, CURRENT_TIMESTAMP),
(405, 156, 79, '<', '0.50000', 'Required', '-30.00000', 1, CURRENT_TIMESTAMP),
(406, 159, 79, '<', '0.50000', 'Required', '-30.00000', 1, CURRENT_TIMESTAMP),
(407, 159, 79, '>', '0.75000', 'Required', '50.00000', 1, CURRENT_TIMESTAMP),
(408, 159, 82, '<', '3.00000', 'Required', '1.00000', 1, CURRENT_TIMESTAMP),
(409, 157, 82, '<', '1.00000', 'Required', '1.00000', 1, CURRENT_TIMESTAMP),
(410, 157, 79, '>', '0.90000', 'Required', '50.00000', 1, CURRENT_TIMESTAMP),
(411, 157, 79, '<', '0.50000', 'Required', '-30.00000', 1, CURRENT_TIMESTAMP),
(412, 160, 84, '>', '0.50000', 'Required', '50.00000', 1, CURRENT_TIMESTAMP),
(413, 161, 84, '>', '0.60000', 'Required', '20.00000', 1, CURRENT_TIMESTAMP),
(414, 161, 86, '<', '5.00000', 'Multiplier', '1.50000', 1, CURRENT_TIMESTAMP),
(415, 165, 84, '>', '0.70000', 'Required', '30.00000', 1, CURRENT_TIMESTAMP),
(416, 165, 86, '>', '5.00000', 'Multiplier', '0.50000', 1, CURRENT_TIMESTAMP),
(417, 162, 86, '<', '2.00000', 'Multiplier', '1.50000', 1, CURRENT_TIMESTAMP),
(418, 162, 86, '<', '5.00000', 'Required', '1.00000', 1, CURRENT_TIMESTAMP),
(419, 162, 84, '>', '0.70000', 'Required', '30.00000', 1, CURRENT_TIMESTAMP),
(420, 163, 86, '<', '5.00000', 'Required', '1.00000', 1, CURRENT_TIMESTAMP),
(421, 163, 84, '<', '0.50000', 'Required', '-30.00000', 1, CURRENT_TIMESTAMP),
(422, 163, 84, '>', '0.75000', 'Required', '30.00000', 1, CURRENT_TIMESTAMP),
(423, 166, 84, '>', '0.75000', 'Required', '50.00000', 1, CURRENT_TIMESTAMP),
(424, 166, 86, '<', '3.00000', 'Required', '1.00000', 1, CURRENT_TIMESTAMP),
(425, 166, 84, '<', '0.50000', 'Required', '-30.00000', 1, CURRENT_TIMESTAMP),
(426, 164, 86, '<', '1.00000', 'Required', '1.00000', 1, CURRENT_TIMESTAMP),
(427, 164, 84, '>', '0.90000', 'Required', '50.00000', 1, CURRENT_TIMESTAMP),
(428, 164, 84, '<', '0.50000', 'Required', '-30.00000', 1, CURRENT_TIMESTAMP),
(429, 167, 87, '>', '0.50000', 'Required', '50.00000', 1, CURRENT_TIMESTAMP),
(430, 168, 87, '>', '0.60000', 'Required', '20.00000', 1, CURRENT_TIMESTAMP),
(431, 168, 90, '<', '5.00000', 'Multiplier', '1.50000', 1, CURRENT_TIMESTAMP),
(432, 172, 87, '>', '0.70000', 'Required', '30.00000', 1, CURRENT_TIMESTAMP),
(433, 172, 90, '>', '5.00000', 'Multiplier', '0.50000', 1, CURRENT_TIMESTAMP),
(434, 169, 90, '<', '2.00000', 'Multiplier', '1.50000', 1, CURRENT_TIMESTAMP),
(435, 169, 87, '>', '0.70000', 'Required', '30.00000', 1, CURRENT_TIMESTAMP),
(436, 169, 90, '<', '5.00000', 'Required', '1.00000', 1, CURRENT_TIMESTAMP),
(437, 170, 87, '>', '0.75000', 'Required', '30.00000', 1, CURRENT_TIMESTAMP),
(438, 170, 90, '<', '5.00000', 'Required', '1.00000', 1, CURRENT_TIMESTAMP),
(439, 170, 87, '<', '0.50000', 'Required', '-30.00000', 1, CURRENT_TIMESTAMP),
(440, 173, 87, '<', '0.50000', 'Required', '-30.00000', 1, CURRENT_TIMESTAMP),
(441, 173, 87, '>', '0.75000', 'Required', '50.00000', 1, CURRENT_TIMESTAMP),
(442, 173, 90, '<', '3.00000', 'Required', '1.00000', 1, CURRENT_TIMESTAMP),
(443, 171, 90, '<', '1.00000', 'Required', '1.00000', 1, CURRENT_TIMESTAMP),
(444, 171, 87, '>', '0.90000', 'Required', '50.00000', 1, CURRENT_TIMESTAMP),
(445, 171, 87, '<', '0.50000', 'Required', '-30.00000', 1, CURRENT_TIMESTAMP),
(446, 174, 92, '>', '0.50000', 'Required', '35.00000', 1, CURRENT_TIMESTAMP),
(447, 175, 93, '>', '6.00000', 'Multiplier', '1.50000', 1, CURRENT_TIMESTAMP),
(448, 175, 92, '>', '0.60000', 'Required', '20.00000', 1, CURRENT_TIMESTAMP),
(449, 176, 92, '>', '0.70000', 'Required', '20.00000', 1, CURRENT_TIMESTAMP),
(450, 176, 93, '<', '6.00000', 'Multiplier', '0.50000', 1, CURRENT_TIMESTAMP),
(451, 178, 93, '>', '10.00000', 'Required', '1.00000', 1, CURRENT_TIMESTAMP),
(452, 178, 92, '>', '0.75000', 'Required', '30.00000', 1, CURRENT_TIMESTAMP),
(453, 178, 92, '<', '0.50000', 'Required', '-30.00000', 1, CURRENT_TIMESTAMP),
(454, 177, 93, '>', '10.00000', 'Required', '1.00000', 1, CURRENT_TIMESTAMP),
(455, 177, 92, '>', '0.90000', 'Required', '50.00000', 1, CURRENT_TIMESTAMP),
(456, 177, 92, '<', '0.50000', 'Required', '-30.00000', 1, CURRENT_TIMESTAMP),
(470, 184, 100, '>', '0.50000', 'Required', '35.00000', 1, CURRENT_TIMESTAMP),
(471, 185, 101, '>', '6.00000', 'Multiplier', '1.50000', 1, CURRENT_TIMESTAMP),
(472, 185, 100, '>', '0.60000', 'Required', '20.00000', 1, CURRENT_TIMESTAMP),
(473, 186, 100, '>', '0.70000', 'Required', '20.00000', 1, CURRENT_TIMESTAMP),
(474, 186, 101, '<', '6.00000', 'Multiplier', '0.50000', 1, CURRENT_TIMESTAMP),
(475, 188, 101, '>', '10.00000', 'Required', '1.00000', 1, CURRENT_TIMESTAMP),
(476, 188, 100, '>', '0.75000', 'Required', '30.00000', 1, CURRENT_TIMESTAMP),
(477, 188, 100, '<', '0.50000', 'Required', '-30.00000', 1, CURRENT_TIMESTAMP),
(478, 187, 101, '>', '10.00000', 'Required', '1.00000', 1, CURRENT_TIMESTAMP),
(479, 187, 100, '>', '0.90000', 'Required', '50.00000', 1, CURRENT_TIMESTAMP),
(480, 187, 100, '<', '0.50000', 'Required', '-30.00000', 1, CURRENT_TIMESTAMP),

(494, 194, 108, '>', '0.50000', 'Required', '35.00000', 1, CURRENT_TIMESTAMP),
(495, 195, 108, '>', '0.60000', 'Required', '20.00000', 1, CURRENT_TIMESTAMP),
(496, 195, 109, '>', '5.00000', 'Multiplier', '1.50000', 1, CURRENT_TIMESTAMP),
(497, 196, 108, '>', '0.70000', 'Required', '20.00000', 1, CURRENT_TIMESTAMP),
(498, 196, 109, '>', '5.00000', 'Required', '1.00000', 1, CURRENT_TIMESTAMP),
(499, 197, 108, '>', '0.75000', 'Required', '30.00000', 1, CURRENT_TIMESTAMP),
(500, 197, 109, '>', '10.00000', 'Required', '1.00000', 1, CURRENT_TIMESTAMP),
(501, 198, 108, '>', '0.90000', 'Required', '50.00000', 1, CURRENT_TIMESTAMP),
(502, 198, 109, '>', '10.00000', 'Required', '1.00000', 1, CURRENT_TIMESTAMP),

(503, 199, 112, '>', '0.50000', 'Required', '35.00000', 1, CURRENT_TIMESTAMP),
(504, 200, 112, '>', '0.60000', 'Required', '20.00000', 1, CURRENT_TIMESTAMP),
(505, 200, 113, '>', '5.00000', 'Multiplier', '1.50000', 1, CURRENT_TIMESTAMP),
(506, 201, 112, '>', '0.70000', 'Required', '20.00000', 1, CURRENT_TIMESTAMP),
(507, 201, 113, '>', '5.00000', 'Required', '1.00000', 1, CURRENT_TIMESTAMP),
(508, 202, 112, '>', '0.75000', 'Required', '30.00000', 1, CURRENT_TIMESTAMP),
(509, 202, 113, '>', '10.00000', 'Required', '1.00000', 1, CURRENT_TIMESTAMP),
(510, 203, 112, '>', '0.90000', 'Required', '50.00000', 1, CURRENT_TIMESTAMP),
(511, 203, 113, '>', '10.00000', 'Required', '1.00000', 1, CURRENT_TIMESTAMP),

(512, 204, 116, '>', '0.50000', 'Required', '50.00000', 1, CURRENT_TIMESTAMP),
(513, 205, 116, '>', '0.60000', 'Required', '20.00000', 1, CURRENT_TIMESTAMP),
(514, 205, 118, '<', '5.00000', 'Multiplier', '1.50000', 1, CURRENT_TIMESTAMP),
(515, 206, 116, '>', '0.70000', 'Required', '20.00000', 1, CURRENT_TIMESTAMP),
(516, 206, 118, '>', '5.00000', 'Multiplier', '0.50000', 1, CURRENT_TIMESTAMP),
(517, 207, 116, '>', '0.70000', 'Required', '20.00000', 1, CURRENT_TIMESTAMP),
(518, 207, 118, '<', '5.00000', 'Required', '1.00000', 1, CURRENT_TIMESTAMP),
(519, 208, 116, '>', '0.70000', 'Required', '30.00000', 1, CURRENT_TIMESTAMP),
(520, 208, 118, '<', '5.00000', 'Required', '1.00000', 1, CURRENT_TIMESTAMP),
(521, 209, 116, '>', '0.75000', 'Required', '30.00000', 1, CURRENT_TIMESTAMP),
(522, 209, 118, '<', '3.00000', 'Required', '1.00000', 1, CURRENT_TIMESTAMP),
(523, 210, 116, '>', '0.90000', 'Required', '50.00000', 1, CURRENT_TIMESTAMP),
(524, 210, 118, '<', '1.00000', 'Required', '1.00000', 1, CURRENT_TIMESTAMP),

(525, 211, 72, '>', '0.50000', 'Required', '35.00000', 1, CURRENT_TIMESTAMP),
(526, 212, 72, '>', '0.60000', 'Required', '20.00000', 1, CURRENT_TIMESTAMP),
(527, 212, 73, '>', '5.00000', 'Multiplier', '1.50000', 1, CURRENT_TIMESTAMP),
(528, 213, 72, '>', '0.70000', 'Required', '20.00000', 1, CURRENT_TIMESTAMP),
(529, 213, 73, '>', '5.00000', 'Required', '1.00000', 1, CURRENT_TIMESTAMP),
(530, 214, 72, '>', '0.75000', 'Required', '30.00000', 1, CURRENT_TIMESTAMP),
(531, 214, 73, '>', '10.00000', 'Required', '1.00000', 1, CURRENT_TIMESTAMP),
(532, 215, 72, '>', '0.90000', 'Required', '50.00000', 1, CURRENT_TIMESTAMP),
(533, 215, 73, '>', '10.00000', 'Required', '1.00000', 1, CURRENT_TIMESTAMP),
(534, 216, 120, '>', '0.50000', 'Required', '50.00000', 1, CURRENT_TIMESTAMP),
(535, 217, 120, '>', '0.60000', 'Required', '50.00000', 1, CURRENT_TIMESTAMP),
(536, 217, 122, '<', '5.00000', 'Multiplier', '1.50000', 1,CURRENT_TIMESTAMP),
(537, 218, 120, '>', '0.70000', 'Required', '50.00000', 1, CURRENT_TIMESTAMP),
(538, 218, 122, '>', '5.00000', 'Multiplier', '0.50000', 1,CURRENT_TIMESTAMP),
(539, 219, 120, '>', '0.75000', 'Required', '120.00000', 1, CURRENT_TIMESTAMP),
(540, 219, 122, '>', '5.00000', 'Multiplier', '0.50000', 1,CURRENT_TIMESTAMP),
(541, 219, 120, '<', '0.50000', 'Required', '-120.00000', 1,CURRENT_TIMESTAMP),
(542, 220, 120, '>', '0.90000', 'Required', '120.00000', 1, CURRENT_TIMESTAMP),
(543, 220, 122, '<', '3.00000', 'Required', '1.00000', 1,  CURRENT_TIMESTAMP),
(544, 220, 120, '<', '0.50000', 'Required', '-120.00000', 1,CURRENT_TIMESTAMP),
(545, 221, 124, '>', '0.50000', 'Required', '50.00000', 1, CURRENT_TIMESTAMP),
(546, 222, 124, '>', '0.60000', 'Required', '20.00000', 1, CURRENT_TIMESTAMP),
(547, 222, 126, '<', '5.00000', 'Multiplier', '1.50000', 1, CURRENT_TIMESTAMP),
(548, 223, 126, '<', '2.00000', 'Multiplier', '1.50000', 1, CURRENT_TIMESTAMP),
(549, 223, 126, '<', '5.00000', 'Required', '1.00000', 1, CURRENT_TIMESTAMP),
(550, 223, 124, '>', '0.70000', 'Required', '30.00000', 1, CURRENT_TIMESTAMP),
(551, 224, 126, '<', '5.00000', 'Required', '1.00000', 1, CURRENT_TIMESTAMP),
(552, 224, 124, '<', '0.50000', 'Required', '-30.00000', 1, CURRENT_TIMESTAMP),
(553, 224, 124, '>', '0.75000', 'Required', '30.00000', 1, CURRENT_TIMESTAMP),
(554, 225, 126, '<', '1.00000', 'Required', '1.00000', 1, CURRENT_TIMESTAMP),
(555, 225, 124, '>', '0.90000', 'Required', '50.00000', 1, CURRENT_TIMESTAMP),
(556, 225, 124, '<', '0.50000', 'Required', '-30.00000', 1, CURRENT_TIMESTAMP),
(557, 226, 124, '>', '0.70000', 'Required', '30.00000', 1, CURRENT_TIMESTAMP),
(558, 226, 126, '>', '5.00000', 'Multiplier', '0.50000', 1, CURRENT_TIMESTAMP),
(559, 227, 124, '>', '0.75000', 'Required', '50.00000', 1, CURRENT_TIMESTAMP),
(560, 227, 126, '<', '3.00000', 'Required', '1.00000', 1, CURRENT_TIMESTAMP),
(561, 227, 124, '<', '0.50000', 'Required', '-30.00000', 1, CURRENT_TIMESTAMP),
(562, 228, 128, '>', '0.50000', 'Required', '35.00000', 1, CURRENT_TIMESTAMP),
(563, 229, 128, '>', '0.60000', 'Required', '20.00000', 1, CURRENT_TIMESTAMP),
(564, 229, 129, '>', '6.00000', 'Multiplier', '1.50000', 1,CURRENT_TIMESTAMP),
(565, 230, 128, '>', '0.70000', 'Required', '20.00000', 1,  CURRENT_TIMESTAMP),
(566, 230, 129, '<', '6.00000', 'Multiplier', '0.50000', 1, CURRENT_TIMESTAMP),
(567, 231, 128, '>', '0.75000', 'Required', '20.00000', 1,  CURRENT_TIMESTAMP),
(568, 231, 129, '>', '10.00000', 'Required', '1.00000', 1,  CURRENT_TIMESTAMP),
(569, 231, 128, '<', '0.50000', 'Required', '-30.00000', 1, CURRENT_TIMESTAMP),
(570, 232, 128, '>', '0.90000', 'Required', '30.00000', 1,  CURRENT_TIMESTAMP),
(571, 232, 129, '>', '10.00000', 'Required', '1.00000', 1,  CURRENT_TIMESTAMP),
(572, 232, 128, '<', '0.50000', 'Required', '-30.00000', 1, CURRENT_TIMESTAMP),

(573, 233, 132, '>', '0.50000', 'Required', '50.00000', 1, CURRENT_TIMESTAMP),
(574, 234, 132, '>', '0.60000', 'Required', '30.00000', 1, CURRENT_TIMESTAMP),
(575, 235, 132, '>', '0.70000', 'Required', '30.00000', 1, CURRENT_TIMESTAMP),
(576, 236, 132, '>', '0.70000', 'Required', '30.00000', 1, CURRENT_TIMESTAMP),
(577, 237, 132, '>', '0.75000', 'Required', '50.00000', 1, CURRENT_TIMESTAMP),
(578, 235, 134, '<', '10.00000', 'Multiplier', '1.50000', 1, CURRENT_TIMESTAMP),
(579, 236, 134, '<', '20.00000', 'Required', '1.00000', 1, CURRENT_TIMESTAMP),
(580, 237, 134, '<', '20.00000', 'Required', '1.00000', 1, CURRENT_TIMESTAMP),
(581, 233, 133, '>', '1.00000', 'Required', '1.00000', 1, CURRENT_TIMESTAMP),
(582, 233, 133, '>', '5.00000', 'Multiplier', '2.00000', 1, CURRENT_TIMESTAMP),
(583, 234, 133, '>', '2.00000', 'Required', '1.00000', 1, CURRENT_TIMESTAMP),
(584, 235, 133, '>', '2.00000', 'Required', '1.00000', 1, CURRENT_TIMESTAMP),
(585, 236, 133, '>', '2.00000', 'Required', '1.00000', 1, CURRENT_TIMESTAMP),
(586, 237, 133, '>', '2.00000', 'Required', '0.00000', 1, CURRENT_TIMESTAMP),


(587, 238, 137, '>', '1.00000', 'Required', '50.00000', 1, CURRENT_TIMESTAMP),
(589, 239, 137, '>', '2.00000', 'Required', '50.00000', 1, CURRENT_TIMESTAMP),
(591, 240, 137, '>', '2.00000', 'Required', '50.00000', 1, CURRENT_TIMESTAMP),
(593, 241, 137, '>', '4.00000', 'Required', '50.00000', 1, CURRENT_TIMESTAMP),
(595, 242, 137, '>', '6.00000', 'Required', '50.00000', 1, CURRENT_TIMESTAMP),
(588, 250, 137, '>', '6.00000', 'Required', '50.00000', 1, CURRENT_TIMESTAMP),
(590, 251, 137, '>', '8.00000', 'Required', '50.00000', 1, CURRENT_TIMESTAMP),

(598, 243, 139, '>', '3.00000', 'Required', '50.00000', 1,   CURRENT_TIMESTAMP),
(599, 243, 138, '>', '0.7000', 'Multiplier', '2.00000', 1, CURRENT_TIMESTAMP),
(600, 244, 138, '>', '0.70000', 'Required', '50.00000', 1,  CURRENT_TIMESTAMP),
(601, 244, 140, '<', '2.00000', 'Bonus', '30.00000', 1,   CURRENT_TIMESTAMP),
(603, 245, 138, '>', '0.90000', 'Required', '50.00000', 1,  CURRENT_TIMESTAMP),
(604, 245, 140, '<', '2.00000', 'Bonus', '30.00000', 1,   CURRENT_TIMESTAMP),
(606, 246, 138, '>', '0.70000', 'Required', '50.00000', 1,  CURRENT_TIMESTAMP),
(608, 246, 138, '>', '0.99000', 'Multiplier', '2.00000', 1, CURRENT_TIMESTAMP),
(609, 247, 138, '>', '0.70000', 'Required', '50.00000', 1,  CURRENT_TIMESTAMP),
(610, 247, 140, '<', '2.00000', 'Multiplier', '2.00000', 1,   CURRENT_TIMESTAMP),
(612, 248, 138, '>', '0.70000', 'Required', '50.00000', 1,  CURRENT_TIMESTAMP),
(614, 248, 138, '>', '0.99000', 'Multiplier', '2.00000', 1, CURRENT_TIMESTAMP),
(615, 249, 138, '>', '0.70000', 'Required', '50.00000', 1,  CURRENT_TIMESTAMP),
(617, 249, 138, '>', '0.99000', 'Multiplier', '2.00000', 1, CURRENT_TIMESTAMP),

(618, 278, 142, '>', '0.50000', 'Required', '10.00000', 1, CURRENT_TIMESTAMP),                                                                                      
(619, 279, 142, '>', '0.70000', 'Required', '0.00000', 1, CURRENT_TIMESTAMP),  
(620, 279, 143, '>', '6.00000', 'Bonus', '2.00000', 1, CURRENT_TIMESTAMP),           
(621, 252, 142, '>', '0.70000', 'Required', '20.00000', 1, CURRENT_TIMESTAMP), 
(622, 252, 143, '>', '6.00000', 'Required', '20.00000', 1, CURRENT_TIMESTAMP),       
(623, 253, 142, '>', '0.75000', 'Required', '30.00000', 1, CURRENT_TIMESTAMP), 
(624, 253, 143, '>', '10.00000', 'Required', '20.00000', 1, CURRENT_TIMESTAMP),      
(625, 254, 142, '>', '0.90000', 'Required', '50.00000', 1, CURRENT_TIMESTAMP), 
(626, 254, 143, '>', '10.00000', 'Required', '20.00000', 1, CURRENT_TIMESTAMP),      
(627, 255, 146, '>', '0.50000', 'Required', '10.00000', 1, CURRENT_TIMESTAMP),                                                                                      
(628, 256, 146, '>', '0.70000', 'Required', '20.00000', 1, CURRENT_TIMESTAMP), 
(629, 256, 147, '>', '6.00000', 'Bonus', '2.00000', 1, CURRENT_TIMESTAMP),           
(630, 257, 146, '>', '0.70000', 'Required', '20.00000', 1, CURRENT_TIMESTAMP), 
(631, 257, 147, '>', '6.00000', 'Required', '20.00000', 1, CURRENT_TIMESTAMP),       
(632, 258, 146, '>', '0.75000', 'Required', '30.00000', 1, CURRENT_TIMESTAMP), 
(633, 258, 147, '>', '10.00000', 'Required', '20.00000', 1, CURRENT_TIMESTAMP),      
(634, 259, 146, '>', '0.90000', 'Required', '50.00000', 1, CURRENT_TIMESTAMP), 
(635, 259, 147, '>', '10.00000', 'Required', '20.00000', 1, CURRENT_TIMESTAMP),      
(636, 260, 150, '>', '0.50000', 'Required', '10.00000', 1, CURRENT_TIMESTAMP),                                                                                      
(637, 261, 150, '>', '0.70000', 'Required', '20.00000', 1, CURRENT_TIMESTAMP), 
(638, 261, 151, '>', '5.00000', 'Bonus', '20.00000', 1, CURRENT_TIMESTAMP),          
(639, 262, 150, '>', '0.70000', 'Required', '20.00000', 1, CURRENT_TIMESTAMP), 
(640, 262, 151, '>', '5.00000', 'Multiplier', '2.00000', 1, CURRENT_TIMESTAMP),      
(641, 263, 150, '>', '0.70000', 'Required', '20.00000', 1, CURRENT_TIMESTAMP), 
(642, 263, 152, '<', '5.00000', 'Required', '20.00000', 1, CURRENT_TIMESTAMP), 
(643, 263, 152, '<', '2.00000', 'Bonus', '30.00000', 1, CURRENT_TIMESTAMP),
(644, 264, 150, '>', '0.75000', 'Required', '20.00000', 1, CURRENT_TIMESTAMP), 
(645, 264, 152, '<', '5.00000', 'Required', '20.00000', 1, CURRENT_TIMESTAMP), 
(646, 264, 152, '<', '2.00000', 'Multiplier', '2.00000', 1, CURRENT_TIMESTAMP),
(647, 265, 150, '>', '0.75000', 'Required', '30.00000', 1, CURRENT_TIMESTAMP), 
(648, 265, 152, '<', '5.00000', 'Required', '20.00000', 1, CURRENT_TIMESTAMP), 
(649, 265, 152, '<', '2.00000', 'Multiplier', '2.00000', 1, CURRENT_TIMESTAMP),
(650, 266, 150, '>', '0.75000', 'Required', '30.00000', 1, CURRENT_TIMESTAMP), 
(651, 266, 152, '<', '3.00000', 'Required', '30.00000', 1, CURRENT_TIMESTAMP), 
(652, 266, 152, '<', '1.00000', 'Bonus', '30.00000', 1, CURRENT_TIMESTAMP),
(653, 267, 150, '>', '0.90000', 'Required', '30.00000', 1, CURRENT_TIMESTAMP), 
(654, 267, 152, '<', '3.00000', 'Required', '30.00000', 1, CURRENT_TIMESTAMP), 
(655, 267, 152, '<', '1.00000', 'Bonus', '30.00000', 1, CURRENT_TIMESTAMP),
(656, 268, 150, '>', '0.90000', 'Required', '50.00000', 1, CURRENT_TIMESTAMP), 
(657, 268, 151, '>', '20.00000', 'Required', '50.00000', 1, CURRENT_TIMESTAMP),      
(658, 269, 154, '>', '0.50000', 'Required', '10.00000', 1, CURRENT_TIMESTAMP),                                                                                      
(659, 270, 154, '>', '0.50000', 'Required', '20.00000', 1, CURRENT_TIMESTAMP),                                                                                      
(660, 271, 154, '>', '0.70000', 'Required', '20.00000', 1, CURRENT_TIMESTAMP),                                                                                      
(661, 272, 154, '>', '0.70000', 'Required', '20.00000', 1, CURRENT_TIMESTAMP),                                                                                      
(662, 273, 154, '>', '0.75000', 'Required', '30.00000', 1, CURRENT_TIMESTAMP),                                                                                      
(663, 274, 154, '>', '0.75000', 'Required', '30.00000', 1, CURRENT_TIMESTAMP),                                                                                      
(664, 275, 154, '>', '0.75000', 'Required', '30.00000', 1, CURRENT_TIMESTAMP),                                                                                      
(665, 276, 154, '>', '0.90000', 'Required', '30.00000', 1, CURRENT_TIMESTAMP),                                                                                      
(666, 277, 154, '>', '0.90000', 'Required', '50.00000', 1, CURRENT_TIMESTAMP);       

--
-- Dump dei dati per la tabella `ima_progression_sequence`
--

INSERT INTO `ima_progression_sequence` (`Id`, `Game_ID`, `Device_ID`, `Name`, `Mode`, `Active`, `Last_Edit`) VALUES
(9, 10, 0, 'Normal', 'incremental', 0,  CURRENT_TIMESTAMP),
(11, 18, 0, 'Normal', 'incremental', 0, CURRENT_TIMESTAMP),
(12, 3, 0, 'Normal', 'incremental', 0,  CURRENT_TIMESTAMP),
(13, 5, 0, 'Normal', 'incremental', 0,  CURRENT_TIMESTAMP),
(14, 4, 0, 'Normal', 'incremental', 0,  CURRENT_TIMESTAMP),
(16, 8, 0, 'Normal', 'incremental', 0,  CURRENT_TIMESTAMP),
(18, 17, 0, 'Normal', 'incremental', 0, CURRENT_TIMESTAMP),
(19, 16, 0, 'Normal', 'incremental', 0, CURRENT_TIMESTAMP),
(20, 15, 0, 'Normal', 'incremental', 0, CURRENT_TIMESTAMP),
(21, 14, 0, 'Normal', 'incremental', 0, CURRENT_TIMESTAMP),
(22, 7, 0, 'Normal', 'incremental', 0,  CURRENT_TIMESTAMP),
(23, 19, 0, 'Normal', 'incremental', 0, CURRENT_TIMESTAMP),
(24, 20, 0, 'Normal', 'incremental', 0, CURRENT_TIMESTAMP),
(25, 22, 0, 'Normal', 'incremental', 0, CURRENT_TIMESTAMP),
(26, 23, 0, 'Normal', 'incremental', 0, CURRENT_TIMESTAMP),
(27, 24, 0, 'Normal', 'incremental', 0, CURRENT_TIMESTAMP),
(28, 25, 0, 'Normal', 'incremental', 0, CURRENT_TIMESTAMP),
(29, 26, 0, 'Normal', 'incremental', 0, CURRENT_TIMESTAMP),
(31, 28, 0, 'Normal', 'incremental', 0, CURRENT_TIMESTAMP),
(33, 30, 0, 'Normal', 'incremental', 0, CURRENT_TIMESTAMP),
(34, 31, 0, 'Normal', 'incremental', 0, CURRENT_TIMESTAMP),
(35, 32, 0, 'Normal', 'incremental', 0, CURRENT_TIMESTAMP),
(36, 21, 0, 'Normal', 'incremental', 0, CURRENT_TIMESTAMP),
(37, 33, 0, 'Normal', 'incremental', 0, CURRENT_TIMESTAMP),
(38, 34, 0, 'Normal', 'incremental', 0, CURRENT_TIMESTAMP),
(39, 35, 0, 'Normal', 'incremental', 0, CURRENT_TIMESTAMP),
(40, 38, 0, 'Normal', 'incremental', 0, CURRENT_TIMESTAMP),
(41, 36, 0, 'Normal', 'incremental', 0, CURRENT_TIMESTAMP),
(42, 37, 0, 'Normal', 'incremental', 0, CURRENT_TIMESTAMP),

(43, 39, 0, 'Normal', 'incremental', 0, CURRENT_TIMESTAMP),	
(44, 40, 0, 'Normal', 'incremental', 0, CURRENT_TIMESTAMP),	
(45, 41, 0, 'Normal', 'incremental', 0, CURRENT_TIMESTAMP), 
(46, 42, 0, 'Normal', 'incremental', 0, CURRENT_TIMESTAMP); 
--
-- Dump dei dati per la tabella `ima_progression_sequence_level`
--
INSERT INTO `ima_progression_sequence_level` (`Id`, `Level_ID`, `Sequence_ID`, `Sequence_Order`, `IdAchievement`, `Global_Progression_Parameter`, `Global_Progression_Multiplier`, `Active`, `Last_Edit`) VALUES
(45, 1, 11, 0, 63, 'Fixed', '1.12', 1, '2016-09-08 10:43:35'),
(46, 2, 11, 1, 64, 'Fixed', '1.12', 1, '2016-09-08 10:43:35'),
(47, 3, 11, 2, 65, 'Fixed', '1.12', 1, '2016-09-08 10:43:35'),
(48, 4, 11, 3, 66, 'Fixed', '1.12', 1, '2016-09-08 10:43:35'),
(49, 5, 11, 4, 67, 'Fixed', '1.12', 1, '2016-09-08 10:43:35'),
(50, 1, 12, 0, 68, 'Fixed', '1.12', 1, '2016-09-08 13:27:12'),
(51, 2, 12, 1, 69, 'Fixed', '1.12', 1, '2016-09-08 13:27:12'),
(52, 6, 12, 2, 70, 'Fixed', '1.12', 1, '2016-09-08 15:01:10'),
(53, 3, 12, 3, 71, 'Fixed', '1.12', 1, '2016-09-08 13:27:12'),
(54, 4, 12, 4, 72, 'Fixed', '1.12', 1, '2016-09-08 13:27:12'),
(55, 7, 12, 5, 73, 'Fixed', '1.12', 1, '2016-09-08 13:27:12'),
(56, 5, 12, 6, 74, 'Fixed', '1.12', 1, '2016-09-08 13:27:12'),
(57, 6, 13, 0, 75, 'Fixed', '1.12', 1, '2016-09-08 15:22:34'),
(58, 7, 13, 1, 76, 'Fixed', '1.12', 1, '2016-09-08 15:22:34'),
(59, 8, 13, 2, 77, 'Fixed', '1.12', 1, '2016-09-08 15:22:34'),
(60, 9, 13, 3, 78, 'Fixed', '1.12', 1, '2016-09-08 15:22:34'),
(61, 10, 13, 4, 79, 'Fixed', '1.12', 1, '2016-09-08 15:22:34'),
(64, 1, 14, 0, 82, 'Fixed', '1.12', 1, '2016-09-12 13:18:33'),
(65, 2, 14, 1, 83, 'Fixed', '1.12', 1, '2016-09-12 13:18:33'),
(66, 6, 14, 2, 84, 'Fixed', '1.12', 1, '2016-09-12 13:18:33'),
(67, 3, 14, 3, 85, 'Fixed', '1.12', 1, '2016-09-12 13:18:33'),
(68, 4, 14, 4, 86, 'Fixed', '1.12', 1, '2016-09-12 13:18:33'),
(69, 7, 14, 5, 87, 'Fixed', '1.12', 1, '2016-09-12 13:18:33'),
(70, 5, 14, 6, 88, 'Fixed', '1.12', 1, '2016-09-12 13:18:33'),
(74, 2, 16, 0, 92, 'Fixed', '1.12', 1, '2016-09-12 14:04:44'),
(75, 6, 16, 1, 93, 'Fixed', '1.12', 1, '2016-09-15 13:49:59'),
(76, 3, 16, 2, 94, 'Fixed', '1.12', 1, '2016-09-12 14:04:44'),
(77, 4, 16, 3, 95, 'Fixed', '1.12', 1, '2016-09-12 14:04:44'),
(78, 7, 16, 4, 96, 'Fixed', '1.12', 1, '2016-09-15 13:49:59'),
(79, 1, 16, 5, 97, 'Fixed', '1.12', 1, '2016-09-12 14:04:44'),
(80, 5, 16, 6, 98, 'Fixed', '1.12', 1, '2016-09-12 14:04:44'),
(88, 1, 18, 0, 106, 'Fixed', '1.12', 1, '2016-09-12 15:14:25'),
(89, 2, 18, 1, 107, 'Fixed', '1.12', 1, '2016-09-12 15:14:25'),
(90, 3, 18, 2, 108, 'Fixed', '1.12', 1, '2016-09-12 15:14:25'),
(91, 4, 18, 3, 109, 'Fixed', '1.12', 1, '2016-09-12 15:14:25'),
(92, 5, 18, 4, 110, 'Fixed', '1.12', 1, '2016-09-12 15:14:25'),
(93, 6, 18, 5, 111, 'Fixed', '1.12', 1, '2016-09-12 15:14:25'),
(94, 7, 18, 6, 112, 'Fixed', '1.12', 1, '2016-09-12 15:14:25'),
(95, 8, 18, 7, 113, 'Fixed', '1.12', 1, '2016-09-12 15:14:25'),
(96, 9, 18, 8, 114, 'Fixed', '1.12', 1, '2016-09-12 15:14:25'),
(97, 1, 19, 0, 115, 'Fixed', '1.12', 1, '2016-09-12 15:16:23'),
(98, 4, 19, 1, 116, 'Fixed', '1.12', 1, '2016-09-12 15:16:23'),
(99, 3, 19, 2, 117, 'Fixed', '1.12', 1, '2016-09-12 15:16:23'),
(100, 5, 19, 3, 118, 'Fixed', '1.12', 1, '2016-09-12 15:16:23'),
(101, 6, 19, 4, 119, 'Fixed', '1.12', 1, '2016-09-12 15:16:23'),
(102, 7, 19, 5, 120, 'Fixed', '1.12', 1, '2016-09-12 15:16:23'),
(103, 8, 19, 6, 121, 'Fixed', '1.12', 1, '2016-09-12 15:16:23'),
(104, 9, 19, 7, 122, 'Fixed', '1.12', 1, '2016-09-12 15:16:23'),
(105, 10, 19, 8, 123, 'Fixed', '1.12', 1, '2016-09-12 15:16:23'),
(106, 10, 20, 0, 124, 'Fixed', '1.12', 1, '2016-09-12 15:18:00'),
(107, 2, 20, 1, 125, 'Fixed', '1.12', 1, '2016-09-12 15:18:00'),
(108, 3, 20, 2, 126, 'Fixed', '1.12', 1, '2016-09-12 15:18:00'),
(109, 4, 20, 3, 127, 'Fixed', '1.12', 1, '2016-09-12 15:18:00'),
(110, 5, 20, 4, 128, 'Fixed', '1.12', 1, '2016-09-12 15:18:00'),
(111, 6, 20, 5, 129, 'Fixed', '1.12', 1, '2016-09-12 15:18:00'),
(112, 7, 20, 6, 130, 'Fixed', '1.12', 1, '2016-09-12 15:18:00'),
(113, 8, 20, 7, 131, 'Fixed', '1.12', 1, '2016-09-12 15:18:00'),
(114, 9, 20, 8, 132, 'Fixed', '1.12', 1, '2016-09-12 15:18:00'),
(115, 9, 21, 0, 133, 'Fixed', '1.12', 1, '2016-09-12 15:19:04'),
(116, 10, 21, 1, 134, 'Fixed', '1.12', 1, '2016-09-12 15:19:04'),
(117, 11, 21, 2, 135, 'Fixed', '1.12', 1, '2016-09-12 15:19:04'),
(118, 12, 21, 3, 136, 'Fixed', '1.12', 1, '2016-09-12 15:19:04'),
(119, 13, 21, 4, 137, 'Fixed', '1.12', 1, '2016-09-12 15:19:04'),
(120, 14, 21, 5, 138, 'Fixed', '1.12', 1, '2016-09-12 15:19:04'),
(121, 15, 21, 6, 139, 'Fixed', '1.12', 1, '2016-09-12 15:19:04'),
(122, 16, 21, 7, 140, 'Fixed', '1.12', 1, '2016-09-12 15:19:04'),
(123, 17, 21, 8, 141, 'Fixed', '1.12', 1, '2016-09-12 15:19:04'),
(124, 4, 22, 0, 142, 'Fixed', '1.12', 1, '2016-09-15 10:43:57'),
(125, 5, 22, 1, 143, 'Fixed', '1.12', 1, '2016-09-15 10:43:57'),
(126, 6, 22, 2, 144, 'Fixed', '1.12', 1, '2016-09-15 10:43:57'),
(127, 8, 22, 3, 145, 'Fixed', '1.12', 1, '2016-09-15 10:43:57'),
(128, 7, 22, 4, 146, 'Fixed', '1.12', 1, '2016-09-15 10:43:57'),
(129, 4, 9, 0, 147, 'Fixed', '1.12', 1, '2016-09-15 10:58:57'),
(130, 8, 9, 4, 148, 'Fixed', '1.12', 1, '2016-09-19 13:41:06'),
(133, 1, 23, 0, 151, 'Fixed', '1.12', 1, '2016-09-15 14:17:06'),
(134, 2, 23, 1, 152, 'Fixed', '1.12', 1, '2016-09-15 14:17:06'),
(135, 3, 23, 2, 153, 'Fixed', '1.12', 1, '2016-09-15 14:17:06'),
(136, 4, 23, 3, 154, 'Fixed', '1.12', 1, '2016-09-16 09:35:26'),
(137, 5, 23, 4, 155, 'Fixed', '1.12', 1, '2016-09-15 14:17:06'),
(138, 1, 24, 0, 156, 'Fixed', '1.12', 1, '2016-09-15 15:32:16'),
(139, 2, 24, 1, 157, 'Fixed', '1.12', 1, '2016-09-15 15:32:16'),
(140, 3, 24, 2, 158, 'Fixed', '1.12', 1, '2016-09-15 15:32:16'),
(141, 4, 24, 3, 159, 'Fixed', '1.12', 1, '2016-09-15 15:32:16'),
(142, 5, 24, 4, 160, 'Fixed', '1.12', 1, '2016-09-15 15:32:16'),
(143, 5, 9, 1, 161, 'Fixed', '1.12', 1, '2016-09-21 13:36:14'),
(144, 6, 9, 2, 162, 'Fixed', '1.12', 1, '2016-09-21 13:36:14'),
(145, 7, 9, 3, 163, 'Fixed', '1.12', 1, '2016-09-21 13:36:14'),
(146, 1, 25, 0, 164, 'Fixed', '1.12', 1, CURRENT_TIMESTAMP),
(147, 2, 25, 1, 165, 'Fixed', '1.12', 1, CURRENT_TIMESTAMP),
(148, 3, 25, 2, 166, 'Fixed', '1.12', 1, CURRENT_TIMESTAMP),
(149, 4, 25, 3, 167, 'Fixed', '1.12', 1, CURRENT_TIMESTAMP),
(150, 5, 25, 4, 168, 'Fixed', '1.12', 1, CURRENT_TIMESTAMP),
(151, 6, 25, 5, 169, 'Fixed', '1.12', 1, CURRENT_TIMESTAMP),
(152, 7, 25, 6, 170, 'Fixed', '1.12', 1, CURRENT_TIMESTAMP),
  
(153, 1, 26, 0, 171, 'Fixed', '1.12', 1, CURRENT_TIMESTAMP),
(154, 2, 26, 1, 172, 'Fixed', '1.12', 1, CURRENT_TIMESTAMP),
(155, 3, 26, 2, 173, 'Fixed', '1.12', 1, CURRENT_TIMESTAMP),
(156, 4, 26, 3, 174, 'Fixed', '1.12', 1, CURRENT_TIMESTAMP),
(157, 5, 26, 4, 175, 'Fixed', '1.12', 1, CURRENT_TIMESTAMP),
(158, 6, 26, 5, 176, 'Fixed', '1.12', 1, CURRENT_TIMESTAMP),
(159, 7, 26, 6, 177, 'Fixed', '1.12', 1, CURRENT_TIMESTAMP),

(160, 1, 27, 0, 178, 'Fixed', '1.12', 1, CURRENT_TIMESTAMP),
(161, 2, 27, 1, 179, 'Fixed', '1.12', 1, CURRENT_TIMESTAMP),
(162, 3, 27, 2, 180, 'Fixed', '1.12', 1, CURRENT_TIMESTAMP),
(163, 4, 27, 3, 181, 'Fixed', '1.12', 1, CURRENT_TIMESTAMP),
(164, 5, 27, 4, 182, 'Fixed', '1.12', 1, CURRENT_TIMESTAMP),
(165, 6, 27, 5, 183, 'Fixed', '1.12', 1, CURRENT_TIMESTAMP),
(166, 7, 27, 6, 184, 'Fixed', '1.12', 1, CURRENT_TIMESTAMP),
  
(167, 1, 28, 0, 185, 'Fixed', '1.12', 1, CURRENT_TIMESTAMP),
(168, 2, 28, 1, 186, 'Fixed', '1.12', 1, CURRENT_TIMESTAMP),
(169, 3, 28, 2, 187, 'Fixed', '1.12', 1, CURRENT_TIMESTAMP),
(170, 4, 28, 3, 188, 'Fixed', '1.12', 1, CURRENT_TIMESTAMP),
(171, 5, 28, 4, 189, 'Fixed', '1.12', 1, CURRENT_TIMESTAMP),
(172, 6, 28, 5, 190, 'Fixed', '1.12', 1, CURRENT_TIMESTAMP),
(173, 7, 28, 6, 191, 'Fixed', '1.12', 1, CURRENT_TIMESTAMP),
  
(174, 1, 29, 0, 192, 'Fixed', '1.12', 1, CURRENT_TIMESTAMP),
(175, 2, 29, 1, 193, 'Fixed', '1.12', 1, CURRENT_TIMESTAMP),
(176, 3, 29, 2, 194, 'Fixed', '1.12', 1, CURRENT_TIMESTAMP),
(177, 4, 29, 3, 195, 'Fixed', '1.12', 1, CURRENT_TIMESTAMP),
(178, 5, 29, 4, 196, 'Fixed', '1.12', 1, CURRENT_TIMESTAMP),

(184, 1, 31, 0, 202, 'Fixed', '1.12', 1, CURRENT_TIMESTAMP),
(185, 2, 31, 1, 203, 'Fixed', '1.12', 1, CURRENT_TIMESTAMP),
(186, 3, 31, 2, 204, 'Fixed', '1.12', 1, CURRENT_TIMESTAMP),
(187, 4, 31, 3, 205, 'Fixed', '1.12', 1, CURRENT_TIMESTAMP),
(188, 5, 31, 4, 206, 'Fixed', '1.12', 1, CURRENT_TIMESTAMP),

(194, 1, 33, 0, 212, 'Fixed', '1.12', 1, CURRENT_TIMESTAMP),
(195, 2, 33, 1, 213, 'Fixed', '1.12', 1, CURRENT_TIMESTAMP),
(196, 3, 33, 2, 214, 'Fixed', '1.12', 1, CURRENT_TIMESTAMP),
(197, 4, 33, 3, 215, 'Fixed', '1.12', 1, CURRENT_TIMESTAMP),
(198, 5, 33, 4, 216, 'Fixed', '1.12', 1, CURRENT_TIMESTAMP),

(199, 1, 34, 0, 217, 'Fixed', '1.12', 1, CURRENT_TIMESTAMP),
(200, 2, 34, 1, 218, 'Fixed', '1.12', 1, CURRENT_TIMESTAMP),
(201, 3, 34, 2, 219, 'Fixed', '1.12', 1, CURRENT_TIMESTAMP),
(202, 4, 34, 3, 220, 'Fixed', '1.12', 1, CURRENT_TIMESTAMP),
(203, 5, 34, 4, 221, 'Fixed', '1.12', 1, CURRENT_TIMESTAMP),

(204, 1, 35, 0, 222, 'Fixed', '1.12', 1, CURRENT_TIMESTAMP),
(205, 2, 35, 1, 223, 'Fixed', '1.12', 1, CURRENT_TIMESTAMP),
(206, 3, 35, 2, 224, 'Fixed', '1.12', 1, CURRENT_TIMESTAMP),
(207, 4, 35, 3, 225, 'Fixed', '1.12', 1, CURRENT_TIMESTAMP),
(208, 5, 35, 4, 226, 'Fixed', '1.12', 1, CURRENT_TIMESTAMP),
(209, 6, 35, 5, 227, 'Fixed', '1.12', 1, CURRENT_TIMESTAMP),
(210, 7, 35, 6, 228, 'Fixed', '1.12', 1, CURRENT_TIMESTAMP),

(211, 1, 36, 0, 229, 'Fixed', '1.12', 1, CURRENT_TIMESTAMP),
(212, 2, 36, 1, 230, 'Fixed', '1.12', 1, CURRENT_TIMESTAMP),
(213, 3, 36, 2, 231, 'Fixed', '1.12', 1, CURRENT_TIMESTAMP),
(214, 4, 36, 3, 232, 'Fixed', '1.12', 1, CURRENT_TIMESTAMP),
(215, 5, 36, 4, 233, 'Fixed', '1.12', 1, CURRENT_TIMESTAMP),

(216, 1, 37, 0, 234, 'Fixed', '1.12', 1, CURRENT_TIMESTAMP),
(217, 2, 37, 1, 235, 'Fixed', '1.12', 1, CURRENT_TIMESTAMP),
(218, 3, 37, 2, 236, 'Fixed', '1.12', 1, CURRENT_TIMESTAMP),
(219, 4, 37, 3, 237, 'Fixed', '1.12', 1, CURRENT_TIMESTAMP),
(220, 5, 37, 4, 238, 'Fixed', '1.12', 1, CURRENT_TIMESTAMP),

(221, 1, 38, 0, 239, 'Fixed', '1.12', 1, CURRENT_TIMESTAMP),
(222, 2, 38, 1, 240, 'Fixed', '1.12', 1, CURRENT_TIMESTAMP),
(223, 3, 38, 2, 241, 'Fixed', '1.12', 1, CURRENT_TIMESTAMP),
(224, 4, 38, 3, 242, 'Fixed', '1.12', 1, CURRENT_TIMESTAMP),
(225, 5, 38, 4, 243, 'Fixed', '1.12', 1, CURRENT_TIMESTAMP),
(226, 6, 38, 5, 244, 'Fixed', '1.12', 1, CURRENT_TIMESTAMP),
(227, 7, 38, 6, 245, 'Fixed', '1.12', 1, CURRENT_TIMESTAMP),

(228, 1, 39, 0, 246, 'Fixed', '1.12', 1, CURRENT_TIMESTAMP),
(229, 2, 39, 1, 247, 'Fixed', '1.12', 1, CURRENT_TIMESTAMP),
(230, 3, 39, 2, 248, 'Fixed', '1.12', 1, CURRENT_TIMESTAMP),
(231, 4, 39, 3, 249, 'Fixed', '1.12', 1, CURRENT_TIMESTAMP),
(232, 5, 39, 4, 250, 'Fixed', '1.12', 1, CURRENT_TIMESTAMP),

(233, 1, 40, 0, 251, 'Fixed', '1.12', 1, CURRENT_TIMESTAMP),
(234, 2, 40, 1, 252, 'Fixed', '1.12', 1, CURRENT_TIMESTAMP),
(235, 3, 40, 2, 253, 'Fixed', '1.12', 1, CURRENT_TIMESTAMP),
(236, 4, 40, 3, 254, 'Fixed', '1.12', 1, CURRENT_TIMESTAMP),
(237, 5, 40, 4, 255, 'Fixed', '1.12', 1, CURRENT_TIMESTAMP),

(238, 1, 41, 0, 256, 'Fixed', '1.12', 1, CURRENT_TIMESTAMP),
(239, 2, 41, 1, 257, 'Fixed', '1.12', 1, CURRENT_TIMESTAMP),
(240, 3, 41, 2, 258, 'Fixed', '1.12', 1, CURRENT_TIMESTAMP),
(241, 4, 41, 3, 259, 'Fixed', '1.12', 1, CURRENT_TIMESTAMP),
(242, 5, 41, 4, 260, 'Fixed', '1.12', 1, CURRENT_TIMESTAMP),
(250, 6, 41, 5, 268, 'Fixed', '1.12', 1, CURRENT_TIMESTAMP),
(251, 7, 41, 6, 269, 'Fixed', '1.12', 1, CURRENT_TIMESTAMP),

(243, 1, 42, 0, 261, 'Fixed', '1.12', 1, CURRENT_TIMESTAMP),
(244, 2, 42, 1, 262, 'Fixed', '1.12', 1, CURRENT_TIMESTAMP),
(245, 3, 42, 2, 263, 'Fixed', '1.12', 1, CURRENT_TIMESTAMP),
(246, 4, 42, 3, 264, 'Fixed', '1.12', 1, CURRENT_TIMESTAMP),
(247, 5, 42, 4, 265, 'Fixed', '1.12', 1, CURRENT_TIMESTAMP),
(248, 6, 42, 5, 266, 'Fixed', '1.12', 1, CURRENT_TIMESTAMP),
(249, 7, 42, 6, 267, 'Fixed', '1.12', 1, CURRENT_TIMESTAMP),
    
(252, 3, 43, 2, 270, 'Fixed', '1.12', 1, CURRENT_TIMESTAMP),     
(253, 4, 43, 3, 271, 'Fixed', '1.12', 1, CURRENT_TIMESTAMP),     
(254, 5, 43, 4, 272, 'Fixed', '1.12', 1, CURRENT_TIMESTAMP),     
(255, 5, 44, 0, 273, 'Fixed', '1.12', 1, CURRENT_TIMESTAMP),     
(256, 4, 44, 1, 274, 'Fixed', '1.12', 1, CURRENT_TIMESTAMP),     
(257, 3, 44, 2, 275, 'Fixed', '1.12', 1, CURRENT_TIMESTAMP),     
(258, 2, 44, 3, 276, 'Fixed', '1.12', 1, CURRENT_TIMESTAMP),     
(259, 1, 44, 4, 277, 'Fixed', '1.12', 1, CURRENT_TIMESTAMP),     
(260, 1, 45, 0, 278, 'Fixed', '1.12', 1, CURRENT_TIMESTAMP),     
(261, 2, 45, 1, 279, 'Fixed', '1.12', 1, CURRENT_TIMESTAMP),     
(262, 3, 45, 2, 280, 'Fixed', '1.12', 1, CURRENT_TIMESTAMP),     
(263, 4, 45, 3, 281, 'Fixed', '1.12', 1, CURRENT_TIMESTAMP),     
(264, 5, 45, 4, 282, 'Fixed', '1.12', 1, CURRENT_TIMESTAMP),     
(265, 6, 45, 5, 283, 'Fixed', '1.12', 1, CURRENT_TIMESTAMP),     
(266, 7, 45, 6, 284, 'Fixed', '1.12', 1, CURRENT_TIMESTAMP),     
(267, 8, 45, 7, 285, 'Fixed', '1.12', 1, CURRENT_TIMESTAMP),     
(268, 9, 45, 8, 286, 'Fixed', '1.12', 1, CURRENT_TIMESTAMP),     
(269, 1, 46, 0, 287, 'Fixed', '1.12', 1, CURRENT_TIMESTAMP),     
(270, 2, 46, 1, 288, 'Fixed', '1.12', 1, CURRENT_TIMESTAMP),     
(271, 3, 46, 2, 289, 'Fixed', '1.12', 1, CURRENT_TIMESTAMP),     
(272, 4, 46, 3, 290, 'Fixed', '1.12', 1, CURRENT_TIMESTAMP),     
(273, 5, 46, 4, 291, 'Fixed', '1.12', 1, CURRENT_TIMESTAMP),     
(274, 6, 46, 5, 292, 'Fixed', '1.12', 1, CURRENT_TIMESTAMP),     
(275, 7, 46, 6, 293, 'Fixed', '1.12', 1, CURRENT_TIMESTAMP),     
(276, 8, 46, 7, 294, 'Fixed', '1.12', 1, CURRENT_TIMESTAMP),     
(277, 9, 46, 8, 295, 'Fixed', '1.12', 1, CURRENT_TIMESTAMP),
(278, 1, 43, 0, 296, 'Fixed', '1.12', 1, CURRENT_TIMESTAMP),     
(279, 2, 43, 1, 297, 'Fixed', '1.12', 1, CURRENT_TIMESTAMP);     



                                                                               




INSERT INTO `ima_game_level` (`Level_ID`, `Game_ID`, `Name`, `Parameters`, `Active`, `Last_Edit`) VALUES
(1, 3, 'Level 1', '{"velocity":"very slow","density":"few","proportion":"10% bees"}', 1, '2016-09-09 10:42:48'),
(2, 3, 'Level 2', '{"velocity":"medium","density":"few","proportion":"10% bees"}', 1, '2016-08-10 12:32:23'),
(3, 3, 'Level 4', '{"velocity":"medium","density":"medium","proportion":"30% bees"}', 1, '2016-08-10 12:45:44'),
(4, 3, 'Level 5', '{"velocity":"fast","density":"medium","proportion":"30% bees"}', 1, '2016-08-10 12:46:13'),
(5, 3, 'Level 7', '{"velocity":"fast","density":"many","proportion":"50% bees"}', 1, '2016-08-10 12:46:23'),
(6, 3, 'Level 3', '{"velocity":"medium","density":"medium","proportion":"10% bees"}', 1, '2016-09-08 08:37:28'),
(7, 3, 'Level 6', '{"velocity":"fast","density":"many","proportion":"30% bees"}', 1, '2016-09-08 08:37:58'),
(1, 4, 'Level 1', '{"density":"few","proportion":"10% bees","velocity":"very slow"}', 1, '2016-08-23 14:47:28'),
(2, 4, 'Level 2', '{"density":"few","proportion":"10% bees","velocity":"medium"}', 1, '2016-08-23 14:47:29'),
(3, 4, 'Level 4', '{"density":"medium","proportion":"30% bees","velocity":"medium"}', 1, '2016-08-23 14:48:24'),
(4, 4, 'Level 5', '{"density":"medium","proportion":"30% bees","velocity":"fast"}', 1, '2016-08-23 14:48:41'),
(5, 4, 'Level 7', '{"density":"many","proportion":"50% bees","velocity":"fast"}', 1, '2016-08-23 14:48:50'),
(6, 4, 'Level 3', '{"density":"medium","proportion":"10% bees","velocity":"medium"}', 1, '2016-09-08 08:45:45'),
(7, 4, 'Level 6', '{"density":"many","proportion":"30% bees","velocity":"fast"}', 1, '2016-09-08 08:46:11'),
(6, 5, 'Level 1', '{"numbers":"2(upper,lower)","precision":"big space"}', 1, '2016-09-05 13:42:03'),
(7, 5, 'Level 2', '{"numbers":"2(right,left)","precision":"big space"}', 1, '2016-09-05 13:42:16'),
(8, 5, 'Level 3', '{"numbers":"2(upper,lower)","precision":"small space"}', 1, '2016-09-05 13:42:29'),
(9, 5, 'Level 4', '{"numbers":"2(right,left)","precision":"small space"}', 1, '2016-09-05 13:42:56'),
(10, 5, 'Level 5', '{"numbers":"4(right,left,upper,lower)","precision":"small space"}', 1, '2016-09-05 13:43:08'),
(4, 7, 'Level 1', '{"delta":"big","colors":"2"}', 1, '2016-09-15 10:32:11'),
(5, 7, 'Level 2', '{"delta":"big","colors":"4"}', 1, '2016-09-15 10:32:26'),
(6, 7, 'Level 3', '{"delta":"medium","colors":"2"}', 1, '2016-09-15 10:32:46'),
(7, 7, 'Level 5', '{"delta":"small","colors":"4"}', 1, '2016-09-15 10:33:18'),
(8, 7, 'Level 4', '{"delta":"medium","colors":"4"}', 1, '2016-09-15 10:33:20'),
(1, 8, 'Level 6', '{"distribution":"all","size":"medium","velocity":"fast","proportion":"30% engines","density":"many"}', 1, '2016-08-24 07:00:11'),
(2, 8, 'Level 1', '{"distribution":"half near","size":"large","velocity":"slow","proportion":"10% engines","density":"few"}', 1, '2016-08-24 07:00:13'),
(3, 8, 'Level 3', '{"distribution":"all","size":"medium","velocity":"slow","proportion":"10% engines","density":"few"}', 1, '2016-08-24 07:00:15'),
(4, 8, 'Level 4', '{"distribution":"all","size":"medium","velocity":"medium","proportion":"30% engines","density":"medium"}', 1, '2016-08-24 07:00:17'),
(5, 8, 'Level 7', '{"distribution":"all","size":"small","velocity":"fast","proportion":"50% engines","density":"many"}', 1, '2016-08-24 07:00:20'),
(6, 8, 'Level 2', '{"distribution":"all","size":"large","velocity":"slow","proportion":"10% engines","density":"few"}', 1, '2016-09-08 08:55:41'),
(7, 8, 'Level 5', '{"distribution":"all","size":"small","velocity":"medium","proportion":"30% engines","density":"many"}', 1, '2016-09-08 08:56:07'),
(4, 10, 'Level 1', '{"delta":"big","colors":"2","shapes":"2"}', 1, '2016-09-15 10:54:02'),
(5, 10, 'Level 2', '{"delta":"big","colors":"4","shapes":"2"}', 1, '2016-09-15 10:54:58'),
(6, 10, 'Level 3', '{"delta":"medium","colors":"2","shapes":"4"}', 1, '2016-09-15 10:55:29'),
(7, 10, 'Level 4', '{"delta":"medium","colors":"4","shapes":"4"}', 1, '2016-09-15 10:55:48'),
(8, 10, 'Level 5', '{"delta":"small","colors":"4","shapes":"4"}', 1, '2016-09-15 10:56:01'),
(9, 14, 'Level 1', '{"target_type":"1","target_count":"2","target_category":"geometric","target_position":"c","distractor_count":"4","similarity":"alldiff"}', 1, '2016-09-12 10:24:08'),
(10, 14, 'Level 2', '{"target_type":"1","target_count":"3","target_category":"shapes","target_position":"i","distractor_count":"8","similarity":"25%cat"}', 1, '2016-09-15 14:38:08'),
(11, 14, 'Level 3', '{"target_type":"2","target_count":"2","target_category":"objects","target_position":"c+i+p","distractor_count":"12","similarity":"allcat"}', 1, '2016-09-15 14:27:56'),
(12, 14, 'Level 4', '{"target_type":"2","target_count":"2","target_category":"shapes","target_position":"c+i+p","distractor_count":"12","similarity":"allcat"}', 1, '2016-09-12 10:30:50'),
(13, 14, 'Level 5', '{"target_type":"2","target_count":"2","target_category":"objects","target_position":"c+i+p","distractor_count":"12","similarity":"25%cat+25%o"}', 1, '2016-09-12 10:31:59'),
(14, 14, 'Level 6', '{"target_type":"2","target_count":"3","target_category":"objects","target_position":"c+i+p","distractor_count":"16","similarity":"25%cat+25%col+25%c2"}', 1, '2016-09-12 10:37:05'),
(15, 14, 'Level 7', '{"target_type":"3","target_count":"3","target_category":"objects","target_position":"c+i+p","distractor_count":"16","similarity":"25%col+25%c2+25%o"}', 1, '2016-09-12 10:40:17'),
(16, 14, 'Level 8', '{"target_type":"3","target_count":"5","target_category":"objects","target_position":"c+i+p","distractor_count":"16","similarity":"25%col+25%c2+25%o"}', 1, '2016-09-12 10:41:02'),
(17, 14, 'Level 9', '{"target_type":"3","target_count":"5","target_category":"objects","target_position":"c+i+p","distractor_count":"20","similarity":"25%cat+25%col+25%c2+25%o"}', 1, '2016-09-12 10:41:28'),
(2, 15, 'Level 2', '{"pair_count":"4","repetition":"2","exposition_time":"7","retention_time":"3","similarity":"alldiff","category":"all"}', 1, '2016-09-12 10:48:13'),
(3, 15, 'Level 3', '{"pair_count":"5","repetition":"2","exposition_time":"5","retention_time":"3","similarity":"25%cat","category":"objects"}', 1, '2016-09-12 10:52:45'),
(4, 15, 'Level 4', '{"pair_count":"6","repetition":"2","exposition_time":"5","retention_time":"4","similarity":"25%cat+25%col","category":"objects"}', 1, '2016-09-12 12:55:29'),
(5, 15, 'Level 5', '{"pair_count":"6","repetition":"2","exposition_time":"5","retention_time":"4","similarity":"25%cat+25%col+25%o","category":"objects"}', 1, '2016-09-12 12:15:48'),
(6, 15, 'Level 6', '{"pair_count":"7","repetition":"2","exposition_time":"4","retention_time":"5","similarity":"25%col+25%c2+25%o","category":"objects"}', 1, '2016-09-12 12:55:33'),
(7, 15, 'Level 7', '{"pair_count":"7","repetition":"2","exposition_time":"4","retention_time":"5","similarity":"25%cat+25%col+25%c2","category":"cloth"}', 1, '2016-09-12 12:56:05'),
(8, 15, 'Level 8', '{"pair_count":"7","repetition":"2","exposition_time":"4","retention_time":"6","similarity":"25%col","category":"instruments"}', 1, '2016-09-12 13:02:11'),
(9, 15, 'Level 9', '{"pair_count":"7","repetition":"2","exposition_time":"3","retention_time":"6","similarity":"25%col","category":"kitchen"}', 1, '2016-09-12 13:06:46'),
(10, 15, 'Level 1', '{"pair_count":"3","repetition":"2","exposition_time":"7","retention_time":"3","similarity":"alldiff","category":"shapes"}', 1, '2016-09-12 15:16:53'),
(1, 16, 'Level 1', '{"operations":"+","operators":"2","difficulty":"easy","distractors_range":"5-10"}', 1, '2016-09-12 09:33:35'),
(3, 16, 'Level 3', '{"operations":"*","operators":"2","difficulty":"easy","distractors_range":"5-10"}', 1, '2016-09-12 09:35:22'),
(4, 16, 'Level 2', '{"operations":"-","operators":"2","difficulty":"easy","distractors_range":"5-10"}', 1, '2016-09-12 09:35:35'),
(5, 16, 'Level 4', '{"operations":"+","operators":"3","difficulty":"easy","distractors_range":"5-10"}', 1, '2016-09-12 09:36:42'),
(6, 16, 'Level 5', '{"operations":"-","operators":"3","difficulty":"easy","distractors_range":"5-10"}', 1, '2016-09-12 09:39:54'),
(7, 16, 'Level 6', '{"operations":"/","operators":"2","difficulty":"medium","distractors_range":"10-20"}', 1, '2016-09-12 09:40:55'),
(8, 16, 'Level 7', '{"operations":"+","operators":"3","difficulty":"medium","distractors_range":"10-20"}', 1, '2016-09-12 09:44:40'),
(9, 16, 'Level 8', '{"operations":"*","operators":"3","difficulty":"medium","distractors_range":"10-20"}', 1, '2016-09-12 09:46:30'),
(10, 16, 'Level 9', '{"operations":"/","operators":"2","difficulty":"medium","distractors_range":"20-40"}', 1, '2016-09-12 09:47:23'),
(1, 17, 'Level 1', '{"targets_count":"2","distractors_count":"0","rotated_pieces":"0%"}', 1, '2016-09-12 09:50:41'),
(2, 17, 'Level 2', '{"targets_count":"3","distractors_count":"0","rotated_pieces":"75%"}', 1, '2016-09-12 09:52:09'),
(3, 17, 'Level 3', '{"targets_count":"4","distractors_count":"2","rotated_pieces":"50%"}', 1, '2016-09-12 09:53:20'),
(4, 17, 'Level 4', '{"targets_count":"4","distractors_count":"3","rotated_pieces":"50%"}', 1, '2016-09-12 09:55:18'),
(5, 17, 'Level 5', '{"targets_count":"5","distractors_count":"4","rotated_pieces":"25%"}', 1, '2016-09-12 09:57:45'),
(6, 17, 'Level 6', '{"targets_count":"5","distractors_count":"5","rotated_pieces":"75%"}', 1, '2016-09-12 09:59:31'),
(7, 17, 'Level 7', '{"targets_count":"6","distractors_count":"6","rotated_pieces":"75%"}', 1, '2016-09-12 10:01:15'),
(8, 17, 'Level 8', '{"targets_count":"8","distractors_count":"4","rotated_pieces":"75%"}', 1, '2016-09-12 10:01:39'),
(9, 17, 'Level 9', '{"targets_count":"5","distractors_count":"7","rotated_pieces":"100%"}', 1, '2016-09-12 10:02:00'),
(1, 18, 'Level 1', '{"velocity":"very slow","density":"few","distractors":"10%","season":"spring","rotation":"none"}', 1, '2016-09-08 08:01:49'),
(2, 18, 'Level 2', '{"velocity":"medium","density":"few","distractors":"10%","season":"spring","rotation":"animated"}', 1, '2016-09-08 08:02:16'),
(3, 18, 'Level 3', '{"velocity":"medium","density":"medium","distractors":"20%","season":"random","rotation":"animated"}', 1, '2016-09-08 08:03:03'),
(4, 18, 'Level 4', '{"velocity":"fast","density":"medium","distractors":"20%","season":"random","rotation":"animated"}', 1, '2016-09-08 08:03:20'),
(5, 18, 'Level 5', '{"velocity":"fast","density":"many","distractors":"50%","season":"random","rotation":"animated"}', 1, '2016-09-08 08:03:38'),
(1, 19, 'Level 1', '{"complexity":"very easy"}', 1, '2016-09-15 14:07:36'),
(2, 19, 'Level 2', '{"complexity":"easy"}', 1, '2016-09-16 09:34:06'),
(3, 19, 'Level 3', '{"complexity":"medium"}', 1, '2016-09-15 14:07:53'),
(4, 19, 'Level 4', '{"complexity":"hard"}', 1, '2016-09-15 14:08:01'),
(5, 19, 'Level 5', '{"complexity":"very hard"}', 1, '2016-09-16 09:33:04'),
(1, 20, 'Level 1', '{"density":"few","velocity":"very slow","size":"large","proportion":"10%"}', 1, '2016-09-15 15:25:22'),
(2, 20, 'Level 2', '{"density":"few","velocity":"medium","size":"large","proportion":"10%"}', 1, '2016-09-15 15:25:28'),
(3, 20, 'Level 3', '{"density":"medium","velocity":"medium","size":"medium","proportion":"30%"}', 1, '2016-09-15 15:26:23'),
(4, 20, 'Level 4', '{"density":"medium","velocity":"fast","size":"medium","proportion":"30%"}', 1, '2016-09-15 15:26:01'),
(5, 20, 'Level 5', '{"density":"many","velocity":"fast","size":"small","proportion":"50%"}', 1, '2016-09-15 15:26:28'),

(1, 22, 'Level 1', '{"velocity":"very slow","density":"few","proportion":"10% bees"}', 1, CURRENT_TIMESTAMP),
(2, 22, 'Level 2', '{"velocity":"medium","density":"few","proportion":"10% bees"}', 1, CURRENT_TIMESTAMP),
(3, 22, 'Level 3', '{"velocity":"medium","density":"medium","proportion":"10% bees"}', 1, CURRENT_TIMESTAMP),
(4, 22, 'Level 4', '{"velocity":"medium","density":"medium","proportion":"30% bees"}', 1, CURRENT_TIMESTAMP),
(5, 22, 'Level 5', '{"velocity":"fast","density":"medium","proportion":"30% bees"}', 1, CURRENT_TIMESTAMP),
(6, 22, 'Level 6', '{"velocity":"fast","density":"many","proportion":"30% bees"}', 1, CURRENT_TIMESTAMP),
(7, 22, 'Level 7', '{"velocity":"fast","density":"many","proportion":"50% bees"}', 1, CURRENT_TIMESTAMP),

(1, 23, 'Level 1', '{"density":"few","proportion":"10% bees","velocity":"very slow"}', 1, CURRENT_TIMESTAMP),
(2, 23, 'Level 2', '{"density":"few","proportion":"10% bees","velocity":"medium"}', 1, CURRENT_TIMESTAMP),
(3, 23, 'Level 3', '{"density":"medium","proportion":"10% bees","velocity":"medium"}', 1, CURRENT_TIMESTAMP),
(4, 23, 'Level 4', '{"density":"medium","proportion":"30% bees","velocity":"medium"}', 1, CURRENT_TIMESTAMP),
(5, 23, 'Level 5', '{"density":"medium","proportion":"30% bees","velocity":"fast"}', 1, CURRENT_TIMESTAMP),
(6, 23, 'Level 6', '{"density":"many","proportion":"30% bees","velocity":"fast"}', 1, CURRENT_TIMESTAMP),
(7, 23, 'Level 7', '{"density":"many","proportion":"50% bees","velocity":"fast"}', 1, CURRENT_TIMESTAMP),

(1, 24, 'Level 1', '{"velocity":"very slow","density":"few","proportion":"10% bees"}', 1, CURRENT_TIMESTAMP),
(2, 24, 'Level 2', '{"velocity":"medium","density":"few","proportion":"10% bees"}', 1, CURRENT_TIMESTAMP),
(3, 24, 'Level 3', '{"velocity":"medium","density":"medium","proportion":"10% bees"}', 1, CURRENT_TIMESTAMP),
(4, 24, 'Level 4', '{"velocity":"medium","density":"medium","proportion":"30% bees"}', 1, CURRENT_TIMESTAMP),
(5, 24, 'Level 5', '{"velocity":"fast","density":"medium","proportion":"30% bees"}', 1, CURRENT_TIMESTAMP),
(6, 24, 'Level 6', '{"velocity":"fast","density":"many","proportion":"30% bees"}', 1, CURRENT_TIMESTAMP),
(7, 24, 'Level 7', '{"velocity":"fast","density":"many","proportion":"50% bees"}', 1, CURRENT_TIMESTAMP),

(1, 25, 'Level 1', '{"density":"few","proportion":"10% bees","velocity":"very slow"}', 1, CURRENT_TIMESTAMP),
(2, 25, 'Level 2', '{"density":"few","proportion":"10% bees","velocity":"medium"}', 1, CURRENT_TIMESTAMP),
(3, 25, 'Level 3', '{"density":"medium","proportion":"10% bees","velocity":"medium"}', 1, CURRENT_TIMESTAMP),
(4, 25, 'Level 4', '{"density":"medium","proportion":"30% bees","velocity":"medium"}', 1, CURRENT_TIMESTAMP),
(5, 25, 'Level 5', '{"density":"medium","proportion":"30% bees","velocity":"fast"}', 1, CURRENT_TIMESTAMP),
(6, 25, 'Level 6', '{"density":"many","proportion":"30% bees","velocity":"fast"}', 1, CURRENT_TIMESTAMP),
(7, 25, 'Level 7', '{"density":"many","proportion":"50% bees","velocity":"fast"}', 1, CURRENT_TIMESTAMP),

(1, 26, 'Level 1', '{"delta":"big","colors":"2"}', 1, CURRENT_TIMESTAMP),
(2, 26, 'Level 2', '{"delta":"big","colors":"4"}', 1, CURRENT_TIMESTAMP),
(3, 26, 'Level 3', '{"delta":"medium","colors":"2"}', 1, CURRENT_TIMESTAMP),
(4, 26, 'Level 4', '{"delta":"medium","colors":"4"}', 1, CURRENT_TIMESTAMP),
(5, 26, 'Level 5', '{"delta":"small","colors":"4"}', 1, CURRENT_TIMESTAMP),

(1, 28, 'Level 1', '{"delta":"big","colors":"2"}', 1, CURRENT_TIMESTAMP),
(2, 28, 'Level 2', '{"delta":"big","colors":"4"}', 1, CURRENT_TIMESTAMP),
(3, 28, 'Level 3', '{"delta":"medium","colors":"2"}', 1, CURRENT_TIMESTAMP),
(4, 28, 'Level 4', '{"delta":"medium","colors":"4"}', 1, CURRENT_TIMESTAMP),
(5, 28, 'Level 5', '{"delta":"small","colors":"4"}', 1, CURRENT_TIMESTAMP),

(1, 30, 'Level 1', '{"numbers":"2(upper,lower)","precision":"big space"}', 1, CURRENT_TIMESTAMP),
(2, 30, 'Level 2', '{"numbers":"2(right,left)","precision":"big space"}', 1, CURRENT_TIMESTAMP),
(3, 30, 'Level 3', '{"numbers":"2(upper,lower)","precision":"small space"}', 1, CURRENT_TIMESTAMP),
(4, 30, 'Level 4', '{"numbers":"2(right,left)","precision":"small space"}', 1, CURRENT_TIMESTAMP),
(5, 30, 'Level 5', '{"numbers":"4(right,left,upper,lower)","precision":"small space"}', 1, CURRENT_TIMESTAMP),
(1, 31, 'Level 1', '{"numbers":"2(upper,lower)","precision":"big space"}', 1, CURRENT_TIMESTAMP),
(2, 31, 'Level 2', '{"numbers":"2(right,left)","precision":"big space"}', 1, CURRENT_TIMESTAMP),
(3, 31, 'Level 3', '{"numbers":"2(upper,lower)","precision":"small space"}', 1, CURRENT_TIMESTAMP),
(4, 31, 'Level 4', '{"numbers":"2(right,left)","precision":"small space"}', 1, CURRENT_TIMESTAMP),
(5, 31, 'Level 5', '{"numbers":"4(right,left,upper,lower)","precision":"small space"}', 1, CURRENT_TIMESTAMP),
(6, 32, 'Level 6', '{"distribution":"all","size":"medium","velocity":"fast","proportion":"30% engines","density":"many"}', 1, CURRENT_TIMESTAMP),
(1, 32, 'Level 1', '{"distribution":"half near","size":"large","velocity":"slow","proportion":"10% engines","density":"few"}', 1, CURRENT_TIMESTAMP),
(3, 32, 'Level 3', '{"distribution":"all","size":"medium","velocity":"slow","proportion":"10% engines","density":"few"}', 1, CURRENT_TIMESTAMP),
(4, 32, 'Level 4', '{"distribution":"all","size":"medium","velocity":"medium","proportion":"30% engines","density":"medium"}', 1, CURRENT_TIMESTAMP),
(7, 32, 'Level 7', '{"distribution":"all","size":"small","velocity":"fast","proportion":"50% engines","density":"many"}', 1, CURRENT_TIMESTAMP),
(2, 32, 'Level 2', '{"distribution":"all","size":"large","velocity":"slow","proportion":"10% engines","density":"few"}', 1, CURRENT_TIMESTAMP),
(5, 32, 'Level 5', '{"distribution":"all","size":"small","velocity":"medium","proportion":"30% engines","density":"many"}', 1, CURRENT_TIMESTAMP),

(1, 21, 'Level 1', '{"numbers":"2(upper,lower)","precision":"big space"}', 1, CURRENT_TIMESTAMP),
(2, 21, 'Level 2', '{"numbers":"2(right,left)","precision":"big space"}', 1, CURRENT_TIMESTAMP),
(3, 21, 'Level 3', '{"numbers":"2(upper,lower)","precision":"small space"}', 1, CURRENT_TIMESTAMP),
(4, 21, 'Level 4', '{"numbers":"2(right,left)","precision":"small space"}', 1, CURRENT_TIMESTAMP),
(5, 21, 'Level 5', '{"numbers":"4(right,left,upper,lower)","precision":"small space"}', 1, CURRENT_TIMESTAMP),

(1, 33, 'Level 1', '{"velocity":"very slow","density":"few","distractors":"10%","season":"spring","rotation":"none"}', 1, CURRENT_TIMESTAMP),
(2, 33, 'Level 2', '{"velocity":"medium","density":"few","distractors":"10%","season":"spring","rotation":"animated"}', 1, CURRENT_TIMESTAMP),
(3, 33, 'Level 3', '{"velocity":"medium","density":"medium","distractors":"20%","season":"random","rotation":"animated"}', 1, CURRENT_TIMESTAMP),
(4, 33, 'Level 4', '{"velocity":"fast","density":"medium","distractors":"20%","season":"random","rotation":"animated"}', 1, CURRENT_TIMESTAMP),
(5, 33, 'Level 5', '{"velocity":"fast","density":"many","distractors":"50%","season":"random","rotation":"animated"}', 1, CURRENT_TIMESTAMP),

(1, 34, 'Level 1', '{"velocity":"very slow","density":"few","proportion":"10% bees"}', 1, CURRENT_TIMESTAMP),
(2, 34, 'Level 2', '{"velocity":"medium","density":"few","proportion":"10% bees"}', 1, CURRENT_TIMESTAMP),
(3, 34, 'Level 3', '{"velocity":"medium","density":"medium","proportion":"10% bees"}', 1, CURRENT_TIMESTAMP),
(4, 34, 'Level 4', '{"velocity":"medium","density":"medium","proportion":"30% bees"}', 1, CURRENT_TIMESTAMP),
(5, 34, 'Level 5', '{"velocity":"fast","density":"medium","proportion":"30% bees"}', 1, CURRENT_TIMESTAMP),
(6, 34, 'Level 6', '{"velocity":"fast","density":"many","proportion":"30% bees"}', 1, CURRENT_TIMESTAMP),
(7, 34, 'Level 7', '{"velocity":"fast","density":"many","proportion":"50% bees"}', 1, CURRENT_TIMESTAMP),

(1, 35, 'Level 1', '{"delta":"big","colors":"2","shapes":"2"}', 1, CURRENT_TIMESTAMP),
(2, 35, 'Level 2', '{"delta":"big","colors":"4","shapes":"2"}', 1, CURRENT_TIMESTAMP),
(3, 35, 'Level 3', '{"delta":"medium","colors":"2","shapes":"4"}', 1, CURRENT_TIMESTAMP),
(4, 35, 'Level 4', '{"delta":"medium","colors":"4","shapes":"4"}', 1, CURRENT_TIMESTAMP),
(5, 35, 'Level 5', '{"delta":"small","colors":"4","shapes":"4"}', 1, CURRENT_TIMESTAMP),

(1, 36, 'Level 1', '{\"shelves\":\"very few\",\"quantity\":\"one\",\"size\":\"large\",\"speed\":\"slow\"}', 1, CURRENT_TIMESTAMP),
(2, 36, 'Level 2', '{"shelves":"very few","quantity":"few","size":"large","speed":"slow"}', 1, '2018-03-06 11:18:53'),
(3, 36, 'Level 3', '{"shelves":"few","quantity":"few","size":"medium","speed":"medium"}', 1, '2018-03-06 11:19:07'),
(4, 36, 'Level 4', '{"shelves":"medium","quantity":"medium","size":"medium","speed":"medium"}', 1, '2018-02-22 15:00:29'),
(5, 36, 'Level 5', '{"shelves":"medium","quantity":"medium","size":"small","speed":"medium"}', 1, '2018-03-06 11:19:26'),
(6, 36, 'Level 6', '{"shelves":"many","quantity":"many","size":"small","speed":"fast"}', 1, '2018-03-06 11:22:43'),
(7, 36, 'Level 7', '{"shelves":"lots","quantity":"lots","size":"small","speed":"fast"}', 1, '2018-03-06 11:19:39'),

(1, 37, 'Level 1', '{"layers":"one","types":"few","size":"large","gravity":"ceres"}', 1, '2018-03-06 11:25:31'),
(2, 37, 'Level 2', '{"layers":"two","types":"few","size":"large","gravity":"ceres"}', 1, '2018-02-22 15:27:30'),
(3, 37, 'Level 3', '{\"layers\":\"two\",\"types\":\"medium\",\"size\":\"medium\",\"gravity\":\"pluto\"}', 1, CURRENT_TIMESTAMP),
(4, 37, 'Level 4', '{"layers":"three","types":"medium","size":"small","gravity":"pluto"}', 1, '2018-03-06 11:25:55'),
(5, 37, 'Level 5', '{"layers":"three","types":"many","size":"medium","gravity":"moon"}', 1, '2018-03-06 11:26:04'),
(6, 37, 'Level 6', '{"layers":"four","types":"many","size":"medium","gravity":"moon"}', 1, '2018-03-06 11:26:15'),
(7, 37, 'Level 7', '{\"layers\":\"four\",\"types\":\"many\",\"size\":\"small\",\"gravity\":\"mars\"}', 1, CURRENT_TIMESTAMP),

(1, 38, 'Level 1', '{"complexity":"very easy"}', 1, CURRENT_TIMESTAMP),
(2, 38, 'Level 2', '{"complexity":"easy"}', 1, CURRENT_TIMESTAMP),
(3, 38, 'Level 3', '{"complexity":"medium"}', 1, CURRENT_TIMESTAMP),
(4, 38, 'Level 4', '{"complexity":"hard"}', 1, CURRENT_TIMESTAMP),
(5, 38, 'Level 5', '{"complexity":"very hard"}', 1, CURRENT_TIMESTAMP),

(1, 39, 'Level 1', '{\"disposition\":\"few-front\",\"speed\":\"slow\",\"size\":\"large\"}', 1, CURRENT_TIMESTAMP),
(2, 39, 'Level 2', '{\"disposition\":\"few-front\",\"speed\":\"medium\",\"size\":\"medium\"}', 1,CURRENT_TIMESTAMP),
(3, 39, 'Level 3', '{\"disposition\":\"medium\",\"speed\":\"medium\",\"size\":\"medium\"}', 1, CURRENT_TIMESTAMP),
(4, 39, 'Level 4', '{\"disposition\":\"medium\",\"speed\":\"fast\",\"size\":\"medium\"}', 1, CURRENT_TIMESTAMP),
(5, 39, 'Level 5', '{\"disposition\":\"many\",\"speed\":\"fast\",\"size\":\"small\"}', 1,CURRENT_TIMESTAMP),

(1, 40, 'Level 5', '{\"disposition\":\"many\",\"size\":\"small\",\"speed\":\"fast\"}', 1, CURRENT_TIMESTAMP),
(2, 40, 'Level 4', '{\"disposition\":\"medium\",\"size\":\"medium\",\"speed\":\"fast\"}', 1, CURRENT_TIMESTAMP),
(3, 40, 'Level 3', '{\"disposition\":\"medium\",\"size\":\"medium\",\"speed\":\"medium\"}', 1, CURRENT_TIMESTAMP),
(4, 40, 'Level 2', '{\"disposition\":\"few-front\",\"size\":\"large\",\"speed\":\"medium\"}', 1, CURRENT_TIMESTAMP),
(5, 40, 'Level 1', '{\"disposition\":\"few-front\",\"size\":\"large\",\"speed\":\"slow\"}', 1, CURRENT_TIMESTAMP),

(1, 41, 'Level 1', '{\"disposition\":\"few\",\"distractor\":\"few\",\"persistency\":\"long\",\"size\":\"large\",\"density\":\"low\",\"permanence\":\"normal\"}', 1, CURRENT_TIMESTAMP),
(2, 41, 'Level 2', '{\"disposition\":\"few\",\"distractor\":\"few\",\"persistency\":\"medium\",\"size\":\"large\",\"density\":\"medium\",\"permanence\":\"normal\"}', 1, CURRENT_TIMESTAMP),
(3, 41, 'Level 3', '{\"disposition\":\"medium\",\"distractor\":\"medium\",\"persistency\":\"medium\",\"size\":\"large\",\"density\":\"medium\",\"permanence\":\"normal\"}', 1, CURRENT_TIMESTAMP),
(4, 41, 'Level 4', '{\"disposition\":\"front+lateral\",\"distractor\":\"medium\",\"persistency\":\"medium\",\"size\":\"medium\",\"density\":\"medium\",\"permanence\":\"normal\"}', 1, CURRENT_TIMESTAMP),
(5, 41, 'Level 5', '{\"disposition\":\"back+lateral\",\"distractor\":\"medium\",\"persistency\":\"medium\",\"size\":\"medium\",\"density\":\"high\",\"permanence\":\"short\"}', 1, CURRENT_TIMESTAMP),
(6, 41, 'Level 6', '{\"disposition\":\"medium\",\"distractor\":\"many\",\"persistency\":\"medium\",\"size\":\"medium\",\"density\":\"high\",\"permanence\":\"short\"}', 1, CURRENT_TIMESTAMP),
(7, 41, 'Level 7', '{\"disposition\":\"many\",\"distractor\":\"many\",\"persistency\":\"short\",\"size\":\"medium\",\"density\":\"high\",\"permanence\":\"short\"}', 1, CURRENT_TIMESTAMP),
(8, 41, 'Level 8', '{\"disposition\":\"many\",\"distractor\":\"many\",\"persistency\":\"short\",\"size\":\"small\",\"density\":\"high\",\"permanence\":\"little\"}', 1, CURRENT_TIMESTAMP),
(9, 41, 'Level 9', '{\"disposition\":\"many\",\"distractor\":\"many\",\"persistency\":\"short\",\"size\":\"small\",\"density\":\"max\",\"permanence\":\"tiny\"}', 1, CURRENT_TIMESTAMP),

(1, 42, 'Level 1', '{\"speed\":\"very-slow\",\"density\":\"low\"}', 1, CURRENT_TIMESTAMP),
(2, 42, 'Level 2', '{\"speed\":\"slow\",\"density\":\"low\"}', 1, CURRENT_TIMESTAMP),
(3, 42, 'Level 3', '{\"speed\":\"slow\",\"density\":\"medium\"}', 1, CURRENT_TIMESTAMP),
(4, 42, 'Level 4', '{\"speed\":\"normal\",\"density\":\"low\"}', 1,CURRENT_TIMESTAMP),
(5, 42, 'Level 5', '{\"speed\":\"normal\",\"density\":\"medium\"}', 1, CURRENT_TIMESTAMP),
(6, 42, 'Level 6', '{\"speed\":\"fast\",\"density\":\"medium\"}', 1, CURRENT_TIMESTAMP),
(7, 42, 'Level 7', '{\"speed\":\"fast\",\"density\":\"high\"}', 1, CURRENT_TIMESTAMP),
(8, 42, 'Level 8', '{\"speed\":\"very-fast\",\"density\":\"high\"}', 1,CURRENT_TIMESTAMP),
(9, 42, 'Level 9', '{\"speed\":\"very-fast\",\"density\":\"max\"}', 1, CURRENT_TIMESTAMP),
(1, 54, 'Level 1', '{\"speed\":\"very-slow\",\"density\":\"low\",\"distractors\":\"few\",\"laterals\":\"none\",\"replication\":\"single\"}', 1, CURRENT_TIMESTAMP),
(2, 54, 'Level 2', '{\"speed\":\"slow\",\"density\":\"low\",\"distractors\":\"few\",\"laterals\":\"none\",\"replication\":\"double\"}', 1, CURRENT_TIMESTAMP),
(3, 54, 'Level 3', '{\"speed\":\"slow\",\"density\":\"medium\",\"distractors\":\"some\",\"laterals\":\"few\",\"replication\":\"triple\"}', 1, CURRENT_TIMESTAMP),
(4, 54, 'Level 4', '{\"speed\":\"normal\",\"density\":\"medium\",\"distractors\":\"some\",\"laterals\":\"some\",\"replication\":\"triple\"}', 1, CURRENT_TIMESTAMP),
(5, 54, 'Level 5', '{\"speed\":\"fast\",\"density\":\"high\",\"distractors\":\"many\",\"laterals\":\"some\",\"replication\":\"quadruple\"}', 1, CURRENT_TIMESTAMP),
(6, 54, 'Level 6', '{\"speed\":\"very-fast\",\"density\":\"high\",\"distractors\":\"many\",\"laterals\":\"many\",\"replication\":\"quadruple\"}', 1, CURRENT_TIMESTAMP),
(7, 54, 'Level 7', '{\"speed\":\"very-fast\",\"density\":\"max\",\"distractors\":\"many\",\"laterals\":\"many\",\"replication\":\"quintuple\"}', 1, CURRENT_TIMESTAMP),
(1, 53, 'Level 1', '{\"permanence\":\"instant\",\"speed\":\"very-slow\"}', 1, CURRENT_TIMESTAMP),
(2, 53, 'Level 2', '{\"permanence\":\"instant\",\"speed\":\"slow\"}', 1, CURRENT_TIMESTAMP),
(3, 53, 'Level 3', '{\"permanence\":\"tiny\",\"speed\":\"slow\"}', 1, CURRENT_TIMESTAMP),
(4, 53, 'Level 4', '{\"permanence\":\"tiny\",\"speed\":\"normal\"}', 1, CURRENT_TIMESTAMP),
(5, 53, 'Level 5', '{\"permanence\":\"little\",\"speed\":\"normal\"}', 1, CURRENT_TIMESTAMP),
(6, 53, 'Level 6', '{\"permanence\":\"short\",\"speed\":\"fast\"}', 1, CURRENT_TIMESTAMP),
(7, 53, 'Level 7', '{\"permanence\":\"normal\",\"speed\":\"very-fast\"}', 1, CURRENT_TIMESTAMP),
(1, 52, 'Level 1', '{\"permanence\":\"instant\",\"speed\":\"very-slow\"}', 1, CURRENT_TIMESTAMP),
(2, 52, 'Level 2', '{\"permanence\":\"instant\",\"speed\":\"slow\"}', 1, CURRENT_TIMESTAMP),
(3, 52, 'Level 3', '{\"permanence\":\"tiny\",\"speed\":\"slow\"}', 1, CURRENT_TIMESTAMP),
(4, 52, 'Level 4', '{\"permanence\":\"little\",\"speed\":\"normal\"}', 1, CURRENT_TIMESTAMP),
(5, 52, 'Level 5', '{\"permanence\":\"little\",\"speed\":\"fast\"}', 1, CURRENT_TIMESTAMP),
(6, 52, 'Level 6', '{\"permanence\":\"short\",\"speed\":\"fast\"}', 1, CURRENT_TIMESTAMP),
(7, 52, 'Level 7', '{\"permanence\":\"normal\",\"speed\":\"very-fast\"}', 1, CURRENT_TIMESTAMP),
(1, 44, 'Level 1', '{\"speed\":\"very-slow\",\"density\":\"low\",\"distractors\":\"none\",\"laterals\":\"none\"}', 1, CURRENT_TIMESTAMP),
(2, 44, 'Level 2', '{\"speed\":\"slow\",\"density\":\"low\",\"distractors\":\"few\",\"laterals\":\"none\"}', 1, CURRENT_TIMESTAMP),
(3, 44, 'Level 3', '{\"speed\":\"slow\",\"density\":\"medium\",\"distractors\":\"some\",\"laterals\":\"few\"}', 1, CURRENT_TIMESTAMP),
(4, 44, 'Level 4', '{\"speed\":\"normal\",\"density\":\"medium\",\"distractors\":\"some\",\"laterals\":\"some\"}', 1, CURRENT_TIMESTAMP),
(5, 44, 'Level 5', '{\"speed\":\"fast\",\"density\":\"high\",\"distractors\":\"many\",\"laterals\":\"many\"}', 1, CURRENT_TIMESTAMP),
(6, 44, 'Level 6', '{\"speed\":\"very-fast\",\"density\":\"high\",\"distractors\":\"all\",\"laterals\":\"many\"}', 1, CURRENT_TIMESTAMP),
(7, 44, 'Level 7', '{\"speed\":\"very-fast\",\"density\":\"max\",\"distractors\":\"all\",\"laterals\":\"all\"}', 1, CURRENT_TIMESTAMP),
(1, 43, 'Level 1', '{\"size\":\"large\",\"permanence\":\"instant\"}', 1, CURRENT_TIMESTAMP),
(2, 43, 'Level 2', '{\"size\":\"large\",\"permanence\":\"tiny\"}', 1, CURRENT_TIMESTAMP),
(3, 43, 'Level 3', '{\"size\":\"medium\",\"permanence\":\"tiny\"}', 1, CURRENT_TIMESTAMP),
(4, 43, 'Level 4', '{\"size\":\"medium\",\"permanence\":\"little\"}', 1, CURRENT_TIMESTAMP),
(5, 43, 'Level 5', '{\"size\":\"medium\",\"permanence\":\"short\"}', 1, CURRENT_TIMESTAMP),
(6, 43, 'Level 6', '{\"size\":\"small\",\"permanence\":\"short\"}', 1, CURRENT_TIMESTAMP),
(7, 43, 'Level 7', '{\"size\":\"small\",\"permanence\":\"normal\"}', 1, CURRENT_TIMESTAMP);


/*!40101 SET CHARACTER_SET_CLIENT=@OLD_CHARACTER_SET_CLIENT */;
/*!40101 SET CHARACTER_SET_RESULTS=@OLD_CHARACTER_SET_RESULTS */;
/*!40101 SET COLLATION_CONNECTION=@OLD_COLLATION_CONNECTION */;
