--
-- Dump dei dati per la tabella `ima_plan`
--

INSERT INTO `ima_plan` (`Plan_ID`, `Plan_Name`, `Owner`, `Device_ID`, `Plan_Period`, `Period_Start_Reference`, `Generic`, `Active`) VALUES
(1, 'BEGINNER INCREASE HR-EASY', CONV( SUBSTRING( CAST( MD5( CONCAT( 'jFM4O1LXrBY4ne0kRe2rlw==',  '-', DATABASE( ) ) ) AS CHAR ) , 1, 6 ) , 16, 10 ), 1, 86400, '2015-04-30 22:00:00', 1, 1),
(2, 'BEGINNER INCREASE HR-NORMAL', CONV( SUBSTRING( CAST( MD5( CONCAT( 'jFM4O1LXrBY4ne0kRe2rlw==',  '-', DATABASE( ) ) ) AS CHAR ) , 1, 6 ) , 16, 10 ), 1, 86400, '2015-04-30 22:00:00', 1, 1),
(3, 'BEGINNER INCREASE HR-TRAINED', CONV( SUBSTRING( CAST( MD5( CONCAT( 'jFM4O1LXrBY4ne0kRe2rlw==',  '-', DATABASE( ) ) ) AS CHAR ) , 1, 6 ) , 16, 10 ), 1, 86400, '2015-04-30 22:00:00', 1, 1),
(4, 'BEGINNER INCREASE HR-HARD', CONV( SUBSTRING( CAST( MD5( CONCAT( 'jFM4O1LXrBY4ne0kRe2rlw==',  '-', DATABASE( ) ) ) AS CHAR ) , 1, 6 ) , 16, 10 ), 1, 86400, '2015-04-30 22:00:00', 1, 1),
(6, 'BLOOD CIRCULATION-EASY', CONV( SUBSTRING( CAST( MD5( CONCAT( 'jFM4O1LXrBY4ne0kRe2rlw==',  '-', DATABASE( ) ) ) AS CHAR ) , 1, 6 ) , 16, 10 ), 1, 86400, '2015-04-30 22:00:00', 1, 1),
(7, 'BLOOD CIRCULATION-NORMAL', CONV( SUBSTRING( CAST( MD5( CONCAT( 'jFM4O1LXrBY4ne0kRe2rlw==',  '-', DATABASE( ) ) ) AS CHAR ) , 1, 6 ) , 16, 10 ), 1, 86400, '2015-04-30 22:00:00', 1, 1),
(8, 'BLOOD CIRCULATION-TRAINED', CONV( SUBSTRING( CAST( MD5( CONCAT( 'jFM4O1LXrBY4ne0kRe2rlw==',  '-', DATABASE( ) ) ) AS CHAR ) , 1, 6 ) , 16, 10 ), 1, 86400, '2015-04-30 22:00:00', 1, 1),
(9, 'BLOOD CIRCULATION-HARD', CONV( SUBSTRING( CAST( MD5( CONCAT( 'jFM4O1LXrBY4ne0kRe2rlw==',  '-', DATABASE( ) ) ) AS CHAR ) , 1, 6 ) , 16, 10 ), 1, 86400, '2015-04-30 22:00:00', 1, 1),
(10, 'ADVANCED INCREASE HR-EASY', CONV( SUBSTRING( CAST( MD5( CONCAT( 'jFM4O1LXrBY4ne0kRe2rlw==',  '-', DATABASE( ) ) ) AS CHAR ) , 1, 6 ) , 16, 10 ), 1, 86400, '2015-04-30 22:00:00', 1, 1),
(11, 'ADVANCED INCREASE HR-NORMAL', CONV( SUBSTRING( CAST( MD5( CONCAT( 'jFM4O1LXrBY4ne0kRe2rlw==',  '-', DATABASE( ) ) ) AS CHAR ) , 1, 6 ) , 16, 10 ), 1, 86400, '2015-04-30 22:00:00', 1, 1),
(12, 'ADVANCED INCREASE HR-TRAINING', CONV( SUBSTRING( CAST( MD5( CONCAT( 'jFM4O1LXrBY4ne0kRe2rlw==',  '-', DATABASE( ) ) ) AS CHAR ) , 1, 6 ) , 16, 10 ), 1, 86400, '2015-04-30 22:00:00', 1, 1),
(13, 'ADVANCED INCREASE HR-HARD', CONV( SUBSTRING( CAST( MD5( CONCAT( 'jFM4O1LXrBY4ne0kRe2rlw==',  '-', DATABASE( ) ) ) AS CHAR ) , 1, 6 ) , 16, 10 ), 1, 86400, '2015-04-30 22:00:00', 1, 1),
(14, 'ADVANCED BLOOD CIRCULATION-EASY', CONV( SUBSTRING( CAST( MD5( CONCAT( 'jFM4O1LXrBY4ne0kRe2rlw==',  '-', DATABASE( ) ) ) AS CHAR ) , 1, 6 ) , 16, 10 ), 1, 86400, '2015-04-30 22:00:00', 1, 1),
(15, 'ADVANCED BLOOD CIRCULATION-NORMAL', CONV( SUBSTRING( CAST( MD5( CONCAT( 'jFM4O1LXrBY4ne0kRe2rlw==',  '-', DATABASE( ) ) ) AS CHAR ) , 1, 6 ) , 16, 10 ), 1, 86400, '2015-04-30 22:00:00', 1, 1),
(16, 'ADVANCED BLOOD CIRCULATION-TRAINED', CONV( SUBSTRING( CAST( MD5( CONCAT( 'jFM4O1LXrBY4ne0kRe2rlw==',  '-', DATABASE( ) ) ) AS CHAR ) , 1, 6 ) , 16, 10 ), 1, 86400, '2015-04-30 22:00:00', 1, 1),
(17, 'ADVANCED BLOOD CIRCULATION-HARD', CONV( SUBSTRING( CAST( MD5( CONCAT( 'jFM4O1LXrBY4ne0kRe2rlw==',  '-', DATABASE( ) ) ) AS CHAR ) , 1, 6 ) , 16, 10 ), 1, 86400, '2015-04-30 22:00:00', 1, 1),
(21, 'BEGINNER INCREASE HR-EASY', CONV( SUBSTRING( CAST( MD5( CONCAT( 'jFM4O1LXrBY4ne0kRe2rlw==',  '-', DATABASE( ) ) ) AS CHAR ) , 1, 6 ) , 16, 10 ), 6, 86400, '2015-04-30 20:00:00', 1, 1),
(22, 'BEGINNER INCREASE HR-NORMAL', CONV( SUBSTRING( CAST( MD5( CONCAT( 'jFM4O1LXrBY4ne0kRe2rlw==',  '-', DATABASE( ) ) ) AS CHAR ) , 1, 6 ) , 16, 10 ), 6, 86400, '2015-04-30 20:00:00', 1, 1),
(23, 'BEGINNER INCREASE HR-TRAINED', CONV( SUBSTRING( CAST( MD5( CONCAT( 'jFM4O1LXrBY4ne0kRe2rlw==',  '-', DATABASE( ) ) ) AS CHAR ) , 1, 6 ) , 16, 10 ), 6, 86400, '2015-04-30 20:00:00', 1, 1),
(24, 'BEGINNER INCREASE HR-HARD', CONV( SUBSTRING( CAST( MD5( CONCAT( 'jFM4O1LXrBY4ne0kRe2rlw==',  '-', DATABASE( ) ) ) AS CHAR ) , 1, 6 ) , 16, 10 ), 6, 86400, '2015-04-30 20:00:00', 1, 1),
(26, 'BLOOD CIRCULATION-EASY', CONV( SUBSTRING( CAST( MD5( CONCAT( 'jFM4O1LXrBY4ne0kRe2rlw==',  '-', DATABASE( ) ) ) AS CHAR ) , 1, 6 ) , 16, 10 ), 6, 86400, '2015-04-30 20:00:00', 1, 1),
(27, 'BLOOD CIRCULATION-NORMAL', CONV( SUBSTRING( CAST( MD5( CONCAT( 'jFM4O1LXrBY4ne0kRe2rlw==',  '-', DATABASE( ) ) ) AS CHAR ) , 1, 6 ) , 16, 10 ), 6, 86400, '2015-04-30 20:00:00', 1, 1),
(28, 'BLOOD CIRCULATION-TRAINED', CONV( SUBSTRING( CAST( MD5( CONCAT( 'jFM4O1LXrBY4ne0kRe2rlw==',  '-', DATABASE( ) ) ) AS CHAR ) , 1, 6 ) , 16, 10 ), 6, 86400, '2015-04-30 20:00:00', 1, 1),
(29, 'BLOOD CIRCULATION-HARD', CONV( SUBSTRING( CAST( MD5( CONCAT( 'jFM4O1LXrBY4ne0kRe2rlw==',  '-', DATABASE( ) ) ) AS CHAR ) , 1, 6 ) , 16, 10 ), 6, 86400, '2015-04-30 20:00:00', 1, 1),
(30, 'ADVANCED INCREASE HR-EASY', CONV( SUBSTRING( CAST( MD5( CONCAT( 'jFM4O1LXrBY4ne0kRe2rlw==',  '-', DATABASE( ) ) ) AS CHAR ) , 1, 6 ) , 16, 10 ), 6, 86400, '2015-04-30 20:00:00', 1, 1),
(31, 'ADVANCED INCREASE HR-NORMAL', CONV( SUBSTRING( CAST( MD5( CONCAT( 'jFM4O1LXrBY4ne0kRe2rlw==',  '-', DATABASE( ) ) ) AS CHAR ) , 1, 6 ) , 16, 10 ), 6, 86400, '2015-04-30 20:00:00', 1, 1),
(32, 'ADVANCED INCREASE HR-TRAINING', CONV( SUBSTRING( CAST( MD5( CONCAT( 'jFM4O1LXrBY4ne0kRe2rlw==',  '-', DATABASE( ) ) ) AS CHAR ) , 1, 6 ) , 16, 10 ), 6, 86400, '2015-04-30 20:00:00', 1, 1),
(33, 'ADVANCED INCREASE HR-HARD', CONV( SUBSTRING( CAST( MD5( CONCAT( 'jFM4O1LXrBY4ne0kRe2rlw==',  '-', DATABASE( ) ) ) AS CHAR ) , 1, 6 ) , 16, 10 ), 6, 86400, '2015-04-30 20:00:00', 1, 1),
(34, 'ADVANCED BLOOD CIRCULATION-EASY', CONV( SUBSTRING( CAST( MD5( CONCAT( 'jFM4O1LXrBY4ne0kRe2rlw==',  '-', DATABASE( ) ) ) AS CHAR ) , 1, 6 ) , 16, 10 ), 6, 86400, '2015-04-30 20:00:00', 1, 1),
(35, 'ADVANCED BLOOD CIRCULATION-NORMAL', CONV( SUBSTRING( CAST( MD5( CONCAT( 'jFM4O1LXrBY4ne0kRe2rlw==',  '-', DATABASE( ) ) ) AS CHAR ) , 1, 6 ) , 16, 10 ), 6, 86400, '2015-04-30 20:00:00', 1, 1),
(36, 'ADVANCED BLOOD CIRCULATION-TRAINED', CONV( SUBSTRING( CAST( MD5( CONCAT( 'jFM4O1LXrBY4ne0kRe2rlw==',  '-', DATABASE( ) ) ) AS CHAR ) , 1, 6 ) , 16, 10 ), 6, 86400, '2015-04-30 20:00:00', 1, 1),
(37, 'ADVANCED BLOOD CIRCULATION-HARD', CONV( SUBSTRING( CAST( MD5( CONCAT( 'jFM4O1LXrBY4ne0kRe2rlw==',  '-', DATABASE( ) ) ) AS CHAR ) , 1, 6 ) , 16, 10 ), 6, 86400, '2015-04-30 20:00:00', 1, 1);

--
-- Dump dei dati per la tabella `ima_plan_game`
--

INSERT INTO `ima_plan_game` (`Plan_ID`, `Game_ID`, `Parameters`, `Plan_Order`, `Level`, `Sequence`, `Active`) VALUES
( 1, 40, '{\"duration\":\"120\",\"position\":\"standing\",\"disposition\":\"many\",\"size\":\"medium\",\"movement\":\"wide\",\"foot\":\"both\",\"speed\":\"very fast\",\"check.shoulder\":\"none\",\"check.spine\":\"none\",\"check.position\":\"strict\"}', 2000, 0, 0, 1),
( 1, 36, '{\"duration\":\"120\",\"position\":\"standing\",\"shelves\":\"medium\",\"quantity\":\"lots\",\"size\":\"medium\",\"speed\":\"max\",\"tilt\":\"yes\",\"check.shoulder\":\"none\",\"check.position\":\"strict\"}', 3000, 0, 0, 1),
( 1, 42, '{\"duration\":\"120\",\"speed\":\"very-fast\",\"density\":\"medium\",\"position\":\"squatting\",\"check.shoulder\":\"none\",\"check.spine\":\"none\"}', 4000, 0, 0, 1),
( 1, 52, '{\"duration\":\"120\",\"position\":\"sitting\",\"movement\":\"wide\",\"foot\":\"both\",\"permanence\":\"instant\",\"check.position\":\"strict\",\"speed\":\"very-fast\"}', 5000, 0, 0, 1),
( 2, 20, '{\"duration\":\"180\",\"hand\":\"preferred\",\"position\":\"standing\",\"grab\":\"no\",\"density\":\"a lot\",\"velocity\":\"very fast\",\"size\":\"medium\",\"proportion\":\"50%\",\"check.shoulder\":\"none\",\"check.spine\":\"none\",\"check.position\":\"strict\",\"check.hand\":\"none\",\"check.elbow\":\"none\"}', 0, 0, 0, 1),
( 2, 32, '{\"duration\":\"180\",\"proportion\":\"50% engines\",\"hand\":\"preferred\",\"position\":\"standing\",\"distribution\":\"all\",\"size\":\"small\",\"velocity\":\"max\",\"density\":\"a lot\",\"check.shoulder\":\"none\",\"check.spine\":\"none\",\"check.position\":\"strict\",\"check.hand\":\"none\",\"permanence\":\"zero\"}', 1000, 0, 0, 1),
( 2, 39, '{\"duration\":\"180\",\"position\":\"standing\",\"disposition\":\"many\",\"speed\":\"max\",\"size\":\"medium\",\"movement\":\"wide\",\"foot\":\"both\",\"check.shoulder\":\"none\",\"check.spine\":\"none\",\"check.position\":\"strict\",\"hidecolor\":\"disabled\"}', 2000, 0, 0, 1),
( 2, 40, '{\"duration\":\"180\",\"position\":\"standing\",\"disposition\":\"many\",\"size\":\"medium\",\"movement\":\"wide\",\"foot\":\"both\",\"speed\":\"very fast\",\"check.shoulder\":\"none\",\"check.spine\":\"none\",\"check.position\":\"strict\"}', 3000, 0, 0, 1),
( 2, 36, '{\"duration\":\"120\",\"position\":\"standing\",\"shelves\":\"many\",\"quantity\":\"more\",\"size\":\"small\",\"speed\":\"max\",\"tilt\":\"yes\",\"check.shoulder\":\"none\",\"check.position\":\"strict\"}', 4000, 0, 0, 1),
( 2, 42, '{\"duration\":\"180\",\"speed\":\"very-fast\",\"density\":\"medium\",\"position\":\"squatting\",\"check.shoulder\":\"none\",\"check.spine\":\"none\"}', 5000, 0, 0, 1),
( 3, 32, '{\"duration\":\"240\",\"proportion\":\"50% engines\",\"hand\":\"preferred\",\"position\":\"standing\",\"distribution\":\"all\",\"size\":\"small\",\"velocity\":\"max\",\"density\":\"a lot\",\"check.shoulder\":\"none\",\"check.spine\":\"none\",\"check.position\":\"strict\",\"check.hand\":\"none\",\"permanence\":\"zero\"}', 0, 0, 0, 1),
( 3, 39, '{\"duration\":\"240\",\"position\":\"standing\",\"disposition\":\"many\",\"speed\":\"max\",\"size\":\"medium\",\"movement\":\"wide\",\"foot\":\"both\",\"check.shoulder\":\"none\",\"check.spine\":\"none\",\"check.position\":\"strict\",\"hidecolor\":\"disabled\"}', 1000, 0, 0, 1),
( 3, 40, '{\"duration\":\"240\",\"position\":\"standing\",\"disposition\":\"many\",\"size\":\"medium\",\"movement\":\"wide\",\"foot\":\"both\",\"speed\":\"very fast\",\"check.shoulder\":\"none\",\"check.spine\":\"none\",\"check.position\":\"strict\"}', 2000, 0, 0, 1),
( 3, 36, '{\"duration\":\"180\",\"position\":\"standing\",\"shelves\":\"lots\",\"quantity\":\"max\",\"size\":\"small\",\"speed\":\"max\",\"tilt\":\"yes\",\"check.shoulder\":\"none\",\"check.position\":\"strict\"}', 3000, 0, 0, 1),
( 3, 42, '{\"duration\":\"240\",\"speed\":\"faster\",\"density\":\"high\",\"position\":\"squatting\",\"check.shoulder\":\"none\",\"check.spine\":\"none\"}', 4000, 0, 0, 1),
( 4, 25, '{\"duration\":\"240\",\"density\":\"a lot\",\"position\":\"standing\",\"grab\":\"no\",\"proportion\":\"50% bees\",\"velocity\":\"fast\",\"hand\":\"both\",\"check.shoulder\":\"none\",\"check.spine\":\"none\",\"check.position\":\"strict\",\"check.hand\":\"none\",\"check.elbow\":\"none\"}', 0, 0, 0, 1),
( 4, 39, '{\"duration\":\"300\",\"position\":\"standing\",\"disposition\":\"many\",\"speed\":\"max\",\"size\":\"medium\",\"movement\":\"wide\",\"foot\":\"both\",\"check.shoulder\":\"none\",\"check.spine\":\"none\",\"check.position\":\"strict\",\"hidecolor\":\"disabled\"}', 1000, 0, 0, 1),
( 4, 36, '{\"duration\":\"300\",\"position\":\"standing\",\"shelves\":\"lots\",\"quantity\":\"max\",\"size\":\"small\",\"speed\":\"max\",\"tilt\":\"yes\",\"check.shoulder\":\"none\",\"check.position\":\"strict\"}', 2000, 0, 0, 1),
( 4, 42, '{\"duration\":\"180\",\"speed\":\"max\",\"density\":\"max\",\"position\":\"squatting\",\"check.shoulder\":\"none\",\"check.spine\":\"none\"}', 3000, 0, 0, 1),
( 4, 41, '{\"duration\":\"240\",\"position\":\"standing\",\"movement\":\"wide\",\"foot\":\"both\",\"disposition\":\"many\",\"distractor\":\"medium\",\"persistency\":\"short\",\"size\":\"medium\",\"density\":\"high\",\"permanence\":\"instant\",\"check.shoulder\":\"none\",\"check.spine\":\"none\",\"check.position\":\"strict\"}', 4000, 0, 0, 1),
( 1, 39, '{\"duration\":\"120\",\"position\":\"standing\",\"disposition\":\"many\",\"speed\":\"max\",\"size\":\"medium\",\"movement\":\"wide\",\"foot\":\"both\",\"check.shoulder\":\"none\",\"check.spine\":\"none\",\"check.position\":\"strict\",\"hidecolor\":\"disabled\"}', 1000, 0, 0, 1),
( 1, 25, '{\"duration\":\"240\",\"density\":\"a lot\",\"position\":\"standing\",\"grab\":\"no\",\"proportion\":\"50% bees\",\"velocity\":\"fast\",\"hand\":\"both\",\"check.shoulder\":\"none\",\"check.spine\":\"none\",\"check.position\":\"strict\",\"check.hand\":\"none\",\"check.elbow\":\"none\"}', 0, 0, 0, 1),
( 6, 18, '{\"duration\":\"180\",\"velocity\":\"very fast\",\"density\":\"a lot\",\"position\":\"standing\",\"distractors\":\"50%\",\"season\":\"random\",\"rotation\":\"animated\",\"hand\":\"both\",\"check.shoulder\":\"none\",\"check.spine\":\"none\",\"check.position\":\"strict\",\"check.hand\":\"none\",\"check.elbow\":\"none\",\"legenda\":\"show\"}', 0, 0, 0, 1),
( 6, 36, '{\"duration\":\"120\",\"position\":\"standing\",\"shelves\":\"many\",\"quantity\":\"more\",\"size\":\"small\",\"speed\":\"max\",\"tilt\":\"yes\",\"check.shoulder\":\"none\",\"check.position\":\"strict\"}', 1000, 0, 0, 1),
( 6, 37, '{\"duration\":\"60\",\"position\":\"standing\",\"layers\":\"two\",\"types\":\"many\",\"size\":\"medium\",\"gravity\":\"mars\",\"tilt\":\"yes\",\"check.shoulder\":\"none\",\"check.position\":\"strict\"}', 2000, 0, 0, 1),
( 6, 42, '{\"duration\":\"120\",\"speed\":\"very-fast\",\"density\":\"medium\",\"position\":\"squatting\",\"check.shoulder\":\"none\",\"check.spine\":\"none\"}', 3000, 0, 0, 1),
( 7, 18, '{\"duration\":\"180\",\"velocity\":\"very fast\",\"density\":\"a lot\",\"position\":\"standing\",\"distractors\":\"50%\",\"season\":\"random\",\"rotation\":\"animated\",\"hand\":\"both\",\"check.shoulder\":\"none\",\"check.spine\":\"none\",\"check.position\":\"strict\",\"check.hand\":\"none\",\"check.elbow\":\"none\",\"legenda\":\"hide\"}', 0, 0, 0, 1),
( 7, 36, '{\"duration\":\"180\",\"position\":\"standing\",\"shelves\":\"many\",\"quantity\":\"max\",\"size\":\"small\",\"speed\":\"max\",\"tilt\":\"yes\",\"check.shoulder\":\"none\",\"check.position\":\"strict\"}', 1000, 0, 0, 1),
( 7, 42, '{\"duration\":\"180\",\"speed\":\"faster\",\"density\":\"medium\",\"position\":\"squatting\",\"check.shoulder\":\"none\",\"check.spine\":\"none\"}', 2000, 0, 0, 1),
( 8, 18, '{\"duration\":\"240\",\"velocity\":\"very fast\",\"density\":\"a lot\",\"position\":\"standing\",\"distractors\":\"50%\",\"season\":\"random\",\"rotation\":\"animated\",\"hand\":\"both\",\"check.shoulder\":\"none\",\"check.spine\":\"none\",\"check.position\":\"strict\",\"check.hand\":\"none\",\"check.elbow\":\"none\",\"legenda\":\"hide\"}', 0, 0, 0, 1),
( 8, 36, '{\"duration\":\"240\",\"position\":\"standing\",\"shelves\":\"lots\",\"quantity\":\"max\",\"size\":\"small\",\"speed\":\"max\",\"tilt\":\"yes\",\"check.shoulder\":\"none\",\"check.position\":\"strict\"}', 1000, 0, 0, 1),
( 8, 42, '{\"duration\":\"180\",\"speed\":\"faster\",\"density\":\"high\",\"position\":\"squatting\",\"check.shoulder\":\"none\",\"check.spine\":\"none\"}', 2000, 0, 0, 1),
( 9, 18, '{\"duration\":\"240\",\"velocity\":\"very fast\",\"density\":\"a lot\",\"position\":\"standing\",\"distractors\":\"50%\",\"season\":\"random\",\"rotation\":\"animated\",\"hand\":\"both\",\"check.shoulder\":\"none\",\"check.spine\":\"none\",\"check.position\":\"strict\",\"check.hand\":\"none\",\"check.elbow\":\"none\",\"legenda\":\"hide\"}', 0, 0, 0, 1),
( 9, 36, '{\"duration\":\"240\",\"position\":\"standing\",\"shelves\":\"lots\",\"quantity\":\"max\",\"size\":\"small\",\"speed\":\"max\",\"tilt\":\"yes\",\"check.shoulder\":\"none\",\"check.position\":\"strict\"}', 1000, 0, 0, 1),
( 9, 42, '{\"duration\":\"180\",\"speed\":\"max\",\"density\":\"max\",\"position\":\"squatting\",\"check.shoulder\":\"none\",\"check.spine\":\"none\"}', 2000, 0, 0, 1),
( 9, 52, '{\"duration\":\"60\",\"position\":\"sitting\",\"movement\":\"wide\",\"foot\":\"both\",\"permanence\":\"instant\",\"check.position\":\"strict\",\"speed\":\"very-fast\"}', 3000, 0, 0, 1),
( 10, 22, '{\"duration\":\"180\",\"density\":\"a lot\",\"position\":\"standing\",\"grab\":\"no\",\"velocity\":\"fast\",\"proportion\":\"50% bees\",\"hand\":\"both\",\"check.shoulder\":\"none\",\"check.spine\":\"none\",\"check.position\":\"strict\",\"check.hand\":\"none\",\"check.elbow\":\"none\"}', 0, 0, 0, 1),
( 10, 18, '{\"duration\":\"180\",\"velocity\":\"very fast\",\"density\":\"a lot\",\"position\":\"standing\",\"distractors\":\"50%\",\"season\":\"random\",\"rotation\":\"animated\",\"hand\":\"both\",\"check.shoulder\":\"none\",\"check.spine\":\"none\",\"check.position\":\"strict\",\"check.hand\":\"none\",\"check.elbow\":\"none\",\"legenda\":\"show\"}', 1000, 0, 0, 1),
( 10, 36, '{\"duration\":\"120\",\"position\":\"standing\",\"shelves\":\"many\",\"quantity\":\"more\",\"size\":\"small\",\"speed\":\"max\",\"tilt\":\"yes\",\"check.shoulder\":\"none\",\"check.position\":\"strict\"}', 2000, 0, 0, 1),
( 10, 42, '{\"duration\":\"120\",\"speed\":\"very-fast\",\"density\":\"medium\",\"position\":\"squatting\",\"check.shoulder\":\"none\",\"check.spine\":\"none\"}', 3000, 0, 0, 1),
( 10, 52, '{\"duration\":\"120\",\"position\":\"sitting\",\"movement\":\"wide\",\"foot\":\"both\",\"permanence\":\"instant\",\"check.position\":\"strict\",\"speed\":\"fast\"}', 4000, 0, 0, 1),
( 11, 18, '{\"duration\":\"180\",\"velocity\":\"very fast\",\"density\":\"a lot\",\"position\":\"standing\",\"distractors\":\"50%\",\"season\":\"random\",\"rotation\":\"animated\",\"hand\":\"both\",\"check.shoulder\":\"none\",\"check.spine\":\"none\",\"check.position\":\"strict\",\"check.hand\":\"none\",\"check.elbow\":\"none\",\"legenda\":\"show\"}', 0, 0, 0, 1),
( 11, 39, '{\"duration\":\"180\",\"position\":\"standing\",\"disposition\":\"many\",\"speed\":\"max\",\"size\":\"medium\",\"movement\":\"wide\",\"foot\":\"both\",\"check.shoulder\":\"none\",\"check.spine\":\"none\",\"check.position\":\"strict\",\"hidecolor\":\"disabled\"}', 1000, 0, 0, 1),
( 11, 40, '{\"duration\":\"180\",\"position\":\"standing\",\"disposition\":\"many\",\"size\":\"medium\",\"movement\":\"wide\",\"foot\":\"both\",\"speed\":\"very fast\",\"check.shoulder\":\"none\",\"check.spine\":\"none\",\"check.position\":\"strict\"}', 2000, 0, 0, 1),
( 11, 36, '{\"duration\":\"120\",\"position\":\"standing\",\"shelves\":\"many\",\"quantity\":\"more\",\"size\":\"small\",\"speed\":\"max\",\"tilt\":\"yes\",\"check.shoulder\":\"none\",\"check.position\":\"strict\"}', 3000, 0, 0, 1),
( 11, 42, '{\"duration\":\"120\",\"speed\":\"very-fast\",\"density\":\"max\",\"position\":\"squatting\",\"check.shoulder\":\"none\",\"check.spine\":\"none\"}', 4000, 0, 0, 1),
( 12, 22, '{\"duration\":\"180\",\"density\":\"a lot\",\"position\":\"standing\",\"grab\":\"no\",\"velocity\":\"fast\",\"proportion\":\"50% bees\",\"hand\":\"both\",\"check.shoulder\":\"none\",\"check.spine\":\"none\",\"check.position\":\"strict\",\"check.hand\":\"none\",\"check.elbow\":\"none\"}', 0, 0, 0, 1),
( 12, 18, '{\"duration\":\"180\",\"velocity\":\"very fast\",\"density\":\"a lot\",\"position\":\"standing\",\"distractors\":\"50%\",\"season\":\"random\",\"rotation\":\"animated\",\"hand\":\"both\",\"check.shoulder\":\"none\",\"check.spine\":\"none\",\"check.position\":\"strict\",\"check.hand\":\"none\",\"check.elbow\":\"none\",\"legenda\":\"show\"}', 1000, 0, 0, 1),
( 12, 39, '{\"duration\":\"180\",\"position\":\"standing\",\"disposition\":\"many\",\"speed\":\"max\",\"size\":\"medium\",\"movement\":\"wide\",\"foot\":\"both\",\"check.shoulder\":\"none\",\"check.spine\":\"none\",\"check.position\":\"strict\",\"hidecolor\":\"disabled\"}', 2000, 0, 0, 1),
( 12, 40, '{\"duration\":\"180\",\"position\":\"standing\",\"disposition\":\"many\",\"size\":\"medium\",\"movement\":\"wide\",\"foot\":\"both\",\"speed\":\"very fast\",\"check.shoulder\":\"none\",\"check.spine\":\"none\",\"check.position\":\"strict\"}', 3000, 0, 0, 1),
( 12, 36, '{\"duration\":\"120\",\"position\":\"standing\",\"shelves\":\"many\",\"quantity\":\"more\",\"size\":\"small\",\"speed\":\"max\",\"tilt\":\"yes\",\"check.shoulder\":\"none\",\"check.position\":\"strict\"}', 4000, 0, 0, 1),
( 12, 42, '{\"duration\":\"180\",\"speed\":\"faster\",\"density\":\"max\",\"position\":\"squatting\",\"check.shoulder\":\"none\",\"check.spine\":\"none\"}', 5000, 0, 0, 1),
( 13, 22, '{\"duration\":\"180\",\"density\":\"a lot\",\"position\":\"standing\",\"grab\":\"no\",\"velocity\":\"fast\",\"proportion\":\"50% bees\",\"hand\":\"both\",\"check.shoulder\":\"none\",\"check.spine\":\"none\",\"check.position\":\"strict\",\"check.hand\":\"none\",\"check.elbow\":\"none\"}', 0, 0, 0, 1),
( 13, 18, '{\"duration\":\"180\",\"velocity\":\"very fast\",\"density\":\"a lot\",\"position\":\"standing\",\"distractors\":\"50%\",\"season\":\"random\",\"rotation\":\"animated\",\"hand\":\"both\",\"check.shoulder\":\"none\",\"check.spine\":\"none\",\"check.position\":\"strict\",\"check.hand\":\"none\",\"check.elbow\":\"none\",\"legenda\":\"show\"}', 1000, 0, 0, 1),
( 13, 39, '{\"duration\":\"240\",\"position\":\"standing\",\"disposition\":\"many\",\"speed\":\"max\",\"size\":\"medium\",\"movement\":\"wide\",\"foot\":\"both\",\"check.shoulder\":\"none\",\"check.spine\":\"none\",\"check.position\":\"strict\",\"hidecolor\":\"disabled\"}', 2000, 0, 0, 1),
( 13, 40, '{\"duration\":\"180\",\"position\":\"standing\",\"disposition\":\"many\",\"size\":\"medium\",\"movement\":\"wide\",\"foot\":\"both\",\"speed\":\"very fast\",\"check.shoulder\":\"none\",\"check.spine\":\"none\",\"check.position\":\"strict\"}', 3000, 0, 0, 1),
( 13, 36, '{\"duration\":\"180\",\"position\":\"standing\",\"shelves\":\"lots\",\"quantity\":\"max\",\"size\":\"small\",\"speed\":\"max\",\"tilt\":\"yes\",\"check.shoulder\":\"none\",\"check.position\":\"strict\"}', 4000, 0, 0, 1),
( 13, 42, '{\"duration\":\"180\",\"speed\":\"max\",\"density\":\"max\",\"position\":\"squatting\",\"check.shoulder\":\"none\",\"check.spine\":\"none\"}', 5000, 0, 0, 1),
( 14, 41, '{\"duration\":\"180\",\"position\":\"standing\",\"movement\":\"wide\",\"foot\":\"both\",\"disposition\":\"many\",\"distractor\":\"medium\",\"persistency\":\"short\",\"size\":\"medium\",\"density\":\"high\",\"permanence\":\"instant\",\"check.shoulder\":\"none\",\"check.spine\":\"none\",\"check.position\":\"strict\"}', 0, 0, 0, 1),
( 14, 36, '{\"duration\":\"120\",\"position\":\"standing\",\"shelves\":\"medium\",\"quantity\":\"more\",\"size\":\"small\",\"speed\":\"max\",\"tilt\":\"yes\",\"check.shoulder\":\"none\",\"check.position\":\"strict\"}', 1000, 0, 0, 1),
( 14, 42, '{\"duration\":\"120\",\"speed\":\"very-fast\",\"density\":\"medium\",\"position\":\"squatting\",\"check.shoulder\":\"none\",\"check.spine\":\"none\"}', 2000, 0, 0, 1),
( 15, 40, '{\"duration\":\"120\",\"position\":\"standing\",\"disposition\":\"many\",\"size\":\"medium\",\"movement\":\"wide\",\"foot\":\"both\",\"speed\":\"very fast\",\"check.shoulder\":\"none\",\"check.spine\":\"none\",\"check.position\":\"strict\"}', 0, 0, 0, 1),
( 15, 41, '{\"duration\":\"180\",\"position\":\"standing\",\"movement\":\"wide\",\"foot\":\"both\",\"disposition\":\"many\",\"distractor\":\"medium\",\"persistency\":\"short\",\"size\":\"medium\",\"density\":\"high\",\"permanence\":\"instant\",\"check.shoulder\":\"none\",\"check.spine\":\"none\",\"check.position\":\"strict\"}', 1000, 0, 0, 1),
( 15, 36, '{\"duration\":\"120\",\"position\":\"standing\",\"shelves\":\"many\",\"quantity\":\"lots\",\"size\":\"small\",\"speed\":\"max\",\"tilt\":\"yes\",\"check.shoulder\":\"none\",\"check.position\":\"strict\"}', 2000, 0, 0, 1),
( 15, 42, '{\"duration\":\"120\",\"speed\":\"faster\",\"density\":\"high\",\"position\":\"squatting\",\"check.shoulder\":\"none\",\"check.spine\":\"none\"}', 3000, 0, 0, 1),
( 16, 40, '{\"duration\":\"180\",\"position\":\"standing\",\"disposition\":\"many\",\"size\":\"medium\",\"movement\":\"wide\",\"foot\":\"both\",\"speed\":\"very fast\",\"check.shoulder\":\"none\",\"check.spine\":\"none\",\"check.position\":\"strict\"}', 0, 0, 0, 1),
( 16, 41, '{\"duration\":\"180\",\"position\":\"standing\",\"movement\":\"wide\",\"foot\":\"both\",\"disposition\":\"many\",\"distractor\":\"medium\",\"persistency\":\"short\",\"size\":\"medium\",\"density\":\"high\",\"permanence\":\"instant\",\"check.shoulder\":\"none\",\"check.spine\":\"none\",\"check.position\":\"strict\"}', 1000, 0, 0, 1),
( 16, 36, '{\"duration\":\"180\",\"position\":\"standing\",\"shelves\":\"many\",\"quantity\":\"max\",\"size\":\"small\",\"speed\":\"max\",\"tilt\":\"yes\",\"check.shoulder\":\"none\",\"check.position\":\"strict\"}', 2000, 0, 0, 1),
( 16, 42, '{\"duration\":\"60\",\"speed\":\"max\",\"density\":\"high\",\"position\":\"squatting\",\"check.shoulder\":\"none\",\"check.spine\":\"none\"}', 3000, 0, 0, 1),
( 16, 52, '{\"duration\":\"120\",\"position\":\"sitting\",\"movement\":\"wide\",\"foot\":\"both\",\"permanence\":\"instant\",\"check.position\":\"strict\",\"speed\":\"very-fast\"}', 4000, 0, 0, 1),
( 17, 18, '{\"duration\":\"180\",\"velocity\":\"very fast\",\"density\":\"a lot\",\"position\":\"standing\",\"distractors\":\"50%\",\"season\":\"random\",\"rotation\":\"animated\",\"hand\":\"both\",\"check.shoulder\":\"none\",\"check.spine\":\"none\",\"check.position\":\"strict\",\"check.hand\":\"none\",\"check.elbow\":\"none\",\"legenda\":\"show\"}', 0, 0, 0, 1),
( 17, 40, '{\"duration\":\"180\",\"position\":\"standing\",\"disposition\":\"many\",\"size\":\"medium\",\"movement\":\"wide\",\"foot\":\"both\",\"speed\":\"very fast\",\"check.shoulder\":\"none\",\"check.spine\":\"none\",\"check.position\":\"strict\"}', 1000, 0, 0, 1),
( 17, 41, '{\"duration\":\"180\",\"position\":\"standing\",\"movement\":\"wide\",\"foot\":\"both\",\"disposition\":\"many\",\"distractor\":\"medium\",\"persistency\":\"short\",\"size\":\"medium\",\"density\":\"high\",\"permanence\":\"instant\",\"check.shoulder\":\"none\",\"check.spine\":\"none\",\"check.position\":\"strict\"}', 2000, 0, 0, 1),
( 17, 36, '{\"duration\":\"180\",\"position\":\"standing\",\"shelves\":\"lots\",\"quantity\":\"max\",\"size\":\"small\",\"speed\":\"max\",\"tilt\":\"yes\",\"check.shoulder\":\"none\",\"check.position\":\"strict\"}', 3000, 0, 0, 1),
( 17, 42, '{\"duration\":\"180\",\"speed\":\"max\",\"density\":\"max\",\"position\":\"squatting\",\"check.shoulder\":\"none\",\"check.spine\":\"none\"}', 4000, 0, 0, 1),
( 17, 52, '{\"duration\":\"120\",\"position\":\"sitting\",\"movement\":\"wide\",\"foot\":\"both\",\"permanence\":\"instant\",\"check.position\":\"strict\",\"speed\":\"max\"}', 5000, 0, 0, 1),
( 21, 25, '{\"duration\":\"240\",\"density\":\"a lot\",\"proportion\":\"50% bees\",\"velocity\":\"fast\",\"position\":\"standing\",\"grab\":\"no\",\"hand\":\"both\",\"check.shoulder\":\"none\",\"check.spine\":\"none\",\"check.position\":\"strict\",\"check.hand\":\"none\",\"check.elbow\":\"none\"}', 0, 0, 0, 1),
( 21, 39, '{\"duration\":\"120\",\"position\":\"standing\",\"disposition\":\"many\",\"speed\":\"max\",\"size\":\"medium\",\"movement\":\"wide\",\"foot\":\"both\",\"check.shoulder\":\"none\",\"check.spine\":\"none\",\"check.position\":\"strict\",\"hidecolor\":\"disabled\"}', 1000, 0, 0, 1),
( 21, 40, '{\"duration\":\"120\",\"position\":\"standing\",\"disposition\":\"many\",\"size\":\"medium\",\"movement\":\"wide\",\"foot\":\"both\",\"speed\":\"very fast\",\"check.shoulder\":\"none\",\"check.spine\":\"none\",\"check.position\":\"strict\"}', 2000, 0, 0, 1),
( 21, 36, '{\"duration\":\"120\",\"shelves\":\"medium\",\"quantity\":\"lots\",\"size\":\"medium\",\"speed\":\"max\",\"tilt\":\"yes\",\"check.shoulder\":\"none\",\"check.position\":\"strict\"}', 3000, 0, 0, 1),
( 21, 42, '{\"duration\":\"120\",\"speed\":\"very-fast\",\"density\":\"medium\",\"position\":\"squatting\",\"check.shoulder\":\"none\",\"check.spine\":\"none\"}', 4000, 0, 0, 1),
( 21, 52, '{\"duration\":\"120\",\"position\":\"sitting\",\"movement\":\"wide\",\"foot\":\"both\",\"permanence\":\"instant\",\"check.position\":\"strict\",\"speed\":\"very-fast\"}', 5000, 0, 0, 1),
( 22, 20, '{\"duration\":\"180\",\"density\":\"a lot\",\"velocity\":\"very fast\",\"size\":\"medium\",\"proportion\":\"50%\",\"hand\":\"preferred\",\"position\":\"standing\",\"grab\":\"no\",\"check.shoulder\":\"none\",\"check.spine\":\"none\",\"check.position\":\"strict\",\"check.hand\":\"none\",\"check.elbow\":\"none\"}', 0, 0, 0, 1),
( 22, 32, '{\"duration\":\"180\",\"proportion\":\"50% engines\",\"distribution\":\"all\",\"size\":\"small\",\"velocity\":\"max\",\"density\":\"a lot\",\"hand\":\"preferred\",\"position\":\"standing\",\"check.shoulder\":\"none\",\"check.spine\":\"none\",\"check.position\":\"strict\",\"check.hand\":\"none\",\"permanence\":\"zero\"}', 1000, 0, 0, 1),
( 22, 39, '{\"duration\":\"180\",\"position\":\"standing\",\"disposition\":\"many\",\"speed\":\"max\",\"size\":\"medium\",\"movement\":\"wide\",\"foot\":\"both\",\"check.shoulder\":\"none\",\"check.spine\":\"none\",\"check.position\":\"strict\",\"hidecolor\":\"disabled\"}', 2000, 0, 0, 1),
( 22, 40, '{\"duration\":\"180\",\"position\":\"standing\",\"disposition\":\"many\",\"size\":\"medium\",\"movement\":\"wide\",\"foot\":\"both\",\"speed\":\"very fast\",\"check.shoulder\":\"none\",\"check.spine\":\"none\",\"check.position\":\"strict\"}', 3000, 0, 0, 1),
( 22, 36, '{\"duration\":\"120\",\"shelves\":\"many\",\"quantity\":\"more\",\"size\":\"small\",\"speed\":\"max\",\"tilt\":\"yes\",\"check.shoulder\":\"none\",\"check.position\":\"strict\"}', 4000, 0, 0, 1),
( 22, 42, '{\"duration\":\"180\",\"speed\":\"very-fast\",\"density\":\"medium\",\"position\":\"squatting\",\"check.shoulder\":\"none\",\"check.spine\":\"none\"}', 5000, 0, 0, 1),
( 23, 32, '{\"duration\":\"240\",\"proportion\":\"50% engines\",\"distribution\":\"all\",\"size\":\"small\",\"velocity\":\"max\",\"density\":\"a lot\",\"hand\":\"preferred\",\"position\":\"standing\",\"check.shoulder\":\"none\",\"check.spine\":\"none\",\"check.position\":\"strict\",\"check.hand\":\"none\",\"permanence\":\"zero\"}', 0, 0, 0, 1),
( 23, 39, '{\"duration\":\"240\",\"position\":\"standing\",\"disposition\":\"many\",\"speed\":\"max\",\"size\":\"medium\",\"movement\":\"wide\",\"foot\":\"both\",\"check.shoulder\":\"none\",\"check.spine\":\"none\",\"check.position\":\"strict\",\"hidecolor\":\"disabled\"}', 1000, 0, 0, 1),
( 23, 40, '{\"duration\":\"240\",\"position\":\"standing\",\"disposition\":\"many\",\"size\":\"medium\",\"movement\":\"wide\",\"foot\":\"both\",\"speed\":\"very fast\",\"check.shoulder\":\"none\",\"check.spine\":\"none\",\"check.position\":\"strict\"}', 2000, 0, 0, 1),
( 23, 36, '{\"duration\":\"180\",\"shelves\":\"lots\",\"quantity\":\"max\",\"size\":\"small\",\"speed\":\"max\",\"tilt\":\"yes\",\"check.shoulder\":\"none\",\"check.position\":\"strict\"}', 3000, 0, 0, 1),
( 23, 42, '{\"duration\":\"240\",\"speed\":\"faster\",\"density\":\"high\",\"position\":\"squatting\",\"check.shoulder\":\"none\",\"check.spine\":\"none\"}', 4000, 0, 0, 1),
( 24, 25, '{\"duration\":\"240\",\"density\":\"a lot\",\"proportion\":\"50% bees\",\"velocity\":\"fast\",\"position\":\"standing\",\"grab\":\"no\",\"hand\":\"both\",\"check.shoulder\":\"none\",\"check.spine\":\"none\",\"check.position\":\"strict\",\"check.hand\":\"none\",\"check.elbow\":\"none\"}', 0, 0, 0, 1),
( 24, 39, '{\"duration\":\"300\",\"position\":\"standing\",\"disposition\":\"many\",\"speed\":\"max\",\"size\":\"medium\",\"movement\":\"wide\",\"foot\":\"both\",\"check.shoulder\":\"none\",\"check.spine\":\"none\",\"check.position\":\"strict\",\"hidecolor\":\"disabled\"}', 1000, 0, 0, 1),
( 24, 36, '{\"duration\":\"300\",\"shelves\":\"lots\",\"quantity\":\"max\",\"size\":\"small\",\"speed\":\"max\",\"tilt\":\"yes\",\"check.shoulder\":\"none\",\"check.position\":\"strict\"}', 2000, 0, 0, 1),
( 24, 42, '{\"duration\":\"180\",\"speed\":\"max\",\"density\":\"max\",\"position\":\"squatting\",\"check.shoulder\":\"none\",\"check.spine\":\"none\"}', 3000, 0, 0, 1),
( 24, 41, '{\"duration\":\"240\",\"position\":\"standing\",\"movement\":\"wide\",\"foot\":\"both\",\"disposition\":\"many\",\"distractor\":\"medium\",\"persistency\":\"short\",\"size\":\"medium\",\"density\":\"high\",\"permanence\":\"instant\",\"check.shoulder\":\"none\",\"check.spine\":\"none\",\"check.position\":\"strict\"}', 4000, 0, 0, 1),
( 26, 18, '{\"duration\":\"180\",\"velocity\":\"very fast\",\"density\":\"a lot\",\"distractors\":\"50%\",\"season\":\"random\",\"rotation\":\"animated\",\"position\":\"standing\",\"hand\":\"both\",\"check.shoulder\":\"none\",\"check.spine\":\"none\",\"check.position\":\"strict\",\"check.hand\":\"none\",\"check.elbow\":\"none\",\"legenda\":\"show\"}', 0, 0, 0, 1),
( 26, 36, '{\"duration\":\"120\",\"shelves\":\"many\",\"quantity\":\"more\",\"size\":\"small\",\"speed\":\"max\",\"tilt\":\"yes\",\"check.shoulder\":\"none\",\"check.position\":\"strict\"}', 1000, 0, 0, 1),
( 26, 37, '{\"duration\":\"60\",\"layers\":\"two\",\"types\":\"many\",\"size\":\"medium\",\"gravity\":\"mars\",\"tilt\":\"yes\",\"check.shoulder\":\"none\",\"check.position\":\"strict\"}', 2000, 0, 0, 1),
( 26, 42, '{\"duration\":\"120\",\"speed\":\"very-fast\",\"density\":\"medium\",\"position\":\"squatting\",\"check.shoulder\":\"none\",\"check.spine\":\"none\"}', 3000, 0, 0, 1),
( 27, 18, '{\"duration\":\"180\",\"velocity\":\"very fast\",\"density\":\"a lot\",\"distractors\":\"50%\",\"season\":\"random\",\"rotation\":\"animated\",\"position\":\"standing\",\"hand\":\"both\",\"check.shoulder\":\"none\",\"check.spine\":\"none\",\"check.position\":\"strict\",\"check.hand\":\"none\",\"check.elbow\":\"none\",\"legenda\":\"hide\"}', 0, 0, 0, 1),
( 27, 36, '{\"duration\":\"180\",\"shelves\":\"many\",\"quantity\":\"max\",\"size\":\"small\",\"speed\":\"max\",\"tilt\":\"yes\",\"check.shoulder\":\"none\",\"check.position\":\"strict\"}', 1000, 0, 0, 1),
( 27, 42, '{\"duration\":\"180\",\"speed\":\"faster\",\"density\":\"medium\",\"position\":\"squatting\",\"check.shoulder\":\"none\",\"check.spine\":\"none\"}', 2000, 0, 0, 1),
( 28, 18, '{\"duration\":\"240\",\"velocity\":\"very fast\",\"density\":\"a lot\",\"distractors\":\"50%\",\"season\":\"random\",\"rotation\":\"animated\",\"position\":\"standing\",\"hand\":\"both\",\"check.shoulder\":\"none\",\"check.spine\":\"none\",\"check.position\":\"strict\",\"check.hand\":\"none\",\"check.elbow\":\"none\",\"legenda\":\"hide\"}', 0, 0, 0, 1),
( 28, 36, '{\"duration\":\"240\",\"shelves\":\"lots\",\"quantity\":\"max\",\"size\":\"small\",\"speed\":\"max\",\"tilt\":\"yes\",\"check.shoulder\":\"none\",\"check.position\":\"strict\"}', 1000, 0, 0, 1),
( 28, 42, '{\"duration\":\"180\",\"speed\":\"faster\",\"density\":\"high\",\"position\":\"squatting\",\"check.shoulder\":\"none\",\"check.spine\":\"none\"}', 2000, 0, 0, 1),
( 29, 18, '{\"duration\":\"240\",\"velocity\":\"very fast\",\"density\":\"a lot\",\"distractors\":\"50%\",\"season\":\"random\",\"rotation\":\"animated\",\"position\":\"standing\",\"hand\":\"both\",\"check.shoulder\":\"none\",\"check.spine\":\"none\",\"check.position\":\"strict\",\"check.hand\":\"none\",\"check.elbow\":\"none\",\"legenda\":\"hide\"}', 0, 0, 0, 1),
( 29, 36, '{\"duration\":\"240\",\"shelves\":\"lots\",\"quantity\":\"max\",\"size\":\"small\",\"speed\":\"max\",\"tilt\":\"yes\",\"check.shoulder\":\"none\",\"check.position\":\"strict\"}', 1000, 0, 0, 1),
( 29, 42, '{\"duration\":\"180\",\"speed\":\"max\",\"density\":\"max\",\"position\":\"squatting\",\"check.shoulder\":\"none\",\"check.spine\":\"none\"}', 2000, 0, 0, 1),
( 29, 52, '{\"duration\":\"60\",\"position\":\"sitting\",\"movement\":\"wide\",\"foot\":\"both\",\"permanence\":\"instant\",\"check.position\":\"strict\",\"speed\":\"very-fast\"}', 3000, 0, 0, 1),
( 30, 22, '{\"duration\":\"180\",\"density\":\"a lot\",\"velocity\":\"fast\",\"proportion\":\"50% bees\",\"position\":\"standing\",\"grab\":\"no\",\"hand\":\"both\",\"check.shoulder\":\"none\",\"check.spine\":\"none\",\"check.position\":\"strict\",\"check.hand\":\"none\",\"check.elbow\":\"none\"}', 0, 0, 0, 1),
( 30, 18, '{\"duration\":\"180\",\"velocity\":\"very fast\",\"density\":\"a lot\",\"distractors\":\"50%\",\"season\":\"random\",\"rotation\":\"animated\",\"position\":\"standing\",\"hand\":\"both\",\"check.shoulder\":\"none\",\"check.spine\":\"none\",\"check.position\":\"strict\",\"check.hand\":\"none\",\"check.elbow\":\"none\",\"legenda\":\"show\"}', 1000, 0, 0, 1),
( 30, 36, '{\"duration\":\"120\",\"shelves\":\"many\",\"quantity\":\"more\",\"size\":\"small\",\"speed\":\"max\",\"tilt\":\"yes\",\"check.shoulder\":\"none\",\"check.position\":\"strict\"}', 2000, 0, 0, 1),
( 30, 42, '{\"duration\":\"120\",\"speed\":\"very-fast\",\"density\":\"medium\",\"position\":\"squatting\",\"check.shoulder\":\"none\",\"check.spine\":\"none\"}', 3000, 0, 0, 1),
( 30, 52, '{\"duration\":\"120\",\"position\":\"sitting\",\"movement\":\"wide\",\"foot\":\"both\",\"permanence\":\"instant\",\"check.position\":\"strict\",\"speed\":\"fast\"}', 4000, 0, 0, 1),
( 31, 18, '{\"duration\":\"180\",\"velocity\":\"very fast\",\"density\":\"a lot\",\"distractors\":\"50%\",\"season\":\"random\",\"rotation\":\"animated\",\"position\":\"standing\",\"hand\":\"both\",\"check.shoulder\":\"none\",\"check.spine\":\"none\",\"check.position\":\"strict\",\"check.hand\":\"none\",\"check.elbow\":\"none\",\"legenda\":\"show\"}', 0, 0, 0, 1),
( 31, 39, '{\"duration\":\"180\",\"position\":\"standing\",\"disposition\":\"many\",\"speed\":\"max\",\"size\":\"medium\",\"movement\":\"wide\",\"foot\":\"both\",\"check.shoulder\":\"none\",\"check.spine\":\"none\",\"check.position\":\"strict\",\"hidecolor\":\"disabled\"}', 1000, 0, 0, 1),
( 31, 40, '{\"duration\":\"180\",\"position\":\"standing\",\"disposition\":\"many\",\"size\":\"medium\",\"movement\":\"wide\",\"foot\":\"both\",\"speed\":\"very fast\",\"check.shoulder\":\"none\",\"check.spine\":\"none\",\"check.position\":\"strict\"}', 2000, 0, 0, 1),
( 31, 36, '{\"duration\":\"120\",\"shelves\":\"many\",\"quantity\":\"more\",\"size\":\"small\",\"speed\":\"max\",\"tilt\":\"yes\",\"check.shoulder\":\"none\",\"check.position\":\"strict\"}', 3000, 0, 0, 1),
( 31, 42, '{\"duration\":\"120\",\"speed\":\"very-fast\",\"density\":\"max\",\"position\":\"squatting\",\"check.shoulder\":\"none\",\"check.spine\":\"none\"}', 4000, 0, 0, 1),
( 32, 22, '{\"duration\":\"180\",\"density\":\"a lot\",\"velocity\":\"fast\",\"proportion\":\"50% bees\",\"position\":\"standing\",\"grab\":\"no\",\"hand\":\"both\",\"check.shoulder\":\"none\",\"check.spine\":\"none\",\"check.position\":\"strict\",\"check.hand\":\"none\",\"check.elbow\":\"none\"}', 0, 0, 0, 1),
( 32, 18, '{\"duration\":\"180\",\"velocity\":\"very fast\",\"density\":\"a lot\",\"distractors\":\"50%\",\"season\":\"random\",\"rotation\":\"animated\",\"position\":\"standing\",\"hand\":\"both\",\"check.shoulder\":\"none\",\"check.spine\":\"none\",\"check.position\":\"strict\",\"check.hand\":\"none\",\"check.elbow\":\"none\",\"legenda\":\"show\"}', 1000, 0, 0, 1),
( 32, 39, '{\"duration\":\"180\",\"position\":\"standing\",\"disposition\":\"many\",\"speed\":\"max\",\"size\":\"medium\",\"movement\":\"wide\",\"foot\":\"both\",\"check.shoulder\":\"none\",\"check.spine\":\"none\",\"check.position\":\"strict\",\"hidecolor\":\"disabled\"}', 2000, 0, 0, 1),
( 32, 40, '{\"duration\":\"180\",\"position\":\"standing\",\"disposition\":\"many\",\"size\":\"medium\",\"movement\":\"wide\",\"foot\":\"both\",\"speed\":\"very fast\",\"check.shoulder\":\"none\",\"check.spine\":\"none\",\"check.position\":\"strict\"}', 3000, 0, 0, 1),
( 32, 36, '{\"duration\":\"120\",\"shelves\":\"many\",\"quantity\":\"more\",\"size\":\"small\",\"speed\":\"max\",\"tilt\":\"yes\",\"check.shoulder\":\"none\",\"check.position\":\"strict\"}', 4000, 0, 0, 1),
( 32, 42, '{\"duration\":\"180\",\"speed\":\"faster\",\"density\":\"max\",\"position\":\"squatting\",\"check.shoulder\":\"none\",\"check.spine\":\"none\"}', 5000, 0, 0, 1),
( 33, 22, '{\"duration\":\"180\",\"density\":\"a lot\",\"velocity\":\"fast\",\"proportion\":\"50% bees\",\"position\":\"standing\",\"grab\":\"no\",\"hand\":\"both\",\"check.shoulder\":\"none\",\"check.spine\":\"none\",\"check.position\":\"strict\",\"check.hand\":\"none\",\"check.elbow\":\"none\"}', 0, 0, 0, 1),
( 33, 18, '{\"duration\":\"180\",\"velocity\":\"very fast\",\"density\":\"a lot\",\"distractors\":\"50%\",\"season\":\"random\",\"rotation\":\"animated\",\"position\":\"standing\",\"hand\":\"both\",\"check.shoulder\":\"none\",\"check.spine\":\"none\",\"check.position\":\"strict\",\"check.hand\":\"none\",\"check.elbow\":\"none\",\"legenda\":\"show\"}', 1000, 0, 0, 1),
( 33, 39, '{\"duration\":\"240\",\"position\":\"standing\",\"disposition\":\"many\",\"speed\":\"max\",\"size\":\"medium\",\"movement\":\"wide\",\"foot\":\"both\",\"check.shoulder\":\"none\",\"check.spine\":\"none\",\"check.position\":\"strict\",\"hidecolor\":\"disabled\"}', 2000, 0, 0, 1),
( 33, 40, '{\"duration\":\"180\",\"position\":\"standing\",\"disposition\":\"many\",\"size\":\"medium\",\"movement\":\"wide\",\"foot\":\"both\",\"speed\":\"very fast\",\"check.shoulder\":\"none\",\"check.spine\":\"none\",\"check.position\":\"strict\"}', 3000, 0, 0, 1),
( 33, 36, '{\"duration\":\"180\",\"shelves\":\"lots\",\"quantity\":\"max\",\"size\":\"small\",\"speed\":\"max\",\"tilt\":\"yes\",\"check.shoulder\":\"none\",\"check.position\":\"strict\"}', 4000, 0, 0, 1),
( 33, 42, '{\"duration\":\"180\",\"speed\":\"max\",\"density\":\"max\",\"position\":\"squatting\",\"check.shoulder\":\"none\",\"check.spine\":\"none\"}', 5000, 0, 0, 1),
( 34, 41, '{\"duration\":\"180\",\"position\":\"standing\",\"movement\":\"wide\",\"foot\":\"both\",\"disposition\":\"many\",\"distractor\":\"medium\",\"persistency\":\"short\",\"size\":\"medium\",\"density\":\"high\",\"permanence\":\"instant\",\"check.shoulder\":\"none\",\"check.spine\":\"none\",\"check.position\":\"strict\"}', 0, 0, 0, 1),
( 34, 36, '{\"duration\":\"120\",\"shelves\":\"medium\",\"quantity\":\"more\",\"size\":\"small\",\"speed\":\"max\",\"tilt\":\"yes\",\"check.shoulder\":\"none\",\"check.position\":\"strict\"}', 1000, 0, 0, 1),
( 34, 42, '{\"duration\":\"120\",\"speed\":\"very-fast\",\"density\":\"medium\",\"position\":\"squatting\",\"check.shoulder\":\"none\",\"check.spine\":\"none\"}', 2000, 0, 0, 1),
( 35, 40, '{\"duration\":\"120\",\"position\":\"standing\",\"disposition\":\"many\",\"size\":\"medium\",\"movement\":\"wide\",\"foot\":\"both\",\"speed\":\"very fast\",\"check.shoulder\":\"none\",\"check.spine\":\"none\",\"check.position\":\"strict\"}', 0, 0, 0, 1),
( 35, 41, '{\"duration\":\"180\",\"position\":\"standing\",\"movement\":\"wide\",\"foot\":\"both\",\"disposition\":\"many\",\"distractor\":\"medium\",\"persistency\":\"short\",\"size\":\"medium\",\"density\":\"high\",\"permanence\":\"instant\",\"check.shoulder\":\"none\",\"check.spine\":\"none\",\"check.position\":\"strict\"}', 1000, 0, 0, 1),
( 35, 36, '{\"duration\":\"120\",\"shelves\":\"many\",\"quantity\":\"lots\",\"size\":\"small\",\"speed\":\"max\",\"tilt\":\"yes\",\"check.shoulder\":\"none\",\"check.position\":\"strict\"}', 2000, 0, 0, 1),
( 35, 42, '{\"duration\":\"120\",\"speed\":\"faster\",\"density\":\"high\",\"position\":\"squatting\",\"check.shoulder\":\"none\",\"check.spine\":\"none\"}', 3000, 0, 0, 1),
( 36, 40, '{\"duration\":\"180\",\"position\":\"standing\",\"disposition\":\"many\",\"size\":\"medium\",\"movement\":\"wide\",\"foot\":\"both\",\"speed\":\"very fast\",\"check.shoulder\":\"none\",\"check.spine\":\"none\",\"check.position\":\"strict\"}', 0, 0, 0, 1),
( 36, 41, '{\"duration\":\"180\",\"position\":\"standing\",\"movement\":\"wide\",\"foot\":\"both\",\"disposition\":\"many\",\"distractor\":\"medium\",\"persistency\":\"short\",\"size\":\"medium\",\"density\":\"high\",\"permanence\":\"instant\",\"check.shoulder\":\"none\",\"check.spine\":\"none\",\"check.position\":\"strict\"}', 1000, 0, 0, 1),
( 36, 36, '{\"duration\":\"180\",\"shelves\":\"many\",\"quantity\":\"max\",\"size\":\"small\",\"speed\":\"max\",\"tilt\":\"yes\",\"check.shoulder\":\"none\",\"check.position\":\"strict\"}', 2000, 0, 0, 1),
( 36, 42, '{\"duration\":\"60\",\"speed\":\"max\",\"density\":\"high\",\"position\":\"squatting\",\"check.shoulder\":\"none\",\"check.spine\":\"none\"}', 3000, 0, 0, 1),
( 36, 52, '{\"duration\":\"120\",\"position\":\"sitting\",\"movement\":\"wide\",\"foot\":\"both\",\"permanence\":\"instant\",\"check.position\":\"strict\",\"speed\":\"very-fast\"}', 4000, 0, 0, 1);
INSERT INTO `ima_plan_game` (`Plan_ID`, `Game_ID`, `Parameters`, `Plan_Order`, `Level`, `Sequence`, `Active`) VALUES
(37, 18, '{\"duration\":\"180\",\"velocity\":\"very fast\",\"density\":\"a lot\",\"distractors\":\"50%\",\"season\":\"random\",\"rotation\":\"animated\",\"position\":\"standing\",\"hand\":\"both\",\"check.shoulder\":\"none\",\"check.spine\":\"none\",\"check.position\":\"strict\",\"check.hand\":\"none\",\"check.elbow\":\"none\",\"legenda\":\"show\"}', 0, 0, 0, 1),
(37, 40, '{\"duration\":\"180\",\"position\":\"standing\",\"disposition\":\"many\",\"size\":\"medium\",\"movement\":\"wide\",\"foot\":\"both\",\"speed\":\"very fast\",\"check.shoulder\":\"none\",\"check.spine\":\"none\",\"check.position\":\"strict\"}', 1000, 0, 0, 1),
(37, 41, '{\"duration\":\"180\",\"position\":\"standing\",\"movement\":\"wide\",\"foot\":\"both\",\"disposition\":\"many\",\"distractor\":\"medium\",\"persistency\":\"short\",\"size\":\"medium\",\"density\":\"high\",\"permanence\":\"instant\",\"check.shoulder\":\"none\",\"check.spine\":\"none\",\"check.position\":\"strict\"}', 2000, 0, 0, 1),
(37, 36, '{\"duration\":\"180\",\"shelves\":\"lots\",\"quantity\":\"max\",\"size\":\"small\",\"speed\":\"max\",\"tilt\":\"yes\",\"check.shoulder\":\"none\",\"check.position\":\"strict\"}', 3000, 0, 0, 1),
(37, 42, '{\"duration\":\"180\",\"speed\":\"max\",\"density\":\"max\",\"position\":\"squatting\",\"check.shoulder\":\"none\",\"check.spine\":\"none\"}', 4000, 0, 0, 1),
(37, 52, '{\"duration\":\"120\",\"position\":\"sitting\",\"movement\":\"wide\",\"foot\":\"both\",\"permanence\":\"instant\",\"check.position\":\"strict\",\"speed\":\"max\"}', 5000, 0, 0, 1),

(37, 56, '{\"duration\":\"120\",\"speed\":\"very-fast\",\"density\":\"medium\",\"distractors\":\"few\",\"laterals\":\"some\",\"doubles\":\"some\",\"rhythm\":\"summer\"}', 6000, 0, 0, 1),
(37, 58, '{\"duration\":\"120\",\"speed\":\"fast\"}', 7000, 0, 0, 1),
(36, 56, '{\"duration\":\"120\",\"speed\":\"fast\",\"density\":\"medium\",\"distractors\":\"few\",\"laterals\":\"some\",\"doubles\":\"some\",\"rhythm\":\"summer\"}', 4000, 0, 0, 1),
(36, 58, '{\"duration\":\"120\",\"speed\":\"normal\"}', 5000, 0, 0, 1),
(35, 57, '{\"duration\":\"120\",\"speed\":\"very-fast\",\"rhythm\":\"all\"}', 4000, 0, 0, 1),
(35, 58, '{\"duration\":\"120\",\"speed\":\"slow\"}', 5000, 0, 0, 1),
(34, 57, '{\"duration\":\"120\",\"speed\":\"slow\",\"rhythm\":\"all\"}', 3000, 0, 0, 1),
(34, 58, '{\"duration\":\"120\",\"speed\":\"slow\"}', 4000, 0, 0, 1),
(33, 56, '{\"duration\":\"120\",\"speed\":\"faster\",\"density\":\"medium\",\"distractors\":\"few\",\"laterals\":\"some\",\"doubles\":\"some\",\"rhythm\":\"summer\"}', 6000, 0, 0, 1),
(33, 58, '{\"duration\":\"120\",\"speed\":\"fast\"}', 7000, 0, 0, 1),
(32, 56, '{\"duration\":\"120\",\"speed\":\"very-fast\",\"density\":\"medium\",\"distractors\":\"few\",\"laterals\":\"some\",\"doubles\":\"some\",\"rhythm\":\"summer\"}', 6000, 0, 0, 1),
(32, 57, '{\"duration\":\"120\",\"speed\":\"normal\",\"rhythm\":\"all\"}', 7000, 0, 0, 1),
(31, 57, '{\"duration\":\"120\",\"speed\":\"fast\",\"rhythm\":\"all\"}', 5000, 0, 0, 1),
(31, 58, '{\"duration\":\"120\",\"speed\":\"normal\"}', 6000, 0, 0, 1),
(30, 58, '{\"duration\":\"120\",\"speed\":\"slow\"}', 4000, 0, 0, 1),
(29, 56, '{\"duration\":\"120\",\"speed\":\"faster\",\"density\":\"medium\",\"distractors\":\"few\",\"laterals\":\"some\",\"doubles\":\"some\",\"rhythm\":\"summer\"}', 3000, 0, 0, 1),
(29, 58, '{\"duration\":\"120\",\"speed\":\"fast\"}', 4000, 0, 0, 1),
(28, 56, '{\"duration\":\"120\",\"speed\":\"very-fast\",\"density\":\"medium\",\"distractors\":\"few\",\"laterals\":\"some\",\"doubles\":\"some\",\"rhythm\":\"summer\"}', 3000, 0, 0, 1),
(28, 58, '{\"duration\":\"120\",\"speed\":\"normal\"}', 4000, 0, 0, 1),
(27, 58, '{\"duration\":\"120\",\"speed\":\"normal\"}', 3000, 0, 0, 1),
(26, 57, '{\"duration\":\"120\",\"speed\":\"normal\",\"rhythm\":\"all\"}', 4000, 0, 0, 1),
(24, 56, '{\"duration\":\"120\",\"speed\":\"faster\",\"density\":\"medium\",\"distractors\":\"few\",\"laterals\":\"some\",\"doubles\":\"some\",\"rhythm\":\"summer\"}', 5000, 0, 0, 1),
(24, 58, '{\"duration\":\"120\",\"speed\":\"fast\"}', 6000, 0, 0, 1),
(23, 56, '{\"duration\":\"120\",\"speed\":\"very-fast\",\"density\":\"medium\",\"distractors\":\"few\",\"laterals\":\"some\",\"doubles\":\"some\",\"rhythm\":\"summer\"}', 5000, 0, 0, 1),
(23, 58, '{\"duration\":\"120\",\"speed\":\"normal\"}', 6000, 0, 0, 1),
(22, 57, '{\"duration\":\"120\",\"speed\":\"fast\",\"rhythm\":\"all\"}', 6000, 0, 0, 1),

(17, 56, '{\"duration\":\"120\",\"speed\":\"very-fast\",\"density\":\"medium\",\"distractors\":\"few\",\"laterals\":\"some\",\"doubles\":\"some\",\"rhythm\":\"summer\"}', 6000, 0, 0, 1),
(17, 58, '{\"duration\":\"120\",\"speed\":\"fast\"}', 7000, 0, 0, 1),
(16, 56, '{\"duration\":\"120\",\"speed\":\"fast\",\"density\":\"medium\",\"distractors\":\"few\",\"laterals\":\"some\",\"doubles\":\"some\",\"rhythm\":\"summer\"}', 4000, 0, 0, 1),
(16, 58, '{\"duration\":\"120\",\"speed\":\"normal\"}', 5000, 0, 0, 1),
(15, 57, '{\"duration\":\"120\",\"speed\":\"very-fast\",\"rhythm\":\"all\"}', 4000, 0, 0, 1),
(15, 58, '{\"duration\":\"120\",\"speed\":\"slow\"}', 5000, 0, 0, 1),
(14, 57, '{\"duration\":\"120\",\"speed\":\"slow\",\"rhythm\":\"all\"}', 3000, 0, 0, 1),
(14, 58, '{\"duration\":\"120\",\"speed\":\"slow\"}', 4000, 0, 0, 1),
(13, 56, '{\"duration\":\"120\",\"speed\":\"faster\",\"density\":\"medium\",\"distractors\":\"few\",\"laterals\":\"some\",\"doubles\":\"some\",\"rhythm\":\"summer\"}', 6000, 0, 0, 1),
(13, 58, '{\"duration\":\"120\",\"speed\":\"fast\"}', 7000, 0, 0, 1),
(12, 56, '{\"duration\":\"120\",\"speed\":\"very-fast\",\"density\":\"medium\",\"distractors\":\"few\",\"laterals\":\"some\",\"doubles\":\"some\",\"rhythm\":\"summer\"}', 6000, 0, 0, 1),
(12, 57, '{\"duration\":\"120\",\"speed\":\"normal\",\"rhythm\":\"all\"}', 7000, 0, 0, 1),
(11, 57, '{\"duration\":\"120\",\"speed\":\"fast\",\"rhythm\":\"all\"}', 5000, 0, 0, 1),
(11, 58, '{\"duration\":\"120\",\"speed\":\"normal\"}', 6000, 0, 0, 1),
(10, 58, '{\"duration\":\"120\",\"speed\":\"slow\"}', 4000, 0, 0, 1),
(9, 56, '{\"duration\":\"120\",\"speed\":\"faster\",\"density\":\"medium\",\"distractors\":\"few\",\"laterals\":\"some\",\"doubles\":\"some\",\"rhythm\":\"summer\"}', 3000, 0, 0, 1),
(9, 58, '{\"duration\":\"120\",\"speed\":\"fast\"}', 4000, 0, 0, 1),
(8, 56, '{\"duration\":\"120\",\"speed\":\"very-fast\",\"density\":\"medium\",\"distractors\":\"few\",\"laterals\":\"some\",\"doubles\":\"some\",\"rhythm\":\"summer\"}', 3000, 0, 0, 1),
(8, 58, '{\"duration\":\"120\",\"speed\":\"normal\"}', 4000, 0, 0, 1),
(7, 58, '{\"duration\":\"120\",\"speed\":\"normal\"}', 3000, 0, 0, 1),
(6, 57, '{\"duration\":\"120\",\"speed\":\"normal\",\"rhythm\":\"all\"}', 4000, 0, 0, 1),
(4, 56, '{\"duration\":\"120\",\"speed\":\"faster\",\"density\":\"medium\",\"distractors\":\"few\",\"laterals\":\"some\",\"doubles\":\"some\",\"rhythm\":\"summer\"}', 5000, 0, 0, 1),
(4, 58, '{\"duration\":\"120\",\"speed\":\"fast\"}', 6000, 0, 0, 1),
(3, 56, '{\"duration\":\"120\",\"speed\":\"very-fast\",\"density\":\"medium\",\"distractors\":\"few\",\"laterals\":\"some\",\"doubles\":\"some\",\"rhythm\":\"summer\"}', 5000, 0, 0, 1),
(3, 58, '{\"duration\":\"120\",\"speed\":\"normal\"}', 6000, 0, 0, 1),
(2, 57, '{\"duration\":\"120\",\"speed\":\"fast\",\"rhythm\":\"all\"}', 6000, 0, 0, 1);



INSERT INTO `ima_plan_option` (`Plan_ID`, `Option_Key`, `Option_Value`, `Active`) VALUES
(1, 'calibrate', '{\"period\":\"0\",\"unit\":\"week\"}', 1),
(1, 'order', '\"fixed\"', 1),
(1, 'smoothness', '\"high\"', 1),
(2, 'calibrate', '{\"period\":\"0\"}', 1),
(2, 'order', '\"fixed\"', 1),
(2, 'smoothness', '\"high\"', 1),
(3, 'calibrate', '{\"period\":\"0\"}', 1),
(3, 'order', '\"fixed\"', 1),
(3, 'smoothness', '\"high\"', 1),
(4, 'calibrate', '{\"period\":\"0\"}', 1),
(4, 'order', '\"fixed\"', 1),
(4, 'smoothness', '\"high\"', 1),
(6, 'calibrate', '{\"period\":\"0\"}', 1),
(6, 'order', '\"fixed\"', 1),
(6, 'smoothness', '\"high\"', 1),
(7, 'calibrate', '{\"period\":\"0\"}', 1),
(7, 'order', '\"fixed\"', 1),
(7, 'smoothness', '\"high\"', 1),
(8, 'calibrate', '{\"period\":\"0\"}', 1),
(8, 'order', '\"fixed\"', 1),
(8, 'smoothness', '\"high\"', 1),
(9, 'calibrate', '{\"period\":\"0\"}', 1),
(9, 'order', '\"fixed\"', 1),
(9, 'smoothness', '\"high\"', 1),
(10, 'calibrate', '{\"period\":\"0\"}', 1),
(10, 'order', '\"fixed\"', 1),
(10, 'smoothness', '\"high\"', 1),
(11, 'calibrate', '{\"period\":\"0\"}', 1),
(11, 'order', '\"fixed\"', 1),
(11, 'smoothness', '\"high\"', 1),
(12, 'calibrate', '{\"period\":\"0\"}', 1),
(12, 'order', '\"fixed\"', 1),
(12, 'smoothness', '\"high\"', 1),
(13, 'calibrate', '{\"period\":\"0\"}', 1),
(13, 'order', '\"fixed\"', 1),
(13, 'smoothness', '\"high\"', 1),
(14, 'calibrate', '{\"period\":\"0\"}', 1),
(14, 'order', '\"fixed\"', 1),
(14, 'smoothness', '\"high\"', 1),
(15, 'calibrate', '{\"period\":\"0\"}', 1),
(15, 'order', '\"fixed\"', 1),
(15, 'smoothness', '\"high\"', 1),
(16, 'calibrate', '{\"period\":\"0\"}', 1),
(16, 'order', '\"fixed\"', 1),
(16, 'smoothness', '\"high\"', 1),
(17, 'calibrate', '{\"period\":\"0\"}', 1),
(17, 'order', '\"fixed\"', 1),
(17, 'smoothness', '\"high\"', 1),
(21, 'calibrate', '{\"period\":\"0\",\"unit\":\"week\"}', 1),
(21, 'order', '\"fixed\"', 1),
(21, 'smoothness', '\"high\"', 1),
(22, 'calibrate', '{\"period\":\"0\"}', 1),
(22, 'order', '\"fixed\"', 1),
(22, 'smoothness', '\"high\"', 1),
(23, 'calibrate', '{\"period\":\"0\"}', 1),
(23, 'order', '\"fixed\"', 1),
(23, 'smoothness', '\"high\"', 1),
(24, 'calibrate', '{\"period\":\"0\"}', 1),
(24, 'order', '\"fixed\"', 1),
(24, 'smoothness', '\"high\"', 1),
(26, 'calibrate', '{\"period\":\"0\"}', 1),
(26, 'order', '\"fixed\"', 1),
(26, 'smoothness', '\"high\"', 1),
(27, 'calibrate', '{\"period\":\"0\"}', 1),
(27, 'order', '\"fixed\"', 1),
(27, 'smoothness', '\"high\"', 1),
(28, 'calibrate', '{\"period\":\"0\"}', 1),
(28, 'order', '\"fixed\"', 1),
(28, 'smoothness', '\"high\"', 1),
(29, 'calibrate', '{\"period\":\"0\"}', 1),
(29, 'order', '\"fixed\"', 1),
(29, 'smoothness', '\"high\"', 1),
(30, 'calibrate', '{\"period\":\"0\"}', 1),
(30, 'order', '\"fixed\"', 1),
(30, 'smoothness', '\"high\"', 1),
(31, 'calibrate', '{\"period\":\"0\"}', 1),
(31, 'order', '\"fixed\"', 1),
(31, 'smoothness', '\"high\"', 1),
(32, 'calibrate', '{\"period\":\"0\"}', 1),
(32, 'order', '\"fixed\"', 1),
(32, 'smoothness', '\"high\"', 1),
(33, 'calibrate', '{\"period\":\"0\"}', 1),
(33, 'order', '\"fixed\"', 1),
(33, 'smoothness', '\"high\"', 1),
(34, 'calibrate', '{\"period\":\"0\"}', 1),
(34, 'order', '\"fixed\"', 1),
(34, 'smoothness', '\"high\"', 1),
(35, 'calibrate', '{\"period\":\"0\"}', 1),
(35, 'order', '\"fixed\"', 1),
(35, 'smoothness', '\"high\"', 1),
(36, 'calibrate', '{\"period\":\"0\"}', 1),
(36, 'order', '\"fixed\"', 1),
(36, 'smoothness', '\"high\"', 1),
(37, 'calibrate', '{\"period\":\"0\"}', 1),
(37, 'order', '\"fixed\"', 1),
(37, 'smoothness', '\"high\"', 1);


INSERT INTO `ima_plan` (`Plan_ID`, `Plan_Name`, `Owner`, `Device_ID`, `Plan_Period`, `Period_Start_Reference`, `Generic`, `Active`) VALUES
(120, 'RHYTHM-LONG', CONV( SUBSTRING( CAST( MD5( CONCAT( 'jFM4O1LXrBY4ne0kRe2rlw==',  '-', DATABASE( ) ) ) AS CHAR ) , 1, 6 ) , 16, 10 ), 1, 86400, '2015-04-30 22:00:00', 1, 1),
(121, 'RHYTHM-SHORT', CONV( SUBSTRING( CAST( MD5( CONCAT( 'jFM4O1LXrBY4ne0kRe2rlw==',  '-', DATABASE( ) ) ) AS CHAR ) , 1, 6 ) , 16, 10 ), 1, 86400, '2015-04-30 22:00:00', 1, 1),
(122, 'RHYTHM-MEDIUM', CONV( SUBSTRING( CAST( MD5( CONCAT( 'jFM4O1LXrBY4ne0kRe2rlw==',  '-', DATABASE( ) ) ) AS CHAR ) , 1, 6 ) , 16, 10 ), 1, 86400, '2015-04-30 22:00:00', 1, 1),
(123, 'ENDURANCE-LONG', CONV( SUBSTRING( CAST( MD5( CONCAT( 'jFM4O1LXrBY4ne0kRe2rlw==',  '-', DATABASE( ) ) ) AS CHAR ) , 1, 6 ) , 16, 10 ), 1, 86400, '2015-04-30 22:00:00', 1, 1),
(124, 'ENDURANCE-MEDIUM', CONV( SUBSTRING( CAST( MD5( CONCAT( 'jFM4O1LXrBY4ne0kRe2rlw==',  '-', DATABASE( ) ) ) AS CHAR ) , 1, 6 ) , 16, 10 ), 1, 86400, '2015-04-30 22:00:00', 1, 1),
(125, 'ENDURANCE-SHORT', CONV( SUBSTRING( CAST( MD5( CONCAT( 'jFM4O1LXrBY4ne0kRe2rlw==',  '-', DATABASE( ) ) ) AS CHAR ) , 1, 6 ) , 16, 10 ), 1, 86400, '2015-04-30 22:00:00', 1, 1),
(126, 'BALANCE-SHORT', CONV( SUBSTRING( CAST( MD5( CONCAT( 'jFM4O1LXrBY4ne0kRe2rlw==',  '-', DATABASE( ) ) ) AS CHAR ) , 1, 6 ) , 16, 10 ), 1, 86400, '2015-04-30 22:00:00', 1, 1),
(127, 'BALANCE-MEDIUM', CONV( SUBSTRING( CAST( MD5( CONCAT( 'jFM4O1LXrBY4ne0kRe2rlw==',  '-', DATABASE( ) ) ) AS CHAR ) , 1, 6 ) , 16, 10 ), 1, 86400, '2015-04-30 22:00:00', 1, 1),
(128, 'BALANCE-LONG', CONV( SUBSTRING( CAST( MD5( CONCAT( 'jFM4O1LXrBY4ne0kRe2rlw==',  '-', DATABASE( ) ) ) AS CHAR ) , 1, 6 ) , 16, 10 ), 1, 86400, '2015-04-30 22:00:00', 1, 1),
(129, 'POSTURAL CONTROL-SHORT', CONV( SUBSTRING( CAST( MD5( CONCAT( 'jFM4O1LXrBY4ne0kRe2rlw==',  '-', DATABASE( ) ) ) AS CHAR ) , 1, 6 ) , 16, 10 ), 1, 86400, '2015-04-30 22:00:00', 1, 1),
(130, 'POSTURAL CONTROL-MEDIUM', CONV( SUBSTRING( CAST( MD5( CONCAT( 'jFM4O1LXrBY4ne0kRe2rlw==',  '-', DATABASE( ) ) ) AS CHAR ) , 1, 6 ) , 16, 10 ), 1, 86400, '2015-04-30 22:00:00', 1, 1),
(131, 'POSTURAL CONTROL-LONG', CONV( SUBSTRING( CAST( MD5( CONCAT( 'jFM4O1LXrBY4ne0kRe2rlw==',  '-', DATABASE( ) ) ) AS CHAR ) , 1, 6 ) , 16, 10 ), 1, 86400, '2015-04-30 22:00:00', 1, 1),
(132, 'MOTOR CONTROL-SHORT', CONV( SUBSTRING( CAST( MD5( CONCAT( 'jFM4O1LXrBY4ne0kRe2rlw==',  '-', DATABASE( ) ) ) AS CHAR ) , 1, 6 ) , 16, 10 ), 1, 86400, '2015-04-30 22:00:00', 1, 1),
(133, 'MOTOR CONTROL-MEDIUM', CONV( SUBSTRING( CAST( MD5( CONCAT( 'jFM4O1LXrBY4ne0kRe2rlw==',  '-', DATABASE( ) ) ) AS CHAR ) , 1, 6 ) , 16, 10 ), 1, 86400, '2015-04-30 22:00:00', 1, 1),
(134, 'MOTOR CONTROL-LONG', CONV( SUBSTRING( CAST( MD5( CONCAT( 'jFM4O1LXrBY4ne0kRe2rlw==',  '-', DATABASE( ) ) ) AS CHAR ) , 1, 6 ) , 16, 10 ), 1, 86400, '2015-04-30 22:00:00', 1, 1),
(135, 'STRENGTHENING-SHORT', CONV( SUBSTRING( CAST( MD5( CONCAT( 'jFM4O1LXrBY4ne0kRe2rlw==',  '-', DATABASE( ) ) ) AS CHAR ) , 1, 6 ) , 16, 10 ), 1, 86400, '2015-04-30 22:00:00', 1, 1),
(136, 'STRENGTHENING-MEDIUM', CONV( SUBSTRING( CAST( MD5( CONCAT( 'jFM4O1LXrBY4ne0kRe2rlw==',  '-', DATABASE( ) ) ) AS CHAR ) , 1, 6 ) , 16, 10 ), 1, 86400, '2015-04-30 22:00:00', 1, 1),
(137, 'STRENGTHENING-LONG', CONV( SUBSTRING( CAST( MD5( CONCAT( 'jFM4O1LXrBY4ne0kRe2rlw==',  '-', DATABASE( ) ) ) AS CHAR ) , 1, 6 ) , 16, 10 ), 1, 86400, '2015-04-30 22:00:00', 1, 1),
(138, 'SPEED-SHORT', CONV( SUBSTRING( CAST( MD5( CONCAT( 'jFM4O1LXrBY4ne0kRe2rlw==',  '-', DATABASE( ) ) ) AS CHAR ) , 1, 6 ) , 16, 10 ), 1, 86400, '2015-04-30 22:00:00', 1, 1),
(139, 'SPEED-MEDIUM', CONV( SUBSTRING( CAST( MD5( CONCAT( 'jFM4O1LXrBY4ne0kRe2rlw==',  '-', DATABASE( ) ) ) AS CHAR ) , 1, 6 ) , 16, 10 ), 1, 86400, '2015-04-30 22:00:00', 1, 1),
(140, 'SPEED-LONG', CONV( SUBSTRING( CAST( MD5( CONCAT( 'jFM4O1LXrBY4ne0kRe2rlw==',  '-', DATABASE( ) ) ) AS CHAR ) , 1, 6 ) , 16, 10 ), 1, 86400, '2015-04-30 22:00:00', 1, 1),
(141, 'DEXTERITY-SHORT', CONV( SUBSTRING( CAST( MD5( CONCAT( 'jFM4O1LXrBY4ne0kRe2rlw==',  '-', DATABASE( ) ) ) AS CHAR ) , 1, 6 ) , 16, 10 ), 1, 86400, '2015-04-30 22:00:00', 1, 1),
(142, 'DEXTERITY-MEDIUM', CONV( SUBSTRING( CAST( MD5( CONCAT( 'jFM4O1LXrBY4ne0kRe2rlw==',  '-', DATABASE( ) ) ) AS CHAR ) , 1, 6 ) , 16, 10 ), 1, 86400, '2015-04-30 22:00:00', 1, 1),
(143, 'DEXTERITY-LONG', CONV( SUBSTRING( CAST( MD5( CONCAT( 'jFM4O1LXrBY4ne0kRe2rlw==',  '-', DATABASE( ) ) ) AS CHAR ) , 1, 6 ) , 16, 10 ), 1, 86400, '2015-04-30 22:00:00', 1, 1),
(144, 'COORDINATION-SHORT', CONV( SUBSTRING( CAST( MD5( CONCAT( 'jFM4O1LXrBY4ne0kRe2rlw==',  '-', DATABASE( ) ) ) AS CHAR ) , 1, 6 ) , 16, 10 ), 1, 86400, '2015-04-30 22:00:00', 1, 1),
(145, 'COORDINATION-MEDIUM', CONV( SUBSTRING( CAST( MD5( CONCAT( 'jFM4O1LXrBY4ne0kRe2rlw==',  '-', DATABASE( ) ) ) AS CHAR ) , 1, 6 ) , 16, 10 ), 1, 86400, '2015-04-30 22:00:00', 1, 1),
(146, 'COORDINATION-LONG', CONV( SUBSTRING( CAST( MD5( CONCAT( 'jFM4O1LXrBY4ne0kRe2rlw==',  '-', DATABASE( ) ) ) AS CHAR ) , 1, 6 ) , 16, 10 ), 1, 86400, '2015-04-30 22:00:00', 1, 1),
(147, 'MOBILITY-SHORT', CONV( SUBSTRING( CAST( MD5( CONCAT( 'jFM4O1LXrBY4ne0kRe2rlw==',  '-', DATABASE( ) ) ) AS CHAR ) , 1, 6 ) , 16, 10 ), 1, 86400, '2015-04-30 22:00:00', 1, 1),
(148, 'MOBILITY-MEDIUM', CONV( SUBSTRING( CAST( MD5( CONCAT( 'jFM4O1LXrBY4ne0kRe2rlw==',  '-', DATABASE( ) ) ) AS CHAR ) , 1, 6 ) , 16, 10 ), 1, 86400, '2015-04-30 22:00:00', 1, 1),
(149, 'MOBILITY-LONG', CONV( SUBSTRING( CAST( MD5( CONCAT( 'jFM4O1LXrBY4ne0kRe2rlw==',  '-', DATABASE( ) ) ) AS CHAR ) , 1, 6 ) , 16, 10 ), 1, 86400, '2015-04-30 22:00:00', 1, 1);


INSERT INTO `ima_plan` (`Plan_ID`, `Plan_Name`, `Owner`, `Device_ID`, `Plan_Period`, `Period_Start_Reference`, `Generic`, `Active`) VALUES
(160, 'RHYTHM-LONG', CONV( SUBSTRING( CAST( MD5( CONCAT( 'jFM4O1LXrBY4ne0kRe2rlw==',  '-', DATABASE( ) ) ) AS CHAR ) , 1, 6 ) , 16, 10 ), 6, 86400, '2015-04-30 22:00:00', 1, 1),
(161, 'RHYTHM-SHORT', CONV( SUBSTRING( CAST( MD5( CONCAT( 'jFM4O1LXrBY4ne0kRe2rlw==',  '-', DATABASE( ) ) ) AS CHAR ) , 1, 6 ) , 16, 10 ), 6, 86400, '2015-04-30 22:00:00', 1, 1),
(162, 'RHYTHM-MEDIUM', CONV( SUBSTRING( CAST( MD5( CONCAT( 'jFM4O1LXrBY4ne0kRe2rlw==',  '-', DATABASE( ) ) ) AS CHAR ) , 1, 6 ) , 16, 10 ), 6, 86400, '2015-04-30 22:00:00', 1, 1),
(163, 'ENDURANCE-LONG', CONV( SUBSTRING( CAST( MD5( CONCAT( 'jFM4O1LXrBY4ne0kRe2rlw==',  '-', DATABASE( ) ) ) AS CHAR ) , 1, 6 ) , 16, 10 ), 6, 86400, '2015-04-30 22:00:00', 1, 1),
(164, 'ENDURANCE-MEDIUM', CONV( SUBSTRING( CAST( MD5( CONCAT( 'jFM4O1LXrBY4ne0kRe2rlw==',  '-', DATABASE( ) ) ) AS CHAR ) , 1, 6 ) , 16, 10 ), 6, 86400, '2015-04-30 22:00:00', 1, 1),
(165, 'ENDURANCE-SHORT', CONV( SUBSTRING( CAST( MD5( CONCAT( 'jFM4O1LXrBY4ne0kRe2rlw==',  '-', DATABASE( ) ) ) AS CHAR ) , 1, 6 ) , 16, 10 ), 6, 86400, '2015-04-30 22:00:00', 1, 1),
(166, 'BALANCE-SHORT', CONV( SUBSTRING( CAST( MD5( CONCAT( 'jFM4O1LXrBY4ne0kRe2rlw==',  '-', DATABASE( ) ) ) AS CHAR ) , 1, 6 ) , 16, 10 ), 6, 86400, '2015-04-30 22:00:00', 1, 1),
(167, 'BALANCE-MEDIUM', CONV( SUBSTRING( CAST( MD5( CONCAT( 'jFM4O1LXrBY4ne0kRe2rlw==',  '-', DATABASE( ) ) ) AS CHAR ) , 1, 6 ) , 16, 10 ), 6, 86400, '2015-04-30 22:00:00', 1, 1),
(168, 'BALANCE-LONG', CONV( SUBSTRING( CAST( MD5( CONCAT( 'jFM4O1LXrBY4ne0kRe2rlw==',  '-', DATABASE( ) ) ) AS CHAR ) , 1, 6 ) , 16, 10 ), 6, 86400, '2015-04-30 22:00:00', 1, 1),
(169, 'POSTURAL CONTROL-SHORT', CONV( SUBSTRING( CAST( MD5( CONCAT( 'jFM4O1LXrBY4ne0kRe2rlw==',  '-', DATABASE( ) ) ) AS CHAR ) , 1, 6 ) , 16, 10 ), 6, 86400, '2015-04-30 22:00:00', 1, 1),
(170, 'POSTURAL CONTROL-MEDIUM', CONV( SUBSTRING( CAST( MD5( CONCAT( 'jFM4O1LXrBY4ne0kRe2rlw==',  '-', DATABASE( ) ) ) AS CHAR ) , 1, 6 ) , 16, 10 ), 6, 86400, '2015-04-30 22:00:00', 1, 1),
(171, 'POSTURAL CONTROL-LONG', CONV( SUBSTRING( CAST( MD5( CONCAT( 'jFM4O1LXrBY4ne0kRe2rlw==',  '-', DATABASE( ) ) ) AS CHAR ) , 1, 6 ) , 16, 10 ), 6, 86400, '2015-04-30 22:00:00', 1, 1),
(172, 'MOTOR CONTROL-SHORT', CONV( SUBSTRING( CAST( MD5( CONCAT( 'jFM4O1LXrBY4ne0kRe2rlw==',  '-', DATABASE( ) ) ) AS CHAR ) , 1, 6 ) , 16, 10 ), 6, 86400, '2015-04-30 22:00:00', 1, 1),
(173, 'MOTOR CONTROL-MEDIUM', CONV( SUBSTRING( CAST( MD5( CONCAT( 'jFM4O1LXrBY4ne0kRe2rlw==',  '-', DATABASE( ) ) ) AS CHAR ) , 1, 6 ) , 16, 10 ), 6, 86400, '2015-04-30 22:00:00', 1, 1),
(174, 'MOTOR CONTROL-LONG', CONV( SUBSTRING( CAST( MD5( CONCAT( 'jFM4O1LXrBY4ne0kRe2rlw==',  '-', DATABASE( ) ) ) AS CHAR ) , 1, 6 ) , 16, 10 ), 6, 86400, '2015-04-30 22:00:00', 1, 1),
(175, 'STRENGTHENING-SHORT', CONV( SUBSTRING( CAST( MD5( CONCAT( 'jFM4O1LXrBY4ne0kRe2rlw==',  '-', DATABASE( ) ) ) AS CHAR ) , 1, 6 ) , 16, 10 ), 6, 86400, '2015-04-30 22:00:00', 1, 1),
(176, 'STRENGTHENING-MEDIUM', CONV( SUBSTRING( CAST( MD5( CONCAT( 'jFM4O1LXrBY4ne0kRe2rlw==',  '-', DATABASE( ) ) ) AS CHAR ) , 1, 6 ) , 16, 10 ), 6, 86400, '2015-04-30 22:00:00', 1, 1),
(177, 'STRENGTHENING-LONG', CONV( SUBSTRING( CAST( MD5( CONCAT( 'jFM4O1LXrBY4ne0kRe2rlw==',  '-', DATABASE( ) ) ) AS CHAR ) , 1, 6 ) , 16, 10 ), 6, 86400, '2015-04-30 22:00:00', 1, 1),
(178, 'SPEED-SHORT', CONV( SUBSTRING( CAST( MD5( CONCAT( 'jFM4O1LXrBY4ne0kRe2rlw==',  '-', DATABASE( ) ) ) AS CHAR ) , 1, 6 ) , 16, 10 ), 6, 86400, '2015-04-30 22:00:00', 1, 1),
(179, 'SPEED-MEDIUM', CONV( SUBSTRING( CAST( MD5( CONCAT( 'jFM4O1LXrBY4ne0kRe2rlw==',  '-', DATABASE( ) ) ) AS CHAR ) , 1, 6 ) , 16, 10 ), 6, 86400, '2015-04-30 22:00:00', 1, 1),
(180, 'SPEED-LONG', CONV( SUBSTRING( CAST( MD5( CONCAT( 'jFM4O1LXrBY4ne0kRe2rlw==',  '-', DATABASE( ) ) ) AS CHAR ) , 1, 6 ) , 16, 10 ), 6, 86400, '2015-04-30 22:00:00', 1, 1),
(181, 'DEXTERITY-SHORT', CONV( SUBSTRING( CAST( MD5( CONCAT( 'jFM4O1LXrBY4ne0kRe2rlw==',  '-', DATABASE( ) ) ) AS CHAR ) , 1, 6 ) , 16, 10 ), 6, 86400, '2015-04-30 22:00:00', 1, 1),
(182, 'DEXTERITY-MEDIUM', CONV( SUBSTRING( CAST( MD5( CONCAT( 'jFM4O1LXrBY4ne0kRe2rlw==',  '-', DATABASE( ) ) ) AS CHAR ) , 1, 6 ) , 16, 10 ), 6, 86400, '2015-04-30 22:00:00', 1, 1),
(183, 'DEXTERITY-LONG', CONV( SUBSTRING( CAST( MD5( CONCAT( 'jFM4O1LXrBY4ne0kRe2rlw==',  '-', DATABASE( ) ) ) AS CHAR ) , 1, 6 ) , 16, 10 ), 6, 86400, '2015-04-30 22:00:00', 1, 1),
(184, 'COORDINATION-SHORT', CONV( SUBSTRING( CAST( MD5( CONCAT( 'jFM4O1LXrBY4ne0kRe2rlw==',  '-', DATABASE( ) ) ) AS CHAR ) , 1, 6 ) , 16, 10 ), 6, 86400, '2015-04-30 22:00:00', 1, 1),
(185, 'COORDINATION-MEDIUM', CONV( SUBSTRING( CAST( MD5( CONCAT( 'jFM4O1LXrBY4ne0kRe2rlw==',  '-', DATABASE( ) ) ) AS CHAR ) , 1, 6 ) , 16, 10 ), 6, 86400, '2015-04-30 22:00:00', 1, 1),
(186, 'COORDINATION-LONG', CONV( SUBSTRING( CAST( MD5( CONCAT( 'jFM4O1LXrBY4ne0kRe2rlw==',  '-', DATABASE( ) ) ) AS CHAR ) , 1, 6 ) , 16, 10 ), 6, 86400, '2015-04-30 22:00:00', 1, 1),
(187, 'MOBILITY-SHORT', CONV( SUBSTRING( CAST( MD5( CONCAT( 'jFM4O1LXrBY4ne0kRe2rlw==',  '-', DATABASE( ) ) ) AS CHAR ) , 1, 6 ) , 16, 10 ), 6, 86400, '2015-04-30 22:00:00', 1, 1),
(188, 'MOBILITY-MEDIUM', CONV( SUBSTRING( CAST( MD5( CONCAT( 'jFM4O1LXrBY4ne0kRe2rlw==',  '-', DATABASE( ) ) ) AS CHAR ) , 1, 6 ) , 16, 10 ), 6, 86400, '2015-04-30 22:00:00', 1, 1),
(189, 'MOBILITY-LONG', CONV( SUBSTRING( CAST( MD5( CONCAT( 'jFM4O1LXrBY4ne0kRe2rlw==',  '-', DATABASE( ) ) ) AS CHAR ) , 1, 6 ) , 16, 10 ), 6, 86400, '2015-04-30 22:00:00', 1, 1);




INSERT INTO `ima_plan_game` ( `Plan_ID`, `Game_ID`, `Parameters`, `Plan_Order`, `Level`, `Sequence`, `Active`) VALUES
( 120, 10, '{\"duration\":\"300\",\"delta\":\"big\",\"hand\":\"preferred\",\"position\":\"standing\",\"grab\":\"no\",\"colors\":\"3\",\"shapes\":\"3\",\"direction\":\"ltr\",\"check.shoulder\":\"medium\",\"check.spine\":\"medium\",\"check.position\":\"medium\",\"check.hand\":\"medium\",\"check.elbow\":\"medium\"}', 0, 0, 0, 1),
( 120, 40, '{\"duration\":\"300\",\"position\":\"standing\",\"disposition\":\"medium\",\"size\":\"medium\",\"movement\":\"wide\",\"foot\":\"both\",\"speed\":\"medium\",\"check.shoulder\":\"medium\",\"check.spine\":\"medium\",\"check.position\":\"medium\"}', 1000, 0, 0, 1),
( 120, 19, '{\"duration\":\"300\",\"hand\":\"preferred\",\"position\":\"standing\",\"grab\":\"no\",\"complexity\":\"medium\",\"direction\":\"left-right\",\"check.shoulder\":\"medium\",\"check.spine\":\"medium\",\"check.position\":\"medium\",\"check.hand\":\"medium\",\"check.elbow\":\"medium\"}', 2000, 0, 0, 1),
( 120, 36, '{\"duration\":\"300\",\"position\":\"standing\",\"shelves\":\"medium\",\"quantity\":\"medium\",\"size\":\"medium\",\"speed\":\"medium\",\"tilt\":\"yes\",\"check.shoulder\":\"medium\",\"check.position\":\"medium\"}', 3000, 0, 0, 1),
( 121, 10, '{\"duration\":\"60\",\"delta\":\"big\",\"hand\":\"preferred\",\"position\":\"standing\",\"grab\":\"no\",\"colors\":\"3\",\"shapes\":\"3\",\"direction\":\"ltr\",\"check.shoulder\":\"medium\",\"check.spine\":\"medium\",\"check.position\":\"medium\",\"check.hand\":\"medium\",\"check.elbow\":\"medium\"}', 0, 0, 0, 1),
( 121, 40, '{\"duration\":\"60\",\"position\":\"standing\",\"disposition\":\"medium\",\"size\":\"medium\",\"movement\":\"wide\",\"foot\":\"both\",\"speed\":\"medium\",\"check.shoulder\":\"medium\",\"check.spine\":\"medium\",\"check.position\":\"medium\"}', 1000, 0, 0, 1),
( 121, 19, '{\"duration\":\"60\",\"hand\":\"preferred\",\"position\":\"standing\",\"grab\":\"no\",\"complexity\":\"medium\",\"direction\":\"left-right\",\"check.shoulder\":\"medium\",\"check.spine\":\"medium\",\"check.position\":\"medium\",\"check.hand\":\"medium\",\"check.elbow\":\"medium\"}', 2000, 0, 0, 1),
( 121, 36, '{\"duration\":\"60\",\"position\":\"standing\",\"shelves\":\"medium\",\"quantity\":\"medium\",\"size\":\"medium\",\"speed\":\"medium\",\"tilt\":\"yes\",\"check.shoulder\":\"medium\",\"check.position\":\"medium\"}', 3000, 0, 0, 1),
( 122, 10, '{\"duration\":\"180\",\"delta\":\"big\",\"hand\":\"preferred\",\"position\":\"standing\",\"grab\":\"no\",\"colors\":\"3\",\"shapes\":\"3\",\"direction\":\"ltr\",\"check.shoulder\":\"medium\",\"check.spine\":\"medium\",\"check.position\":\"medium\",\"check.hand\":\"medium\",\"check.elbow\":\"medium\"}', 0, 0, 0, 1),
( 122, 40, '{\"duration\":\"180\",\"position\":\"standing\",\"disposition\":\"medium\",\"size\":\"medium\",\"movement\":\"wide\",\"foot\":\"both\",\"speed\":\"medium\",\"check.shoulder\":\"medium\",\"check.spine\":\"medium\",\"check.position\":\"medium\"}', 1000, 0, 0, 1),
( 122, 19, '{\"duration\":\"180\",\"hand\":\"preferred\",\"position\":\"standing\",\"grab\":\"no\",\"complexity\":\"medium\",\"direction\":\"left-right\",\"check.shoulder\":\"medium\",\"check.spine\":\"medium\",\"check.position\":\"medium\",\"check.hand\":\"medium\",\"check.elbow\":\"medium\"}', 2000, 0, 0, 1),
( 122, 36, '{\"duration\":\"180\",\"position\":\"standing\",\"shelves\":\"medium\",\"quantity\":\"medium\",\"size\":\"medium\",\"speed\":\"medium\",\"tilt\":\"yes\",\"check.shoulder\":\"medium\",\"check.position\":\"medium\"}', 3000, 0, 0, 1),
( 123, 3, '{\"duration\":\"300\",\"velocity\":\"medium\",\"density\":\"medium\",\"proportion\":\"30% bees\",\"position\":\"standing\",\"grab\":\"no\",\"hand\":\"preferred\",\"check.shoulder\":\"medium\",\"check.spine\":\"medium\",\"check.position\":\"medium\",\"check.hand\":\"medium\",\"check.elbow\":\"medium\"}', 0, 0, 0, 1),
( 123, 42, '{\"duration\":\"300\",\"speed\":\"normal\",\"density\":\"medium\",\"position\":\"squatting\",\"check.shoulder\":\"medium\",\"check.spine\":\"medium\"}', 1000, 0, 0, 1),
( 123, 20, '{\"duration\":\"300\",\"hand\":\"preferred\",\"position\":\"standing\",\"grab\":\"no\",\"density\":\"medium\",\"velocity\":\"medium\",\"size\":\"medium\",\"proportion\":\"30%\",\"check.shoulder\":\"medium\",\"check.spine\":\"medium\",\"check.position\":\"medium\",\"check.hand\":\"medium\",\"check.elbow\":\"medium\"}', 2000, 0, 0, 1),
( 123, 18, '{\"duration\":\"300\",\"velocity\":\"medium\",\"density\":\"medium\",\"position\":\"standing\",\"distractors\":\"10%\",\"season\":\"random\",\"rotation\":\"none\",\"hand\":\"preferred\",\"check.shoulder\":\"medium\",\"check.spine\":\"medium\",\"check.position\":\"medium\",\"check.hand\":\"medium\",\"check.elbow\":\"medium\"}', 3000, 0, 0, 1),
( 124, 3, '{\"duration\":\"180\",\"velocity\":\"medium\",\"density\":\"medium\",\"proportion\":\"30% bees\",\"position\":\"standing\",\"grab\":\"no\",\"hand\":\"preferred\",\"check.shoulder\":\"medium\",\"check.spine\":\"medium\",\"check.position\":\"medium\",\"check.hand\":\"medium\",\"check.elbow\":\"medium\"}', 0, 0, 0, 1),
( 124, 42, '{\"duration\":\"180\",\"speed\":\"normal\",\"density\":\"medium\",\"position\":\"squatting\",\"check.shoulder\":\"medium\",\"check.spine\":\"medium\"}', 1000, 0, 0, 1),
( 124, 20, '{\"duration\":\"180\",\"hand\":\"preferred\",\"position\":\"standing\",\"grab\":\"no\",\"density\":\"medium\",\"velocity\":\"medium\",\"size\":\"medium\",\"proportion\":\"30%\",\"check.shoulder\":\"medium\",\"check.spine\":\"medium\",\"check.position\":\"medium\",\"check.hand\":\"medium\",\"check.elbow\":\"medium\"}', 2000, 0, 0, 1),
( 124, 18, '{\"duration\":\"180\",\"velocity\":\"medium\",\"density\":\"medium\",\"position\":\"standing\",\"distractors\":\"10%\",\"season\":\"random\",\"rotation\":\"none\",\"hand\":\"preferred\",\"check.shoulder\":\"medium\",\"check.spine\":\"medium\",\"check.position\":\"medium\",\"check.hand\":\"medium\",\"check.elbow\":\"medium\"}', 3000, 0, 0, 1),
( 125, 3, '{\"duration\":\"60\",\"velocity\":\"medium\",\"density\":\"medium\",\"proportion\":\"30% bees\",\"position\":\"standing\",\"grab\":\"no\",\"hand\":\"preferred\",\"check.shoulder\":\"medium\",\"check.spine\":\"medium\",\"check.position\":\"medium\",\"check.hand\":\"medium\",\"check.elbow\":\"medium\"}', 0, 0, 0, 1),
( 125, 42, '{\"duration\":\"60\",\"speed\":\"normal\",\"density\":\"medium\",\"position\":\"squatting\",\"check.shoulder\":\"medium\",\"check.spine\":\"medium\"}', 1000, 0, 0, 1),
( 125, 20, '{\"duration\":\"60\",\"hand\":\"preferred\",\"position\":\"standing\",\"grab\":\"no\",\"density\":\"medium\",\"velocity\":\"medium\",\"size\":\"medium\",\"proportion\":\"30%\",\"check.shoulder\":\"medium\",\"check.spine\":\"medium\",\"check.position\":\"medium\",\"check.hand\":\"medium\",\"check.elbow\":\"medium\"}', 2000, 0, 0, 1),
( 125, 18, '{\"duration\":\"60\",\"velocity\":\"medium\",\"density\":\"medium\",\"position\":\"standing\",\"distractors\":\"10%\",\"season\":\"random\",\"rotation\":\"none\",\"hand\":\"preferred\",\"check.shoulder\":\"medium\",\"check.spine\":\"medium\",\"check.position\":\"medium\",\"check.hand\":\"medium\",\"check.elbow\":\"medium\"}', 3000, 0, 0, 1),
( 126, 40, '{\"duration\":\"60\",\"position\":\"standing\",\"disposition\":\"medium\",\"size\":\"medium\",\"movement\":\"wide\",\"foot\":\"both\",\"speed\":\"medium\",\"check.shoulder\":\"medium\",\"check.spine\":\"medium\",\"check.position\":\"medium\"}', 0, 0, 0, 1),
( 126, 42, '{\"duration\":\"60\",\"speed\":\"normal\",\"density\":\"medium\",\"position\":\"squatting\",\"check.shoulder\":\"medium\",\"check.spine\":\"medium\"}', 1000, 0, 0, 1),
( 126, 37, '{\"duration\":\"60\",\"position\":\"standing\",\"layers\":\"two\",\"types\":\"medium\",\"size\":\"medium\",\"gravity\":\"moon\",\"tilt\":\"yes\",\"check.shoulder\":\"medium\",\"check.position\":\"medium\"}', 2000, 0, 0, 1),
( 126, 36, '{\"duration\":\"60\",\"position\":\"standing\",\"shelves\":\"medium\",\"quantity\":\"medium\",\"size\":\"medium\",\"speed\":\"medium\",\"tilt\":\"yes\",\"check.shoulder\":\"medium\",\"check.position\":\"medium\"}', 3000, 0, 0, 1),
( 127, 40, '{\"duration\":\"180\",\"position\":\"standing\",\"disposition\":\"medium\",\"size\":\"medium\",\"movement\":\"wide\",\"foot\":\"both\",\"speed\":\"medium\",\"check.shoulder\":\"medium\",\"check.spine\":\"medium\",\"check.position\":\"medium\"}', 0, 0, 0, 1),
( 127, 42, '{\"duration\":\"180\",\"speed\":\"normal\",\"density\":\"medium\",\"position\":\"squatting\",\"check.shoulder\":\"medium\",\"check.spine\":\"medium\"}', 1000, 0, 0, 1),
( 127, 37, '{\"duration\":\"180\",\"position\":\"standing\",\"layers\":\"two\",\"types\":\"medium\",\"size\":\"medium\",\"gravity\":\"moon\",\"tilt\":\"yes\",\"check.shoulder\":\"medium\",\"check.position\":\"medium\"}', 2000, 0, 0, 1),
( 127, 36, '{\"duration\":\"180\",\"position\":\"standing\",\"shelves\":\"medium\",\"quantity\":\"medium\",\"size\":\"medium\",\"speed\":\"medium\",\"tilt\":\"yes\",\"check.shoulder\":\"medium\",\"check.position\":\"medium\"}', 3000, 0, 0, 1),
( 128, 40, '{\"duration\":\"300\",\"position\":\"standing\",\"disposition\":\"medium\",\"size\":\"medium\",\"movement\":\"wide\",\"foot\":\"both\",\"speed\":\"medium\",\"check.shoulder\":\"medium\",\"check.spine\":\"medium\",\"check.position\":\"medium\"}', 0, 0, 0, 1),
( 128, 42, '{\"duration\":\"300\",\"speed\":\"normal\",\"density\":\"medium\",\"position\":\"squatting\",\"check.shoulder\":\"medium\",\"check.spine\":\"medium\"}', 1000, 0, 0, 1),
( 128, 37, '{\"duration\":\"300\",\"position\":\"standing\",\"layers\":\"two\",\"types\":\"medium\",\"size\":\"medium\",\"gravity\":\"moon\",\"tilt\":\"yes\",\"check.shoulder\":\"medium\",\"check.position\":\"medium\"}', 2000, 0, 0, 1),
( 128, 36, '{\"duration\":\"300\",\"position\":\"standing\",\"shelves\":\"medium\",\"quantity\":\"medium\",\"size\":\"medium\",\"speed\":\"medium\",\"tilt\":\"yes\",\"check.shoulder\":\"medium\",\"check.position\":\"medium\"}', 3000, 0, 0, 1),
( 129, 10, '{\"duration\":\"60\",\"delta\":\"big\",\"hand\":\"preferred\",\"position\":\"standing\",\"grab\":\"no\",\"colors\":\"3\",\"shapes\":\"3\",\"direction\":\"ltr\",\"check.shoulder\":\"medium\",\"check.spine\":\"medium\",\"check.position\":\"medium\",\"check.hand\":\"medium\",\"check.elbow\":\"medium\"}', 0, 0, 0, 1),
( 129, 37, '{\"duration\":\"60\",\"position\":\"standing\",\"layers\":\"two\",\"types\":\"medium\",\"size\":\"medium\",\"gravity\":\"moon\",\"tilt\":\"yes\",\"check.shoulder\":\"medium\",\"check.position\":\"medium\"}', 1000, 0, 0, 1),
( 129, 36, '{\"duration\":\"60\",\"position\":\"standing\",\"shelves\":\"medium\",\"quantity\":\"medium\",\"size\":\"medium\",\"speed\":\"medium\",\"tilt\":\"yes\",\"check.shoulder\":\"medium\",\"check.position\":\"medium\"}', 2000, 0, 0, 1),
( 129, 20, '{\"duration\":\"60\",\"hand\":\"preferred\",\"position\":\"standing\",\"grab\":\"no\",\"density\":\"medium\",\"velocity\":\"medium\",\"size\":\"medium\",\"proportion\":\"30%\",\"check.shoulder\":\"medium\",\"check.spine\":\"medium\",\"check.position\":\"medium\",\"check.hand\":\"medium\",\"check.elbow\":\"medium\"}', 3000, 0, 0, 1),
( 130, 10, '{\"duration\":\"180\",\"delta\":\"big\",\"hand\":\"preferred\",\"position\":\"standing\",\"grab\":\"no\",\"colors\":\"3\",\"shapes\":\"3\",\"direction\":\"ltr\",\"check.shoulder\":\"medium\",\"check.spine\":\"medium\",\"check.position\":\"medium\",\"check.hand\":\"medium\",\"check.elbow\":\"medium\"}', 0, 0, 0, 1),
( 130, 37, '{\"duration\":\"180\",\"position\":\"standing\",\"layers\":\"two\",\"types\":\"medium\",\"size\":\"medium\",\"gravity\":\"moon\",\"tilt\":\"yes\",\"check.shoulder\":\"medium\",\"check.position\":\"medium\"}', 1000, 0, 0, 1),
( 130, 36, '{\"duration\":\"180\",\"position\":\"standing\",\"shelves\":\"medium\",\"quantity\":\"medium\",\"size\":\"medium\",\"speed\":\"medium\",\"tilt\":\"yes\",\"check.shoulder\":\"medium\",\"check.position\":\"medium\"}', 2000, 0, 0, 1),
( 130, 20, '{\"duration\":\"180\",\"hand\":\"preferred\",\"position\":\"standing\",\"grab\":\"no\",\"density\":\"medium\",\"velocity\":\"medium\",\"size\":\"medium\",\"proportion\":\"30%\",\"check.shoulder\":\"medium\",\"check.spine\":\"medium\",\"check.position\":\"medium\",\"check.hand\":\"medium\",\"check.elbow\":\"medium\"}', 3000, 0, 0, 1),
( 131, 10, '{\"duration\":\"300\",\"delta\":\"big\",\"hand\":\"preferred\",\"position\":\"standing\",\"grab\":\"no\",\"colors\":\"3\",\"shapes\":\"3\",\"direction\":\"ltr\",\"check.shoulder\":\"medium\",\"check.spine\":\"medium\",\"check.position\":\"medium\",\"check.hand\":\"medium\",\"check.elbow\":\"medium\"}', 0, 0, 0, 1),
( 131, 37, '{\"duration\":\"300\",\"position\":\"standing\",\"layers\":\"two\",\"types\":\"medium\",\"size\":\"medium\",\"gravity\":\"moon\",\"tilt\":\"yes\",\"check.shoulder\":\"medium\",\"check.position\":\"medium\"}', 1000, 0, 0, 1),
( 131, 36, '{\"duration\":\"300\",\"position\":\"standing\",\"shelves\":\"medium\",\"quantity\":\"medium\",\"size\":\"medium\",\"speed\":\"medium\",\"tilt\":\"yes\",\"check.shoulder\":\"medium\",\"check.position\":\"medium\"}', 2000, 0, 0, 1),
( 131, 20, '{\"duration\":\"300\",\"hand\":\"preferred\",\"position\":\"standing\",\"grab\":\"no\",\"density\":\"medium\",\"velocity\":\"medium\",\"size\":\"medium\",\"proportion\":\"30%\",\"check.shoulder\":\"medium\",\"check.spine\":\"medium\",\"check.position\":\"medium\",\"check.hand\":\"medium\",\"check.elbow\":\"medium\"}', 3000, 0, 0, 1),
( 132, 8, '{\"duration\":\"60\",\"distribution\":\"all\",\"size\":\"medium\",\"velocity\":\"medium\",\"proportion\":\"30% engines\",\"hand\":\"preferred\",\"position\":\"standing\",\"density\":\"medium\",\"check.shoulder\":\"medium\",\"check.spine\":\"medium\",\"check.position\":\"medium\",\"check.hand\":\"medium\"}', 0, 0, 0, 1),
( 132, 10, '{\"duration\":\"60\",\"delta\":\"big\",\"hand\":\"preferred\",\"position\":\"standing\",\"grab\":\"no\",\"colors\":\"3\",\"shapes\":\"3\",\"direction\":\"ltr\",\"check.shoulder\":\"medium\",\"check.spine\":\"medium\",\"check.position\":\"medium\",\"check.hand\":\"medium\",\"check.elbow\":\"medium\"}', 1000, 0, 0, 1),
( 132, 19, '{\"duration\":\"60\",\"hand\":\"preferred\",\"position\":\"standing\",\"grab\":\"no\",\"complexity\":\"medium\",\"direction\":\"left-right\",\"check.shoulder\":\"medium\",\"check.spine\":\"medium\",\"check.position\":\"medium\",\"check.hand\":\"medium\",\"check.elbow\":\"medium\"}', 2000, 0, 0, 1),
( 132, 40, '{\"duration\":\"60\",\"position\":\"standing\",\"disposition\":\"medium\",\"size\":\"medium\",\"movement\":\"wide\",\"foot\":\"both\",\"speed\":\"medium\",\"check.shoulder\":\"medium\",\"check.spine\":\"medium\",\"check.position\":\"medium\"}', 3000, 0, 0, 1),
( 132, 39, '{\"duration\":\"60\",\"position\":\"standing\",\"disposition\":\"medium\",\"speed\":\"medium\",\"size\":\"medium\",\"movement\":\"wide\",\"foot\":\"both\",\"check.shoulder\":\"medium\",\"check.spine\":\"medium\",\"check.position\":\"medium\"}', 4000, 0, 0, 1),
( 133, 8, '{\"duration\":\"180\",\"distribution\":\"all\",\"size\":\"medium\",\"velocity\":\"medium\",\"proportion\":\"30% engines\",\"hand\":\"preferred\",\"position\":\"standing\",\"density\":\"medium\",\"check.shoulder\":\"medium\",\"check.spine\":\"medium\",\"check.position\":\"medium\",\"check.hand\":\"medium\"}', 0, 0, 0, 1),
( 133, 10, '{\"duration\":\"180\",\"delta\":\"big\",\"hand\":\"preferred\",\"position\":\"standing\",\"grab\":\"no\",\"colors\":\"3\",\"shapes\":\"3\",\"direction\":\"ltr\",\"check.shoulder\":\"medium\",\"check.spine\":\"medium\",\"check.position\":\"medium\",\"check.hand\":\"medium\",\"check.elbow\":\"medium\"}', 1000, 0, 0, 1),
( 133, 19, '{\"duration\":\"180\",\"hand\":\"preferred\",\"position\":\"standing\",\"grab\":\"no\",\"complexity\":\"medium\",\"direction\":\"left-right\",\"check.shoulder\":\"medium\",\"check.spine\":\"medium\",\"check.position\":\"medium\",\"check.hand\":\"medium\",\"check.elbow\":\"medium\"}', 2000, 0, 0, 1),
( 133, 40, '{\"duration\":\"180\",\"position\":\"standing\",\"disposition\":\"medium\",\"size\":\"medium\",\"movement\":\"wide\",\"foot\":\"both\",\"speed\":\"medium\",\"check.shoulder\":\"medium\",\"check.spine\":\"medium\",\"check.position\":\"medium\"}', 3000, 0, 0, 1),
( 133, 39, '{\"duration\":\"180\",\"position\":\"standing\",\"disposition\":\"medium\",\"speed\":\"medium\",\"size\":\"medium\",\"movement\":\"wide\",\"foot\":\"both\",\"check.shoulder\":\"medium\",\"check.spine\":\"medium\",\"check.position\":\"medium\"}', 4000, 0, 0, 1),
( 134, 8, '{\"duration\":\"300\",\"distribution\":\"all\",\"size\":\"medium\",\"velocity\":\"medium\",\"proportion\":\"30% engines\",\"hand\":\"preferred\",\"position\":\"standing\",\"density\":\"medium\",\"check.shoulder\":\"medium\",\"check.spine\":\"medium\",\"check.position\":\"medium\",\"check.hand\":\"medium\"}', 0, 0, 0, 1),
( 134, 10, '{\"duration\":\"300\",\"delta\":\"big\",\"hand\":\"preferred\",\"position\":\"standing\",\"grab\":\"no\",\"colors\":\"3\",\"shapes\":\"3\",\"direction\":\"ltr\",\"check.shoulder\":\"medium\",\"check.spine\":\"medium\",\"check.position\":\"medium\",\"check.hand\":\"medium\",\"check.elbow\":\"medium\"}', 1000, 0, 0, 1),
( 134, 19, '{\"duration\":\"300\",\"hand\":\"preferred\",\"position\":\"standing\",\"grab\":\"no\",\"complexity\":\"medium\",\"direction\":\"left-right\",\"check.shoulder\":\"medium\",\"check.spine\":\"medium\",\"check.position\":\"medium\",\"check.hand\":\"medium\",\"check.elbow\":\"medium\"}', 2000, 0, 0, 1),
( 134, 40, '{\"duration\":\"300\",\"position\":\"standing\",\"disposition\":\"medium\",\"size\":\"medium\",\"movement\":\"wide\",\"foot\":\"both\",\"speed\":\"medium\",\"check.shoulder\":\"medium\",\"check.spine\":\"medium\",\"check.position\":\"medium\"}', 3000, 0, 0, 1),
( 134, 39, '{\"duration\":\"300\",\"position\":\"standing\",\"disposition\":\"medium\",\"speed\":\"medium\",\"size\":\"medium\",\"movement\":\"wide\",\"foot\":\"both\",\"check.shoulder\":\"medium\",\"check.spine\":\"medium\",\"check.position\":\"medium\"}', 4000, 0, 0, 1),
( 135, 3, '{\"duration\":\"60\",\"velocity\":\"medium\",\"density\":\"medium\",\"proportion\":\"30% bees\",\"position\":\"standing\",\"grab\":\"no\",\"hand\":\"preferred\",\"check.shoulder\":\"medium\",\"check.spine\":\"medium\",\"check.position\":\"medium\",\"check.hand\":\"medium\",\"check.elbow\":\"medium\"}', 0, 0, 0, 1),
( 135, 42, '{\"duration\":\"60\",\"speed\":\"normal\",\"density\":\"medium\",\"position\":\"squatting\",\"check.shoulder\":\"medium\",\"check.spine\":\"medium\"}', 1000, 0, 0, 1),
( 135, 5, '{\"duration\":\"60\",\"numbers\":\"4(right,left,upper,lower)\",\"precision\":\"big space\",\"hand\":\"preferred\",\"position\":\"standing\",\"grab\":\"no\",\"check.shoulder\":\"medium\",\"check.spine\":\"medium\",\"check.position\":\"medium\",\"check.hand\":\"medium\",\"check.elbow\":\"medium\"}', 2000, 0, 0, 1),
( 135, 4, '{\"duration\":\"60\",\"density\":\"medium\",\"proportion\":\"30% bees\",\"position\":\"standing\",\"velocity\":\"medium\",\"grab\":\"no\",\"hand\":\"preferred\",\"check.shoulder\":\"medium\",\"check.spine\":\"medium\",\"check.position\":\"medium\",\"check.hand\":\"medium\",\"check.elbow\":\"medium\"}', 3000, 0, 0, 1),
( 136, 3, '{\"duration\":\"180\",\"velocity\":\"medium\",\"density\":\"medium\",\"proportion\":\"30% bees\",\"position\":\"standing\",\"grab\":\"no\",\"hand\":\"preferred\",\"check.shoulder\":\"medium\",\"check.spine\":\"medium\",\"check.position\":\"medium\",\"check.hand\":\"medium\",\"check.elbow\":\"medium\"}', 0, 0, 0, 1),
( 136, 42, '{\"duration\":\"180\",\"speed\":\"normal\",\"density\":\"medium\",\"position\":\"squatting\",\"check.shoulder\":\"medium\",\"check.spine\":\"medium\"}', 1000, 0, 0, 1),
( 136, 5, '{\"duration\":\"180\",\"numbers\":\"4(right,left,upper,lower)\",\"precision\":\"big space\",\"hand\":\"preferred\",\"position\":\"standing\",\"grab\":\"no\",\"check.shoulder\":\"medium\",\"check.spine\":\"medium\",\"check.position\":\"medium\",\"check.hand\":\"medium\",\"check.elbow\":\"medium\"}', 2000, 0, 0, 1),
( 136, 4, '{\"duration\":\"180\",\"density\":\"medium\",\"proportion\":\"30% bees\",\"position\":\"standing\",\"velocity\":\"medium\",\"grab\":\"no\",\"hand\":\"preferred\",\"check.shoulder\":\"medium\",\"check.spine\":\"medium\",\"check.position\":\"medium\",\"check.hand\":\"medium\",\"check.elbow\":\"medium\"}', 3000, 0, 0, 1),
( 137, 3, '{\"duration\":\"300\",\"velocity\":\"medium\",\"density\":\"medium\",\"proportion\":\"30% bees\",\"position\":\"standing\",\"grab\":\"no\",\"hand\":\"preferred\",\"check.shoulder\":\"medium\",\"check.spine\":\"medium\",\"check.position\":\"medium\",\"check.hand\":\"medium\",\"check.elbow\":\"medium\"}', 0, 0, 0, 1),
( 137, 42, '{\"duration\":\"300\",\"speed\":\"normal\",\"density\":\"medium\",\"position\":\"squatting\",\"check.shoulder\":\"medium\",\"check.spine\":\"medium\"}', 1000, 0, 0, 1),
( 137, 5, '{\"duration\":\"300\",\"numbers\":\"4(right,left,upper,lower)\",\"precision\":\"big space\",\"hand\":\"preferred\",\"position\":\"standing\",\"grab\":\"no\",\"check.shoulder\":\"medium\",\"check.spine\":\"medium\",\"check.position\":\"medium\",\"check.hand\":\"medium\",\"check.elbow\":\"medium\"}', 2000, 0, 0, 1),
( 137, 4, '{\"duration\":\"300\",\"density\":\"medium\",\"proportion\":\"30% bees\",\"position\":\"standing\",\"velocity\":\"medium\",\"grab\":\"no\",\"hand\":\"preferred\",\"check.shoulder\":\"medium\",\"check.spine\":\"medium\",\"check.position\":\"medium\",\"check.hand\":\"medium\",\"check.elbow\":\"medium\"}', 3000, 0, 0, 1),
( 138, 18, '{\"duration\":\"60\",\"velocity\":\"medium\",\"density\":\"medium\",\"position\":\"standing\",\"distractors\":\"10%\",\"season\":\"random\",\"rotation\":\"none\",\"hand\":\"preferred\",\"check.shoulder\":\"medium\",\"check.spine\":\"medium\",\"check.position\":\"medium\",\"check.hand\":\"medium\",\"check.elbow\":\"medium\"}', 0, 0, 0, 1),
( 138, 36, '{\"duration\":\"60\",\"position\":\"standing\",\"shelves\":\"medium\",\"quantity\":\"medium\",\"size\":\"medium\",\"speed\":\"medium\",\"tilt\":\"yes\",\"check.shoulder\":\"medium\",\"check.position\":\"medium\"}', 1000, 0, 0, 1),
( 138, 37, '{\"duration\":\"60\",\"position\":\"standing\",\"layers\":\"two\",\"types\":\"medium\",\"size\":\"medium\",\"gravity\":\"moon\",\"tilt\":\"yes\",\"check.shoulder\":\"medium\",\"check.position\":\"medium\"}', 2000, 0, 0, 1),
( 138, 40, '{\"duration\":\"60\",\"position\":\"standing\",\"disposition\":\"medium\",\"size\":\"medium\",\"movement\":\"wide\",\"foot\":\"both\",\"speed\":\"medium\",\"check.shoulder\":\"medium\",\"check.spine\":\"medium\",\"check.position\":\"medium\"}', 3000, 0, 0, 1),
( 138, 8, '{\"duration\":\"60\",\"distribution\":\"all\",\"size\":\"medium\",\"velocity\":\"medium\",\"proportion\":\"30% engines\",\"hand\":\"preferred\",\"position\":\"standing\",\"density\":\"medium\",\"check.shoulder\":\"medium\",\"check.spine\":\"medium\",\"check.position\":\"medium\",\"check.hand\":\"medium\"}', 4000, 0, 0, 1),
( 138, 4, '{\"duration\":\"60\",\"density\":\"medium\",\"proportion\":\"30% bees\",\"position\":\"standing\",\"velocity\":\"medium\",\"grab\":\"no\",\"hand\":\"preferred\",\"check.shoulder\":\"medium\",\"check.spine\":\"medium\",\"check.position\":\"medium\",\"check.hand\":\"medium\",\"check.elbow\":\"medium\"}', 5000, 0, 0, 1),
( 139, 18, '{\"duration\":\"180\",\"velocity\":\"medium\",\"density\":\"medium\",\"position\":\"standing\",\"distractors\":\"10%\",\"season\":\"random\",\"rotation\":\"none\",\"hand\":\"preferred\",\"check.shoulder\":\"medium\",\"check.spine\":\"medium\",\"check.position\":\"medium\",\"check.hand\":\"medium\",\"check.elbow\":\"medium\"}', 0, 0, 0, 1),
( 139, 36, '{\"duration\":\"180\",\"position\":\"standing\",\"shelves\":\"medium\",\"quantity\":\"medium\",\"size\":\"medium\",\"speed\":\"medium\",\"tilt\":\"yes\",\"check.shoulder\":\"medium\",\"check.position\":\"medium\"}', 1000, 0, 0, 1),
( 139, 37, '{\"duration\":\"180\",\"position\":\"standing\",\"layers\":\"two\",\"types\":\"medium\",\"size\":\"medium\",\"gravity\":\"moon\",\"tilt\":\"yes\",\"check.shoulder\":\"medium\",\"check.position\":\"medium\"}', 2000, 0, 0, 1),
( 139, 40, '{\"duration\":\"180\",\"position\":\"standing\",\"disposition\":\"medium\",\"size\":\"medium\",\"movement\":\"wide\",\"foot\":\"both\",\"speed\":\"medium\",\"check.shoulder\":\"medium\",\"check.spine\":\"medium\",\"check.position\":\"medium\"}', 3000, 0, 0, 1),
( 139, 8, '{\"duration\":\"180\",\"distribution\":\"all\",\"size\":\"medium\",\"velocity\":\"medium\",\"proportion\":\"30% engines\",\"hand\":\"preferred\",\"position\":\"standing\",\"density\":\"medium\",\"check.shoulder\":\"medium\",\"check.spine\":\"medium\",\"check.position\":\"medium\",\"check.hand\":\"medium\"}', 4000, 0, 0, 1),
( 139, 4, '{\"duration\":\"180\",\"density\":\"medium\",\"proportion\":\"30% bees\",\"position\":\"standing\",\"velocity\":\"medium\",\"grab\":\"no\",\"hand\":\"preferred\",\"check.shoulder\":\"medium\",\"check.spine\":\"medium\",\"check.position\":\"medium\",\"check.hand\":\"medium\",\"check.elbow\":\"medium\"}', 5000, 0, 0, 1),
( 140, 18, '{\"duration\":\"300\",\"velocity\":\"medium\",\"density\":\"medium\",\"position\":\"standing\",\"distractors\":\"10%\",\"season\":\"random\",\"rotation\":\"none\",\"hand\":\"preferred\",\"check.shoulder\":\"medium\",\"check.spine\":\"medium\",\"check.position\":\"medium\",\"check.hand\":\"medium\",\"check.elbow\":\"medium\"}', 0, 0, 0, 1),
( 140, 36, '{\"duration\":\"300\",\"position\":\"standing\",\"shelves\":\"medium\",\"quantity\":\"medium\",\"size\":\"medium\",\"speed\":\"medium\",\"tilt\":\"yes\",\"check.shoulder\":\"medium\",\"check.position\":\"medium\"}', 1000, 0, 0, 1),
( 140, 37, '{\"duration\":\"300\",\"position\":\"standing\",\"layers\":\"two\",\"types\":\"medium\",\"size\":\"medium\",\"gravity\":\"moon\",\"tilt\":\"yes\",\"check.shoulder\":\"medium\",\"check.position\":\"medium\"}', 2000, 0, 0, 1),
( 140, 40, '{\"duration\":\"300\",\"position\":\"standing\",\"disposition\":\"medium\",\"size\":\"medium\",\"movement\":\"wide\",\"foot\":\"both\",\"speed\":\"medium\",\"check.shoulder\":\"medium\",\"check.spine\":\"medium\",\"check.position\":\"medium\"}', 3000, 0, 0, 1),
( 140, 8, '{\"duration\":\"300\",\"distribution\":\"all\",\"size\":\"medium\",\"velocity\":\"medium\",\"proportion\":\"30% engines\",\"hand\":\"preferred\",\"position\":\"standing\",\"density\":\"medium\",\"check.shoulder\":\"medium\",\"check.spine\":\"medium\",\"check.position\":\"medium\",\"check.hand\":\"medium\"}', 4000, 0, 0, 1),
( 140, 4, '{\"duration\":\"300\",\"density\":\"medium\",\"proportion\":\"30% bees\",\"position\":\"standing\",\"velocity\":\"medium\",\"grab\":\"no\",\"hand\":\"preferred\",\"check.shoulder\":\"medium\",\"check.spine\":\"medium\",\"check.position\":\"medium\",\"check.hand\":\"medium\",\"check.elbow\":\"medium\"}', 5000, 0, 0, 1),
( 141, 5, '{\"duration\":\"60\",\"numbers\":\"4(right,left,upper,lower)\",\"precision\":\"big space\",\"hand\":\"preferred\",\"position\":\"standing\",\"grab\":\"no\",\"check.shoulder\":\"medium\",\"check.spine\":\"medium\",\"check.position\":\"medium\",\"check.hand\":\"medium\",\"check.elbow\":\"medium\"}', 0, 0, 0, 1),
( 141, 20, '{\"duration\":\"60\",\"hand\":\"preferred\",\"position\":\"standing\",\"grab\":\"no\",\"density\":\"medium\",\"velocity\":\"medium\",\"size\":\"medium\",\"proportion\":\"30%\",\"check.shoulder\":\"medium\",\"check.spine\":\"medium\",\"check.position\":\"medium\",\"check.hand\":\"medium\",\"check.elbow\":\"medium\"}', 1000, 0, 0, 1),
( 141, 19, '{\"duration\":\"60\",\"hand\":\"preferred\",\"position\":\"standing\",\"grab\":\"no\",\"complexity\":\"medium\",\"direction\":\"left-right\",\"check.shoulder\":\"medium\",\"check.spine\":\"medium\",\"check.position\":\"medium\",\"check.hand\":\"medium\",\"check.elbow\":\"medium\"}', 2000, 0, 0, 1),
( 141, 10, '{\"duration\":\"60\",\"delta\":\"big\",\"hand\":\"preferred\",\"position\":\"standing\",\"grab\":\"no\",\"colors\":\"3\",\"shapes\":\"3\",\"direction\":\"ltr\",\"check.shoulder\":\"medium\",\"check.spine\":\"medium\",\"check.position\":\"medium\",\"check.hand\":\"medium\",\"check.elbow\":\"medium\"}', 3000, 0, 0, 1),
( 141, 4, '{\"duration\":\"60\",\"density\":\"medium\",\"proportion\":\"30% bees\",\"position\":\"standing\",\"velocity\":\"medium\",\"grab\":\"no\",\"hand\":\"preferred\",\"check.shoulder\":\"medium\",\"check.spine\":\"medium\",\"check.position\":\"medium\",\"check.hand\":\"medium\",\"check.elbow\":\"medium\"}', 4000, 0, 0, 1),
( 141, 3, '{\"duration\":\"60\",\"velocity\":\"medium\",\"density\":\"medium\",\"proportion\":\"30% bees\",\"position\":\"standing\",\"grab\":\"no\",\"hand\":\"preferred\",\"check.shoulder\":\"medium\",\"check.spine\":\"medium\",\"check.position\":\"medium\",\"check.hand\":\"medium\",\"check.elbow\":\"medium\"}', 5000, 0, 0, 1),
( 142, 5, '{\"duration\":\"180\",\"numbers\":\"4(right,left,upper,lower)\",\"precision\":\"big space\",\"hand\":\"preferred\",\"position\":\"standing\",\"grab\":\"no\",\"check.shoulder\":\"medium\",\"check.spine\":\"medium\",\"check.position\":\"medium\",\"check.hand\":\"medium\",\"check.elbow\":\"medium\"}', 0, 0, 0, 1),
( 142, 20, '{\"duration\":\"180\",\"hand\":\"preferred\",\"position\":\"standing\",\"grab\":\"no\",\"density\":\"medium\",\"velocity\":\"medium\",\"size\":\"medium\",\"proportion\":\"30%\",\"check.shoulder\":\"medium\",\"check.spine\":\"medium\",\"check.position\":\"medium\",\"check.hand\":\"medium\",\"check.elbow\":\"medium\"}', 1000, 0, 0, 1),
( 142, 19, '{\"duration\":\"180\",\"hand\":\"preferred\",\"position\":\"standing\",\"grab\":\"no\",\"complexity\":\"medium\",\"direction\":\"left-right\",\"check.shoulder\":\"medium\",\"check.spine\":\"medium\",\"check.position\":\"medium\",\"check.hand\":\"medium\",\"check.elbow\":\"medium\"}', 2000, 0, 0, 1),
( 142, 10, '{\"duration\":\"180\",\"delta\":\"big\",\"hand\":\"preferred\",\"position\":\"standing\",\"grab\":\"no\",\"colors\":\"3\",\"shapes\":\"3\",\"direction\":\"ltr\",\"check.shoulder\":\"medium\",\"check.spine\":\"medium\",\"check.position\":\"medium\",\"check.hand\":\"medium\",\"check.elbow\":\"medium\"}', 3000, 0, 0, 1),
( 142, 4, '{\"duration\":\"180\",\"density\":\"medium\",\"proportion\":\"30% bees\",\"position\":\"standing\",\"velocity\":\"medium\",\"grab\":\"no\",\"hand\":\"preferred\",\"check.shoulder\":\"medium\",\"check.spine\":\"medium\",\"check.position\":\"medium\",\"check.hand\":\"medium\",\"check.elbow\":\"medium\"}', 4000, 0, 0, 1),
( 142, 3, '{\"duration\":\"180\",\"velocity\":\"medium\",\"density\":\"medium\",\"proportion\":\"30% bees\",\"position\":\"standing\",\"grab\":\"no\",\"hand\":\"preferred\",\"check.shoulder\":\"medium\",\"check.spine\":\"medium\",\"check.position\":\"medium\",\"check.hand\":\"medium\",\"check.elbow\":\"medium\"}', 5000, 0, 0, 1),
( 143, 5, '{\"duration\":\"300\",\"numbers\":\"4(right,left,upper,lower)\",\"precision\":\"big space\",\"hand\":\"preferred\",\"position\":\"standing\",\"grab\":\"no\",\"check.shoulder\":\"medium\",\"check.spine\":\"medium\",\"check.position\":\"medium\",\"check.hand\":\"medium\",\"check.elbow\":\"medium\"}', 0, 0, 0, 1),
( 143, 20, '{\"duration\":\"300\",\"hand\":\"preferred\",\"position\":\"standing\",\"grab\":\"no\",\"density\":\"medium\",\"velocity\":\"medium\",\"size\":\"medium\",\"proportion\":\"30%\",\"check.shoulder\":\"medium\",\"check.spine\":\"medium\",\"check.position\":\"medium\",\"check.hand\":\"medium\",\"check.elbow\":\"medium\"}', 1000, 0, 0, 1),
( 143, 19, '{\"duration\":\"300\",\"hand\":\"preferred\",\"position\":\"standing\",\"grab\":\"no\",\"complexity\":\"medium\",\"direction\":\"left-right\",\"check.shoulder\":\"medium\",\"check.spine\":\"medium\",\"check.position\":\"medium\",\"check.hand\":\"medium\",\"check.elbow\":\"medium\"}', 2000, 0, 0, 1),
( 143, 10, '{\"duration\":\"300\",\"delta\":\"big\",\"hand\":\"preferred\",\"position\":\"standing\",\"grab\":\"no\",\"colors\":\"3\",\"shapes\":\"3\",\"direction\":\"ltr\",\"check.shoulder\":\"medium\",\"check.spine\":\"medium\",\"check.position\":\"medium\",\"check.hand\":\"medium\",\"check.elbow\":\"medium\"}', 3000, 0, 0, 1),
( 143, 4, '{\"duration\":\"300\",\"density\":\"medium\",\"proportion\":\"30% bees\",\"position\":\"standing\",\"velocity\":\"medium\",\"grab\":\"no\",\"hand\":\"preferred\",\"check.shoulder\":\"medium\",\"check.spine\":\"medium\",\"check.position\":\"medium\",\"check.hand\":\"medium\",\"check.elbow\":\"medium\"}', 4000, 0, 0, 1),
( 143, 3, '{\"duration\":\"300\",\"velocity\":\"medium\",\"density\":\"medium\",\"proportion\":\"30% bees\",\"position\":\"standing\",\"grab\":\"no\",\"hand\":\"preferred\",\"check.shoulder\":\"medium\",\"check.spine\":\"medium\",\"check.position\":\"medium\",\"check.hand\":\"medium\",\"check.elbow\":\"medium\"}', 5000, 0, 0, 1),
( 144, 5, '{\"duration\":\"60\",\"numbers\":\"4(right,left,upper,lower)\",\"precision\":\"big space\",\"hand\":\"preferred\",\"position\":\"standing\",\"grab\":\"no\",\"check.shoulder\":\"medium\",\"check.spine\":\"medium\",\"check.position\":\"medium\",\"check.hand\":\"medium\",\"check.elbow\":\"medium\"}', 0, 0, 0, 1),
( 144, 39, '{\"duration\":\"60\",\"position\":\"standing\",\"disposition\":\"medium\",\"speed\":\"medium\",\"size\":\"medium\",\"movement\":\"wide\",\"foot\":\"both\",\"check.shoulder\":\"medium\",\"check.spine\":\"medium\",\"check.position\":\"medium\"}', 1000, 0, 0, 1),
( 144, 40, '{\"duration\":\"60\",\"position\":\"standing\",\"disposition\":\"medium\",\"size\":\"medium\",\"movement\":\"wide\",\"foot\":\"both\",\"speed\":\"medium\",\"check.shoulder\":\"medium\",\"check.spine\":\"medium\",\"check.position\":\"medium\"}', 2000, 0, 0, 1),
( 144, 4, '{\"duration\":\"60\",\"density\":\"medium\",\"proportion\":\"30% bees\",\"position\":\"standing\",\"velocity\":\"medium\",\"grab\":\"no\",\"hand\":\"preferred\",\"check.shoulder\":\"medium\",\"check.spine\":\"medium\",\"check.position\":\"medium\",\"check.hand\":\"medium\",\"check.elbow\":\"medium\"}', 3000, 0, 0, 1),
( 145, 5, '{\"duration\":\"180\",\"numbers\":\"4(right,left,upper,lower)\",\"precision\":\"big space\",\"hand\":\"preferred\",\"position\":\"standing\",\"grab\":\"no\",\"check.shoulder\":\"medium\",\"check.spine\":\"medium\",\"check.position\":\"medium\",\"check.hand\":\"medium\",\"check.elbow\":\"medium\"}', 0, 0, 0, 1),
( 145, 39, '{\"duration\":\"180\",\"position\":\"standing\",\"disposition\":\"medium\",\"speed\":\"medium\",\"size\":\"medium\",\"movement\":\"wide\",\"foot\":\"both\",\"check.shoulder\":\"medium\",\"check.spine\":\"medium\",\"check.position\":\"medium\"}', 1000, 0, 0, 1),
( 145, 40, '{\"duration\":\"180\",\"position\":\"standing\",\"disposition\":\"medium\",\"size\":\"medium\",\"movement\":\"wide\",\"foot\":\"both\",\"speed\":\"medium\",\"check.shoulder\":\"medium\",\"check.spine\":\"medium\",\"check.position\":\"medium\"}', 2000, 0, 0, 1),
( 145, 4, '{\"duration\":\"180\",\"density\":\"medium\",\"proportion\":\"30% bees\",\"position\":\"standing\",\"velocity\":\"medium\",\"grab\":\"no\",\"hand\":\"preferred\",\"check.shoulder\":\"medium\",\"check.spine\":\"medium\",\"check.position\":\"medium\",\"check.hand\":\"medium\",\"check.elbow\":\"medium\"}', 3000, 0, 0, 1),
( 146, 5, '{\"duration\":\"300\",\"numbers\":\"4(right,left,upper,lower)\",\"precision\":\"big space\",\"hand\":\"preferred\",\"position\":\"standing\",\"grab\":\"no\",\"check.shoulder\":\"medium\",\"check.spine\":\"medium\",\"check.position\":\"medium\",\"check.hand\":\"medium\",\"check.elbow\":\"medium\"}', 0, 0, 0, 1),
( 146, 39, '{\"duration\":\"300\",\"position\":\"standing\",\"disposition\":\"medium\",\"speed\":\"medium\",\"size\":\"medium\",\"movement\":\"wide\",\"foot\":\"both\",\"check.shoulder\":\"medium\",\"check.spine\":\"medium\",\"check.position\":\"medium\"}', 1000, 0, 0, 1),
( 146, 40, '{\"duration\":\"300\",\"position\":\"standing\",\"disposition\":\"medium\",\"size\":\"medium\",\"movement\":\"wide\",\"foot\":\"both\",\"speed\":\"medium\",\"check.shoulder\":\"medium\",\"check.spine\":\"medium\",\"check.position\":\"medium\"}', 2000, 0, 0, 1),
( 146, 4, '{\"duration\":\"300\",\"density\":\"medium\",\"proportion\":\"30% bees\",\"position\":\"standing\",\"velocity\":\"medium\",\"grab\":\"no\",\"hand\":\"preferred\",\"check.shoulder\":\"medium\",\"check.spine\":\"medium\",\"check.position\":\"medium\",\"check.hand\":\"medium\",\"check.elbow\":\"medium\"}', 3000, 0, 0, 1),
( 147, 4, '{\"duration\":\"60\",\"density\":\"medium\",\"proportion\":\"30% bees\",\"position\":\"standing\",\"velocity\":\"medium\",\"grab\":\"no\",\"hand\":\"preferred\",\"check.shoulder\":\"medium\",\"check.spine\":\"medium\",\"check.position\":\"medium\",\"check.hand\":\"medium\",\"check.elbow\":\"medium\"}', 0, 0, 0, 1),
( 147, 39, '{\"duration\":\"60\",\"position\":\"standing\",\"disposition\":\"medium\",\"speed\":\"medium\",\"size\":\"medium\",\"movement\":\"wide\",\"foot\":\"both\",\"check.shoulder\":\"medium\",\"check.spine\":\"medium\",\"check.position\":\"medium\"}', 1000, 0, 0, 1),
( 147, 42, '{\"duration\":\"60\",\"speed\":\"normal\",\"density\":\"medium\",\"position\":\"squatting\",\"check.shoulder\":\"medium\",\"check.spine\":\"medium\"}', 2000, 0, 0, 1),
( 147, 5, '{\"duration\":\"60\",\"numbers\":\"4(right,left,upper,lower)\",\"precision\":\"big space\",\"hand\":\"preferred\",\"position\":\"standing\",\"grab\":\"no\",\"check.shoulder\":\"medium\",\"check.spine\":\"medium\",\"check.position\":\"medium\",\"check.hand\":\"medium\",\"check.elbow\":\"medium\"}', 3000, 0, 0, 1),
( 147, 37, '{\"duration\":\"60\",\"position\":\"standing\",\"layers\":\"two\",\"types\":\"medium\",\"size\":\"medium\",\"gravity\":\"moon\",\"tilt\":\"yes\",\"check.shoulder\":\"medium\",\"check.position\":\"medium\"}', 4000, 0, 0, 1),
( 147, 18, '{\"duration\":\"60\",\"velocity\":\"medium\",\"density\":\"medium\",\"position\":\"standing\",\"distractors\":\"10%\",\"season\":\"random\",\"rotation\":\"none\",\"hand\":\"preferred\",\"check.shoulder\":\"medium\",\"check.spine\":\"medium\",\"check.position\":\"medium\",\"check.hand\":\"medium\",\"check.elbow\":\"medium\"}', 5000, 0, 0, 1),
( 148, 4, '{\"duration\":\"180\",\"density\":\"medium\",\"proportion\":\"30% bees\",\"position\":\"standing\",\"velocity\":\"medium\",\"grab\":\"no\",\"hand\":\"preferred\",\"check.shoulder\":\"medium\",\"check.spine\":\"medium\",\"check.position\":\"medium\",\"check.hand\":\"medium\",\"check.elbow\":\"medium\"}', 0, 0, 0, 1),
( 148, 39, '{\"duration\":\"180\",\"position\":\"standing\",\"disposition\":\"medium\",\"speed\":\"medium\",\"size\":\"medium\",\"movement\":\"wide\",\"foot\":\"both\",\"check.shoulder\":\"medium\",\"check.spine\":\"medium\",\"check.position\":\"medium\"}', 1000, 0, 0, 1),
( 148, 42, '{\"duration\":\"180\",\"speed\":\"normal\",\"density\":\"medium\",\"position\":\"squatting\",\"check.shoulder\":\"medium\",\"check.spine\":\"medium\"}', 2000, 0, 0, 1),
( 148, 5, '{\"duration\":\"180\",\"numbers\":\"4(right,left,upper,lower)\",\"precision\":\"big space\",\"hand\":\"preferred\",\"position\":\"standing\",\"grab\":\"no\",\"check.shoulder\":\"medium\",\"check.spine\":\"medium\",\"check.position\":\"medium\",\"check.hand\":\"medium\",\"check.elbow\":\"medium\"}', 3000, 0, 0, 1),
( 148, 37, '{\"duration\":\"180\",\"position\":\"standing\",\"layers\":\"two\",\"types\":\"medium\",\"size\":\"medium\",\"gravity\":\"moon\",\"tilt\":\"yes\",\"check.shoulder\":\"medium\",\"check.position\":\"medium\"}', 4000, 0, 0, 1),
( 148, 18, '{\"duration\":\"180\",\"velocity\":\"medium\",\"density\":\"medium\",\"position\":\"standing\",\"distractors\":\"10%\",\"season\":\"random\",\"rotation\":\"none\",\"hand\":\"preferred\",\"check.shoulder\":\"medium\",\"check.spine\":\"medium\",\"check.position\":\"medium\",\"check.hand\":\"medium\",\"check.elbow\":\"medium\"}', 5000, 0, 0, 1),
( 149, 4, '{\"duration\":\"300\",\"density\":\"medium\",\"proportion\":\"30% bees\",\"position\":\"standing\",\"velocity\":\"medium\",\"grab\":\"no\",\"hand\":\"preferred\",\"check.shoulder\":\"medium\",\"check.spine\":\"medium\",\"check.position\":\"medium\",\"check.hand\":\"medium\",\"check.elbow\":\"medium\"}', 0, 0, 0, 1),
( 149, 39, '{\"duration\":\"300\",\"position\":\"standing\",\"disposition\":\"medium\",\"speed\":\"medium\",\"size\":\"medium\",\"movement\":\"wide\",\"foot\":\"both\",\"check.shoulder\":\"medium\",\"check.spine\":\"medium\",\"check.position\":\"medium\"}', 1000, 0, 0, 1),
( 149, 42, '{\"duration\":\"300\",\"speed\":\"normal\",\"density\":\"medium\",\"position\":\"squatting\",\"check.shoulder\":\"medium\",\"check.spine\":\"medium\"}', 2000, 0, 0, 1),
( 149, 5, '{\"duration\":\"300\",\"numbers\":\"4(right,left,upper,lower)\",\"precision\":\"big space\",\"hand\":\"preferred\",\"position\":\"standing\",\"grab\":\"no\",\"check.shoulder\":\"medium\",\"check.spine\":\"medium\",\"check.position\":\"medium\",\"check.hand\":\"medium\",\"check.elbow\":\"medium\"}', 3000, 0, 0, 1),
( 149, 37, '{\"duration\":\"300\",\"position\":\"standing\",\"layers\":\"two\",\"types\":\"medium\",\"size\":\"medium\",\"gravity\":\"moon\",\"tilt\":\"yes\",\"check.shoulder\":\"medium\",\"check.position\":\"medium\"}', 4000, 0, 0, 1),
( 149, 18, '{\"duration\":\"300\",\"velocity\":\"medium\",\"density\":\"medium\",\"position\":\"standing\",\"distractors\":\"10%\",\"season\":\"random\",\"rotation\":\"none\",\"hand\":\"preferred\",\"check.shoulder\":\"medium\",\"check.spine\":\"medium\",\"check.position\":\"medium\",\"check.hand\":\"medium\",\"check.elbow\":\"medium\"}', 5000, 0, 0, 1);

INSERT INTO `ima_plan_game` ( `Plan_ID`, `Game_ID`, `Parameters`, `Plan_Order`, `Level`, `Sequence`, `Active`) VALUES
(160, 10, '{\"duration\":\"300\",\"delta\":\"big\",\"hand\":\"preferred\",\"position\":\"standing\",\"grab\":\"no\",\"colors\":\"3\",\"shapes\":\"3\",\"direction\":\"ltr\",\"check.shoulder\":\"medium\",\"check.spine\":\"medium\",\"check.position\":\"medium\",\"check.hand\":\"medium\",\"check.elbow\":\"medium\"}', 0, 0, 0, 1),
(160, 40, '{\"duration\":\"300\",\"position\":\"standing\",\"disposition\":\"medium\",\"size\":\"medium\",\"movement\":\"wide\",\"foot\":\"both\",\"speed\":\"medium\",\"check.shoulder\":\"medium\",\"check.spine\":\"medium\",\"check.position\":\"medium\"}', 1000, 0, 0, 1),
(160, 19, '{\"duration\":\"300\",\"hand\":\"preferred\",\"position\":\"standing\",\"grab\":\"no\",\"complexity\":\"medium\",\"direction\":\"left-right\",\"check.shoulder\":\"medium\",\"check.spine\":\"medium\",\"check.position\":\"medium\",\"check.hand\":\"medium\",\"check.elbow\":\"medium\"}', 2000, 0, 0, 1),
(160, 36, '{\"duration\":\"300\",\"position\":\"standing\",\"shelves\":\"medium\",\"quantity\":\"medium\",\"size\":\"medium\",\"speed\":\"medium\",\"tilt\":\"yes\",\"check.shoulder\":\"medium\",\"check.position\":\"medium\"}', 3000, 0, 0, 1),
(161, 10, '{\"duration\":\"60\",\"delta\":\"big\",\"hand\":\"preferred\",\"position\":\"standing\",\"grab\":\"no\",\"colors\":\"3\",\"shapes\":\"3\",\"direction\":\"ltr\",\"check.shoulder\":\"medium\",\"check.spine\":\"medium\",\"check.position\":\"medium\",\"check.hand\":\"medium\",\"check.elbow\":\"medium\"}', 0, 0, 0, 1),
(161, 40, '{\"duration\":\"60\",\"position\":\"standing\",\"disposition\":\"medium\",\"size\":\"medium\",\"movement\":\"wide\",\"foot\":\"both\",\"speed\":\"medium\",\"check.shoulder\":\"medium\",\"check.spine\":\"medium\",\"check.position\":\"medium\"}', 1000, 0, 0, 1),
(161, 19, '{\"duration\":\"60\",\"hand\":\"preferred\",\"position\":\"standing\",\"grab\":\"no\",\"complexity\":\"medium\",\"direction\":\"left-right\",\"check.shoulder\":\"medium\",\"check.spine\":\"medium\",\"check.position\":\"medium\",\"check.hand\":\"medium\",\"check.elbow\":\"medium\"}', 2000, 0, 0, 1),
(161, 36, '{\"duration\":\"60\",\"position\":\"standing\",\"shelves\":\"medium\",\"quantity\":\"medium\",\"size\":\"medium\",\"speed\":\"medium\",\"tilt\":\"yes\",\"check.shoulder\":\"medium\",\"check.position\":\"medium\"}', 3000, 0, 0, 1),
(162, 10, '{\"duration\":\"180\",\"delta\":\"big\",\"hand\":\"preferred\",\"position\":\"standing\",\"grab\":\"no\",\"colors\":\"3\",\"shapes\":\"3\",\"direction\":\"ltr\",\"check.shoulder\":\"medium\",\"check.spine\":\"medium\",\"check.position\":\"medium\",\"check.hand\":\"medium\",\"check.elbow\":\"medium\"}', 0, 0, 0, 1),
(162, 40, '{\"duration\":\"180\",\"position\":\"standing\",\"disposition\":\"medium\",\"size\":\"medium\",\"movement\":\"wide\",\"foot\":\"both\",\"speed\":\"medium\",\"check.shoulder\":\"medium\",\"check.spine\":\"medium\",\"check.position\":\"medium\"}', 1000, 0, 0, 1),
(162, 19, '{\"duration\":\"180\",\"hand\":\"preferred\",\"position\":\"standing\",\"grab\":\"no\",\"complexity\":\"medium\",\"direction\":\"left-right\",\"check.shoulder\":\"medium\",\"check.spine\":\"medium\",\"check.position\":\"medium\",\"check.hand\":\"medium\",\"check.elbow\":\"medium\"}', 2000, 0, 0, 1),
(162, 36, '{\"duration\":\"180\",\"position\":\"standing\",\"shelves\":\"medium\",\"quantity\":\"medium\",\"size\":\"medium\",\"speed\":\"medium\",\"tilt\":\"yes\",\"check.shoulder\":\"medium\",\"check.position\":\"medium\"}', 3000, 0, 0, 1),
(163, 3, '{\"duration\":\"300\",\"velocity\":\"medium\",\"density\":\"medium\",\"proportion\":\"30% bees\",\"position\":\"standing\",\"grab\":\"no\",\"hand\":\"preferred\",\"check.shoulder\":\"medium\",\"check.spine\":\"medium\",\"check.position\":\"medium\",\"check.hand\":\"medium\",\"check.elbow\":\"medium\"}', 0, 0, 0, 1),
(163, 42, '{\"duration\":\"300\",\"speed\":\"normal\",\"density\":\"medium\",\"position\":\"squatting\",\"check.shoulder\":\"medium\",\"check.spine\":\"medium\"}', 1000, 0, 0, 1),
(163, 20, '{\"duration\":\"300\",\"hand\":\"preferred\",\"position\":\"standing\",\"grab\":\"no\",\"density\":\"medium\",\"velocity\":\"medium\",\"size\":\"medium\",\"proportion\":\"30%\",\"check.shoulder\":\"medium\",\"check.spine\":\"medium\",\"check.position\":\"medium\",\"check.hand\":\"medium\",\"check.elbow\":\"medium\"}', 2000, 0, 0, 1),
(163, 18, '{\"duration\":\"300\",\"velocity\":\"medium\",\"density\":\"medium\",\"position\":\"standing\",\"distractors\":\"10%\",\"season\":\"random\",\"rotation\":\"none\",\"hand\":\"preferred\",\"check.shoulder\":\"medium\",\"check.spine\":\"medium\",\"check.position\":\"medium\",\"check.hand\":\"medium\",\"check.elbow\":\"medium\"}', 3000, 0, 0, 1),
(164, 3, '{\"duration\":\"180\",\"velocity\":\"medium\",\"density\":\"medium\",\"proportion\":\"30% bees\",\"position\":\"standing\",\"grab\":\"no\",\"hand\":\"preferred\",\"check.shoulder\":\"medium\",\"check.spine\":\"medium\",\"check.position\":\"medium\",\"check.hand\":\"medium\",\"check.elbow\":\"medium\"}', 0, 0, 0, 1),
(164, 42, '{\"duration\":\"180\",\"speed\":\"normal\",\"density\":\"medium\",\"position\":\"squatting\",\"check.shoulder\":\"medium\",\"check.spine\":\"medium\"}', 1000, 0, 0, 1),
(164, 20, '{\"duration\":\"180\",\"hand\":\"preferred\",\"position\":\"standing\",\"grab\":\"no\",\"density\":\"medium\",\"velocity\":\"medium\",\"size\":\"medium\",\"proportion\":\"30%\",\"check.shoulder\":\"medium\",\"check.spine\":\"medium\",\"check.position\":\"medium\",\"check.hand\":\"medium\",\"check.elbow\":\"medium\"}', 2000, 0, 0, 1),
(164, 18, '{\"duration\":\"180\",\"velocity\":\"medium\",\"density\":\"medium\",\"position\":\"standing\",\"distractors\":\"10%\",\"season\":\"random\",\"rotation\":\"none\",\"hand\":\"preferred\",\"check.shoulder\":\"medium\",\"check.spine\":\"medium\",\"check.position\":\"medium\",\"check.hand\":\"medium\",\"check.elbow\":\"medium\"}', 3000, 0, 0, 1),
(165, 3, '{\"duration\":\"60\",\"velocity\":\"medium\",\"density\":\"medium\",\"proportion\":\"30% bees\",\"position\":\"standing\",\"grab\":\"no\",\"hand\":\"preferred\",\"check.shoulder\":\"medium\",\"check.spine\":\"medium\",\"check.position\":\"medium\",\"check.hand\":\"medium\",\"check.elbow\":\"medium\"}', 0, 0, 0, 1),
(165, 42, '{\"duration\":\"60\",\"speed\":\"normal\",\"density\":\"medium\",\"position\":\"squatting\",\"check.shoulder\":\"medium\",\"check.spine\":\"medium\"}', 1000, 0, 0, 1),
(165, 20, '{\"duration\":\"60\",\"hand\":\"preferred\",\"position\":\"standing\",\"grab\":\"no\",\"density\":\"medium\",\"velocity\":\"medium\",\"size\":\"medium\",\"proportion\":\"30%\",\"check.shoulder\":\"medium\",\"check.spine\":\"medium\",\"check.position\":\"medium\",\"check.hand\":\"medium\",\"check.elbow\":\"medium\"}', 2000, 0, 0, 1),
(165, 18, '{\"duration\":\"60\",\"velocity\":\"medium\",\"density\":\"medium\",\"position\":\"standing\",\"distractors\":\"10%\",\"season\":\"random\",\"rotation\":\"none\",\"hand\":\"preferred\",\"check.shoulder\":\"medium\",\"check.spine\":\"medium\",\"check.position\":\"medium\",\"check.hand\":\"medium\",\"check.elbow\":\"medium\"}', 3000, 0, 0, 1),
(166, 40, '{\"duration\":\"60\",\"position\":\"standing\",\"disposition\":\"medium\",\"size\":\"medium\",\"movement\":\"wide\",\"foot\":\"both\",\"speed\":\"medium\",\"check.shoulder\":\"medium\",\"check.spine\":\"medium\",\"check.position\":\"medium\"}', 0, 0, 0, 1),
(166, 42, '{\"duration\":\"60\",\"speed\":\"normal\",\"density\":\"medium\",\"position\":\"squatting\",\"check.shoulder\":\"medium\",\"check.spine\":\"medium\"}', 1000, 0, 0, 1),
(166, 37, '{\"duration\":\"60\",\"position\":\"standing\",\"layers\":\"two\",\"types\":\"medium\",\"size\":\"medium\",\"gravity\":\"moon\",\"tilt\":\"yes\",\"check.shoulder\":\"medium\",\"check.position\":\"medium\"}', 2000, 0, 0, 1),
(166, 36, '{\"duration\":\"60\",\"position\":\"standing\",\"shelves\":\"medium\",\"quantity\":\"medium\",\"size\":\"medium\",\"speed\":\"medium\",\"tilt\":\"yes\",\"check.shoulder\":\"medium\",\"check.position\":\"medium\"}', 3000, 0, 0, 1),
(167, 40, '{\"duration\":\"180\",\"position\":\"standing\",\"disposition\":\"medium\",\"size\":\"medium\",\"movement\":\"wide\",\"foot\":\"both\",\"speed\":\"medium\",\"check.shoulder\":\"medium\",\"check.spine\":\"medium\",\"check.position\":\"medium\"}', 0, 0, 0, 1),
(167, 42, '{\"duration\":\"180\",\"speed\":\"normal\",\"density\":\"medium\",\"position\":\"squatting\",\"check.shoulder\":\"medium\",\"check.spine\":\"medium\"}', 1000, 0, 0, 1),
(167, 37, '{\"duration\":\"180\",\"position\":\"standing\",\"layers\":\"two\",\"types\":\"medium\",\"size\":\"medium\",\"gravity\":\"moon\",\"tilt\":\"yes\",\"check.shoulder\":\"medium\",\"check.position\":\"medium\"}', 2000, 0, 0, 1),
(167, 36, '{\"duration\":\"180\",\"position\":\"standing\",\"shelves\":\"medium\",\"quantity\":\"medium\",\"size\":\"medium\",\"speed\":\"medium\",\"tilt\":\"yes\",\"check.shoulder\":\"medium\",\"check.position\":\"medium\"}', 3000, 0, 0, 1),
(168, 40, '{\"duration\":\"300\",\"position\":\"standing\",\"disposition\":\"medium\",\"size\":\"medium\",\"movement\":\"wide\",\"foot\":\"both\",\"speed\":\"medium\",\"check.shoulder\":\"medium\",\"check.spine\":\"medium\",\"check.position\":\"medium\"}', 0, 0, 0, 1),
(168, 42, '{\"duration\":\"300\",\"speed\":\"normal\",\"density\":\"medium\",\"position\":\"squatting\",\"check.shoulder\":\"medium\",\"check.spine\":\"medium\"}', 1000, 0, 0, 1),
(168, 37, '{\"duration\":\"300\",\"position\":\"standing\",\"layers\":\"two\",\"types\":\"medium\",\"size\":\"medium\",\"gravity\":\"moon\",\"tilt\":\"yes\",\"check.shoulder\":\"medium\",\"check.position\":\"medium\"}', 2000, 0, 0, 1),
(168, 36, '{\"duration\":\"300\",\"position\":\"standing\",\"shelves\":\"medium\",\"quantity\":\"medium\",\"size\":\"medium\",\"speed\":\"medium\",\"tilt\":\"yes\",\"check.shoulder\":\"medium\",\"check.position\":\"medium\"}', 3000, 0, 0, 1),
(169, 10, '{\"duration\":\"60\",\"delta\":\"big\",\"hand\":\"preferred\",\"position\":\"standing\",\"grab\":\"no\",\"colors\":\"3\",\"shapes\":\"3\",\"direction\":\"ltr\",\"check.shoulder\":\"medium\",\"check.spine\":\"medium\",\"check.position\":\"medium\",\"check.hand\":\"medium\",\"check.elbow\":\"medium\"}', 0, 0, 0, 1),
(169, 37, '{\"duration\":\"60\",\"position\":\"standing\",\"layers\":\"two\",\"types\":\"medium\",\"size\":\"medium\",\"gravity\":\"moon\",\"tilt\":\"yes\",\"check.shoulder\":\"medium\",\"check.position\":\"medium\"}', 1000, 0, 0, 1),
(169, 36, '{\"duration\":\"60\",\"position\":\"standing\",\"shelves\":\"medium\",\"quantity\":\"medium\",\"size\":\"medium\",\"speed\":\"medium\",\"tilt\":\"yes\",\"check.shoulder\":\"medium\",\"check.position\":\"medium\"}', 2000, 0, 0, 1),
(129, 20, '{\"duration\":\"60\",\"hand\":\"preferred\",\"position\":\"standing\",\"grab\":\"no\",\"density\":\"medium\",\"velocity\":\"medium\",\"size\":\"medium\",\"proportion\":\"30%\",\"check.shoulder\":\"medium\",\"check.spine\":\"medium\",\"check.position\":\"medium\",\"check.hand\":\"medium\",\"check.elbow\":\"medium\"}', 3000, 0, 0, 1),
(170, 10, '{\"duration\":\"180\",\"delta\":\"big\",\"hand\":\"preferred\",\"position\":\"standing\",\"grab\":\"no\",\"colors\":\"3\",\"shapes\":\"3\",\"direction\":\"ltr\",\"check.shoulder\":\"medium\",\"check.spine\":\"medium\",\"check.position\":\"medium\",\"check.hand\":\"medium\",\"check.elbow\":\"medium\"}', 0, 0, 0, 1),
(170, 37, '{\"duration\":\"180\",\"position\":\"standing\",\"layers\":\"two\",\"types\":\"medium\",\"size\":\"medium\",\"gravity\":\"moon\",\"tilt\":\"yes\",\"check.shoulder\":\"medium\",\"check.position\":\"medium\"}', 1000, 0, 0, 1),
(170, 36, '{\"duration\":\"180\",\"position\":\"standing\",\"shelves\":\"medium\",\"quantity\":\"medium\",\"size\":\"medium\",\"speed\":\"medium\",\"tilt\":\"yes\",\"check.shoulder\":\"medium\",\"check.position\":\"medium\"}', 2000, 0, 0, 1),
(170, 20, '{\"duration\":\"180\",\"hand\":\"preferred\",\"position\":\"standing\",\"grab\":\"no\",\"density\":\"medium\",\"velocity\":\"medium\",\"size\":\"medium\",\"proportion\":\"30%\",\"check.shoulder\":\"medium\",\"check.spine\":\"medium\",\"check.position\":\"medium\",\"check.hand\":\"medium\",\"check.elbow\":\"medium\"}', 3000, 0, 0, 1),
(171, 10, '{\"duration\":\"300\",\"delta\":\"big\",\"hand\":\"preferred\",\"position\":\"standing\",\"grab\":\"no\",\"colors\":\"3\",\"shapes\":\"3\",\"direction\":\"ltr\",\"check.shoulder\":\"medium\",\"check.spine\":\"medium\",\"check.position\":\"medium\",\"check.hand\":\"medium\",\"check.elbow\":\"medium\"}', 0, 0, 0, 1),
(171, 37, '{\"duration\":\"300\",\"position\":\"standing\",\"layers\":\"two\",\"types\":\"medium\",\"size\":\"medium\",\"gravity\":\"moon\",\"tilt\":\"yes\",\"check.shoulder\":\"medium\",\"check.position\":\"medium\"}', 1000, 0, 0, 1),
(171, 36, '{\"duration\":\"300\",\"position\":\"standing\",\"shelves\":\"medium\",\"quantity\":\"medium\",\"size\":\"medium\",\"speed\":\"medium\",\"tilt\":\"yes\",\"check.shoulder\":\"medium\",\"check.position\":\"medium\"}', 2000, 0, 0, 1),
(171, 20, '{\"duration\":\"300\",\"hand\":\"preferred\",\"position\":\"standing\",\"grab\":\"no\",\"density\":\"medium\",\"velocity\":\"medium\",\"size\":\"medium\",\"proportion\":\"30%\",\"check.shoulder\":\"medium\",\"check.spine\":\"medium\",\"check.position\":\"medium\",\"check.hand\":\"medium\",\"check.elbow\":\"medium\"}', 3000, 0, 0, 1),
(172, 8, '{\"duration\":\"60\",\"distribution\":\"all\",\"size\":\"medium\",\"velocity\":\"medium\",\"proportion\":\"30% engines\",\"hand\":\"preferred\",\"position\":\"standing\",\"density\":\"medium\",\"check.shoulder\":\"medium\",\"check.spine\":\"medium\",\"check.position\":\"medium\",\"check.hand\":\"medium\"}', 0, 0, 0, 1),
(172, 10, '{\"duration\":\"60\",\"delta\":\"big\",\"hand\":\"preferred\",\"position\":\"standing\",\"grab\":\"no\",\"colors\":\"3\",\"shapes\":\"3\",\"direction\":\"ltr\",\"check.shoulder\":\"medium\",\"check.spine\":\"medium\",\"check.position\":\"medium\",\"check.hand\":\"medium\",\"check.elbow\":\"medium\"}', 1000, 0, 0, 1),
(172, 19, '{\"duration\":\"60\",\"hand\":\"preferred\",\"position\":\"standing\",\"grab\":\"no\",\"complexity\":\"medium\",\"direction\":\"left-right\",\"check.shoulder\":\"medium\",\"check.spine\":\"medium\",\"check.position\":\"medium\",\"check.hand\":\"medium\",\"check.elbow\":\"medium\"}', 2000, 0, 0, 1),
(172, 40, '{\"duration\":\"60\",\"position\":\"standing\",\"disposition\":\"medium\",\"size\":\"medium\",\"movement\":\"wide\",\"foot\":\"both\",\"speed\":\"medium\",\"check.shoulder\":\"medium\",\"check.spine\":\"medium\",\"check.position\":\"medium\"}', 3000, 0, 0, 1),
(172, 39, '{\"duration\":\"60\",\"position\":\"standing\",\"disposition\":\"medium\",\"speed\":\"medium\",\"size\":\"medium\",\"movement\":\"wide\",\"foot\":\"both\",\"check.shoulder\":\"medium\",\"check.spine\":\"medium\",\"check.position\":\"medium\"}', 4000, 0, 0, 1),
(173, 8, '{\"duration\":\"180\",\"distribution\":\"all\",\"size\":\"medium\",\"velocity\":\"medium\",\"proportion\":\"30% engines\",\"hand\":\"preferred\",\"position\":\"standing\",\"density\":\"medium\",\"check.shoulder\":\"medium\",\"check.spine\":\"medium\",\"check.position\":\"medium\",\"check.hand\":\"medium\"}', 0, 0, 0, 1),
(173, 10, '{\"duration\":\"180\",\"delta\":\"big\",\"hand\":\"preferred\",\"position\":\"standing\",\"grab\":\"no\",\"colors\":\"3\",\"shapes\":\"3\",\"direction\":\"ltr\",\"check.shoulder\":\"medium\",\"check.spine\":\"medium\",\"check.position\":\"medium\",\"check.hand\":\"medium\",\"check.elbow\":\"medium\"}', 1000, 0, 0, 1),
(173, 19, '{\"duration\":\"180\",\"hand\":\"preferred\",\"position\":\"standing\",\"grab\":\"no\",\"complexity\":\"medium\",\"direction\":\"left-right\",\"check.shoulder\":\"medium\",\"check.spine\":\"medium\",\"check.position\":\"medium\",\"check.hand\":\"medium\",\"check.elbow\":\"medium\"}', 2000, 0, 0, 1),
(173, 40, '{\"duration\":\"180\",\"position\":\"standing\",\"disposition\":\"medium\",\"size\":\"medium\",\"movement\":\"wide\",\"foot\":\"both\",\"speed\":\"medium\",\"check.shoulder\":\"medium\",\"check.spine\":\"medium\",\"check.position\":\"medium\"}', 3000, 0, 0, 1),
(173, 39, '{\"duration\":\"180\",\"position\":\"standing\",\"disposition\":\"medium\",\"speed\":\"medium\",\"size\":\"medium\",\"movement\":\"wide\",\"foot\":\"both\",\"check.shoulder\":\"medium\",\"check.spine\":\"medium\",\"check.position\":\"medium\"}', 4000, 0, 0, 1),
(174, 8, '{\"duration\":\"300\",\"distribution\":\"all\",\"size\":\"medium\",\"velocity\":\"medium\",\"proportion\":\"30% engines\",\"hand\":\"preferred\",\"position\":\"standing\",\"density\":\"medium\",\"check.shoulder\":\"medium\",\"check.spine\":\"medium\",\"check.position\":\"medium\",\"check.hand\":\"medium\"}', 0, 0, 0, 1),
(174, 10, '{\"duration\":\"300\",\"delta\":\"big\",\"hand\":\"preferred\",\"position\":\"standing\",\"grab\":\"no\",\"colors\":\"3\",\"shapes\":\"3\",\"direction\":\"ltr\",\"check.shoulder\":\"medium\",\"check.spine\":\"medium\",\"check.position\":\"medium\",\"check.hand\":\"medium\",\"check.elbow\":\"medium\"}', 1000, 0, 0, 1),
(174, 19, '{\"duration\":\"300\",\"hand\":\"preferred\",\"position\":\"standing\",\"grab\":\"no\",\"complexity\":\"medium\",\"direction\":\"left-right\",\"check.shoulder\":\"medium\",\"check.spine\":\"medium\",\"check.position\":\"medium\",\"check.hand\":\"medium\",\"check.elbow\":\"medium\"}', 2000, 0, 0, 1),
(174, 40, '{\"duration\":\"300\",\"position\":\"standing\",\"disposition\":\"medium\",\"size\":\"medium\",\"movement\":\"wide\",\"foot\":\"both\",\"speed\":\"medium\",\"check.shoulder\":\"medium\",\"check.spine\":\"medium\",\"check.position\":\"medium\"}', 3000, 0, 0, 1),
(174, 39, '{\"duration\":\"300\",\"position\":\"standing\",\"disposition\":\"medium\",\"speed\":\"medium\",\"size\":\"medium\",\"movement\":\"wide\",\"foot\":\"both\",\"check.shoulder\":\"medium\",\"check.spine\":\"medium\",\"check.position\":\"medium\"}', 4000, 0, 0, 1),
(175, 3, '{\"duration\":\"60\",\"velocity\":\"medium\",\"density\":\"medium\",\"proportion\":\"30% bees\",\"position\":\"standing\",\"grab\":\"no\",\"hand\":\"preferred\",\"check.shoulder\":\"medium\",\"check.spine\":\"medium\",\"check.position\":\"medium\",\"check.hand\":\"medium\",\"check.elbow\":\"medium\"}', 0, 0, 0, 1),
(175, 42, '{\"duration\":\"60\",\"speed\":\"normal\",\"density\":\"medium\",\"position\":\"squatting\",\"check.shoulder\":\"medium\",\"check.spine\":\"medium\"}', 1000, 0, 0, 1),
(175, 5, '{\"duration\":\"60\",\"numbers\":\"4(right,left,upper,lower)\",\"precision\":\"big space\",\"hand\":\"preferred\",\"position\":\"standing\",\"grab\":\"no\",\"check.shoulder\":\"medium\",\"check.spine\":\"medium\",\"check.position\":\"medium\",\"check.hand\":\"medium\",\"check.elbow\":\"medium\"}', 2000, 0, 0, 1),
(175, 4, '{\"duration\":\"60\",\"density\":\"medium\",\"proportion\":\"30% bees\",\"position\":\"standing\",\"velocity\":\"medium\",\"grab\":\"no\",\"hand\":\"preferred\",\"check.shoulder\":\"medium\",\"check.spine\":\"medium\",\"check.position\":\"medium\",\"check.hand\":\"medium\",\"check.elbow\":\"medium\"}', 3000, 0, 0, 1),
(176, 3, '{\"duration\":\"180\",\"velocity\":\"medium\",\"density\":\"medium\",\"proportion\":\"30% bees\",\"position\":\"standing\",\"grab\":\"no\",\"hand\":\"preferred\",\"check.shoulder\":\"medium\",\"check.spine\":\"medium\",\"check.position\":\"medium\",\"check.hand\":\"medium\",\"check.elbow\":\"medium\"}', 0, 0, 0, 1),
(176, 42, '{\"duration\":\"180\",\"speed\":\"normal\",\"density\":\"medium\",\"position\":\"squatting\",\"check.shoulder\":\"medium\",\"check.spine\":\"medium\"}', 1000, 0, 0, 1),
(176, 5, '{\"duration\":\"180\",\"numbers\":\"4(right,left,upper,lower)\",\"precision\":\"big space\",\"hand\":\"preferred\",\"position\":\"standing\",\"grab\":\"no\",\"check.shoulder\":\"medium\",\"check.spine\":\"medium\",\"check.position\":\"medium\",\"check.hand\":\"medium\",\"check.elbow\":\"medium\"}', 2000, 0, 0, 1),
(176, 4, '{\"duration\":\"180\",\"density\":\"medium\",\"proportion\":\"30% bees\",\"position\":\"standing\",\"velocity\":\"medium\",\"grab\":\"no\",\"hand\":\"preferred\",\"check.shoulder\":\"medium\",\"check.spine\":\"medium\",\"check.position\":\"medium\",\"check.hand\":\"medium\",\"check.elbow\":\"medium\"}', 3000, 0, 0, 1),
(177, 3, '{\"duration\":\"300\",\"velocity\":\"medium\",\"density\":\"medium\",\"proportion\":\"30% bees\",\"position\":\"standing\",\"grab\":\"no\",\"hand\":\"preferred\",\"check.shoulder\":\"medium\",\"check.spine\":\"medium\",\"check.position\":\"medium\",\"check.hand\":\"medium\",\"check.elbow\":\"medium\"}', 0, 0, 0, 1),
(177, 42, '{\"duration\":\"300\",\"speed\":\"normal\",\"density\":\"medium\",\"position\":\"squatting\",\"check.shoulder\":\"medium\",\"check.spine\":\"medium\"}', 1000, 0, 0, 1),
(177, 5, '{\"duration\":\"300\",\"numbers\":\"4(right,left,upper,lower)\",\"precision\":\"big space\",\"hand\":\"preferred\",\"position\":\"standing\",\"grab\":\"no\",\"check.shoulder\":\"medium\",\"check.spine\":\"medium\",\"check.position\":\"medium\",\"check.hand\":\"medium\",\"check.elbow\":\"medium\"}', 2000, 0, 0, 1),
(177, 4, '{\"duration\":\"300\",\"density\":\"medium\",\"proportion\":\"30% bees\",\"position\":\"standing\",\"velocity\":\"medium\",\"grab\":\"no\",\"hand\":\"preferred\",\"check.shoulder\":\"medium\",\"check.spine\":\"medium\",\"check.position\":\"medium\",\"check.hand\":\"medium\",\"check.elbow\":\"medium\"}', 3000, 0, 0, 1),
(178, 18, '{\"duration\":\"60\",\"velocity\":\"medium\",\"density\":\"medium\",\"position\":\"standing\",\"distractors\":\"10%\",\"season\":\"random\",\"rotation\":\"none\",\"hand\":\"preferred\",\"check.shoulder\":\"medium\",\"check.spine\":\"medium\",\"check.position\":\"medium\",\"check.hand\":\"medium\",\"check.elbow\":\"medium\"}', 0, 0, 0, 1),
(178, 36, '{\"duration\":\"60\",\"position\":\"standing\",\"shelves\":\"medium\",\"quantity\":\"medium\",\"size\":\"medium\",\"speed\":\"medium\",\"tilt\":\"yes\",\"check.shoulder\":\"medium\",\"check.position\":\"medium\"}', 1000, 0, 0, 1),
(178, 37, '{\"duration\":\"60\",\"position\":\"standing\",\"layers\":\"two\",\"types\":\"medium\",\"size\":\"medium\",\"gravity\":\"moon\",\"tilt\":\"yes\",\"check.shoulder\":\"medium\",\"check.position\":\"medium\"}', 2000, 0, 0, 1),
(178, 40, '{\"duration\":\"60\",\"position\":\"standing\",\"disposition\":\"medium\",\"size\":\"medium\",\"movement\":\"wide\",\"foot\":\"both\",\"speed\":\"medium\",\"check.shoulder\":\"medium\",\"check.spine\":\"medium\",\"check.position\":\"medium\"}', 3000, 0, 0, 1),
(178, 8, '{\"duration\":\"60\",\"distribution\":\"all\",\"size\":\"medium\",\"velocity\":\"medium\",\"proportion\":\"30% engines\",\"hand\":\"preferred\",\"position\":\"standing\",\"density\":\"medium\",\"check.shoulder\":\"medium\",\"check.spine\":\"medium\",\"check.position\":\"medium\",\"check.hand\":\"medium\"}', 4000, 0, 0, 1),
(178, 4, '{\"duration\":\"60\",\"density\":\"medium\",\"proportion\":\"30% bees\",\"position\":\"standing\",\"velocity\":\"medium\",\"grab\":\"no\",\"hand\":\"preferred\",\"check.shoulder\":\"medium\",\"check.spine\":\"medium\",\"check.position\":\"medium\",\"check.hand\":\"medium\",\"check.elbow\":\"medium\"}', 5000, 0, 0, 1),
(179, 18, '{\"duration\":\"180\",\"velocity\":\"medium\",\"density\":\"medium\",\"position\":\"standing\",\"distractors\":\"10%\",\"season\":\"random\",\"rotation\":\"none\",\"hand\":\"preferred\",\"check.shoulder\":\"medium\",\"check.spine\":\"medium\",\"check.position\":\"medium\",\"check.hand\":\"medium\",\"check.elbow\":\"medium\"}', 0, 0, 0, 1),
(179, 36, '{\"duration\":\"180\",\"position\":\"standing\",\"shelves\":\"medium\",\"quantity\":\"medium\",\"size\":\"medium\",\"speed\":\"medium\",\"tilt\":\"yes\",\"check.shoulder\":\"medium\",\"check.position\":\"medium\"}', 1000, 0, 0, 1),
(179, 37, '{\"duration\":\"180\",\"position\":\"standing\",\"layers\":\"two\",\"types\":\"medium\",\"size\":\"medium\",\"gravity\":\"moon\",\"tilt\":\"yes\",\"check.shoulder\":\"medium\",\"check.position\":\"medium\"}', 2000, 0, 0, 1),
(179, 40, '{\"duration\":\"180\",\"position\":\"standing\",\"disposition\":\"medium\",\"size\":\"medium\",\"movement\":\"wide\",\"foot\":\"both\",\"speed\":\"medium\",\"check.shoulder\":\"medium\",\"check.spine\":\"medium\",\"check.position\":\"medium\"}', 3000, 0, 0, 1),
(179, 8, '{\"duration\":\"180\",\"distribution\":\"all\",\"size\":\"medium\",\"velocity\":\"medium\",\"proportion\":\"30% engines\",\"hand\":\"preferred\",\"position\":\"standing\",\"density\":\"medium\",\"check.shoulder\":\"medium\",\"check.spine\":\"medium\",\"check.position\":\"medium\",\"check.hand\":\"medium\"}', 4000, 0, 0, 1),
(179, 4, '{\"duration\":\"180\",\"density\":\"medium\",\"proportion\":\"30% bees\",\"position\":\"standing\",\"velocity\":\"medium\",\"grab\":\"no\",\"hand\":\"preferred\",\"check.shoulder\":\"medium\",\"check.spine\":\"medium\",\"check.position\":\"medium\",\"check.hand\":\"medium\",\"check.elbow\":\"medium\"}', 5000, 0, 0, 1),
(180, 18, '{\"duration\":\"300\",\"velocity\":\"medium\",\"density\":\"medium\",\"position\":\"standing\",\"distractors\":\"10%\",\"season\":\"random\",\"rotation\":\"none\",\"hand\":\"preferred\",\"check.shoulder\":\"medium\",\"check.spine\":\"medium\",\"check.position\":\"medium\",\"check.hand\":\"medium\",\"check.elbow\":\"medium\"}', 0, 0, 0, 1),
(180, 36, '{\"duration\":\"300\",\"position\":\"standing\",\"shelves\":\"medium\",\"quantity\":\"medium\",\"size\":\"medium\",\"speed\":\"medium\",\"tilt\":\"yes\",\"check.shoulder\":\"medium\",\"check.position\":\"medium\"}', 1000, 0, 0, 1),
(180, 37, '{\"duration\":\"300\",\"position\":\"standing\",\"layers\":\"two\",\"types\":\"medium\",\"size\":\"medium\",\"gravity\":\"moon\",\"tilt\":\"yes\",\"check.shoulder\":\"medium\",\"check.position\":\"medium\"}', 2000, 0, 0, 1),
(180, 40, '{\"duration\":\"300\",\"position\":\"standing\",\"disposition\":\"medium\",\"size\":\"medium\",\"movement\":\"wide\",\"foot\":\"both\",\"speed\":\"medium\",\"check.shoulder\":\"medium\",\"check.spine\":\"medium\",\"check.position\":\"medium\"}', 3000, 0, 0, 1),
(180, 8, '{\"duration\":\"300\",\"distribution\":\"all\",\"size\":\"medium\",\"velocity\":\"medium\",\"proportion\":\"30% engines\",\"hand\":\"preferred\",\"position\":\"standing\",\"density\":\"medium\",\"check.shoulder\":\"medium\",\"check.spine\":\"medium\",\"check.position\":\"medium\",\"check.hand\":\"medium\"}', 4000, 0, 0, 1),
(180, 4, '{\"duration\":\"300\",\"density\":\"medium\",\"proportion\":\"30% bees\",\"position\":\"standing\",\"velocity\":\"medium\",\"grab\":\"no\",\"hand\":\"preferred\",\"check.shoulder\":\"medium\",\"check.spine\":\"medium\",\"check.position\":\"medium\",\"check.hand\":\"medium\",\"check.elbow\":\"medium\"}', 5000, 0, 0, 1),
(181, 5, '{\"duration\":\"60\",\"numbers\":\"4(right,left,upper,lower)\",\"precision\":\"big space\",\"hand\":\"preferred\",\"position\":\"standing\",\"grab\":\"no\",\"check.shoulder\":\"medium\",\"check.spine\":\"medium\",\"check.position\":\"medium\",\"check.hand\":\"medium\",\"check.elbow\":\"medium\"}', 0, 0, 0, 1),
(181, 20, '{\"duration\":\"60\",\"hand\":\"preferred\",\"position\":\"standing\",\"grab\":\"no\",\"density\":\"medium\",\"velocity\":\"medium\",\"size\":\"medium\",\"proportion\":\"30%\",\"check.shoulder\":\"medium\",\"check.spine\":\"medium\",\"check.position\":\"medium\",\"check.hand\":\"medium\",\"check.elbow\":\"medium\"}', 1000, 0, 0, 1),
(181, 19, '{\"duration\":\"60\",\"hand\":\"preferred\",\"position\":\"standing\",\"grab\":\"no\",\"complexity\":\"medium\",\"direction\":\"left-right\",\"check.shoulder\":\"medium\",\"check.spine\":\"medium\",\"check.position\":\"medium\",\"check.hand\":\"medium\",\"check.elbow\":\"medium\"}', 2000, 0, 0, 1),
(181, 10, '{\"duration\":\"60\",\"delta\":\"big\",\"hand\":\"preferred\",\"position\":\"standing\",\"grab\":\"no\",\"colors\":\"3\",\"shapes\":\"3\",\"direction\":\"ltr\",\"check.shoulder\":\"medium\",\"check.spine\":\"medium\",\"check.position\":\"medium\",\"check.hand\":\"medium\",\"check.elbow\":\"medium\"}', 3000, 0, 0, 1),
(181, 4, '{\"duration\":\"60\",\"density\":\"medium\",\"proportion\":\"30% bees\",\"position\":\"standing\",\"velocity\":\"medium\",\"grab\":\"no\",\"hand\":\"preferred\",\"check.shoulder\":\"medium\",\"check.spine\":\"medium\",\"check.position\":\"medium\",\"check.hand\":\"medium\",\"check.elbow\":\"medium\"}', 4000, 0, 0, 1),
(181, 3, '{\"duration\":\"60\",\"velocity\":\"medium\",\"density\":\"medium\",\"proportion\":\"30% bees\",\"position\":\"standing\",\"grab\":\"no\",\"hand\":\"preferred\",\"check.shoulder\":\"medium\",\"check.spine\":\"medium\",\"check.position\":\"medium\",\"check.hand\":\"medium\",\"check.elbow\":\"medium\"}', 5000, 0, 0, 1),
(182, 5, '{\"duration\":\"180\",\"numbers\":\"4(right,left,upper,lower)\",\"precision\":\"big space\",\"hand\":\"preferred\",\"position\":\"standing\",\"grab\":\"no\",\"check.shoulder\":\"medium\",\"check.spine\":\"medium\",\"check.position\":\"medium\",\"check.hand\":\"medium\",\"check.elbow\":\"medium\"}', 0, 0, 0, 1),
(182, 20, '{\"duration\":\"180\",\"hand\":\"preferred\",\"position\":\"standing\",\"grab\":\"no\",\"density\":\"medium\",\"velocity\":\"medium\",\"size\":\"medium\",\"proportion\":\"30%\",\"check.shoulder\":\"medium\",\"check.spine\":\"medium\",\"check.position\":\"medium\",\"check.hand\":\"medium\",\"check.elbow\":\"medium\"}', 1000, 0, 0, 1),
(182, 19, '{\"duration\":\"180\",\"hand\":\"preferred\",\"position\":\"standing\",\"grab\":\"no\",\"complexity\":\"medium\",\"direction\":\"left-right\",\"check.shoulder\":\"medium\",\"check.spine\":\"medium\",\"check.position\":\"medium\",\"check.hand\":\"medium\",\"check.elbow\":\"medium\"}', 2000, 0, 0, 1),
(182, 10, '{\"duration\":\"180\",\"delta\":\"big\",\"hand\":\"preferred\",\"position\":\"standing\",\"grab\":\"no\",\"colors\":\"3\",\"shapes\":\"3\",\"direction\":\"ltr\",\"check.shoulder\":\"medium\",\"check.spine\":\"medium\",\"check.position\":\"medium\",\"check.hand\":\"medium\",\"check.elbow\":\"medium\"}', 3000, 0, 0, 1),
(182, 4, '{\"duration\":\"180\",\"density\":\"medium\",\"proportion\":\"30% bees\",\"position\":\"standing\",\"velocity\":\"medium\",\"grab\":\"no\",\"hand\":\"preferred\",\"check.shoulder\":\"medium\",\"check.spine\":\"medium\",\"check.position\":\"medium\",\"check.hand\":\"medium\",\"check.elbow\":\"medium\"}', 4000, 0, 0, 1),
(182, 3, '{\"duration\":\"180\",\"velocity\":\"medium\",\"density\":\"medium\",\"proportion\":\"30% bees\",\"position\":\"standing\",\"grab\":\"no\",\"hand\":\"preferred\",\"check.shoulder\":\"medium\",\"check.spine\":\"medium\",\"check.position\":\"medium\",\"check.hand\":\"medium\",\"check.elbow\":\"medium\"}', 5000, 0, 0, 1),
(183, 5, '{\"duration\":\"300\",\"numbers\":\"4(right,left,upper,lower)\",\"precision\":\"big space\",\"hand\":\"preferred\",\"position\":\"standing\",\"grab\":\"no\",\"check.shoulder\":\"medium\",\"check.spine\":\"medium\",\"check.position\":\"medium\",\"check.hand\":\"medium\",\"check.elbow\":\"medium\"}', 0, 0, 0, 1),
(183, 20, '{\"duration\":\"300\",\"hand\":\"preferred\",\"position\":\"standing\",\"grab\":\"no\",\"density\":\"medium\",\"velocity\":\"medium\",\"size\":\"medium\",\"proportion\":\"30%\",\"check.shoulder\":\"medium\",\"check.spine\":\"medium\",\"check.position\":\"medium\",\"check.hand\":\"medium\",\"check.elbow\":\"medium\"}', 1000, 0, 0, 1),
(183, 19, '{\"duration\":\"300\",\"hand\":\"preferred\",\"position\":\"standing\",\"grab\":\"no\",\"complexity\":\"medium\",\"direction\":\"left-right\",\"check.shoulder\":\"medium\",\"check.spine\":\"medium\",\"check.position\":\"medium\",\"check.hand\":\"medium\",\"check.elbow\":\"medium\"}', 2000, 0, 0, 1),
(183, 10, '{\"duration\":\"300\",\"delta\":\"big\",\"hand\":\"preferred\",\"position\":\"standing\",\"grab\":\"no\",\"colors\":\"3\",\"shapes\":\"3\",\"direction\":\"ltr\",\"check.shoulder\":\"medium\",\"check.spine\":\"medium\",\"check.position\":\"medium\",\"check.hand\":\"medium\",\"check.elbow\":\"medium\"}', 3000, 0, 0, 1),
(183, 4, '{\"duration\":\"300\",\"density\":\"medium\",\"proportion\":\"30% bees\",\"position\":\"standing\",\"velocity\":\"medium\",\"grab\":\"no\",\"hand\":\"preferred\",\"check.shoulder\":\"medium\",\"check.spine\":\"medium\",\"check.position\":\"medium\",\"check.hand\":\"medium\",\"check.elbow\":\"medium\"}', 4000, 0, 0, 1),
(183, 3, '{\"duration\":\"300\",\"velocity\":\"medium\",\"density\":\"medium\",\"proportion\":\"30% bees\",\"position\":\"standing\",\"grab\":\"no\",\"hand\":\"preferred\",\"check.shoulder\":\"medium\",\"check.spine\":\"medium\",\"check.position\":\"medium\",\"check.hand\":\"medium\",\"check.elbow\":\"medium\"}', 5000, 0, 0, 1),
(184, 5, '{\"duration\":\"60\",\"numbers\":\"4(right,left,upper,lower)\",\"precision\":\"big space\",\"hand\":\"preferred\",\"position\":\"standing\",\"grab\":\"no\",\"check.shoulder\":\"medium\",\"check.spine\":\"medium\",\"check.position\":\"medium\",\"check.hand\":\"medium\",\"check.elbow\":\"medium\"}', 0, 0, 0, 1),
(184, 39, '{\"duration\":\"60\",\"position\":\"standing\",\"disposition\":\"medium\",\"speed\":\"medium\",\"size\":\"medium\",\"movement\":\"wide\",\"foot\":\"both\",\"check.shoulder\":\"medium\",\"check.spine\":\"medium\",\"check.position\":\"medium\"}', 1000, 0, 0, 1),
(184, 40, '{\"duration\":\"60\",\"position\":\"standing\",\"disposition\":\"medium\",\"size\":\"medium\",\"movement\":\"wide\",\"foot\":\"both\",\"speed\":\"medium\",\"check.shoulder\":\"medium\",\"check.spine\":\"medium\",\"check.position\":\"medium\"}', 2000, 0, 0, 1),
(184, 4, '{\"duration\":\"60\",\"density\":\"medium\",\"proportion\":\"30% bees\",\"position\":\"standing\",\"velocity\":\"medium\",\"grab\":\"no\",\"hand\":\"preferred\",\"check.shoulder\":\"medium\",\"check.spine\":\"medium\",\"check.position\":\"medium\",\"check.hand\":\"medium\",\"check.elbow\":\"medium\"}', 3000, 0, 0, 1),
(185, 5, '{\"duration\":\"180\",\"numbers\":\"4(right,left,upper,lower)\",\"precision\":\"big space\",\"hand\":\"preferred\",\"position\":\"standing\",\"grab\":\"no\",\"check.shoulder\":\"medium\",\"check.spine\":\"medium\",\"check.position\":\"medium\",\"check.hand\":\"medium\",\"check.elbow\":\"medium\"}', 0, 0, 0, 1),
(185, 39, '{\"duration\":\"180\",\"position\":\"standing\",\"disposition\":\"medium\",\"speed\":\"medium\",\"size\":\"medium\",\"movement\":\"wide\",\"foot\":\"both\",\"check.shoulder\":\"medium\",\"check.spine\":\"medium\",\"check.position\":\"medium\"}', 1000, 0, 0, 1),
(185, 40, '{\"duration\":\"180\",\"position\":\"standing\",\"disposition\":\"medium\",\"size\":\"medium\",\"movement\":\"wide\",\"foot\":\"both\",\"speed\":\"medium\",\"check.shoulder\":\"medium\",\"check.spine\":\"medium\",\"check.position\":\"medium\"}', 2000, 0, 0, 1),
(185, 4, '{\"duration\":\"180\",\"density\":\"medium\",\"proportion\":\"30% bees\",\"position\":\"standing\",\"velocity\":\"medium\",\"grab\":\"no\",\"hand\":\"preferred\",\"check.shoulder\":\"medium\",\"check.spine\":\"medium\",\"check.position\":\"medium\",\"check.hand\":\"medium\",\"check.elbow\":\"medium\"}', 3000, 0, 0, 1),
(186, 5, '{\"duration\":\"300\",\"numbers\":\"4(right,left,upper,lower)\",\"precision\":\"big space\",\"hand\":\"preferred\",\"position\":\"standing\",\"grab\":\"no\",\"check.shoulder\":\"medium\",\"check.spine\":\"medium\",\"check.position\":\"medium\",\"check.hand\":\"medium\",\"check.elbow\":\"medium\"}', 0, 0, 0, 1),
(186, 39, '{\"duration\":\"300\",\"position\":\"standing\",\"disposition\":\"medium\",\"speed\":\"medium\",\"size\":\"medium\",\"movement\":\"wide\",\"foot\":\"both\",\"check.shoulder\":\"medium\",\"check.spine\":\"medium\",\"check.position\":\"medium\"}', 1000, 0, 0, 1),
(186, 40, '{\"duration\":\"300\",\"position\":\"standing\",\"disposition\":\"medium\",\"size\":\"medium\",\"movement\":\"wide\",\"foot\":\"both\",\"speed\":\"medium\",\"check.shoulder\":\"medium\",\"check.spine\":\"medium\",\"check.position\":\"medium\"}', 2000, 0, 0, 1),
(186, 4, '{\"duration\":\"300\",\"density\":\"medium\",\"proportion\":\"30% bees\",\"position\":\"standing\",\"velocity\":\"medium\",\"grab\":\"no\",\"hand\":\"preferred\",\"check.shoulder\":\"medium\",\"check.spine\":\"medium\",\"check.position\":\"medium\",\"check.hand\":\"medium\",\"check.elbow\":\"medium\"}', 3000, 0, 0, 1),
(187, 4, '{\"duration\":\"60\",\"density\":\"medium\",\"proportion\":\"30% bees\",\"position\":\"standing\",\"velocity\":\"medium\",\"grab\":\"no\",\"hand\":\"preferred\",\"check.shoulder\":\"medium\",\"check.spine\":\"medium\",\"check.position\":\"medium\",\"check.hand\":\"medium\",\"check.elbow\":\"medium\"}', 0, 0, 0, 1),
(187, 39, '{\"duration\":\"60\",\"position\":\"standing\",\"disposition\":\"medium\",\"speed\":\"medium\",\"size\":\"medium\",\"movement\":\"wide\",\"foot\":\"both\",\"check.shoulder\":\"medium\",\"check.spine\":\"medium\",\"check.position\":\"medium\"}', 1000, 0, 0, 1),
(187, 42, '{\"duration\":\"60\",\"speed\":\"normal\",\"density\":\"medium\",\"position\":\"squatting\",\"check.shoulder\":\"medium\",\"check.spine\":\"medium\"}', 2000, 0, 0, 1),
(187, 5, '{\"duration\":\"60\",\"numbers\":\"4(right,left,upper,lower)\",\"precision\":\"big space\",\"hand\":\"preferred\",\"position\":\"standing\",\"grab\":\"no\",\"check.shoulder\":\"medium\",\"check.spine\":\"medium\",\"check.position\":\"medium\",\"check.hand\":\"medium\",\"check.elbow\":\"medium\"}', 3000, 0, 0, 1),
(187, 37, '{\"duration\":\"60\",\"position\":\"standing\",\"layers\":\"two\",\"types\":\"medium\",\"size\":\"medium\",\"gravity\":\"moon\",\"tilt\":\"yes\",\"check.shoulder\":\"medium\",\"check.position\":\"medium\"}', 4000, 0, 0, 1),
(187, 18, '{\"duration\":\"60\",\"velocity\":\"medium\",\"density\":\"medium\",\"position\":\"standing\",\"distractors\":\"10%\",\"season\":\"random\",\"rotation\":\"none\",\"hand\":\"preferred\",\"check.shoulder\":\"medium\",\"check.spine\":\"medium\",\"check.position\":\"medium\",\"check.hand\":\"medium\",\"check.elbow\":\"medium\"}', 5000, 0, 0, 1),
(188, 4, '{\"duration\":\"180\",\"density\":\"medium\",\"proportion\":\"30% bees\",\"position\":\"standing\",\"velocity\":\"medium\",\"grab\":\"no\",\"hand\":\"preferred\",\"check.shoulder\":\"medium\",\"check.spine\":\"medium\",\"check.position\":\"medium\",\"check.hand\":\"medium\",\"check.elbow\":\"medium\"}', 0, 0, 0, 1),
(188, 39, '{\"duration\":\"180\",\"position\":\"standing\",\"disposition\":\"medium\",\"speed\":\"medium\",\"size\":\"medium\",\"movement\":\"wide\",\"foot\":\"both\",\"check.shoulder\":\"medium\",\"check.spine\":\"medium\",\"check.position\":\"medium\"}', 1000, 0, 0, 1),
(188, 42, '{\"duration\":\"180\",\"speed\":\"normal\",\"density\":\"medium\",\"position\":\"squatting\",\"check.shoulder\":\"medium\",\"check.spine\":\"medium\"}', 2000, 0, 0, 1),
(188, 5, '{\"duration\":\"180\",\"numbers\":\"4(right,left,upper,lower)\",\"precision\":\"big space\",\"hand\":\"preferred\",\"position\":\"standing\",\"grab\":\"no\",\"check.shoulder\":\"medium\",\"check.spine\":\"medium\",\"check.position\":\"medium\",\"check.hand\":\"medium\",\"check.elbow\":\"medium\"}', 3000, 0, 0, 1),
(188, 37, '{\"duration\":\"180\",\"position\":\"standing\",\"layers\":\"two\",\"types\":\"medium\",\"size\":\"medium\",\"gravity\":\"moon\",\"tilt\":\"yes\",\"check.shoulder\":\"medium\",\"check.position\":\"medium\"}', 4000, 0, 0, 1),
(188, 18, '{\"duration\":\"180\",\"velocity\":\"medium\",\"density\":\"medium\",\"position\":\"standing\",\"distractors\":\"10%\",\"season\":\"random\",\"rotation\":\"none\",\"hand\":\"preferred\",\"check.shoulder\":\"medium\",\"check.spine\":\"medium\",\"check.position\":\"medium\",\"check.hand\":\"medium\",\"check.elbow\":\"medium\"}', 5000, 0, 0, 1),
(189, 4, '{\"duration\":\"300\",\"density\":\"medium\",\"proportion\":\"30% bees\",\"position\":\"standing\",\"velocity\":\"medium\",\"grab\":\"no\",\"hand\":\"preferred\",\"check.shoulder\":\"medium\",\"check.spine\":\"medium\",\"check.position\":\"medium\",\"check.hand\":\"medium\",\"check.elbow\":\"medium\"}', 0, 0, 0, 1),
(189, 39, '{\"duration\":\"300\",\"position\":\"standing\",\"disposition\":\"medium\",\"speed\":\"medium\",\"size\":\"medium\",\"movement\":\"wide\",\"foot\":\"both\",\"check.shoulder\":\"medium\",\"check.spine\":\"medium\",\"check.position\":\"medium\"}', 1000, 0, 0, 1),
(189, 42, '{\"duration\":\"300\",\"speed\":\"normal\",\"density\":\"medium\",\"position\":\"squatting\",\"check.shoulder\":\"medium\",\"check.spine\":\"medium\"}', 2000, 0, 0, 1),
(189, 5, '{\"duration\":\"300\",\"numbers\":\"4(right,left,upper,lower)\",\"precision\":\"big space\",\"hand\":\"preferred\",\"position\":\"standing\",\"grab\":\"no\",\"check.shoulder\":\"medium\",\"check.spine\":\"medium\",\"check.position\":\"medium\",\"check.hand\":\"medium\",\"check.elbow\":\"medium\"}', 3000, 0, 0, 1),
(189, 37, '{\"duration\":\"300\",\"position\":\"standing\",\"layers\":\"two\",\"types\":\"medium\",\"size\":\"medium\",\"gravity\":\"moon\",\"tilt\":\"yes\",\"check.shoulder\":\"medium\",\"check.position\":\"medium\"}', 4000, 0, 0, 1),
(189, 18, '{\"duration\":\"300\",\"velocity\":\"medium\",\"density\":\"medium\",\"position\":\"standing\",\"distractors\":\"10%\",\"season\":\"random\",\"rotation\":\"none\",\"hand\":\"preferred\",\"check.shoulder\":\"medium\",\"check.spine\":\"medium\",\"check.position\":\"medium\",\"check.hand\":\"medium\",\"check.elbow\":\"medium\"}', 5000, 0, 0, 1);

--
-- Dump dei dati per la tabella `ima_plan_option`
--

INSERT INTO `ima_plan_option` (`Plan_ID`, `Option_Key`, `Option_Value`, `Active`) VALUES
(120, 'calibrate', '{\"period\":\"2\",\"unit\":\"week\"}', 1),
(120, 'order', '\"fixed\"', 1),
(120, 'smoothness', '\"high\"', 1),
(121, 'calibrate', '{\"period\":\"2\",\"unit\":\"week\"}', 1),
(121, 'order', '\"fixed\"', 1),
(121, 'smoothness', '\"high\"', 1),
(122, 'calibrate', '{\"period\":\"2\",\"unit\":\"week\"}', 1),
(122, 'order', '\"fixed\"', 1),
(122, 'smoothness', '\"high\"', 1),
(123, 'calibrate', '{\"period\":\"2\",\"unit\":\"week\"}', 1),
(123, 'order', '\"fixed\"', 1),
(123, 'smoothness', '\"high\"', 1),
(124, 'calibrate', '{\"period\":\"2\",\"unit\":\"week\"}', 1),
(124, 'order', '\"fixed\"', 1),
(124, 'smoothness', '\"high\"', 1),
(125, 'calibrate', '{\"period\":\"2\",\"unit\":\"week\"}', 1),
(125, 'order', '\"fixed\"', 1),
(125, 'smoothness', '\"high\"', 1),
(126, 'calibrate', '{\"period\":\"2\",\"unit\":\"week\"}', 1),
(126, 'order', '\"fixed\"', 1),
(126, 'smoothness', '\"high\"', 1),
(127, 'calibrate', '{\"period\":\"2\",\"unit\":\"week\"}', 1),
(127, 'order', '\"fixed\"', 1),
(127, 'smoothness', '\"high\"', 1),
(128, 'calibrate', '{\"period\":\"2\",\"unit\":\"week\"}', 1),
(128, 'order', '\"fixed\"', 1),
(128, 'smoothness', '\"high\"', 1),
(129, 'calibrate', '{\"period\":\"2\",\"unit\":\"week\"}', 1),
(129, 'order', '\"fixed\"', 1),
(129, 'smoothness', '\"high\"', 1),
(130, 'calibrate', '{\"period\":\"2\",\"unit\":\"week\"}', 1),
(130, 'order', '\"fixed\"', 1),
(130, 'smoothness', '\"high\"', 1),
(131, 'calibrate', '{\"period\":\"2\",\"unit\":\"week\"}', 1),
(131, 'order', '\"fixed\"', 1),
(131, 'smoothness', '\"high\"', 1),
(132, 'calibrate', '{\"period\":\"2\",\"unit\":\"week\"}', 1),
(132, 'order', '\"fixed\"', 1),
(132, 'smoothness', '\"high\"', 1),
(133, 'calibrate', '{\"period\":\"2\",\"unit\":\"week\"}', 1),
(133, 'order', '\"fixed\"', 1),
(133, 'smoothness', '\"high\"', 1),
(134, 'calibrate', '{\"period\":\"2\",\"unit\":\"week\"}', 1),
(134, 'order', '\"fixed\"', 1),
(134, 'smoothness', '\"high\"', 1),
(135, 'calibrate', '{\"period\":\"2\",\"unit\":\"week\"}', 1),
(135, 'order', '\"fixed\"', 1),
(135, 'smoothness', '\"high\"', 1),
(136, 'calibrate', '{\"period\":\"2\",\"unit\":\"week\"}', 1),
(136, 'order', '\"fixed\"', 1),
(136, 'smoothness', '\"high\"', 1),
(137, 'calibrate', '{\"period\":\"2\",\"unit\":\"week\"}', 1),
(137, 'order', '\"fixed\"', 1),
(137, 'smoothness', '\"high\"', 1),
(138, 'calibrate', '{\"period\":\"2\",\"unit\":\"week\"}', 1),
(138, 'order', '\"fixed\"', 1),
(138, 'smoothness', '\"high\"', 1),
(139, 'calibrate', '{\"period\":\"2\",\"unit\":\"week\"}', 1),
(139, 'order', '\"fixed\"', 1),
(139, 'smoothness', '\"high\"', 1),
(140, 'calibrate', '{\"period\":\"2\",\"unit\":\"week\"}', 1),
(140, 'order', '\"fixed\"', 1),
(140, 'smoothness', '\"high\"', 1),
(141, 'calibrate', '{\"period\":\"2\",\"unit\":\"week\"}', 1),
(141, 'order', '\"fixed\"', 1),
(141, 'smoothness', '\"high\"', 1),
(142, 'calibrate', '{\"period\":\"2\",\"unit\":\"week\"}', 1),
(142, 'order', '\"fixed\"', 1),
(142, 'smoothness', '\"high\"', 1),
(143, 'calibrate', '{\"period\":\"2\",\"unit\":\"week\"}', 1),
(143, 'order', '\"fixed\"', 1),
(143, 'smoothness', '\"high\"', 1),
(144, 'calibrate', '{\"period\":\"2\",\"unit\":\"week\"}', 1),
(144, 'order', '\"fixed\"', 1),
(144, 'smoothness', '\"high\"', 1),
(145, 'calibrate', '{\"period\":\"2\",\"unit\":\"week\"}', 1),
(145, 'order', '\"fixed\"', 1),
(145, 'smoothness', '\"high\"', 1),
(146, 'calibrate', '{\"period\":\"2\",\"unit\":\"week\"}', 1),
(146, 'order', '\"fixed\"', 1),
(146, 'smoothness', '\"high\"', 1),
(147, 'calibrate', '{\"period\":\"2\",\"unit\":\"week\"}', 1),
(147, 'order', '\"fixed\"', 1),
(147, 'smoothness', '\"high\"', 1),
(148, 'calibrate', '{\"period\":\"2\",\"unit\":\"week\"}', 1),
(148, 'order', '\"fixed\"', 1),
(148, 'smoothness', '\"high\"', 1),
(149, 'calibrate', '{\"period\":\"2\",\"unit\":\"week\"}', 1),
(149, 'order', '\"fixed\"', 1),
(149, 'smoothness', '\"high\"', 1);

INSERT INTO `ima_plan_option` (`Plan_ID`, `Option_Key`, `Option_Value`, `Active`) VALUES
(160, 'calibrate', '{\"period\":\"2\",\"unit\":\"week\"}', 1),
(160, 'order', '\"fixed\"', 1),
(160, 'smoothness', '\"high\"', 1),
(161, 'calibrate', '{\"period\":\"2\",\"unit\":\"week\"}', 1),
(161, 'order', '\"fixed\"', 1),
(161, 'smoothness', '\"high\"', 1),
(162, 'calibrate', '{\"period\":\"2\",\"unit\":\"week\"}', 1),
(162, 'order', '\"fixed\"', 1),
(162, 'smoothness', '\"high\"', 1),
(163, 'calibrate', '{\"period\":\"2\",\"unit\":\"week\"}', 1),
(163, 'order', '\"fixed\"', 1),
(163, 'smoothness', '\"high\"', 1),
(164, 'calibrate', '{\"period\":\"2\",\"unit\":\"week\"}', 1),
(164, 'order', '\"fixed\"', 1),
(164, 'smoothness', '\"high\"', 1),
(165, 'calibrate', '{\"period\":\"2\",\"unit\":\"week\"}', 1),
(165, 'order', '\"fixed\"', 1),
(165, 'smoothness', '\"high\"', 1),
(166, 'calibrate', '{\"period\":\"2\",\"unit\":\"week\"}', 1),
(166, 'order', '\"fixed\"', 1),
(166, 'smoothness', '\"high\"', 1),
(167, 'calibrate', '{\"period\":\"2\",\"unit\":\"week\"}', 1),
(167, 'order', '\"fixed\"', 1),
(167, 'smoothness', '\"high\"', 1),
(168, 'calibrate', '{\"period\":\"2\",\"unit\":\"week\"}', 1),
(168, 'order', '\"fixed\"', 1),
(168, 'smoothness', '\"high\"', 1),
(169, 'calibrate', '{\"period\":\"2\",\"unit\":\"week\"}', 1),
(169, 'order', '\"fixed\"', 1),
(169, 'smoothness', '\"high\"', 1),
(170, 'calibrate', '{\"period\":\"2\",\"unit\":\"week\"}', 1),
(170, 'order', '\"fixed\"', 1),
(170, 'smoothness', '\"high\"', 1),
(171, 'calibrate', '{\"period\":\"2\",\"unit\":\"week\"}', 1),
(171, 'order', '\"fixed\"', 1),
(171, 'smoothness', '\"high\"', 1),
(172, 'calibrate', '{\"period\":\"2\",\"unit\":\"week\"}', 1),
(172, 'order', '\"fixed\"', 1),
(172, 'smoothness', '\"high\"', 1),
(173, 'calibrate', '{\"period\":\"2\",\"unit\":\"week\"}', 1),
(173, 'order', '\"fixed\"', 1),
(173, 'smoothness', '\"high\"', 1),
(174, 'calibrate', '{\"period\":\"2\",\"unit\":\"week\"}', 1),
(174, 'order', '\"fixed\"', 1),
(174, 'smoothness', '\"high\"', 1),
(175, 'calibrate', '{\"period\":\"2\",\"unit\":\"week\"}', 1),
(175, 'order', '\"fixed\"', 1),
(175, 'smoothness', '\"high\"', 1),
(176, 'calibrate', '{\"period\":\"2\",\"unit\":\"week\"}', 1),
(176, 'order', '\"fixed\"', 1),
(176, 'smoothness', '\"high\"', 1),
(177, 'calibrate', '{\"period\":\"2\",\"unit\":\"week\"}', 1),
(177, 'order', '\"fixed\"', 1),
(177, 'smoothness', '\"high\"', 1),
(178, 'calibrate', '{\"period\":\"2\",\"unit\":\"week\"}', 1),
(178, 'order', '\"fixed\"', 1),
(178, 'smoothness', '\"high\"', 1),
(179, 'calibrate', '{\"period\":\"2\",\"unit\":\"week\"}', 1),
(179, 'order', '\"fixed\"', 1),
(179, 'smoothness', '\"high\"', 1),
(180, 'calibrate', '{\"period\":\"2\",\"unit\":\"week\"}', 1),
(180, 'order', '\"fixed\"', 1),
(180, 'smoothness', '\"high\"', 1),
(181, 'calibrate', '{\"period\":\"2\",\"unit\":\"week\"}', 1),
(181, 'order', '\"fixed\"', 1),
(181, 'smoothness', '\"high\"', 1),
(182, 'calibrate', '{\"period\":\"2\",\"unit\":\"week\"}', 1),
(182, 'order', '\"fixed\"', 1),
(182, 'smoothness', '\"high\"', 1),
(183, 'calibrate', '{\"period\":\"2\",\"unit\":\"week\"}', 1),
(183, 'order', '\"fixed\"', 1),
(183, 'smoothness', '\"high\"', 1),
(184, 'calibrate', '{\"period\":\"2\",\"unit\":\"week\"}', 1),
(184, 'order', '\"fixed\"', 1),
(184, 'smoothness', '\"high\"', 1),
(185, 'calibrate', '{\"period\":\"2\",\"unit\":\"week\"}', 1),
(185, 'order', '\"fixed\"', 1),
(185, 'smoothness', '\"high\"', 1),
(186, 'calibrate', '{\"period\":\"2\",\"unit\":\"week\"}', 1),
(186, 'order', '\"fixed\"', 1),
(186, 'smoothness', '\"high\"', 1),
(187, 'calibrate', '{\"period\":\"2\",\"unit\":\"week\"}', 1),
(187, 'order', '\"fixed\"', 1),
(187, 'smoothness', '\"high\"', 1),
(188, 'calibrate', '{\"period\":\"2\",\"unit\":\"week\"}', 1),
(188, 'order', '\"fixed\"', 1),
(188, 'smoothness', '\"high\"', 1),
(189, 'calibrate', '{\"period\":\"2\",\"unit\":\"week\"}', 1),
(189, 'order', '\"fixed\"', 1),
(189, 'smoothness', '\"high\"', 1);