-- phpMyAdmin SQL Dump
-- version 4.5.1
-- http://www.phpmyadmin.net
--
-- Host: 127.0.0.1
-- Creato il: Ago 31, 2016 alle 10:52
-- Versione del server: 10.1.10-MariaDB
-- Versione PHP: 5.6.19

SET SQL_MODE = "NO_AUTO_VALUE_ON_ZERO";
SET time_zone = "+00:00";


/*!40101 SET @OLD_CHARACTER_SET_CLIENT=@@CHARACTER_SET_CLIENT */;
/*!40101 SET @OLD_CHARACTER_SET_RESULTS=@@CHARACTER_SET_RESULTS */;
/*!40101 SET @OLD_COLLATION_CONNECTION=@@COLLATION_CONNECTION */;
/*!40101 SET NAMES utf8mb4 */;

--
-- Database: `rehability`
--

--
-- Dump dei dati per la tabella `cb_achievement`
--

INSERT INTO `cb_achievement` (`Id`, `Title`, `Description`, `UniqueRecords`, `Position`, `Checksum`) VALUES
(63, 'Sequence11-Level1', 'Achievement reached when collecting experience in this level in this sequence following progression rules.', 1, 62, NULL),
(64, 'Sequence11-Level2', 'Achievement reached when collecting experience in this level in this sequence following progression rules.', 1, 63, NULL),
(65, 'Sequence11-Level3', 'Achievement reached when collecting experience in this level in this sequence following progression rules.', 1, 64, NULL),
(66, 'Sequence11-Level4', 'Achievement reached when collecting experience in this level in this sequence following progression rules.', 1, 65, NULL),
(67, 'Sequence11-Level5', 'Achievement reached when collecting experience in this level in this sequence following progression rules.', 1, 66, NULL),
(68, 'Sequence12-Level1', 'Achievement reached when collecting experience in this level in this sequence following progression rules.', 1, 67, NULL),
(69, 'Sequence12-Level2', 'Achievement reached when collecting experience in this level in this sequence following progression rules.', 1, 68, NULL),
(70, 'Sequence12-Level6', 'Achievement reached when collecting experience in this level in this sequence following progression rules.', 1, 69, NULL),
(71, 'Sequence12-Level3', 'Achievement reached when collecting experience in this level in this sequence following progression rules.', 1, 70, NULL),
(72, 'Sequence12-Level4', 'Achievement reached when collecting experience in this level in this sequence following progression rules.', 1, 71, NULL),
(73, 'Sequence12-Level7', 'Achievement reached when collecting experience in this level in this sequence following progression rules.', 1, 72, NULL),
(74, 'Sequence12-Level5', 'Achievement reached when collecting experience in this level in this sequence following progression rules.', 1, 73, NULL),
(75, 'Sequence13-Level6', 'Achievement reached when collecting experience in this level in this sequence following progression rules.', 1, 74, NULL),
(76, 'Sequence13-Level7', 'Achievement reached when collecting experience in this level in this sequence following progression rules.', 1, 75, NULL),
(77, 'Sequence13-Level8', 'Achievement reached when collecting experience in this level in this sequence following progression rules.', 1, 76, NULL),
(78, 'Sequence13-Level9', 'Achievement reached when collecting experience in this level in this sequence following progression rules.', 1, 77, NULL),
(79, 'Sequence13-Level10', 'Achievement reached when collecting experience in this level in this sequence following progression rules.', 1, 78, NULL),
(92, 'Sequence16-Level2', 'Achievement reached when collecting experience in this level in this sequence following progression rules.', 1, 91, NULL),
(93, 'Sequence16-Level6', 'Achievement reached when collecting experience in this level in this sequence following progression rules.', 1, 92, NULL),
(94, 'Sequence16-Level3', 'Achievement reached when collecting experience in this level in this sequence following progression rules.', 1, 93, NULL),
(95, 'Sequence16-Level4', 'Achievement reached when collecting experience in this level in this sequence following progression rules.', 1, 94, NULL),
(96, 'Sequence16-Level7', 'Achievement reached when collecting experience in this level in this sequence following progression rules.', 1, 95, NULL),
(97, 'Sequence16-Level1', 'Achievement reached when collecting experience in this level in this sequence following progression rules.', 1, 96, NULL),
(98, 'Sequence16-Level5', 'Achievement reached when collecting experience in this level in this sequence following progression rules.', 1, 97, NULL),
(156, 'Sequence24-Level1', 'Achievement reached when collecting experience in this level in this sequence following progression rules.', 1, 155, NULL),
(157, 'Sequence24-Level2', 'Achievement reached when collecting experience in this level in this sequence following progression rules.', 1, 156, NULL),
(158, 'Sequence24-Level3', 'Achievement reached when collecting experience in this level in this sequence following progression rules.', 1, 157, NULL),
(159, 'Sequence24-Level4', 'Achievement reached when collecting experience in this level in this sequence following progression rules.', 1, 158, NULL),
(160, 'Sequence24-Level5', 'Achievement reached when collecting experience in this level in this sequence following progression rules.', 1, 159, NULL),
(164, 'Sequence25-Level1', 'Achievement reached when collecting experience in this level in this sequence following progression rules.', 1, 164, NULL),
(165, 'Sequence25-Level2', 'Achievement reached when collecting experience in this level in this sequence following progression rules.', 1, 165, NULL),
(166, 'Sequence25-Level3', 'Achievement reached when collecting experience in this level in this sequence following progression rules.', 1, 166, NULL),
(167, 'Sequence25-Level4', 'Achievement reached when collecting experience in this level in this sequence following progression rules.', 1, 167, NULL),
(168, 'Sequence25-Level5', 'Achievement reached when collecting experience in this level in this sequence following progression rules.', 1, 168, NULL),
(169, 'Sequence25-Level6', 'Achievement reached when collecting experience in this level in this sequence following progression rules.', 1, 169, NULL),
(170, 'Sequence25-Level7', 'Achievement reached when collecting experience in this level in this sequence following progression rules.', 1, 170, NULL),
(178, 'Sequence27-Level1', 'Achievement reached when collecting experience in this level in this sequence following progression rules.', 1, 178, NULL),
(179, 'Sequence27-Level2', 'Achievement reached when collecting experience in this level in this sequence following progression rules.', 1, 179, NULL),
(180, 'Sequence27-Level3', 'Achievement reached when collecting experience in this level in this sequence following progression rules.', 1, 180, NULL),
(181, 'Sequence27-Level4', 'Achievement reached when collecting experience in this level in this sequence following progression rules.', 1, 181, NULL),
(182, 'Sequence27-Level5', 'Achievement reached when collecting experience in this level in this sequence following progression rules.', 1, 182, NULL),
(183, 'Sequence27-Level6', 'Achievement reached when collecting experience in this level in this sequence following progression rules.', 1, 183, NULL),
(184, 'Sequence27-Level7', 'Achievement reached when collecting experience in this level in this sequence following progression rules.', 1, 184, NULL),
(185, 'Sequence28-Level1', 'Achievement reached when collecting experience in this level in this sequence following progression rules.', 1, 185, NULL),
(186, 'Sequence28-Level2', 'Achievement reached when collecting experience in this level in this sequence following progression rules.', 1, 186, NULL),
(187, 'Sequence28-Level3', 'Achievement reached when collecting experience in this level in this sequence following progression rules.', 1, 187, NULL),
(188, 'Sequence28-Level4', 'Achievement reached when collecting experience in this level in this sequence following progression rules.', 1, 188, NULL),
(189, 'Sequence28-Level5', 'Achievement reached when collecting experience in this level in this sequence following progression rules.', 1, 189, NULL),
(190, 'Sequence28-Level6', 'Achievement reached when collecting experience in this level in this sequence following progression rules.', 1, 190, NULL),
(191, 'Sequence28-Level7', 'Achievement reached when collecting experience in this level in this sequence following progression rules.', 1, 191, NULL),
(222, 'Sequence35-Level1', 'Achievement reached when collecting experience in this level in this sequence following progression rules.', 1, 222, NULL),
(223, 'Sequence35-Level2', 'Achievement reached when collecting experience in this level in this sequence following progression rules.', 1, 223, NULL),
(224, 'Sequence35-Level3', 'Achievement reached when collecting experience in this level in this sequence following progression rules.', 1, 224, NULL),
(225, 'Sequence35-Level4', 'Achievement reached when collecting experience in this level in this sequence following progression rules.', 1, 225, NULL),
(226, 'Sequence35-Level5', 'Achievement reached when collecting experience in this level in this sequence following progression rules.', 1, 226, NULL),
(227, 'Sequence35-Level6', 'Achievement reached when collecting experience in this level in this sequence following progression rules.', 1, 227, NULL),
(228, 'Sequence35-Level7', 'Achievement reached when collecting experience in this level in this sequence following progression rules.', 1, 228, NULL),
(256, 'Sequence41-Level1', 'Achievement reached when collecting experience in this level in this sequence following progression rules.', 1, 256, NULL),
(257, 'Sequence41-Level2', 'Achievement reached when collecting experience in this level in this sequence following progression rules.', 1, 257, NULL),
(258, 'Sequence41-Level3', 'Achievement reached when collecting experience in this level in this sequence following progression rules.', 1, 258, NULL),
(259, 'Sequence41-Level4', 'Achievement reached when collecting experience in this level in this sequence following progression rules.', 1, 259, NULL),
(260, 'Sequence41-Level5', 'Achievement reached when collecting experience in this level in this sequence following progression rules.', 1, 260, NULL),
(261, 'Sequence42-Level1', 'Achievement reached when collecting experience in this level in this sequence following progression rules.', 1, 261, NULL),
(262, 'Sequence42-Level2', 'Achievement reached when collecting experience in this level in this sequence following progression rules.', 1, 262, NULL),
(263, 'Sequence42-Level3', 'Achievement reached when collecting experience in this level in this sequence following progression rules.', 1, 263, NULL),
(264, 'Sequence42-Level4', 'Achievement reached when collecting experience in this level in this sequence following progression rules.', 1, 264, NULL),
(265, 'Sequence42-Level5', 'Achievement reached when collecting experience in this level in this sequence following progression rules.', 1, 265, NULL),
(266, 'Sequence42-Level6', 'Achievement reached when collecting experience in this level in this sequence following progression rules.', 1, 266, NULL),
(267, 'Sequence42-Level7', 'Achievement reached when collecting experience in this level in this sequence following progression rules.', 1, 267, NULL),
(268, 'Sequence41-Level6', 'Achievement reached when collecting experience in this level in this sequence following progression rules.', 1, 268, NULL),
(269, 'Sequence41-Level7', 'Achievement reached when collecting experience in this level in this sequence following progression rules.', 1, 269, NULL),
(270, 'Sequence43-Level3', 'Achievement reached when collecting experience in this level in this sequence following progression rules.', 1, 270, NULL),
(271, 'Sequence43-Level4', 'Achievement reached when collecting experience in this level in this sequence following progression rules.', 1, 271, NULL),
(272, 'Sequence43-Level5', 'Achievement reached when collecting experience in this level in this sequence following progression rules.', 1, 272, NULL),
(273, 'Sequence44-Level5', 'Achievement reached when collecting experience in this level in this sequence following progression rules.', 1, 273, NULL),
(274, 'Sequence44-Level4', 'Achievement reached when collecting experience in this level in this sequence following progression rules.', 1, 274, NULL),
(275, 'Sequence44-Level3', 'Achievement reached when collecting experience in this level in this sequence following progression rules.', 1, 275, NULL),
(276, 'Sequence44-Level2', 'Achievement reached when collecting experience in this level in this sequence following progression rules.', 1, 276, NULL),
(277, 'Sequence44-Level1', 'Achievement reached when collecting experience in this level in this sequence following progression rules.', 1, 277, NULL),
(278, 'Sequence45-Level1', 'Achievement reached when collecting experience in this level in this sequence following progression rules.', 1, 278, NULL),
(279, 'Sequence45-Level2', 'Achievement reached when collecting experience in this level in this sequence following progression rules.', 1, 279, NULL),
(280, 'Sequence45-Level3', 'Achievement reached when collecting experience in this level in this sequence following progression rules.', 1, 280, NULL),
(281, 'Sequence45-Level4', 'Achievement reached when collecting experience in this level in this sequence following progression rules.', 1, 281, NULL),
(282, 'Sequence45-Level5', 'Achievement reached when collecting experience in this level in this sequence following progression rules.', 1, 282, NULL),
(283, 'Sequence45-Level6', 'Achievement reached when collecting experience in this level in this sequence following progression rules.', 1, 283, NULL),
(284, 'Sequence45-Level7', 'Achievement reached when collecting experience in this level in this sequence following progression rules.', 1, 284, NULL),
(285, 'Sequence45-Level8', 'Achievement reached when collecting experience in this level in this sequence following progression rules.', 1, 285, NULL),
(286, 'Sequence45-Level9', 'Achievement reached when collecting experience in this level in this sequence following progression rules.', 1, 286, NULL),
(287, 'Sequence46-Level1', 'Achievement reached when collecting experience in this level in this sequence following progression rules.', 1, 287, NULL),
(288, 'Sequence46-Level2', 'Achievement reached when collecting experience in this level in this sequence following progression rules.', 1, 288, NULL),
(289, 'Sequence46-Level3', 'Achievement reached when collecting experience in this level in this sequence following progression rules.', 1, 289, NULL),
(290, 'Sequence46-Level4', 'Achievement reached when collecting experience in this level in this sequence following progression rules.', 1, 290, NULL),
(291, 'Sequence46-Level5', 'Achievement reached when collecting experience in this level in this sequence following progression rules.', 1, 291, NULL),
(292, 'Sequence46-Level6', 'Achievement reached when collecting experience in this level in this sequence following progression rules.', 1, 292, NULL),
(293, 'Sequence46-Level7', 'Achievement reached when collecting experience in this level in this sequence following progression rules.', 1, 293, NULL),
(294, 'Sequence46-Level8', 'Achievement reached when collecting experience in this level in this sequence following progression rules.', 1, 294, NULL),
(295, 'Sequence46-Level9', 'Achievement reached when collecting experience in this level in this sequence following progression rules.', 1, 295, NULL),
(296, 'Sequence43-Level1', 'Achievement reached when collecting experience in this level in this sequence following progression rules.', 1, 268, NULL),
(297, 'Sequence43-Level2', 'Achievement reached when collecting experience in this level in this sequence following progression rules.', 1, 269, NULL);


--
-- Dump dei dati per la tabella `ima_progression_rule`
--

INSERT INTO `ima_progression_rule` (`Id`, `Sequence_Level_Id`, `Parameter`, `Operator`, `Result`, `Rule_Type`, `Weight`, `Active`, `EditedBy`, `Checksum`, `Last_Edit`) VALUES
(100, 45, 30, '>', '0.50000', 'Required', '50.00000', 1, NULL, NULL, '2016-09-22 07:24:44'),
(101, 46, 30, '>', '0.60000', 'Required', '50.00000', 1, NULL, NULL, '2016-09-12 13:42:46'),
(102, 46, 62, '<', '5.00000', 'Multiplier', '1.50000', 1, NULL, NULL, '2016-09-22 08:34:26'),
(103, 47, 30, '>', '0.70000', 'Required', '50.00000', 1, NULL, NULL, '2016-09-19 13:24:53'),
(104, 47, 62, '>', '5.00000', 'Multiplier', '0.50000', 1, NULL, NULL, '2016-09-22 08:34:26'),
(106, 48, 30, '>', '0.75000', 'Required', '30.00000', 1, NULL, NULL, '2016-09-19 13:24:53'),
(107, 48, 62, '>', '5.00000', 'Multiplier', '0.50000', 1, NULL, NULL, '2016-09-22 08:34:26'),
(109, 49, 30, '>', '0.90000', 'Required', '30.00000', 1, NULL, NULL, '2016-09-19 13:24:53'),
(110, 49, 62, '<', '3.00000', 'Required', '1.00000', 1, NULL, NULL, '2016-09-22 08:34:26'),
(112, 50, 17, '>', '0.50000', 'Required', '50.00000', 1, NULL, NULL, '2016-09-19 12:23:06'),
(113, 51, 17, '>', '0.60000', 'Required', '20.00000', 1, NULL, NULL, '2016-09-08 14:41:12'),
(114, 51, 49, '<', '5.00000', 'Multiplier', '1.50000', 1, NULL, NULL, '2016-09-22 07:39:07'),
(115, 52, 17, '>', '0.70000', 'Required', '30.00000', 1, NULL, NULL, '2016-09-08 14:41:12'),
(116, 52, 49, '>', '5.00000', 'Multiplier', '0.50000', 1, NULL, NULL, '2016-09-22 07:39:07'),
(118, 53, 17, '>', '0.70000', 'Required', '30.00000', 1, NULL, NULL, '2016-09-08 14:41:12'),
(119, 53, 49, '<', '5.00000', 'Required', '1.00000', 1, NULL, NULL, '2016-09-22 07:39:07'),
(121, 54, 17, '>', '0.75000', 'Required', '30.00000', 1, NULL, NULL, '2016-09-08 14:58:41'),
(122, 54, 49, '<', '5.00000', 'Required', '1.00000', 1, NULL, NULL, '2016-09-22 07:39:07'),
(124, 55, 17, '>', '0.75000', 'Required', '50.00000', 1, NULL, NULL, '2016-09-08 14:41:12'),
(125, 55, 49, '<', '3.00000', 'Required', '1.00000', 1, NULL, NULL, '2016-09-22 07:39:07'),
(127, 56, 17, '>', '0.90000', 'Required', '50.00000', 1, NULL, NULL, '2016-09-08 14:41:12'),
(130, 56, 49, '<', '1.00000', 'Required', '1.00000', 1, NULL, NULL, '2016-09-22 07:39:07'),
(131, 57, 19, '>', '0.50000', 'Required', '35.00000', 1, NULL, NULL, '2016-09-22 07:07:47'),
(132, 58, 19, '>', '0.60000', 'Required', '20.00000', 1, NULL, NULL, '2016-09-08 15:35:19'),
(133, 58, 35, '>', '5.00000', 'Multiplier', '1.50000', 1, NULL, NULL, '2016-09-22 07:51:04'),
(134, 59, 19, '>', '0.70000', 'Required', '20.00000', 1, NULL, NULL, '2016-09-19 13:28:52'),
(135, 59, 35, '>', '5.00000', 'Required', '1.00000', 1, NULL, NULL, '2016-09-22 07:51:04'),
(136, 60, 19, '>', '0.75000', 'Required', '30.00000', 1, NULL, NULL, '2016-09-08 15:35:19'),
(137, 60, 35, '>', '10.00000', 'Required', '1.00000', 1, NULL, NULL, '2016-09-22 07:51:04'),
(138, 61, 19, '>', '0.90000', 'Required', '50.00000', 1, NULL, NULL, '2016-09-08 15:35:19'),
(139, 61, 35, '>', '10.00000', 'Required', '1.00000', 1, NULL, NULL, '2016-09-22 07:51:04'),
(165, 74, 21, '>', '0.50000', 'Required', '50.00000', 1, NULL, NULL, '2016-09-22 07:53:29'),
(166, 75, 21, '>', '0.60000', 'Required', '20.00000', 1, NULL, NULL, '2016-09-12 14:04:44'),
(167, 75, 53, '<', '5.00000', 'Multiplier', '1.50000', 1, NULL, NULL, '2016-09-22 07:53:21'),
(168, 76, 21, '>', '0.70000', 'Required', '20.00000', 1, NULL, NULL, '2016-09-15 13:49:59'),
(169, 76, 53, '>', '5.00000', 'Multiplier', '0.50000', 1, NULL, NULL, '2016-09-22 07:53:21'),
(170, 77, 21, '>', '0.70000', 'Required', '20.00000', 1, NULL, NULL, '2016-09-15 13:49:59'),
(171, 77, 53, '<', '5.00000', 'Required', '1.00000', 1, NULL, NULL, '2016-09-22 07:53:21'),
(172, 78, 21, '>', '0.70000', 'Required', '30.00000', 1, NULL, NULL, '2016-09-12 14:04:44'),
(173, 78, 53, '<', '5.00000', 'Required', '1.00000', 1, NULL, NULL, '2016-09-22 07:53:21'),
(174, 79, 21, '>', '0.75000', 'Required', '30.00000', 1, NULL, NULL, '2016-09-12 14:04:44'),
(175, 79, 53, '<', '3.00000', 'Required', '1.00000', 1, NULL, NULL, '2016-09-22 07:53:21'),
(176, 80, 21, '>', '0.90000', 'Required', '50.00000', 1, NULL, NULL, '2016-09-12 14:04:44'),
(177, 80, 53, '<', '1.00000', 'Required', '1.00000', 1, NULL, NULL, '2016-09-22 07:53:21'),
(303, 138, 32, '>', '0.50000', 'Required', '50.00000', 1, NULL, NULL, '2016-09-22 08:44:03'),
(304, 139, 32, '>', '0.60000', 'Required', '20.00000', 1, NULL, NULL, '2016-09-22 08:44:03'),
(305, 139, 64, '<', '5.00000', 'Multiplier', '1.50000', 1, NULL, NULL, '2016-09-22 08:44:03'),
(306, 140, 32, '>', '0.70000', 'Required', '20.00000', 1, NULL, NULL, '2016-09-22 08:44:03'),
(307, 140, 64, '>', '5.00000', 'Multiplier', '0.50000', 1, NULL, NULL, '2016-09-22 08:44:03'),
(308, 141, 32, '>', '0.70000', 'Required', '30.00000', 1, NULL, NULL, '2016-09-22 08:44:03'),
(309, 141, 64, '<', '3.00000', 'Required', '1.00000', 1, NULL, NULL, '2016-09-22 08:44:03'),
(310, 142, 32, '>', '0.90000', 'Required', '50.00000', 1, NULL, NULL, '2016-09-22 08:44:03'),
(311, 142, 64, '<', '3.00000', 'Required', '1.00000', 1, NULL, NULL, '2016-09-22 08:44:03'),
(318, 53, 49, '<', '2.00000', 'Multiplier', '1.50000', 1, NULL, NULL, '2016-09-22 07:39:07'),
(320, 54, 17, '<', '0.50000', 'Required', '-30.00000', 1, NULL, NULL, '2016-09-19 13:29:17'),
(321, 55, 17, '<', '0.50000', 'Required', '-30.00000', 1, NULL, NULL, '2016-09-19 13:29:17'),
(322, 56, 17, '<', '0.50000', 'Required', '-30.00000', 1, NULL, NULL, '2016-09-19 12:47:26'),
(327, 77, 53, '<', '2.00000', 'Multiplier', '1.50000', 1, NULL, NULL, '2016-09-21 13:33:58'),
(328, 78, 21, '<', '0.50000', 'Required', '-30.00000', 1, NULL, NULL, '2016-09-19 13:30:36'),
(329, 79, 21, '<', '0.50000', 'Required', '-30.00000', 1, NULL, NULL, '2016-09-19 13:30:36'),
(330, 80, 21, '<', '0.50000', 'Required', '-30.00000', 1, NULL, NULL, '2016-09-19 13:30:36'),
(331, 48, 30, '<', '0.50000', 'Required', '-30.00000', 1, NULL, NULL, '2016-09-19 13:30:19'),
(332, 49, 30, '<', '0.50000', 'Required', '-30.00000', 1, NULL, NULL, '2016-09-19 13:30:19'),
(333, 59, 19, '<', '0.50000', 'Required', '-30.00000', 1, NULL, NULL, '2016-09-19 13:28:11'),
(334, 60, 19, '<', '0.50000', 'Required', '-30.00000', 1, NULL, NULL, '2016-09-19 13:28:11'),
(335, 61, 19, '<', '0.50000', 'Required', '-30.00000', 1, NULL, NULL, '2016-09-19 13:28:11'),
(348, 141, 32, '<', '0.50000', 'Required', '-30.00000', 1, NULL, NULL, '2016-09-22 08:44:03'),
(349, 142, 32, '<', '0.50000', 'Required', '-30.00000', 1, NULL, NULL, '2016-09-22 08:44:03'),
(378, 146, 76, '>', '0.50000', 'Required', '50.00000', 1, NULL, NULL, '2020-09-24 13:42:28'),
(379, 147, 76, '>', '0.60000', 'Required', '20.00000', 1, NULL, NULL, '2020-09-24 13:42:28'),
(380, 147, 78, '<', '5.00000', 'Multiplier', '1.50000', 1, NULL, NULL, '2020-09-24 13:42:28'),
(381, 151, 76, '>', '0.70000', 'Required', '30.00000', 1, NULL, NULL, '2020-09-24 13:42:28'),
(382, 151, 78, '>', '5.00000', 'Multiplier', '0.50000', 1, NULL, NULL, '2020-09-24 13:42:28'),
(383, 148, 78, '<', '2.00000', 'Multiplier', '1.50000', 1, NULL, NULL, '2020-09-24 13:42:28'),
(384, 148, 78, '<', '5.00000', 'Required', '1.00000', 1, NULL, NULL, '2020-09-24 13:42:28'),
(385, 148, 76, '>', '0.70000', 'Required', '30.00000', 1, NULL, NULL, '2020-09-24 13:42:28'),
(386, 149, 78, '<', '5.00000', 'Required', '1.00000', 1, NULL, NULL, '2020-09-24 13:42:28'),
(387, 149, 76, '<', '0.50000', 'Required', '-30.00000', 1, NULL, NULL, '2020-09-24 13:42:28'),
(388, 149, 76, '>', '0.75000', 'Required', '30.00000', 1, NULL, NULL, '2020-09-24 13:42:28'),
(389, 152, 76, '>', '0.75000', 'Required', '50.00000', 1, NULL, NULL, '2020-09-24 13:42:28'),
(390, 152, 78, '<', '3.00000', 'Required', '1.00000', 1, NULL, NULL, '2020-09-24 13:42:28'),
(391, 152, 76, '<', '0.50000', 'Required', '-30.00000', 1, NULL, NULL, '2020-09-24 13:42:28'),
(392, 150, 78, '<', '1.00000', 'Required', '1.00000', 1, NULL, NULL, '2020-09-24 13:42:28'),
(393, 150, 76, '>', '0.90000', 'Required', '50.00000', 1, NULL, NULL, '2020-09-24 13:42:28'),
(394, 150, 76, '<', '0.50000', 'Required', '-30.00000', 1, NULL, NULL, '2020-09-24 13:42:28'),
(412, 160, 84, '>', '0.50000', 'Required', '50.00000', 1, NULL, NULL, '2020-09-24 13:42:28'),
(413, 161, 84, '>', '0.60000', 'Required', '20.00000', 1, NULL, NULL, '2020-09-24 13:42:28'),
(414, 161, 86, '<', '5.00000', 'Multiplier', '1.50000', 1, NULL, NULL, '2020-09-24 13:42:28'),
(415, 165, 84, '>', '0.70000', 'Required', '30.00000', 1, NULL, NULL, '2020-09-24 13:42:28'),
(416, 165, 86, '>', '5.00000', 'Multiplier', '0.50000', 1, NULL, NULL, '2020-09-24 13:42:28'),
(417, 162, 86, '<', '2.00000', 'Multiplier', '1.50000', 1, NULL, NULL, '2020-09-24 13:42:28'),
(418, 162, 86, '<', '5.00000', 'Required', '1.00000', 1, NULL, NULL, '2020-09-24 13:42:28'),
(419, 162, 84, '>', '0.70000', 'Required', '30.00000', 1, NULL, NULL, '2020-09-24 13:42:28'),
(420, 163, 86, '<', '5.00000', 'Required', '1.00000', 1, NULL, NULL, '2020-09-24 13:42:28'),
(421, 163, 84, '<', '0.50000', 'Required', '-30.00000', 1, NULL, NULL, '2020-09-24 13:42:28'),
(422, 163, 84, '>', '0.75000', 'Required', '30.00000', 1, NULL, NULL, '2020-09-24 13:42:28'),
(423, 166, 84, '>', '0.75000', 'Required', '50.00000', 1, NULL, NULL, '2020-09-24 13:42:28'),
(424, 166, 86, '<', '3.00000', 'Required', '1.00000', 1, NULL, NULL, '2020-09-24 13:42:28'),
(425, 166, 84, '<', '0.50000', 'Required', '-30.00000', 1, NULL, NULL, '2020-09-24 13:42:28'),
(426, 164, 86, '<', '1.00000', 'Required', '1.00000', 1, NULL, NULL, '2020-09-24 13:42:28'),
(427, 164, 84, '>', '0.90000', 'Required', '50.00000', 1, NULL, NULL, '2020-09-24 13:42:28'),
(428, 164, 84, '<', '0.50000', 'Required', '-30.00000', 1, NULL, NULL, '2020-09-24 13:42:28'),
(429, 167, 87, '>', '0.50000', 'Required', '50.00000', 1, NULL, NULL, '2020-09-24 13:42:28'),
(430, 168, 87, '>', '0.60000', 'Required', '20.00000', 1, NULL, NULL, '2020-09-24 13:42:28'),
(431, 168, 90, '<', '5.00000', 'Multiplier', '1.50000', 1, NULL, NULL, '2020-09-24 13:42:28'),
(432, 172, 87, '>', '0.70000', 'Required', '30.00000', 1, NULL, NULL, '2020-09-24 13:42:28'),
(433, 172, 90, '>', '5.00000', 'Multiplier', '0.50000', 1, NULL, NULL, '2020-09-24 13:42:28'),
(434, 169, 90, '<', '2.00000', 'Multiplier', '1.50000', 1, NULL, NULL, '2020-09-24 13:42:28'),
(435, 169, 87, '>', '0.70000', 'Required', '30.00000', 1, NULL, NULL, '2020-09-24 13:42:28'),
(436, 169, 90, '<', '5.00000', 'Required', '1.00000', 1, NULL, NULL, '2020-09-24 13:42:28'),
(437, 170, 87, '>', '0.75000', 'Required', '30.00000', 1, NULL, NULL, '2020-09-24 13:42:28'),
(438, 170, 90, '<', '5.00000', 'Required', '1.00000', 1, NULL, NULL, '2020-09-24 13:42:28'),
(439, 170, 87, '<', '0.50000', 'Required', '-30.00000', 1, NULL, NULL, '2020-09-24 13:42:28'),
(440, 173, 87, '<', '0.50000', 'Required', '-30.00000', 1, NULL, NULL, '2020-09-24 13:42:28'),
(441, 173, 87, '>', '0.75000', 'Required', '50.00000', 1, NULL, NULL, '2020-09-24 13:42:28'),
(442, 173, 90, '<', '3.00000', 'Required', '1.00000', 1, NULL, NULL, '2020-09-24 13:42:28'),
(443, 171, 90, '<', '1.00000', 'Required', '1.00000', 1, NULL, NULL, '2020-09-24 13:42:28'),
(444, 171, 87, '>', '0.90000', 'Required', '50.00000', 1, NULL, NULL, '2020-09-24 13:42:28'),
(445, 171, 87, '<', '0.50000', 'Required', '-30.00000', 1, NULL, NULL, '2020-09-24 13:42:28'),
(512, 204, 116, '>', '0.50000', 'Required', '50.00000', 1, NULL, NULL, '2020-09-24 13:42:28'),
(513, 205, 116, '>', '0.60000', 'Required', '20.00000', 1, NULL, NULL, '2020-09-24 13:42:28'),
(514, 205, 118, '<', '5.00000', 'Multiplier', '1.50000', 1, NULL, NULL, '2020-09-24 13:42:28'),
(515, 206, 116, '>', '0.70000', 'Required', '20.00000', 1, NULL, NULL, '2020-09-24 13:42:28'),
(516, 206, 118, '>', '5.00000', 'Multiplier', '0.50000', 1, NULL, NULL, '2020-09-24 13:42:28'),
(517, 207, 116, '>', '0.70000', 'Required', '20.00000', 1, NULL, NULL, '2020-09-24 13:42:28'),
(518, 207, 118, '<', '5.00000', 'Required', '1.00000', 1, NULL, NULL, '2020-09-24 13:42:28'),
(519, 208, 116, '>', '0.70000', 'Required', '30.00000', 1, NULL, NULL, '2020-09-24 13:42:28'),
(520, 208, 118, '<', '5.00000', 'Required', '1.00000', 1, NULL, NULL, '2020-09-24 13:42:28'),
(521, 209, 116, '>', '0.75000', 'Required', '30.00000', 1, NULL, NULL, '2020-09-24 13:42:28'),
(522, 209, 118, '<', '3.00000', 'Required', '1.00000', 1, NULL, NULL, '2020-09-24 13:42:28'),
(523, 210, 116, '>', '0.90000', 'Required', '50.00000', 1, NULL, NULL, '2020-09-24 13:42:28'),
(524, 210, 118, '<', '1.00000', 'Required', '1.00000', 1, NULL, NULL, '2020-09-24 13:42:28'),
(587, 238, 137, '>', '1.00000', 'Required', '50.00000', 1, NULL, NULL, '2020-09-24 13:42:28'),
(588, 250, 137, '>', '6.00000', 'Required', '50.00000', 1, NULL, NULL, '2020-09-24 13:42:28'),
(589, 239, 137, '>', '2.00000', 'Required', '50.00000', 1, NULL, NULL, '2020-09-24 13:42:28'),
(590, 251, 137, '>', '8.00000', 'Required', '50.00000', 1, NULL, NULL, '2020-09-24 13:42:28'),
(591, 240, 137, '>', '2.00000', 'Required', '50.00000', 1, NULL, NULL, '2020-09-24 13:42:28'),
(593, 241, 137, '>', '4.00000', 'Required', '50.00000', 1, NULL, NULL, '2020-09-24 13:42:28'),
(595, 242, 137, '>', '6.00000', 'Required', '50.00000', 1, NULL, NULL, '2020-09-24 13:42:28'),
(598, 243, 139, '>', '3.00000', 'Required', '50.00000', 1, NULL, NULL, '2020-09-24 13:42:28'),
(599, 243, 138, '>', '0.70000', 'Multiplier', '2.00000', 1, NULL, NULL, '2020-09-24 13:42:28'),
(600, 244, 138, '>', '0.70000', 'Required', '50.00000', 1, NULL, NULL, '2020-09-24 13:42:28'),
(601, 244, 140, '<', '2.00000', 'Bonus', '30.00000', 1, NULL, NULL, '2020-09-24 13:42:28'),
(603, 245, 138, '>', '0.90000', 'Required', '50.00000', 1, NULL, NULL, '2020-09-24 13:42:28'),
(604, 245, 140, '<', '2.00000', 'Bonus', '30.00000', 1, NULL, NULL, '2020-09-24 13:42:28'),
(606, 246, 138, '>', '0.70000', 'Required', '50.00000', 1, NULL, NULL, '2020-09-24 13:42:28'),
(608, 246, 138, '>', '0.99000', 'Multiplier', '2.00000', 1, NULL, NULL, '2020-09-24 13:42:28'),
(609, 247, 138, '>', '0.70000', 'Required', '50.00000', 1, NULL, NULL, '2020-09-24 13:42:28'),
(610, 247, 140, '<', '2.00000', 'Multiplier', '2.00000', 1, NULL, NULL, '2020-09-24 13:42:28'),
(612, 248, 138, '>', '0.70000', 'Required', '50.00000', 1, NULL, NULL, '2020-09-24 13:42:28'),
(614, 248, 138, '>', '0.99000', 'Multiplier', '2.00000', 1, NULL, NULL, '2020-09-24 13:42:28'),
(615, 249, 138, '>', '0.70000', 'Required', '50.00000', 1, NULL, NULL, '2020-09-24 13:42:28'),
(617, 249, 138, '>', '0.99000', 'Multiplier', '2.00000', 1, NULL, NULL, '2020-09-24 13:42:28'),
(618, 278, 142, '>', '0.50000', 'Required', '10.00000', 1, NULL, NULL, '2020-09-24 13:42:28'),
(619, 279, 142, '>', '0.70000', 'Required', '0.00000', 1, NULL, NULL, '2020-09-24 13:42:28'),
(620, 279, 143, '>', '6.00000', 'Bonus', '2.00000', 1, NULL, NULL, '2020-09-24 13:42:28'),
(621, 252, 142, '>', '0.70000', 'Required', '20.00000', 1, NULL, NULL, '2020-09-24 13:42:28'),
(622, 252, 143, '>', '6.00000', 'Required', '20.00000', 1, NULL, NULL, '2020-09-24 13:42:28'),
(623, 253, 142, '>', '0.75000', 'Required', '30.00000', 1, NULL, NULL, '2020-09-24 13:42:28'),
(624, 253, 143, '>', '10.00000', 'Required', '20.00000', 1, NULL, NULL, '2020-09-24 13:42:28'),
(625, 254, 142, '>', '0.90000', 'Required', '50.00000', 1, NULL, NULL, '2020-09-24 13:42:28'),
(626, 254, 143, '>', '10.00000', 'Required', '20.00000', 1, NULL, NULL, '2020-09-24 13:42:28'),
(627, 255, 146, '>', '0.50000', 'Required', '10.00000', 1, NULL, NULL, '2020-09-24 13:42:28'),
(628, 256, 146, '>', '0.70000', 'Required', '20.00000', 1, NULL, NULL, '2020-09-24 13:42:28'),
(629, 256, 147, '>', '6.00000', 'Bonus', '2.00000', 1, NULL, NULL, '2020-09-24 13:42:28'),
(630, 257, 146, '>', '0.70000', 'Required', '20.00000', 1, NULL, NULL, '2020-09-24 13:42:28'),
(631, 257, 147, '>', '6.00000', 'Required', '20.00000', 1, NULL, NULL, '2020-09-24 13:42:28'),
(632, 258, 146, '>', '0.75000', 'Required', '30.00000', 1, NULL, NULL, '2020-09-24 13:42:28'),
(633, 258, 147, '>', '10.00000', 'Required', '20.00000', 1, NULL, NULL, '2020-09-24 13:42:28'),
(634, 259, 146, '>', '0.90000', 'Required', '50.00000', 1, NULL, NULL, '2020-09-24 13:42:28'),
(635, 259, 147, '>', '10.00000', 'Required', '20.00000', 1, NULL, NULL, '2020-09-24 13:42:28'),
(636, 260, 150, '>', '0.50000', 'Required', '10.00000', 1, NULL, NULL, '2020-09-24 13:42:28'),
(637, 261, 150, '>', '0.70000', 'Required', '20.00000', 1, NULL, NULL, '2020-09-24 13:42:28'),
(638, 261, 151, '>', '5.00000', 'Bonus', '20.00000', 1, NULL, NULL, '2020-09-24 13:42:28'),
(639, 262, 150, '>', '0.70000', 'Required', '20.00000', 1, NULL, NULL, '2020-09-24 13:42:28'),
(640, 262, 151, '>', '5.00000', 'Multiplier', '2.00000', 1, NULL, NULL, '2020-09-24 13:42:28'),
(641, 263, 150, '>', '0.70000', 'Required', '20.00000', 1, NULL, NULL, '2020-09-24 13:42:28'),
(642, 263, 152, '<', '5.00000', 'Required', '20.00000', 1, NULL, NULL, '2020-09-24 13:42:28'),
(643, 263, 152, '<', '2.00000', 'Bonus', '30.00000', 1, NULL, NULL, '2020-09-24 13:42:28'),
(644, 264, 150, '>', '0.75000', 'Required', '20.00000', 1, NULL, NULL, '2020-09-24 13:42:28'),
(645, 264, 152, '<', '5.00000', 'Required', '20.00000', 1, NULL, NULL, '2020-09-24 13:42:28'),
(646, 264, 152, '<', '2.00000', 'Multiplier', '2.00000', 1, NULL, NULL, '2020-09-24 13:42:28'),
(647, 265, 150, '>', '0.75000', 'Required', '30.00000', 1, NULL, NULL, '2020-09-24 13:42:28'),
(648, 265, 152, '<', '5.00000', 'Required', '20.00000', 1, NULL, NULL, '2020-09-24 13:42:28'),
(649, 265, 152, '<', '2.00000', 'Multiplier', '2.00000', 1, NULL, NULL, '2020-09-24 13:42:28'),
(650, 266, 150, '>', '0.75000', 'Required', '30.00000', 1, NULL, NULL, '2020-09-24 13:42:28'),
(651, 266, 152, '<', '3.00000', 'Required', '30.00000', 1, NULL, NULL, '2020-09-24 13:42:28'),
(652, 266, 152, '<', '1.00000', 'Bonus', '30.00000', 1, NULL, NULL, '2020-09-24 13:42:28'),
(653, 267, 150, '>', '0.90000', 'Required', '30.00000', 1, NULL, NULL, '2020-09-24 13:42:28'),
(654, 267, 152, '<', '3.00000', 'Required', '30.00000', 1, NULL, NULL, '2020-09-24 13:42:28'),
(655, 267, 152, '<', '1.00000', 'Bonus', '30.00000', 1, NULL, NULL, '2020-09-24 13:42:28'),
(656, 268, 150, '>', '0.90000', 'Required', '50.00000', 1, NULL, NULL, '2020-09-24 13:42:28'),
(657, 268, 151, '>', '20.00000', 'Required', '50.00000', 1, NULL, NULL, '2020-09-24 13:42:28'),
(658, 269, 154, '>', '0.50000', 'Required', '10.00000', 1, NULL, NULL, '2020-09-24 13:42:28'),
(659, 270, 154, '>', '0.50000', 'Required', '20.00000', 1, NULL, NULL, '2020-09-24 13:42:28'),
(660, 271, 154, '>', '0.70000', 'Required', '20.00000', 1, NULL, NULL, '2020-09-24 13:42:28'),
(661, 272, 154, '>', '0.70000', 'Required', '20.00000', 1, NULL, NULL, '2020-09-24 13:42:28'),
(662, 273, 154, '>', '0.75000', 'Required', '30.00000', 1, NULL, NULL, '2020-09-24 13:42:28'),
(663, 274, 154, '>', '0.75000', 'Required', '30.00000', 1, NULL, NULL, '2020-09-24 13:42:28'),
(664, 275, 154, '>', '0.75000', 'Required', '30.00000', 1, NULL, NULL, '2020-09-24 13:42:28'),
(665, 276, 154, '>', '0.90000', 'Required', '30.00000', 1, NULL, NULL, '2020-09-24 13:42:28'),
(666, 277, 154, '>', '0.90000', 'Required', '50.00000', 1, NULL, NULL, '2020-09-24 13:42:28');

--
-- Dump dei dati per la tabella `ima_progression_sequence`
--

INSERT INTO `ima_progression_sequence` (`Id`, `Game_ID`, `Device_ID`, `Name`, `Mode`, `Active`, `EditedBy`, `Checksum`, `Last_Edit`) VALUES
(11, 18, 0, 'Normal', 'incremental', 0, NULL, NULL, '2020-09-24 13:42:28'),
(12, 3, 0, 'Normal', 'incremental', 0, NULL, NULL, '2020-09-24 13:42:28'),
(13, 5, 0, 'Normal', 'incremental', 0, NULL, NULL, '2020-09-24 13:42:28'),
(16, 8, 0, 'Normal', 'incremental', 0, NULL, NULL, '2020-09-24 13:42:28'),
(24, 20, 0, 'Normal', 'incremental', 0, NULL, NULL, '2020-09-24 13:42:28'),
(25, 22, 0, 'Normal', 'incremental', 0, NULL, NULL, '2020-09-24 13:42:28'),
(27, 24, 0, 'Normal', 'incremental', 0, NULL, NULL, '2020-09-24 13:42:28'),
(28, 25, 0, 'Normal', 'incremental', 0, NULL, NULL, '2020-09-24 13:42:28'),
(35, 32, 0, 'Normal', 'incremental', 0, NULL, NULL, '2020-09-24 13:42:28'),
(41, 36, 0, 'Normal', 'incremental', 0, NULL, NULL, '2020-09-24 13:42:28'),
(42, 37, 0, 'Normal', 'incremental', 0, NULL, NULL, '2020-09-24 13:42:28'),
(43, 39, 0, 'Normal', 'incremental', 0, NULL, NULL, '2020-09-24 13:42:28'),
(44, 40, 0, 'Normal', 'incremental', 0, NULL, NULL, '2020-09-24 13:42:28'),
(45, 41, 0, 'Normal', 'incremental', 0, NULL, NULL, '2020-09-24 13:42:28'),
(46, 42, 0, 'Normal', 'incremental', 0, NULL, NULL, '2020-09-24 13:42:28');

--
-- Dump dei dati per la tabella `ima_progression_sequence_level`
--
INSERT INTO `ima_progression_sequence_level` (`Id`, `Level_ID`, `Sequence_ID`, `Sequence_Order`, `IdAchievement`, `Global_Progression_Parameter`, `Global_Progression_Multiplier`, `Active`, `EditedBy`, `Checksum`, `Last_Edit`) VALUES
(45, 1, 11, 0, 63, 'Fixed', '1.12000', 1, NULL, NULL, '2016-09-08 10:43:35'),
(46, 2, 11, 1, 64, 'Fixed', '1.12000', 1, NULL, NULL, '2016-09-08 10:43:35'),
(47, 3, 11, 2, 65, 'Fixed', '1.12000', 1, NULL, NULL, '2016-09-08 10:43:35'),
(48, 4, 11, 3, 66, 'Fixed', '1.12000', 1, NULL, NULL, '2016-09-08 10:43:35'),
(49, 5, 11, 4, 67, 'Fixed', '1.12000', 1, NULL, NULL, '2016-09-08 10:43:35'),
(50, 1, 12, 0, 68, 'Fixed', '1.12000', 1, NULL, NULL, '2016-09-08 13:27:12'),
(51, 2, 12, 1, 69, 'Fixed', '1.12000', 1, NULL, NULL, '2016-09-08 13:27:12'),
(52, 6, 12, 2, 70, 'Fixed', '1.12000', 1, NULL, NULL, '2016-09-08 15:01:10'),
(53, 3, 12, 3, 71, 'Fixed', '1.12000', 1, NULL, NULL, '2016-09-08 13:27:12'),
(54, 4, 12, 4, 72, 'Fixed', '1.12000', 1, NULL, NULL, '2016-09-08 13:27:12'),
(55, 7, 12, 5, 73, 'Fixed', '1.12000', 1, NULL, NULL, '2016-09-08 13:27:12'),
(56, 5, 12, 6, 74, 'Fixed', '1.12000', 1, NULL, NULL, '2016-09-08 13:27:12'),
(57, 6, 13, 0, 75, 'Fixed', '1.12000', 1, NULL, NULL, '2016-09-08 15:22:34'),
(58, 7, 13, 1, 76, 'Fixed', '1.12000', 1, NULL, NULL, '2016-09-08 15:22:34'),
(59, 8, 13, 2, 77, 'Fixed', '1.12000', 1, NULL, NULL, '2016-09-08 15:22:34'),
(60, 9, 13, 3, 78, 'Fixed', '1.12000', 1, NULL, NULL, '2016-09-08 15:22:34'),
(61, 10, 13, 4, 79, 'Fixed', '1.12000', 1, NULL, NULL, '2016-09-08 15:22:34'),
(74, 2, 16, 0, 92, 'Fixed', '1.12000', 1, NULL, NULL, '2016-09-12 14:04:44'),
(75, 6, 16, 1, 93, 'Fixed', '1.12000', 1, NULL, NULL, '2016-09-15 13:49:59'),
(76, 3, 16, 2, 94, 'Fixed', '1.12000', 1, NULL, NULL, '2016-09-12 14:04:44'),
(77, 4, 16, 3, 95, 'Fixed', '1.12000', 1, NULL, NULL, '2016-09-12 14:04:44'),
(78, 7, 16, 4, 96, 'Fixed', '1.12000', 1, NULL, NULL, '2016-09-15 13:49:59'),
(79, 1, 16, 5, 97, 'Fixed', '1.12000', 1, NULL, NULL, '2016-09-12 14:04:44'),
(80, 5, 16, 6, 98, 'Fixed', '1.12000', 1, NULL, NULL, '2016-09-12 14:04:44'),
(138, 1, 24, 0, 156, 'Fixed', '1.12000', 1, NULL, NULL, '2016-09-15 15:32:16'),
(139, 2, 24, 1, 157, 'Fixed', '1.12000', 1, NULL, NULL, '2016-09-15 15:32:16'),
(140, 3, 24, 2, 158, 'Fixed', '1.12000', 1, NULL, NULL, '2016-09-15 15:32:16'),
(141, 4, 24, 3, 159, 'Fixed', '1.12000', 1, NULL, NULL, '2016-09-15 15:32:16'),
(142, 5, 24, 4, 160, 'Fixed', '1.12000', 1, NULL, NULL, '2016-09-15 15:32:16'),
(146, 1, 25, 0, 164, 'Fixed', '1.12000', 1, NULL, NULL, '2020-09-24 13:42:28'),
(147, 2, 25, 1, 165, 'Fixed', '1.12000', 1, NULL, NULL, '2020-09-24 13:42:28'),
(148, 3, 25, 2, 166, 'Fixed', '1.12000', 1, NULL, NULL, '2020-09-24 13:42:28'),
(149, 4, 25, 3, 167, 'Fixed', '1.12000', 1, NULL, NULL, '2020-09-24 13:42:28'),
(150, 5, 25, 4, 168, 'Fixed', '1.12000', 1, NULL, NULL, '2020-09-24 13:42:28'),
(151, 6, 25, 5, 169, 'Fixed', '1.12000', 1, NULL, NULL, '2020-09-24 13:42:28'),
(152, 7, 25, 6, 170, 'Fixed', '1.12000', 1, NULL, NULL, '2020-09-24 13:42:28'),
(160, 1, 27, 0, 178, 'Fixed', '1.12000', 1, NULL, NULL, '2020-09-24 13:42:28'),
(161, 2, 27, 1, 179, 'Fixed', '1.12000', 1, NULL, NULL, '2020-09-24 13:42:28'),
(162, 3, 27, 2, 180, 'Fixed', '1.12000', 1, NULL, NULL, '2020-09-24 13:42:28'),
(163, 4, 27, 3, 181, 'Fixed', '1.12000', 1, NULL, NULL, '2020-09-24 13:42:28'),
(164, 5, 27, 4, 182, 'Fixed', '1.12000', 1, NULL, NULL, '2020-09-24 13:42:28'),
(165, 6, 27, 5, 183, 'Fixed', '1.12000', 1, NULL, NULL, '2020-09-24 13:42:28'),
(166, 7, 27, 6, 184, 'Fixed', '1.12000', 1, NULL, NULL, '2020-09-24 13:42:28'),
(167, 1, 28, 0, 185, 'Fixed', '1.12000', 1, NULL, NULL, '2020-09-24 13:42:28'),
(168, 2, 28, 1, 186, 'Fixed', '1.12000', 1, NULL, NULL, '2020-09-24 13:42:28'),
(169, 3, 28, 2, 187, 'Fixed', '1.12000', 1, NULL, NULL, '2020-09-24 13:42:28'),
(170, 4, 28, 3, 188, 'Fixed', '1.12000', 1, NULL, NULL, '2020-09-24 13:42:28'),
(171, 5, 28, 4, 189, 'Fixed', '1.12000', 1, NULL, NULL, '2020-09-24 13:42:28'),
(172, 6, 28, 5, 190, 'Fixed', '1.12000', 1, NULL, NULL, '2020-09-24 13:42:28'),
(173, 7, 28, 6, 191, 'Fixed', '1.12000', 1, NULL, NULL, '2020-09-24 13:42:28'),
(204, 1, 35, 0, 222, 'Fixed', '1.12000', 1, NULL, NULL, '2020-09-24 13:42:28'),
(205, 2, 35, 1, 223, 'Fixed', '1.12000', 1, NULL, NULL, '2020-09-24 13:42:28'),
(206, 3, 35, 2, 224, 'Fixed', '1.12000', 1, NULL, NULL, '2020-09-24 13:42:28'),
(207, 4, 35, 3, 225, 'Fixed', '1.12000', 1, NULL, NULL, '2020-09-24 13:42:28'),
(208, 5, 35, 4, 226, 'Fixed', '1.12000', 1, NULL, NULL, '2020-09-24 13:42:28'),
(209, 6, 35, 5, 227, 'Fixed', '1.12000', 1, NULL, NULL, '2020-09-24 13:42:28'),
(210, 7, 35, 6, 228, 'Fixed', '1.12000', 1, NULL, NULL, '2020-09-24 13:42:28'),
(238, 1, 41, 0, 256, 'Fixed', '1.12000', 1, NULL, NULL, '2020-09-24 13:42:28'),
(239, 2, 41, 1, 257, 'Fixed', '1.12000', 1, NULL, NULL, '2020-09-24 13:42:28'),
(240, 3, 41, 2, 258, 'Fixed', '1.12000', 1, NULL, NULL, '2020-09-24 13:42:28'),
(241, 4, 41, 3, 259, 'Fixed', '1.12000', 1, NULL, NULL, '2020-09-24 13:42:28'),
(242, 5, 41, 4, 260, 'Fixed', '1.12000', 1, NULL, NULL, '2020-09-24 13:42:28'),
(243, 1, 42, 0, 261, 'Fixed', '1.12000', 1, NULL, NULL, '2020-09-24 13:42:28'),
(244, 2, 42, 1, 262, 'Fixed', '1.12000', 1, NULL, NULL, '2020-09-24 13:42:28'),
(245, 3, 42, 2, 263, 'Fixed', '1.12000', 1, NULL, NULL, '2020-09-24 13:42:28'),
(246, 4, 42, 3, 264, 'Fixed', '1.12000', 1, NULL, NULL, '2020-09-24 13:42:28'),
(247, 5, 42, 4, 265, 'Fixed', '1.12000', 1, NULL, NULL, '2020-09-24 13:42:28'),
(248, 6, 42, 5, 266, 'Fixed', '1.12000', 1, NULL, NULL, '2020-09-24 13:42:28'),
(249, 7, 42, 6, 267, 'Fixed', '1.12000', 1, NULL, NULL, '2020-09-24 13:42:28'),
(250, 6, 41, 5, 268, 'Fixed', '1.12000', 1, NULL, NULL, '2020-09-24 13:42:28'),
(251, 7, 41, 6, 269, 'Fixed', '1.12000', 1, NULL, NULL, '2020-09-24 13:42:28'),
(252, 3, 43, 2, 270, 'Fixed', '1.12000', 1, NULL, NULL, '2020-09-24 13:42:28'),
(253, 4, 43, 3, 271, 'Fixed', '1.12000', 1, NULL, NULL, '2020-09-24 13:42:28'),
(254, 5, 43, 4, 272, 'Fixed', '1.12000', 1, NULL, NULL, '2020-09-24 13:42:28'),
(255, 5, 44, 0, 273, 'Fixed', '1.12000', 1, NULL, NULL, '2020-09-24 13:42:28'),
(256, 4, 44, 1, 274, 'Fixed', '1.12000', 1, NULL, NULL, '2020-09-24 13:42:28'),
(257, 3, 44, 2, 275, 'Fixed', '1.12000', 1, NULL, NULL, '2020-09-24 13:42:28'),
(258, 2, 44, 3, 276, 'Fixed', '1.12000', 1, NULL, NULL, '2020-09-24 13:42:28'),
(259, 1, 44, 4, 277, 'Fixed', '1.12000', 1, NULL, NULL, '2020-09-24 13:42:28'),
(260, 1, 45, 0, 278, 'Fixed', '1.12000', 1, NULL, NULL, '2020-09-24 13:42:28'),
(261, 2, 45, 1, 279, 'Fixed', '1.12000', 1, NULL, NULL, '2020-09-24 13:42:28'),
(262, 3, 45, 2, 280, 'Fixed', '1.12000', 1, NULL, NULL, '2020-09-24 13:42:28'),
(263, 4, 45, 3, 281, 'Fixed', '1.12000', 1, NULL, NULL, '2020-09-24 13:42:28'),
(264, 5, 45, 4, 282, 'Fixed', '1.12000', 1, NULL, NULL, '2020-09-24 13:42:28'),
(265, 6, 45, 5, 283, 'Fixed', '1.12000', 1, NULL, NULL, '2020-09-24 13:42:28'),
(266, 7, 45, 6, 284, 'Fixed', '1.12000', 1, NULL, NULL, '2020-09-24 13:42:28'),
(267, 8, 45, 7, 285, 'Fixed', '1.12000', 1, NULL, NULL, '2020-09-24 13:42:28'),
(268, 9, 45, 8, 286, 'Fixed', '1.12000', 1, NULL, NULL, '2020-09-24 13:42:28'),
(269, 1, 46, 0, 287, 'Fixed', '1.12000', 1, NULL, NULL, '2020-09-24 13:42:28'),
(270, 2, 46, 1, 288, 'Fixed', '1.12000', 1, NULL, NULL, '2020-09-24 13:42:28'),
(271, 3, 46, 2, 289, 'Fixed', '1.12000', 1, NULL, NULL, '2020-09-24 13:42:28'),
(272, 4, 46, 3, 290, 'Fixed', '1.12000', 1, NULL, NULL, '2020-09-24 13:42:28'),
(273, 5, 46, 4, 291, 'Fixed', '1.12000', 1, NULL, NULL, '2020-09-24 13:42:28'),
(274, 6, 46, 5, 292, 'Fixed', '1.12000', 1, NULL, NULL, '2020-09-24 13:42:28'),
(275, 7, 46, 6, 293, 'Fixed', '1.12000', 1, NULL, NULL, '2020-09-24 13:42:28'),
(276, 8, 46, 7, 294, 'Fixed', '1.12000', 1, NULL, NULL, '2020-09-24 13:42:28'),
(277, 9, 46, 8, 295, 'Fixed', '1.12000', 1, NULL, NULL, '2020-09-24 13:42:28'),
(278, 1, 43, 0, 296, 'Fixed', '1.12000', 1, NULL, NULL, '2020-09-24 13:42:28'),
(279, 2, 43, 1, 297, 'Fixed', '1.12000', 1, NULL, NULL, '2020-09-24 13:42:28');


INSERT INTO `ima_game_level` (`Level_ID`, `Game_ID`, `Name`, `Parameters`, `Active`, `Last_Edit`) VALUES
(1, 3, 'Level 1', '{\"velocity\":\"medium\",\"density\":\"medium\",\"proportion\":\"10% bees\"}', 1, CURRENT_TIMESTAMP),
(1, 8, 'Level 6', '{\"distribution\":\"all\",\"size\":\"medium\",\"velocity\":\"very fast\",\"proportion\":\"30% engines\",\"density\":\"a lot\"}', 1, CURRENT_TIMESTAMP),
(1, 18, 'Level 1', '{\"velocity\":\"medium\",\"density\":\"medium\",\"distractors\":\"10%\",\"season\":\"spring\",\"rotation\":\"none\",\"legenda\":\"hide\"}', 1, CURRENT_TIMESTAMP),
(1, 20, 'Level 1', '{\"density\":\"medium\",\"velocity\":\"medium\",\"size\":\"large\",\"proportion\":\"10%\"}', 1, CURRENT_TIMESTAMP),
(1, 22, 'Level 1', '{\"density\":\"medium\",\"velocity\":\"very slow\",\"proportion\":\"10% bees\"}', 1, CURRENT_TIMESTAMP),
(1, 24, 'Level 1', '{\"density\":\"medium\",\"velocity\":\"very slow\",\"proportion\":\"10% bees\"}', 1, CURRENT_TIMESTAMP),
(1, 25, 'Level 1', '{\"density\":\"medium\",\"proportion\":\"10% bees\",\"velocity\":\"very slow\"}', 1, CURRENT_TIMESTAMP),
(1, 32, 'Level 1', '{\"proportion\":\"10% engines\",\"distribution\":\"half near\",\"size\":\"large\",\"velocity\":\"fast\",\"density\":\"medium\",\"permanence\":\"zero\"}', 1, CURRENT_TIMESTAMP),
(1, 36, 'Level 1', '{\"shelves\":\"very few\",\"quantity\":\"medium\",\"size\":\"large\",\"speed\":\"fast\"}', 1, CURRENT_TIMESTAMP),
(1, 37, 'Level 1', '{\"layers\":\"one\",\"types\":\"few\",\"size\":\"large\",\"gravity\":\"ceres\"}', 1, CURRENT_TIMESTAMP),
(1, 39, 'Level 1', '{\"disposition\":\"few-front\",\"speed\":\"fast\",\"size\":\"large\",\"hidecolor\":\"disabled\"}', 1, CURRENT_TIMESTAMP),
(1, 40, 'Level 5', '{\"disposition\":\"many\",\"size\":\"small\",\"speed\":\"very fast\"}', 1, CURRENT_TIMESTAMP),
(1, 41, 'Level 1', '{\"disposition\":\"few\",\"distractor\":\"few\",\"persistency\":\"medium\",\"size\":\"large\",\"density\":\"low\",\"permanence\":\"instant\"}', 1, CURRENT_TIMESTAMP),
(1, 42, 'Level 1', '{\"speed\":\"normal\",\"density\":\"low\"}', 1, CURRENT_TIMESTAMP),
(1, 52, 'Level 1', '{\"permanence\":\"instant\",\"speed\":\"slow\"}', 1, CURRENT_TIMESTAMP),
(2, 3, 'Level 2', '{\"velocity\":\"fast\",\"density\":\"medium\",\"proportion\":\"10% bees\"}', 1, CURRENT_TIMESTAMP),
(2, 8, 'Level 1', '{\"distribution\":\"half near\",\"size\":\"large\",\"velocity\":\"medium\",\"proportion\":\"10% engines\",\"density\":\"medium\"}', 1, CURRENT_TIMESTAMP),
(2, 18, 'Level 2', '{\"velocity\":\"fast\",\"density\":\"medium\",\"distractors\":\"10%\",\"season\":\"spring\",\"rotation\":\"animated\",\"legenda\":\"hide\"}', 1, CURRENT_TIMESTAMP),
(2, 20, 'Level 2', '{\"density\":\"medium\",\"velocity\":\"fast\",\"size\":\"large\",\"proportion\":\"10%\"}', 1, CURRENT_TIMESTAMP),
(2, 22, 'Level 2', '{\"density\":\"medium\",\"velocity\":\"medium\",\"proportion\":\"10% bees\"}', 1, CURRENT_TIMESTAMP),
(2, 24, 'Level 2', '{\"density\":\"medium\",\"velocity\":\"medium\",\"proportion\":\"10% bees\"}', 1, CURRENT_TIMESTAMP),
(2, 25, 'Level 2', '{\"density\":\"medium\",\"proportion\":\"10% bees\",\"velocity\":\"medium\"}', 1, CURRENT_TIMESTAMP),
(2, 32, 'Level 2', '{\"proportion\":\"10% engines\",\"distribution\":\"all\",\"size\":\"large\",\"velocity\":\"fast\",\"density\":\"medium\",\"permanence\":\"zero\"}', 1, CURRENT_TIMESTAMP),
(2, 36, 'Level 2', '{\"shelves\":\"very few\",\"quantity\":\"medium\",\"size\":\"large\",\"speed\":\"fast\"}', 1, CURRENT_TIMESTAMP),
(2, 37, 'Level 2', '{\"layers\":\"two\",\"types\":\"few\",\"size\":\"large\",\"gravity\":\"ceres\"}', 1, CURRENT_TIMESTAMP),
(2, 39, 'Level 2', '{\"disposition\":\"few-front\",\"speed\":\"fast\",\"size\":\"medium\",\"hidecolor\":\"disabled\"}', 1, CURRENT_TIMESTAMP),
(2, 40, 'Level 4', '{\"disposition\":\"medium\",\"size\":\"medium\",\"speed\":\"very fast\"}', 1, CURRENT_TIMESTAMP),
(2, 41, 'Level 2', '{\"disposition\":\"few\",\"distractor\":\"few\",\"persistency\":\"medium\",\"size\":\"large\",\"density\":\"medium\",\"permanence\":\"instant\"}', 1, CURRENT_TIMESTAMP),
(2, 42, 'Level 2', '{\"speed\":\"fast\",\"density\":\"low\"}', 1, CURRENT_TIMESTAMP),
(2, 52, 'Level 2', '{\"permanence\":\"instant\",\"speed\":\"normal\"}', 1, CURRENT_TIMESTAMP),
(3, 3, 'Level 4', '{\"velocity\":\"fast\",\"density\":\"many\",\"proportion\":\"30% bees\"}', 1, CURRENT_TIMESTAMP),
(3, 8, 'Level 3', '{\"distribution\":\"all\",\"size\":\"medium\",\"velocity\":\"medium\",\"proportion\":\"10% engines\",\"density\":\"medium\"}', 1, CURRENT_TIMESTAMP),
(3, 18, 'Level 3', '{\"velocity\":\"fast\",\"density\":\"many\",\"distractors\":\"20%\",\"season\":\"random\",\"rotation\":\"animated\",\"legenda\":\"hide\"}', 1, CURRENT_TIMESTAMP),
(3, 20, 'Level 3', '{\"density\":\"many\",\"velocity\":\"fast\",\"size\":\"medium\",\"proportion\":\"30%\"}', 1, CURRENT_TIMESTAMP),
(3, 22, 'Level 3', '{\"density\":\"many\",\"velocity\":\"medium\",\"proportion\":\"10% bees\"}', 1, CURRENT_TIMESTAMP),
(3, 24, 'Level 3', '{\"density\":\"many\",\"velocity\":\"medium\",\"proportion\":\"10% bees\"}', 1, CURRENT_TIMESTAMP),
(3, 25, 'Level 3', '{\"density\":\"many\",\"proportion\":\"10% bees\",\"velocity\":\"medium\"}', 1, CURRENT_TIMESTAMP),
(3, 32, 'Level 3', '{\"proportion\":\"10% engines\",\"distribution\":\"all\",\"size\":\"medium\",\"velocity\":\"very fast\",\"density\":\"medium\",\"permanence\":\"zero\"}', 1, CURRENT_TIMESTAMP),
(3, 36, 'Level 3', '{\"shelves\":\"few\",\"quantity\":\"medium\",\"size\":\"medium\",\"speed\":\"very fast\"}', 1, CURRENT_TIMESTAMP),
(3, 37, 'Level 3', '{\"layers\":\"two\",\"types\":\"medium\",\"size\":\"medium\",\"gravity\":\"pluto\"}', 1, CURRENT_TIMESTAMP),
(3, 39, 'Level 3', '{\"disposition\":\"medium\",\"speed\":\"very fast\",\"size\":\"medium\",\"hidecolor\":\"disabled\"}', 1, CURRENT_TIMESTAMP),
(3, 40, 'Level 3', '{\"disposition\":\"medium\",\"size\":\"medium\",\"speed\":\"fast\"}', 1, CURRENT_TIMESTAMP),
(3, 41, 'Level 3', '{\"disposition\":\"medium\",\"distractor\":\"medium\",\"persistency\":\"medium\",\"size\":\"large\",\"density\":\"medium\",\"permanence\":\"instant\"}', 1, CURRENT_TIMESTAMP),
(3, 42, 'Level 3', '{\"speed\":\"fast\",\"density\":\"medium\"}', 1, CURRENT_TIMESTAMP),
(3, 52, 'Level 3', '{\"permanence\":\"instant\",\"speed\":\"fast\"}', 1, CURRENT_TIMESTAMP),
(4, 3, 'Level 5', '{\"velocity\":\"very fast\",\"density\":\"many\",\"proportion\":\"30% bees\"}', 1, CURRENT_TIMESTAMP),
(4, 8, 'Level 4', '{\"distribution\":\"all\",\"size\":\"medium\",\"velocity\":\"fast\",\"proportion\":\"30% engines\",\"density\":\"many\"}', 1, CURRENT_TIMESTAMP),
(4, 18, 'Level 4', '{\"velocity\":\"very fast\",\"density\":\"many\",\"distractors\":\"20%\",\"season\":\"random\",\"rotation\":\"animated\",\"legenda\":\"hide\"}', 1, CURRENT_TIMESTAMP),
(4, 20, 'Level 4', '{\"density\":\"many\",\"velocity\":\"very fast\",\"size\":\"medium\",\"proportion\":\"30%\"}', 1, CURRENT_TIMESTAMP),
(4, 22, 'Level 4', '{\"density\":\"many\",\"velocity\":\"medium\",\"proportion\":\"30% bees\"}', 1, CURRENT_TIMESTAMP),
(4, 24, 'Level 4', '{\"density\":\"many\",\"velocity\":\"medium\",\"proportion\":\"30% bees\"}', 1, CURRENT_TIMESTAMP),
(4, 25, 'Level 4', '{\"density\":\"many\",\"proportion\":\"30% bees\",\"velocity\":\"medium\"}', 1, CURRENT_TIMESTAMP),
(4, 32, 'Level 4', '{\"proportion\":\"30% engines\",\"distribution\":\"all\",\"size\":\"medium\",\"velocity\":\"very fast\",\"density\":\"many\",\"permanence\":\"zero\"}', 1, CURRENT_TIMESTAMP),
(4, 36, 'Level 4', '{\"shelves\":\"medium\",\"quantity\":\"lots\",\"size\":\"medium\",\"speed\":\"very fast\"}', 1, CURRENT_TIMESTAMP),
(4, 37, 'Level 4', '{\"layers\":\"three\",\"types\":\"medium\",\"size\":\"small\",\"gravity\":\"pluto\"}', 1, CURRENT_TIMESTAMP),
(4, 39, 'Level 4', '{\"disposition\":\"medium\",\"speed\":\"max\",\"size\":\"medium\",\"hidecolor\":\"disabled\"}', 1, CURRENT_TIMESTAMP),
(4, 40, 'Level 2', '{\"disposition\":\"few-front\",\"size\":\"large\",\"speed\":\"fast\"}', 1, CURRENT_TIMESTAMP),
(4, 41, 'Level 4', '{\"disposition\":\"front+lateral\",\"distractor\":\"medium\",\"persistency\":\"short\",\"size\":\"medium\",\"density\":\"medium\",\"permanence\":\"instant\"}', 1, CURRENT_TIMESTAMP),
(4, 42, 'Level 4', '{\"speed\":\"very-fast\",\"density\":\"low\"}', 1, CURRENT_TIMESTAMP),
(4, 52, 'Level 4', '{\"permanence\":\"instant\",\"speed\":\"very-fast\"}', 1, CURRENT_TIMESTAMP),
(5, 3, 'Level 7', '{\"velocity\":\"very fast\",\"density\":\"a lot\",\"proportion\":\"50% bees\"}', 1, CURRENT_TIMESTAMP),
(5, 8, 'Level 7', '{\"distribution\":\"all\",\"size\":\"small\",\"velocity\":\"very fast\",\"proportion\":\"50% engines\",\"density\":\"a lot\"}', 1, CURRENT_TIMESTAMP),
(5, 18, 'Level 5', '{\"velocity\":\"very fast\",\"density\":\"a lot\",\"distractors\":\"50%\",\"season\":\"random\",\"rotation\":\"animated\",\"legenda\":\"hide\"}', 1, CURRENT_TIMESTAMP),
(5, 20, 'Level 5', '{\"density\":\"a lot\",\"velocity\":\"very fast\",\"size\":\"small\",\"proportion\":\"50%\"}', 1, CURRENT_TIMESTAMP),
(5, 22, 'Level 5', '{\"density\":\"many\",\"velocity\":\"fast\",\"proportion\":\"30% bees\"}', 1, CURRENT_TIMESTAMP),
(5, 24, 'Level 5', '{\"density\":\"many\",\"velocity\":\"fast\",\"proportion\":\"30% bees\"}', 1, CURRENT_TIMESTAMP),
(5, 25, 'Level 5', '{\"density\":\"many\",\"proportion\":\"30% bees\",\"velocity\":\"fast\"}', 1, CURRENT_TIMESTAMP),
(5, 32, 'Level 5', '{\"proportion\":\"30% engines\",\"distribution\":\"all\",\"size\":\"small\",\"velocity\":\"very fast\",\"density\":\"a lot\",\"permanence\":\"zero\"}', 1, CURRENT_TIMESTAMP),
(5, 36, 'Level 5', '{\"shelves\":\"medium\",\"quantity\":\"lots\",\"size\":\"small\",\"speed\":\"very fast\"}', 1, CURRENT_TIMESTAMP),
(5, 37, 'Level 5', '{\"layers\":\"three\",\"types\":\"many\",\"size\":\"medium\",\"gravity\":\"moon\"}', 1, CURRENT_TIMESTAMP),
(5, 39, 'Level 5', '{\"disposition\":\"many\",\"speed\":\"max\",\"size\":\"small\",\"hidecolor\":\"disabled\"}', 1, CURRENT_TIMESTAMP),
(5, 40, 'Level 1', '{\"disposition\":\"few-front\",\"size\":\"large\",\"speed\":\"medium\"}', 1, CURRENT_TIMESTAMP),
(5, 41, 'Level 5', '{\"disposition\":\"back+lateral\",\"distractor\":\"medium\",\"persistency\":\"short\",\"size\":\"medium\",\"density\":\"high\",\"permanence\":\"instant\"}', 1, CURRENT_TIMESTAMP),
(5, 42, 'Level 5', '{\"speed\":\"very-fast\",\"density\":\"medium\"}', 1, CURRENT_TIMESTAMP),
(5, 52, 'Level 5', '{\"permanence\":\"instant\",\"speed\":\"max\"}', 1, CURRENT_TIMESTAMP),
(6, 3, 'Level 3', '{\"velocity\":\"fast\",\"density\":\"many\",\"proportion\":\"10% bees\"}', 1, CURRENT_TIMESTAMP),
(6, 5, 'Level 1', '{\"numbers\":\"2(upper,lower)\",\"precision\":\"big space\"}', 1, CURRENT_TIMESTAMP),
(6, 8, 'Level 2', '{\"distribution\":\"all\",\"size\":\"large\",\"velocity\":\"medium\",\"proportion\":\"10% engines\",\"density\":\"medium\"}', 1, CURRENT_TIMESTAMP),
(6, 22, 'Level 6', '{\"density\":\"a lot\",\"velocity\":\"fast\",\"proportion\":\"30% bees\"}', 1, CURRENT_TIMESTAMP),
(6, 24, 'Level 6', '{\"density\":\"a lot\",\"velocity\":\"fast\",\"proportion\":\"30% bees\"}', 1, CURRENT_TIMESTAMP),
(6, 25, 'Level 6', '{\"density\":\"a lot\",\"proportion\":\"30% bees\",\"velocity\":\"fast\"}', 1, CURRENT_TIMESTAMP),
(6, 32, 'Level 6', '{\"proportion\":\"30% engines\",\"distribution\":\"all\",\"size\":\"medium\",\"velocity\":\"max\",\"density\":\"a lot\",\"permanence\":\"zero\"}', 1, CURRENT_TIMESTAMP),
(6, 36, 'Level 6', '{\"shelves\":\"many\",\"quantity\":\"more\",\"size\":\"small\",\"speed\":\"max\"}', 1, CURRENT_TIMESTAMP),
(6, 37, 'Level 6', '{\"layers\":\"four\",\"types\":\"many\",\"size\":\"medium\",\"gravity\":\"moon\"}', 1, CURRENT_TIMESTAMP),
(6, 41, 'Level 6', '{\"disposition\":\"medium\",\"distractor\":\"many\",\"persistency\":\"short\",\"size\":\"medium\",\"density\":\"high\",\"permanence\":\"instant\"}', 1, CURRENT_TIMESTAMP),
(6, 42, 'Level 6', '{\"speed\":\"faster\",\"density\":\"medium\"}', 1, CURRENT_TIMESTAMP),
(7, 3, 'Level 6', '{\"velocity\":\"very fast\",\"density\":\"a lot\",\"proportion\":\"30% bees\"}', 1, CURRENT_TIMESTAMP),
(7, 5, 'Level 2', '{\"numbers\":\"2(right,left)\",\"precision\":\"big space\"}', 1, CURRENT_TIMESTAMP),
(7, 8, 'Level 5', '{\"distribution\":\"all\",\"size\":\"small\",\"velocity\":\"fast\",\"proportion\":\"30% engines\",\"density\":\"a lot\"}', 1, CURRENT_TIMESTAMP),
(7, 22, 'Level 7', '{\"density\":\"a lot\",\"velocity\":\"fast\",\"proportion\":\"50% bees\"}', 1, CURRENT_TIMESTAMP),
(7, 24, 'Level 7', '{\"density\":\"a lot\",\"velocity\":\"fast\",\"proportion\":\"50% bees\"}', 1, CURRENT_TIMESTAMP),
(7, 25, 'Level 7', '{\"density\":\"a lot\",\"proportion\":\"50% bees\",\"velocity\":\"fast\"}', 1, CURRENT_TIMESTAMP),
(7, 32, 'Level 7', '{\"proportion\":\"50% engines\",\"distribution\":\"all\",\"size\":\"small\",\"velocity\":\"max\",\"density\":\"a lot\",\"permanence\":\"zero\"}', 1, CURRENT_TIMESTAMP),
(7, 36, 'Level 7', '{\"shelves\":\"lots\",\"quantity\":\"max\",\"size\":\"small\",\"speed\":\"max\"}', 1, CURRENT_TIMESTAMP),
(7, 37, 'Level 7', '{\"layers\":\"four\",\"types\":\"many\",\"size\":\"small\",\"gravity\":\"mars\"}', 1, CURRENT_TIMESTAMP),
(7, 41, 'Level 7', '{\"disposition\":\"many\",\"distractor\":\"many\",\"persistency\":\"very short\",\"size\":\"medium\",\"density\":\"high\",\"permanence\":\"instant\"}', 1, CURRENT_TIMESTAMP),
(7, 42, 'Level 7', '{\"speed\":\"faster\",\"density\":\"high\"}', 1, CURRENT_TIMESTAMP),
(8, 5, 'Level 3', '{\"numbers\":\"2(upper,lower)\",\"precision\":\"small space\"}', 1, CURRENT_TIMESTAMP),
(8, 41, 'Level 8', '{\"disposition\":\"many\",\"distractor\":\"many\",\"persistency\":\"very short\",\"size\":\"small\",\"density\":\"high\",\"permanence\":\"instant\"}', 1, CURRENT_TIMESTAMP),
(8, 42, 'Level 8', '{\"speed\":\"max\",\"density\":\"high\"}', 1, CURRENT_TIMESTAMP),
(9, 5, 'Level 4', '{\"numbers\":\"2(right,left)\",\"precision\":\"small space\"}', 1, CURRENT_TIMESTAMP),
(9, 41, 'Level 9', '{\"disposition\":\"many\",\"distractor\":\"many\",\"persistency\":\"very short\",\"size\":\"small\",\"density\":\"max\",\"permanence\":\"instant\"}', 1, CURRENT_TIMESTAMP),
(9, 42, 'Level 9', '{\"speed\":\"max\",\"density\":\"max\"}', 1, CURRENT_TIMESTAMP),
(10, 5, 'Level 5', '{\"numbers\":\"4(right,left,upper,lower)\",\"precision\":\"small space\"}', 1, CURRENT_TIMESTAMP);

/*!40101 SET CHARACTER_SET_CLIENT=@OLD_CHARACTER_SET_CLIENT */;
/*!40101 SET CHARACTER_SET_RESULTS=@OLD_CHARACTER_SET_RESULTS */;
/*!40101 SET COLLATION_CONNECTION=@OLD_COLLATION_CONNECTION */;
