--
-- Dump dei dati per la tabella `ima_plan`
--

INSERT INTO `ima_plan` (`Plan_ID`, `Plan_Name`, `Owner`, `Device_ID`, `Plan_Period`, `Period_Start_Reference`, `Generic`, `Active`) VALUES
(1, 'BEGINNER INCREASE HR-EASY', CONV( SUBSTRING( CAST( MD5( CONCAT( 'jFM4O1LXrBY4ne0kRe2rlw==',  '-', DATABASE( ) ) ) AS CHAR ) , 1, 6 ) , 16, 10 ), 1, 86400, '2015-04-30 22:00:00', 1, 1),
(2, 'BEGINNER INCREASE HR-NORMAL', CONV( SUBSTRING( CAST( MD5( CONCAT( 'jFM4O1LXrBY4ne0kRe2rlw==',  '-', DATABASE( ) ) ) AS CHAR ) , 1, 6 ) , 16, 10 ), 1, 86400, '2015-04-30 22:00:00', 1, 1),
(3, 'BEGINNER INCREASE HR-TRAINED', CONV( SUBSTRING( CAST( MD5( CONCAT( 'jFM4O1LXrBY4ne0kRe2rlw==',  '-', DATABASE( ) ) ) AS CHAR ) , 1, 6 ) , 16, 10 ), 1, 86400, '2015-04-30 22:00:00', 1, 1),
(4, 'BEGINNER INCREASE HR-HARD', CONV( SUBSTRING( CAST( MD5( CONCAT( 'jFM4O1LXrBY4ne0kRe2rlw==',  '-', DATABASE( ) ) ) AS CHAR ) , 1, 6 ) , 16, 10 ), 1, 86400, '2015-04-30 22:00:00', 1, 1),
(6, 'BLOOD CIRCULATION-EASY', CONV( SUBSTRING( CAST( MD5( CONCAT( 'jFM4O1LXrBY4ne0kRe2rlw==',  '-', DATABASE( ) ) ) AS CHAR ) , 1, 6 ) , 16, 10 ), 1, 86400, '2015-04-30 22:00:00', 1, 1),
(7, 'BLOOD CIRCULATION-NORMAL', CONV( SUBSTRING( CAST( MD5( CONCAT( 'jFM4O1LXrBY4ne0kRe2rlw==',  '-', DATABASE( ) ) ) AS CHAR ) , 1, 6 ) , 16, 10 ), 1, 86400, '2015-04-30 22:00:00', 1, 1),
(8, 'BLOOD CIRCULATION-TRAINED', CONV( SUBSTRING( CAST( MD5( CONCAT( 'jFM4O1LXrBY4ne0kRe2rlw==',  '-', DATABASE( ) ) ) AS CHAR ) , 1, 6 ) , 16, 10 ), 1, 86400, '2015-04-30 22:00:00', 1, 1),
(9, 'BLOOD CIRCULATION-HARD', CONV( SUBSTRING( CAST( MD5( CONCAT( 'jFM4O1LXrBY4ne0kRe2rlw==',  '-', DATABASE( ) ) ) AS CHAR ) , 1, 6 ) , 16, 10 ), 1, 86400, '2015-04-30 22:00:00', 1, 1),
(10, 'ADVANCED INCREASE HR-EASY', CONV( SUBSTRING( CAST( MD5( CONCAT( 'jFM4O1LXrBY4ne0kRe2rlw==',  '-', DATABASE( ) ) ) AS CHAR ) , 1, 6 ) , 16, 10 ), 1, 86400, '2015-04-30 22:00:00', 1, 1),
(11, 'ADVANCED INCREASE HR-NORMAL', CONV( SUBSTRING( CAST( MD5( CONCAT( 'jFM4O1LXrBY4ne0kRe2rlw==',  '-', DATABASE( ) ) ) AS CHAR ) , 1, 6 ) , 16, 10 ), 1, 86400, '2015-04-30 22:00:00', 1, 1),
(12, 'ADVANCED INCREASE HR-TRAINING', CONV( SUBSTRING( CAST( MD5( CONCAT( 'jFM4O1LXrBY4ne0kRe2rlw==',  '-', DATABASE( ) ) ) AS CHAR ) , 1, 6 ) , 16, 10 ), 1, 86400, '2015-04-30 22:00:00', 1, 1),
(13, 'ADVANCED INCREASE HR-HARD', CONV( SUBSTRING( CAST( MD5( CONCAT( 'jFM4O1LXrBY4ne0kRe2rlw==',  '-', DATABASE( ) ) ) AS CHAR ) , 1, 6 ) , 16, 10 ), 1, 86400, '2015-04-30 22:00:00', 1, 1),
(14, 'ADVANCED BLOOD CIRCULATION-EASY', CONV( SUBSTRING( CAST( MD5( CONCAT( 'jFM4O1LXrBY4ne0kRe2rlw==',  '-', DATABASE( ) ) ) AS CHAR ) , 1, 6 ) , 16, 10 ), 1, 86400, '2015-04-30 22:00:00', 1, 1),
(15, 'ADVANCED BLOOD CIRCULATION-NORMAL', CONV( SUBSTRING( CAST( MD5( CONCAT( 'jFM4O1LXrBY4ne0kRe2rlw==',  '-', DATABASE( ) ) ) AS CHAR ) , 1, 6 ) , 16, 10 ), 1, 86400, '2015-04-30 22:00:00', 1, 1),
(16, 'ADVANCED BLOOD CIRCULATION-TRAINED', CONV( SUBSTRING( CAST( MD5( CONCAT( 'jFM4O1LXrBY4ne0kRe2rlw==',  '-', DATABASE( ) ) ) AS CHAR ) , 1, 6 ) , 16, 10 ), 1, 86400, '2015-04-30 22:00:00', 1, 1),
(17, 'ADVANCED BLOOD CIRCULATION-HARD', CONV( SUBSTRING( CAST( MD5( CONCAT( 'jFM4O1LXrBY4ne0kRe2rlw==',  '-', DATABASE( ) ) ) AS CHAR ) , 1, 6 ) , 16, 10 ), 1, 86400, '2015-04-30 22:00:00', 1, 1),
(21, 'BEGINNER INCREASE HR-EASY', CONV( SUBSTRING( CAST( MD5( CONCAT( 'jFM4O1LXrBY4ne0kRe2rlw==',  '-', DATABASE( ) ) ) AS CHAR ) , 1, 6 ) , 16, 10 ), 6, 86400, '2015-04-30 20:00:00', 1, 1),
(22, 'BEGINNER INCREASE HR-NORMAL', CONV( SUBSTRING( CAST( MD5( CONCAT( 'jFM4O1LXrBY4ne0kRe2rlw==',  '-', DATABASE( ) ) ) AS CHAR ) , 1, 6 ) , 16, 10 ), 6, 86400, '2015-04-30 20:00:00', 1, 1),
(23, 'BEGINNER INCREASE HR-TRAINED', CONV( SUBSTRING( CAST( MD5( CONCAT( 'jFM4O1LXrBY4ne0kRe2rlw==',  '-', DATABASE( ) ) ) AS CHAR ) , 1, 6 ) , 16, 10 ), 6, 86400, '2015-04-30 20:00:00', 1, 1),
(24, 'BEGINNER INCREASE HR-HARD', CONV( SUBSTRING( CAST( MD5( CONCAT( 'jFM4O1LXrBY4ne0kRe2rlw==',  '-', DATABASE( ) ) ) AS CHAR ) , 1, 6 ) , 16, 10 ), 6, 86400, '2015-04-30 20:00:00', 1, 1),
(26, 'BLOOD CIRCULATION-EASY', CONV( SUBSTRING( CAST( MD5( CONCAT( 'jFM4O1LXrBY4ne0kRe2rlw==',  '-', DATABASE( ) ) ) AS CHAR ) , 1, 6 ) , 16, 10 ), 6, 86400, '2015-04-30 20:00:00', 1, 1),
(27, 'BLOOD CIRCULATION-NORMAL', CONV( SUBSTRING( CAST( MD5( CONCAT( 'jFM4O1LXrBY4ne0kRe2rlw==',  '-', DATABASE( ) ) ) AS CHAR ) , 1, 6 ) , 16, 10 ), 6, 86400, '2015-04-30 20:00:00', 1, 1),
(28, 'BLOOD CIRCULATION-TRAINED', CONV( SUBSTRING( CAST( MD5( CONCAT( 'jFM4O1LXrBY4ne0kRe2rlw==',  '-', DATABASE( ) ) ) AS CHAR ) , 1, 6 ) , 16, 10 ), 6, 86400, '2015-04-30 20:00:00', 1, 1),
(29, 'BLOOD CIRCULATION-HARD', CONV( SUBSTRING( CAST( MD5( CONCAT( 'jFM4O1LXrBY4ne0kRe2rlw==',  '-', DATABASE( ) ) ) AS CHAR ) , 1, 6 ) , 16, 10 ), 6, 86400, '2015-04-30 20:00:00', 1, 1),
(30, 'ADVANCED INCREASE HR-EASY', CONV( SUBSTRING( CAST( MD5( CONCAT( 'jFM4O1LXrBY4ne0kRe2rlw==',  '-', DATABASE( ) ) ) AS CHAR ) , 1, 6 ) , 16, 10 ), 6, 86400, '2015-04-30 20:00:00', 1, 1),
(31, 'ADVANCED INCREASE HR-NORMAL', CONV( SUBSTRING( CAST( MD5( CONCAT( 'jFM4O1LXrBY4ne0kRe2rlw==',  '-', DATABASE( ) ) ) AS CHAR ) , 1, 6 ) , 16, 10 ), 6, 86400, '2015-04-30 20:00:00', 1, 1),
(32, 'ADVANCED INCREASE HR-TRAINING', CONV( SUBSTRING( CAST( MD5( CONCAT( 'jFM4O1LXrBY4ne0kRe2rlw==',  '-', DATABASE( ) ) ) AS CHAR ) , 1, 6 ) , 16, 10 ), 6, 86400, '2015-04-30 20:00:00', 1, 1),
(33, 'ADVANCED INCREASE HR-HARD', CONV( SUBSTRING( CAST( MD5( CONCAT( 'jFM4O1LXrBY4ne0kRe2rlw==',  '-', DATABASE( ) ) ) AS CHAR ) , 1, 6 ) , 16, 10 ), 6, 86400, '2015-04-30 20:00:00', 1, 1),
(34, 'ADVANCED BLOOD CIRCULATION-EASY', CONV( SUBSTRING( CAST( MD5( CONCAT( 'jFM4O1LXrBY4ne0kRe2rlw==',  '-', DATABASE( ) ) ) AS CHAR ) , 1, 6 ) , 16, 10 ), 6, 86400, '2015-04-30 20:00:00', 1, 1),
(35, 'ADVANCED BLOOD CIRCULATION-NORMAL', CONV( SUBSTRING( CAST( MD5( CONCAT( 'jFM4O1LXrBY4ne0kRe2rlw==',  '-', DATABASE( ) ) ) AS CHAR ) , 1, 6 ) , 16, 10 ), 6, 86400, '2015-04-30 20:00:00', 1, 1),
(36, 'ADVANCED BLOOD CIRCULATION-TRAINED', CONV( SUBSTRING( CAST( MD5( CONCAT( 'jFM4O1LXrBY4ne0kRe2rlw==',  '-', DATABASE( ) ) ) AS CHAR ) , 1, 6 ) , 16, 10 ), 6, 86400, '2015-04-30 20:00:00', 1, 1),
(37, 'ADVANCED BLOOD CIRCULATION-HARD', CONV( SUBSTRING( CAST( MD5( CONCAT( 'jFM4O1LXrBY4ne0kRe2rlw==',  '-', DATABASE( ) ) ) AS CHAR ) , 1, 6 ) , 16, 10 ), 6, 86400, '2015-04-30 20:00:00', 1, 1);

--
-- Dump dei dati per la tabella `ima_plan_game`
--

INSERT INTO `ima_plan_game` (`Plan_Game_ID`, `Plan_ID`, `Game_ID`, `Parameters`, `Plan_Order`, `Level`, `Sequence`, `Active`) VALUES
(3, 1, 40, '{\"duration\":\"120\",\"position\":\"standing\",\"disposition\":\"many\",\"size\":\"medium\",\"movement\":\"wide\",\"foot\":\"both\",\"speed\":\"very fast\",\"check.shoulder\":\"none\",\"check.spine\":\"none\",\"check.position\":\"strict\"}', 2000, 0, 0, 1),
(4, 1, 36, '{\"duration\":\"120\",\"position\":\"standing\",\"shelves\":\"medium\",\"quantity\":\"lots\",\"size\":\"medium\",\"speed\":\"max\",\"tilt\":\"yes\",\"check.shoulder\":\"none\",\"check.position\":\"strict\"}', 3000, 0, 0, 1),
(5, 1, 42, '{\"duration\":\"120\",\"speed\":\"very-fast\",\"density\":\"medium\",\"position\":\"squatting\",\"check.shoulder\":\"none\",\"check.spine\":\"none\"}', 4000, 0, 0, 1),
(6, 1, 52, '{\"duration\":\"120\",\"position\":\"sitting\",\"movement\":\"wide\",\"foot\":\"both\",\"permanence\":\"instant\",\"check.position\":\"strict\",\"speed\":\"very-fast\"}', 5000, 0, 0, 1),
(7, 2, 20, '{\"duration\":\"180\",\"hand\":\"preferred\",\"position\":\"standing\",\"grab\":\"no\",\"density\":\"a lot\",\"velocity\":\"very fast\",\"size\":\"medium\",\"proportion\":\"50%\",\"check.shoulder\":\"none\",\"check.spine\":\"none\",\"check.position\":\"strict\",\"check.hand\":\"none\",\"check.elbow\":\"none\"}', 0, 0, 0, 1),
(8, 2, 32, '{\"duration\":\"180\",\"proportion\":\"50% engines\",\"hand\":\"preferred\",\"position\":\"standing\",\"distribution\":\"all\",\"size\":\"small\",\"velocity\":\"max\",\"density\":\"a lot\",\"check.shoulder\":\"none\",\"check.spine\":\"none\",\"check.position\":\"strict\",\"check.hand\":\"none\",\"permanence\":\"zero\"}', 1000, 0, 0, 1),
(9, 2, 39, '{\"duration\":\"180\",\"position\":\"standing\",\"disposition\":\"many\",\"speed\":\"max\",\"size\":\"medium\",\"movement\":\"wide\",\"foot\":\"both\",\"check.shoulder\":\"none\",\"check.spine\":\"none\",\"check.position\":\"strict\",\"hidecolor\":\"disabled\"}', 2000, 0, 0, 1),
(10, 2, 40, '{\"duration\":\"180\",\"position\":\"standing\",\"disposition\":\"many\",\"size\":\"medium\",\"movement\":\"wide\",\"foot\":\"both\",\"speed\":\"very fast\",\"check.shoulder\":\"none\",\"check.spine\":\"none\",\"check.position\":\"strict\"}', 3000, 0, 0, 1),
(11, 2, 36, '{\"duration\":\"120\",\"position\":\"standing\",\"shelves\":\"many\",\"quantity\":\"more\",\"size\":\"small\",\"speed\":\"max\",\"tilt\":\"yes\",\"check.shoulder\":\"none\",\"check.position\":\"strict\"}', 4000, 0, 0, 1),
(12, 2, 42, '{\"duration\":\"180\",\"speed\":\"very-fast\",\"density\":\"medium\",\"position\":\"squatting\",\"check.shoulder\":\"none\",\"check.spine\":\"none\"}', 5000, 0, 0, 1),
(13, 3, 32, '{\"duration\":\"240\",\"proportion\":\"50% engines\",\"hand\":\"preferred\",\"position\":\"standing\",\"distribution\":\"all\",\"size\":\"small\",\"velocity\":\"max\",\"density\":\"a lot\",\"check.shoulder\":\"none\",\"check.spine\":\"none\",\"check.position\":\"strict\",\"check.hand\":\"none\",\"permanence\":\"zero\"}', 0, 0, 0, 1),
(14, 3, 39, '{\"duration\":\"240\",\"position\":\"standing\",\"disposition\":\"many\",\"speed\":\"max\",\"size\":\"medium\",\"movement\":\"wide\",\"foot\":\"both\",\"check.shoulder\":\"none\",\"check.spine\":\"none\",\"check.position\":\"strict\",\"hidecolor\":\"disabled\"}', 1000, 0, 0, 1),
(15, 3, 40, '{\"duration\":\"240\",\"position\":\"standing\",\"disposition\":\"many\",\"size\":\"medium\",\"movement\":\"wide\",\"foot\":\"both\",\"speed\":\"very fast\",\"check.shoulder\":\"none\",\"check.spine\":\"none\",\"check.position\":\"strict\"}', 2000, 0, 0, 1),
(16, 3, 36, '{\"duration\":\"180\",\"position\":\"standing\",\"shelves\":\"lots\",\"quantity\":\"max\",\"size\":\"small\",\"speed\":\"max\",\"tilt\":\"yes\",\"check.shoulder\":\"none\",\"check.position\":\"strict\"}', 3000, 0, 0, 1),
(17, 3, 42, '{\"duration\":\"240\",\"speed\":\"faster\",\"density\":\"high\",\"position\":\"squatting\",\"check.shoulder\":\"none\",\"check.spine\":\"none\"}', 4000, 0, 0, 1),
(18, 4, 25, '{\"duration\":\"240\",\"density\":\"a lot\",\"position\":\"standing\",\"grab\":\"no\",\"proportion\":\"50% bees\",\"velocity\":\"fast\",\"hand\":\"both\",\"check.shoulder\":\"none\",\"check.spine\":\"none\",\"check.position\":\"strict\",\"check.hand\":\"none\",\"check.elbow\":\"none\"}', 0, 0, 0, 1),
(19, 4, 39, '{\"duration\":\"300\",\"position\":\"standing\",\"disposition\":\"many\",\"speed\":\"max\",\"size\":\"medium\",\"movement\":\"wide\",\"foot\":\"both\",\"check.shoulder\":\"none\",\"check.spine\":\"none\",\"check.position\":\"strict\",\"hidecolor\":\"disabled\"}', 1000, 0, 0, 1),
(20, 4, 36, '{\"duration\":\"300\",\"position\":\"standing\",\"shelves\":\"lots\",\"quantity\":\"max\",\"size\":\"small\",\"speed\":\"max\",\"tilt\":\"yes\",\"check.shoulder\":\"none\",\"check.position\":\"strict\"}', 2000, 0, 0, 1),
(21, 4, 42, '{\"duration\":\"180\",\"speed\":\"max\",\"density\":\"max\",\"position\":\"squatting\",\"check.shoulder\":\"none\",\"check.spine\":\"none\"}', 3000, 0, 0, 1),
(22, 4, 41, '{\"duration\":\"240\",\"position\":\"standing\",\"movement\":\"wide\",\"foot\":\"both\",\"disposition\":\"many\",\"distractor\":\"medium\",\"persistency\":\"short\",\"size\":\"medium\",\"density\":\"high\",\"permanence\":\"instant\",\"check.shoulder\":\"none\",\"check.spine\":\"none\",\"check.position\":\"strict\"}', 4000, 0, 0, 1),
(23, 1, 39, '{\"duration\":\"120\",\"position\":\"standing\",\"disposition\":\"many\",\"speed\":\"max\",\"size\":\"medium\",\"movement\":\"wide\",\"foot\":\"both\",\"check.shoulder\":\"none\",\"check.spine\":\"none\",\"check.position\":\"strict\",\"hidecolor\":\"disabled\"}', 1000, 0, 0, 1),
(24, 1, 25, '{\"duration\":\"240\",\"density\":\"a lot\",\"position\":\"standing\",\"grab\":\"no\",\"proportion\":\"50% bees\",\"velocity\":\"fast\",\"hand\":\"both\",\"check.shoulder\":\"none\",\"check.spine\":\"none\",\"check.position\":\"strict\",\"check.hand\":\"none\",\"check.elbow\":\"none\"}', 0, 0, 0, 1),
(29, 6, 18, '{\"duration\":\"180\",\"velocity\":\"very fast\",\"density\":\"a lot\",\"position\":\"standing\",\"distractors\":\"50%\",\"season\":\"random\",\"rotation\":\"animated\",\"hand\":\"both\",\"check.shoulder\":\"none\",\"check.spine\":\"none\",\"check.position\":\"strict\",\"check.hand\":\"none\",\"check.elbow\":\"none\",\"legenda\":\"show\"}', 0, 0, 0, 1),
(30, 6, 36, '{\"duration\":\"120\",\"position\":\"standing\",\"shelves\":\"many\",\"quantity\":\"more\",\"size\":\"small\",\"speed\":\"max\",\"tilt\":\"yes\",\"check.shoulder\":\"none\",\"check.position\":\"strict\"}', 1000, 0, 0, 1),
(31, 6, 37, '{\"duration\":\"60\",\"position\":\"standing\",\"layers\":\"two\",\"types\":\"many\",\"size\":\"medium\",\"gravity\":\"mars\",\"tilt\":\"yes\",\"check.shoulder\":\"none\",\"check.position\":\"strict\"}', 2000, 0, 0, 1),
(32, 6, 42, '{\"duration\":\"120\",\"speed\":\"very-fast\",\"density\":\"medium\",\"position\":\"squatting\",\"check.shoulder\":\"none\",\"check.spine\":\"none\"}', 3000, 0, 0, 1),
(33, 7, 18, '{\"duration\":\"180\",\"velocity\":\"very fast\",\"density\":\"a lot\",\"position\":\"standing\",\"distractors\":\"50%\",\"season\":\"random\",\"rotation\":\"animated\",\"hand\":\"both\",\"check.shoulder\":\"none\",\"check.spine\":\"none\",\"check.position\":\"strict\",\"check.hand\":\"none\",\"check.elbow\":\"none\",\"legenda\":\"hide\"}', 0, 0, 0, 1),
(34, 7, 36, '{\"duration\":\"180\",\"position\":\"standing\",\"shelves\":\"many\",\"quantity\":\"max\",\"size\":\"small\",\"speed\":\"max\",\"tilt\":\"yes\",\"check.shoulder\":\"none\",\"check.position\":\"strict\"}', 1000, 0, 0, 1),
(35, 7, 42, '{\"duration\":\"180\",\"speed\":\"faster\",\"density\":\"medium\",\"position\":\"squatting\",\"check.shoulder\":\"none\",\"check.spine\":\"none\"}', 2000, 0, 0, 1),
(36, 8, 18, '{\"duration\":\"240\",\"velocity\":\"very fast\",\"density\":\"a lot\",\"position\":\"standing\",\"distractors\":\"50%\",\"season\":\"random\",\"rotation\":\"animated\",\"hand\":\"both\",\"check.shoulder\":\"none\",\"check.spine\":\"none\",\"check.position\":\"strict\",\"check.hand\":\"none\",\"check.elbow\":\"none\",\"legenda\":\"hide\"}', 0, 0, 0, 1),
(37, 8, 36, '{\"duration\":\"240\",\"position\":\"standing\",\"shelves\":\"lots\",\"quantity\":\"max\",\"size\":\"small\",\"speed\":\"max\",\"tilt\":\"yes\",\"check.shoulder\":\"none\",\"check.position\":\"strict\"}', 1000, 0, 0, 1),
(38, 8, 42, '{\"duration\":\"180\",\"speed\":\"faster\",\"density\":\"high\",\"position\":\"squatting\",\"check.shoulder\":\"none\",\"check.spine\":\"none\"}', 2000, 0, 0, 1),
(39, 9, 18, '{\"duration\":\"240\",\"velocity\":\"very fast\",\"density\":\"a lot\",\"position\":\"standing\",\"distractors\":\"50%\",\"season\":\"random\",\"rotation\":\"animated\",\"hand\":\"both\",\"check.shoulder\":\"none\",\"check.spine\":\"none\",\"check.position\":\"strict\",\"check.hand\":\"none\",\"check.elbow\":\"none\",\"legenda\":\"hide\"}', 0, 0, 0, 1),
(40, 9, 36, '{\"duration\":\"240\",\"position\":\"standing\",\"shelves\":\"lots\",\"quantity\":\"max\",\"size\":\"small\",\"speed\":\"max\",\"tilt\":\"yes\",\"check.shoulder\":\"none\",\"check.position\":\"strict\"}', 1000, 0, 0, 1),
(41, 9, 42, '{\"duration\":\"180\",\"speed\":\"max\",\"density\":\"max\",\"position\":\"squatting\",\"check.shoulder\":\"none\",\"check.spine\":\"none\"}', 2000, 0, 0, 1),
(42, 9, 52, '{\"duration\":\"60\",\"position\":\"sitting\",\"movement\":\"wide\",\"foot\":\"both\",\"permanence\":\"instant\",\"check.position\":\"strict\",\"speed\":\"very-fast\"}', 3000, 0, 0, 1),
(43, 10, 22, '{\"duration\":\"180\",\"density\":\"a lot\",\"position\":\"standing\",\"grab\":\"no\",\"velocity\":\"fast\",\"proportion\":\"50% bees\",\"hand\":\"both\",\"check.shoulder\":\"none\",\"check.spine\":\"none\",\"check.position\":\"strict\",\"check.hand\":\"none\",\"check.elbow\":\"none\"}', 0, 0, 0, 1),
(44, 10, 18, '{\"duration\":\"180\",\"velocity\":\"very fast\",\"density\":\"a lot\",\"position\":\"standing\",\"distractors\":\"50%\",\"season\":\"random\",\"rotation\":\"animated\",\"hand\":\"both\",\"check.shoulder\":\"none\",\"check.spine\":\"none\",\"check.position\":\"strict\",\"check.hand\":\"none\",\"check.elbow\":\"none\",\"legenda\":\"show\"}', 1000, 0, 0, 1),
(45, 10, 36, '{\"duration\":\"120\",\"position\":\"standing\",\"shelves\":\"many\",\"quantity\":\"more\",\"size\":\"small\",\"speed\":\"max\",\"tilt\":\"yes\",\"check.shoulder\":\"none\",\"check.position\":\"strict\"}', 2000, 0, 0, 1),
(46, 10, 42, '{\"duration\":\"120\",\"speed\":\"very-fast\",\"density\":\"medium\",\"position\":\"squatting\",\"check.shoulder\":\"none\",\"check.spine\":\"none\"}', 3000, 0, 0, 1),
(47, 10, 52, '{\"duration\":\"120\",\"position\":\"sitting\",\"movement\":\"wide\",\"foot\":\"both\",\"permanence\":\"instant\",\"check.position\":\"strict\",\"speed\":\"fast\"}', 4000, 0, 0, 1),
(48, 11, 18, '{\"duration\":\"180\",\"velocity\":\"very fast\",\"density\":\"a lot\",\"position\":\"standing\",\"distractors\":\"50%\",\"season\":\"random\",\"rotation\":\"animated\",\"hand\":\"both\",\"check.shoulder\":\"none\",\"check.spine\":\"none\",\"check.position\":\"strict\",\"check.hand\":\"none\",\"check.elbow\":\"none\",\"legenda\":\"show\"}', 0, 0, 0, 1),
(49, 11, 39, '{\"duration\":\"180\",\"position\":\"standing\",\"disposition\":\"many\",\"speed\":\"max\",\"size\":\"medium\",\"movement\":\"wide\",\"foot\":\"both\",\"check.shoulder\":\"none\",\"check.spine\":\"none\",\"check.position\":\"strict\",\"hidecolor\":\"disabled\"}', 1000, 0, 0, 1),
(50, 11, 40, '{\"duration\":\"180\",\"position\":\"standing\",\"disposition\":\"many\",\"size\":\"medium\",\"movement\":\"wide\",\"foot\":\"both\",\"speed\":\"very fast\",\"check.shoulder\":\"none\",\"check.spine\":\"none\",\"check.position\":\"strict\"}', 2000, 0, 0, 1),
(51, 11, 36, '{\"duration\":\"120\",\"position\":\"standing\",\"shelves\":\"many\",\"quantity\":\"more\",\"size\":\"small\",\"speed\":\"max\",\"tilt\":\"yes\",\"check.shoulder\":\"none\",\"check.position\":\"strict\"}', 3000, 0, 0, 1),
(52, 11, 42, '{\"duration\":\"120\",\"speed\":\"very-fast\",\"density\":\"max\",\"position\":\"squatting\",\"check.shoulder\":\"none\",\"check.spine\":\"none\"}', 4000, 0, 0, 1),
(53, 12, 22, '{\"duration\":\"180\",\"density\":\"a lot\",\"position\":\"standing\",\"grab\":\"no\",\"velocity\":\"fast\",\"proportion\":\"50% bees\",\"hand\":\"both\",\"check.shoulder\":\"none\",\"check.spine\":\"none\",\"check.position\":\"strict\",\"check.hand\":\"none\",\"check.elbow\":\"none\"}', 0, 0, 0, 1),
(54, 12, 18, '{\"duration\":\"180\",\"velocity\":\"very fast\",\"density\":\"a lot\",\"position\":\"standing\",\"distractors\":\"50%\",\"season\":\"random\",\"rotation\":\"animated\",\"hand\":\"both\",\"check.shoulder\":\"none\",\"check.spine\":\"none\",\"check.position\":\"strict\",\"check.hand\":\"none\",\"check.elbow\":\"none\",\"legenda\":\"show\"}', 1000, 0, 0, 1),
(55, 12, 39, '{\"duration\":\"180\",\"position\":\"standing\",\"disposition\":\"many\",\"speed\":\"max\",\"size\":\"medium\",\"movement\":\"wide\",\"foot\":\"both\",\"check.shoulder\":\"none\",\"check.spine\":\"none\",\"check.position\":\"strict\",\"hidecolor\":\"disabled\"}', 2000, 0, 0, 1),
(56, 12, 40, '{\"duration\":\"180\",\"position\":\"standing\",\"disposition\":\"many\",\"size\":\"medium\",\"movement\":\"wide\",\"foot\":\"both\",\"speed\":\"very fast\",\"check.shoulder\":\"none\",\"check.spine\":\"none\",\"check.position\":\"strict\"}', 3000, 0, 0, 1),
(57, 12, 36, '{\"duration\":\"120\",\"position\":\"standing\",\"shelves\":\"many\",\"quantity\":\"more\",\"size\":\"small\",\"speed\":\"max\",\"tilt\":\"yes\",\"check.shoulder\":\"none\",\"check.position\":\"strict\"}', 4000, 0, 0, 1),
(58, 12, 42, '{\"duration\":\"180\",\"speed\":\"faster\",\"density\":\"max\",\"position\":\"squatting\",\"check.shoulder\":\"none\",\"check.spine\":\"none\"}', 5000, 0, 0, 1),
(59, 13, 22, '{\"duration\":\"180\",\"density\":\"a lot\",\"position\":\"standing\",\"grab\":\"no\",\"velocity\":\"fast\",\"proportion\":\"50% bees\",\"hand\":\"both\",\"check.shoulder\":\"none\",\"check.spine\":\"none\",\"check.position\":\"strict\",\"check.hand\":\"none\",\"check.elbow\":\"none\"}', 0, 0, 0, 1),
(60, 13, 18, '{\"duration\":\"180\",\"velocity\":\"very fast\",\"density\":\"a lot\",\"position\":\"standing\",\"distractors\":\"50%\",\"season\":\"random\",\"rotation\":\"animated\",\"hand\":\"both\",\"check.shoulder\":\"none\",\"check.spine\":\"none\",\"check.position\":\"strict\",\"check.hand\":\"none\",\"check.elbow\":\"none\",\"legenda\":\"show\"}', 1000, 0, 0, 1),
(61, 13, 39, '{\"duration\":\"240\",\"position\":\"standing\",\"disposition\":\"many\",\"speed\":\"max\",\"size\":\"medium\",\"movement\":\"wide\",\"foot\":\"both\",\"check.shoulder\":\"none\",\"check.spine\":\"none\",\"check.position\":\"strict\",\"hidecolor\":\"disabled\"}', 2000, 0, 0, 1),
(62, 13, 40, '{\"duration\":\"180\",\"position\":\"standing\",\"disposition\":\"many\",\"size\":\"medium\",\"movement\":\"wide\",\"foot\":\"both\",\"speed\":\"very fast\",\"check.shoulder\":\"none\",\"check.spine\":\"none\",\"check.position\":\"strict\"}', 3000, 0, 0, 1),
(63, 13, 36, '{\"duration\":\"180\",\"position\":\"standing\",\"shelves\":\"lots\",\"quantity\":\"max\",\"size\":\"small\",\"speed\":\"max\",\"tilt\":\"yes\",\"check.shoulder\":\"none\",\"check.position\":\"strict\"}', 4000, 0, 0, 1),
(64, 13, 42, '{\"duration\":\"180\",\"speed\":\"max\",\"density\":\"max\",\"position\":\"squatting\",\"check.shoulder\":\"none\",\"check.spine\":\"none\"}', 5000, 0, 0, 1),
(65, 14, 41, '{\"duration\":\"180\",\"position\":\"standing\",\"movement\":\"wide\",\"foot\":\"both\",\"disposition\":\"many\",\"distractor\":\"medium\",\"persistency\":\"short\",\"size\":\"medium\",\"density\":\"high\",\"permanence\":\"instant\",\"check.shoulder\":\"none\",\"check.spine\":\"none\",\"check.position\":\"strict\"}', 0, 0, 0, 1),
(66, 14, 36, '{\"duration\":\"120\",\"position\":\"standing\",\"shelves\":\"medium\",\"quantity\":\"more\",\"size\":\"small\",\"speed\":\"max\",\"tilt\":\"yes\",\"check.shoulder\":\"none\",\"check.position\":\"strict\"}', 1000, 0, 0, 1),
(67, 14, 42, '{\"duration\":\"120\",\"speed\":\"very-fast\",\"density\":\"medium\",\"position\":\"squatting\",\"check.shoulder\":\"none\",\"check.spine\":\"none\"}', 2000, 0, 0, 1),
(68, 15, 40, '{\"duration\":\"120\",\"position\":\"standing\",\"disposition\":\"many\",\"size\":\"medium\",\"movement\":\"wide\",\"foot\":\"both\",\"speed\":\"very fast\",\"check.shoulder\":\"none\",\"check.spine\":\"none\",\"check.position\":\"strict\"}', 0, 0, 0, 1),
(69, 15, 41, '{\"duration\":\"180\",\"position\":\"standing\",\"movement\":\"wide\",\"foot\":\"both\",\"disposition\":\"many\",\"distractor\":\"medium\",\"persistency\":\"short\",\"size\":\"medium\",\"density\":\"high\",\"permanence\":\"instant\",\"check.shoulder\":\"none\",\"check.spine\":\"none\",\"check.position\":\"strict\"}', 1000, 0, 0, 1),
(70, 15, 36, '{\"duration\":\"120\",\"position\":\"standing\",\"shelves\":\"many\",\"quantity\":\"lots\",\"size\":\"small\",\"speed\":\"max\",\"tilt\":\"yes\",\"check.shoulder\":\"none\",\"check.position\":\"strict\"}', 2000, 0, 0, 1),
(71, 15, 42, '{\"duration\":\"120\",\"speed\":\"faster\",\"density\":\"high\",\"position\":\"squatting\",\"check.shoulder\":\"none\",\"check.spine\":\"none\"}', 3000, 0, 0, 1),
(72, 16, 40, '{\"duration\":\"180\",\"position\":\"standing\",\"disposition\":\"many\",\"size\":\"medium\",\"movement\":\"wide\",\"foot\":\"both\",\"speed\":\"very fast\",\"check.shoulder\":\"none\",\"check.spine\":\"none\",\"check.position\":\"strict\"}', 0, 0, 0, 1),
(73, 16, 41, '{\"duration\":\"180\",\"position\":\"standing\",\"movement\":\"wide\",\"foot\":\"both\",\"disposition\":\"many\",\"distractor\":\"medium\",\"persistency\":\"short\",\"size\":\"medium\",\"density\":\"high\",\"permanence\":\"instant\",\"check.shoulder\":\"none\",\"check.spine\":\"none\",\"check.position\":\"strict\"}', 1000, 0, 0, 1),
(74, 16, 36, '{\"duration\":\"180\",\"position\":\"standing\",\"shelves\":\"many\",\"quantity\":\"max\",\"size\":\"small\",\"speed\":\"max\",\"tilt\":\"yes\",\"check.shoulder\":\"none\",\"check.position\":\"strict\"}', 2000, 0, 0, 1),
(75, 16, 42, '{\"duration\":\"60\",\"speed\":\"max\",\"density\":\"high\",\"position\":\"squatting\",\"check.shoulder\":\"none\",\"check.spine\":\"none\"}', 3000, 0, 0, 1),
(76, 16, 52, '{\"duration\":\"120\",\"position\":\"sitting\",\"movement\":\"wide\",\"foot\":\"both\",\"permanence\":\"instant\",\"check.position\":\"strict\",\"speed\":\"very-fast\"}', 4000, 0, 0, 1),
(77, 17, 18, '{\"duration\":\"180\",\"velocity\":\"very fast\",\"density\":\"a lot\",\"position\":\"standing\",\"distractors\":\"50%\",\"season\":\"random\",\"rotation\":\"animated\",\"hand\":\"both\",\"check.shoulder\":\"none\",\"check.spine\":\"none\",\"check.position\":\"strict\",\"check.hand\":\"none\",\"check.elbow\":\"none\",\"legenda\":\"show\"}', 0, 0, 0, 1),
(78, 17, 40, '{\"duration\":\"180\",\"position\":\"standing\",\"disposition\":\"many\",\"size\":\"medium\",\"movement\":\"wide\",\"foot\":\"both\",\"speed\":\"very fast\",\"check.shoulder\":\"none\",\"check.spine\":\"none\",\"check.position\":\"strict\"}', 1000, 0, 0, 1),
(79, 17, 41, '{\"duration\":\"180\",\"position\":\"standing\",\"movement\":\"wide\",\"foot\":\"both\",\"disposition\":\"many\",\"distractor\":\"medium\",\"persistency\":\"short\",\"size\":\"medium\",\"density\":\"high\",\"permanence\":\"instant\",\"check.shoulder\":\"none\",\"check.spine\":\"none\",\"check.position\":\"strict\"}', 2000, 0, 0, 1),
(80, 17, 36, '{\"duration\":\"180\",\"position\":\"standing\",\"shelves\":\"lots\",\"quantity\":\"max\",\"size\":\"small\",\"speed\":\"max\",\"tilt\":\"yes\",\"check.shoulder\":\"none\",\"check.position\":\"strict\"}', 3000, 0, 0, 1),
(81, 17, 42, '{\"duration\":\"180\",\"speed\":\"max\",\"density\":\"max\",\"position\":\"squatting\",\"check.shoulder\":\"none\",\"check.spine\":\"none\"}', 4000, 0, 0, 1),
(82, 17, 52, '{\"duration\":\"120\",\"position\":\"sitting\",\"movement\":\"wide\",\"foot\":\"both\",\"permanence\":\"instant\",\"check.position\":\"strict\",\"speed\":\"max\"}', 5000, 0, 0, 1),
(83, 21, 25, '{\"duration\":\"240\",\"density\":\"a lot\",\"proportion\":\"50% bees\",\"velocity\":\"fast\",\"position\":\"standing\",\"grab\":\"no\",\"hand\":\"both\",\"check.shoulder\":\"none\",\"check.spine\":\"none\",\"check.position\":\"strict\",\"check.hand\":\"none\",\"check.elbow\":\"none\"}', 0, 0, 0, 1),
(84, 21, 39, '{\"duration\":\"120\",\"position\":\"standing\",\"disposition\":\"many\",\"speed\":\"max\",\"size\":\"medium\",\"movement\":\"wide\",\"foot\":\"both\",\"check.shoulder\":\"none\",\"check.spine\":\"none\",\"check.position\":\"strict\",\"hidecolor\":\"disabled\"}', 1000, 0, 0, 1),
(85, 21, 40, '{\"duration\":\"120\",\"position\":\"standing\",\"disposition\":\"many\",\"size\":\"medium\",\"movement\":\"wide\",\"foot\":\"both\",\"speed\":\"very fast\",\"check.shoulder\":\"none\",\"check.spine\":\"none\",\"check.position\":\"strict\"}', 2000, 0, 0, 1),
(86, 21, 36, '{\"duration\":\"120\",\"shelves\":\"medium\",\"quantity\":\"lots\",\"size\":\"medium\",\"speed\":\"max\",\"tilt\":\"yes\",\"check.shoulder\":\"none\",\"check.position\":\"strict\"}', 3000, 0, 0, 1),
(87, 21, 42, '{\"duration\":\"120\",\"speed\":\"very-fast\",\"density\":\"medium\",\"position\":\"squatting\",\"check.shoulder\":\"none\",\"check.spine\":\"none\"}', 4000, 0, 0, 1),
(88, 21, 52, '{\"duration\":\"120\",\"position\":\"sitting\",\"movement\":\"wide\",\"foot\":\"both\",\"permanence\":\"instant\",\"check.position\":\"strict\",\"speed\":\"very-fast\"}', 5000, 0, 0, 1),
(89, 22, 20, '{\"duration\":\"180\",\"density\":\"a lot\",\"velocity\":\"very fast\",\"size\":\"medium\",\"proportion\":\"50%\",\"hand\":\"preferred\",\"position\":\"standing\",\"grab\":\"no\",\"check.shoulder\":\"none\",\"check.spine\":\"none\",\"check.position\":\"strict\",\"check.hand\":\"none\",\"check.elbow\":\"none\"}', 0, 0, 0, 1),
(90, 22, 32, '{\"duration\":\"180\",\"proportion\":\"50% engines\",\"distribution\":\"all\",\"size\":\"small\",\"velocity\":\"max\",\"density\":\"a lot\",\"hand\":\"preferred\",\"position\":\"standing\",\"check.shoulder\":\"none\",\"check.spine\":\"none\",\"check.position\":\"strict\",\"check.hand\":\"none\",\"permanence\":\"zero\"}', 1000, 0, 0, 1),
(91, 22, 39, '{\"duration\":\"180\",\"position\":\"standing\",\"disposition\":\"many\",\"speed\":\"max\",\"size\":\"medium\",\"movement\":\"wide\",\"foot\":\"both\",\"check.shoulder\":\"none\",\"check.spine\":\"none\",\"check.position\":\"strict\",\"hidecolor\":\"disabled\"}', 2000, 0, 0, 1),
(92, 22, 40, '{\"duration\":\"180\",\"position\":\"standing\",\"disposition\":\"many\",\"size\":\"medium\",\"movement\":\"wide\",\"foot\":\"both\",\"speed\":\"very fast\",\"check.shoulder\":\"none\",\"check.spine\":\"none\",\"check.position\":\"strict\"}', 3000, 0, 0, 1),
(93, 22, 36, '{\"duration\":\"120\",\"shelves\":\"many\",\"quantity\":\"more\",\"size\":\"small\",\"speed\":\"max\",\"tilt\":\"yes\",\"check.shoulder\":\"none\",\"check.position\":\"strict\"}', 4000, 0, 0, 1),
(94, 22, 42, '{\"duration\":\"180\",\"speed\":\"very-fast\",\"density\":\"medium\",\"position\":\"squatting\",\"check.shoulder\":\"none\",\"check.spine\":\"none\"}', 5000, 0, 0, 1),
(95, 23, 32, '{\"duration\":\"240\",\"proportion\":\"50% engines\",\"distribution\":\"all\",\"size\":\"small\",\"velocity\":\"max\",\"density\":\"a lot\",\"hand\":\"preferred\",\"position\":\"standing\",\"check.shoulder\":\"none\",\"check.spine\":\"none\",\"check.position\":\"strict\",\"check.hand\":\"none\",\"permanence\":\"zero\"}', 0, 0, 0, 1),
(96, 23, 39, '{\"duration\":\"240\",\"position\":\"standing\",\"disposition\":\"many\",\"speed\":\"max\",\"size\":\"medium\",\"movement\":\"wide\",\"foot\":\"both\",\"check.shoulder\":\"none\",\"check.spine\":\"none\",\"check.position\":\"strict\",\"hidecolor\":\"disabled\"}', 1000, 0, 0, 1),
(97, 23, 40, '{\"duration\":\"240\",\"position\":\"standing\",\"disposition\":\"many\",\"size\":\"medium\",\"movement\":\"wide\",\"foot\":\"both\",\"speed\":\"very fast\",\"check.shoulder\":\"none\",\"check.spine\":\"none\",\"check.position\":\"strict\"}', 2000, 0, 0, 1),
(98, 23, 36, '{\"duration\":\"180\",\"shelves\":\"lots\",\"quantity\":\"max\",\"size\":\"small\",\"speed\":\"max\",\"tilt\":\"yes\",\"check.shoulder\":\"none\",\"check.position\":\"strict\"}', 3000, 0, 0, 1),
(99, 23, 42, '{\"duration\":\"240\",\"speed\":\"faster\",\"density\":\"high\",\"position\":\"squatting\",\"check.shoulder\":\"none\",\"check.spine\":\"none\"}', 4000, 0, 0, 1),
(100, 24, 25, '{\"duration\":\"240\",\"density\":\"a lot\",\"proportion\":\"50% bees\",\"velocity\":\"fast\",\"position\":\"standing\",\"grab\":\"no\",\"hand\":\"both\",\"check.shoulder\":\"none\",\"check.spine\":\"none\",\"check.position\":\"strict\",\"check.hand\":\"none\",\"check.elbow\":\"none\"}', 0, 0, 0, 1),
(101, 24, 39, '{\"duration\":\"300\",\"position\":\"standing\",\"disposition\":\"many\",\"speed\":\"max\",\"size\":\"medium\",\"movement\":\"wide\",\"foot\":\"both\",\"check.shoulder\":\"none\",\"check.spine\":\"none\",\"check.position\":\"strict\",\"hidecolor\":\"disabled\"}', 1000, 0, 0, 1),
(102, 24, 36, '{\"duration\":\"300\",\"shelves\":\"lots\",\"quantity\":\"max\",\"size\":\"small\",\"speed\":\"max\",\"tilt\":\"yes\",\"check.shoulder\":\"none\",\"check.position\":\"strict\"}', 2000, 0, 0, 1),
(103, 24, 42, '{\"duration\":\"180\",\"speed\":\"max\",\"density\":\"max\",\"position\":\"squatting\",\"check.shoulder\":\"none\",\"check.spine\":\"none\"}', 3000, 0, 0, 1),
(104, 24, 41, '{\"duration\":\"240\",\"position\":\"standing\",\"movement\":\"wide\",\"foot\":\"both\",\"disposition\":\"many\",\"distractor\":\"medium\",\"persistency\":\"short\",\"size\":\"medium\",\"density\":\"high\",\"permanence\":\"instant\",\"check.shoulder\":\"none\",\"check.spine\":\"none\",\"check.position\":\"strict\"}', 4000, 0, 0, 1),
(105, 26, 18, '{\"duration\":\"180\",\"velocity\":\"very fast\",\"density\":\"a lot\",\"distractors\":\"50%\",\"season\":\"random\",\"rotation\":\"animated\",\"position\":\"standing\",\"hand\":\"both\",\"check.shoulder\":\"none\",\"check.spine\":\"none\",\"check.position\":\"strict\",\"check.hand\":\"none\",\"check.elbow\":\"none\",\"legenda\":\"show\"}', 0, 0, 0, 1),
(106, 26, 36, '{\"duration\":\"120\",\"shelves\":\"many\",\"quantity\":\"more\",\"size\":\"small\",\"speed\":\"max\",\"tilt\":\"yes\",\"check.shoulder\":\"none\",\"check.position\":\"strict\"}', 1000, 0, 0, 1),
(107, 26, 37, '{\"duration\":\"60\",\"layers\":\"two\",\"types\":\"many\",\"size\":\"medium\",\"gravity\":\"mars\",\"tilt\":\"yes\",\"check.shoulder\":\"none\",\"check.position\":\"strict\"}', 2000, 0, 0, 1),
(108, 26, 42, '{\"duration\":\"120\",\"speed\":\"very-fast\",\"density\":\"medium\",\"position\":\"squatting\",\"check.shoulder\":\"none\",\"check.spine\":\"none\"}', 3000, 0, 0, 1),
(109, 27, 18, '{\"duration\":\"180\",\"velocity\":\"very fast\",\"density\":\"a lot\",\"distractors\":\"50%\",\"season\":\"random\",\"rotation\":\"animated\",\"position\":\"standing\",\"hand\":\"both\",\"check.shoulder\":\"none\",\"check.spine\":\"none\",\"check.position\":\"strict\",\"check.hand\":\"none\",\"check.elbow\":\"none\",\"legenda\":\"hide\"}', 0, 0, 0, 1),
(110, 27, 36, '{\"duration\":\"180\",\"shelves\":\"many\",\"quantity\":\"max\",\"size\":\"small\",\"speed\":\"max\",\"tilt\":\"yes\",\"check.shoulder\":\"none\",\"check.position\":\"strict\"}', 1000, 0, 0, 1),
(111, 27, 42, '{\"duration\":\"180\",\"speed\":\"faster\",\"density\":\"medium\",\"position\":\"squatting\",\"check.shoulder\":\"none\",\"check.spine\":\"none\"}', 2000, 0, 0, 1),
(112, 28, 18, '{\"duration\":\"240\",\"velocity\":\"very fast\",\"density\":\"a lot\",\"distractors\":\"50%\",\"season\":\"random\",\"rotation\":\"animated\",\"position\":\"standing\",\"hand\":\"both\",\"check.shoulder\":\"none\",\"check.spine\":\"none\",\"check.position\":\"strict\",\"check.hand\":\"none\",\"check.elbow\":\"none\",\"legenda\":\"hide\"}', 0, 0, 0, 1),
(113, 28, 36, '{\"duration\":\"240\",\"shelves\":\"lots\",\"quantity\":\"max\",\"size\":\"small\",\"speed\":\"max\",\"tilt\":\"yes\",\"check.shoulder\":\"none\",\"check.position\":\"strict\"}', 1000, 0, 0, 1),
(114, 28, 42, '{\"duration\":\"180\",\"speed\":\"faster\",\"density\":\"high\",\"position\":\"squatting\",\"check.shoulder\":\"none\",\"check.spine\":\"none\"}', 2000, 0, 0, 1),
(115, 29, 18, '{\"duration\":\"240\",\"velocity\":\"very fast\",\"density\":\"a lot\",\"distractors\":\"50%\",\"season\":\"random\",\"rotation\":\"animated\",\"position\":\"standing\",\"hand\":\"both\",\"check.shoulder\":\"none\",\"check.spine\":\"none\",\"check.position\":\"strict\",\"check.hand\":\"none\",\"check.elbow\":\"none\",\"legenda\":\"hide\"}', 0, 0, 0, 1),
(116, 29, 36, '{\"duration\":\"240\",\"shelves\":\"lots\",\"quantity\":\"max\",\"size\":\"small\",\"speed\":\"max\",\"tilt\":\"yes\",\"check.shoulder\":\"none\",\"check.position\":\"strict\"}', 1000, 0, 0, 1),
(117, 29, 42, '{\"duration\":\"180\",\"speed\":\"max\",\"density\":\"max\",\"position\":\"squatting\",\"check.shoulder\":\"none\",\"check.spine\":\"none\"}', 2000, 0, 0, 1),
(118, 29, 52, '{\"duration\":\"60\",\"position\":\"sitting\",\"movement\":\"wide\",\"foot\":\"both\",\"permanence\":\"instant\",\"check.position\":\"strict\",\"speed\":\"very-fast\"}', 3000, 0, 0, 1),
(119, 30, 22, '{\"duration\":\"180\",\"density\":\"a lot\",\"velocity\":\"fast\",\"proportion\":\"50% bees\",\"position\":\"standing\",\"grab\":\"no\",\"hand\":\"both\",\"check.shoulder\":\"none\",\"check.spine\":\"none\",\"check.position\":\"strict\",\"check.hand\":\"none\",\"check.elbow\":\"none\"}', 0, 0, 0, 1),
(120, 30, 18, '{\"duration\":\"180\",\"velocity\":\"very fast\",\"density\":\"a lot\",\"distractors\":\"50%\",\"season\":\"random\",\"rotation\":\"animated\",\"position\":\"standing\",\"hand\":\"both\",\"check.shoulder\":\"none\",\"check.spine\":\"none\",\"check.position\":\"strict\",\"check.hand\":\"none\",\"check.elbow\":\"none\",\"legenda\":\"show\"}', 1000, 0, 0, 1),
(121, 30, 36, '{\"duration\":\"120\",\"shelves\":\"many\",\"quantity\":\"more\",\"size\":\"small\",\"speed\":\"max\",\"tilt\":\"yes\",\"check.shoulder\":\"none\",\"check.position\":\"strict\"}', 2000, 0, 0, 1),
(122, 30, 42, '{\"duration\":\"120\",\"speed\":\"very-fast\",\"density\":\"medium\",\"position\":\"squatting\",\"check.shoulder\":\"none\",\"check.spine\":\"none\"}', 3000, 0, 0, 1),
(123, 30, 52, '{\"duration\":\"120\",\"position\":\"sitting\",\"movement\":\"wide\",\"foot\":\"both\",\"permanence\":\"instant\",\"check.position\":\"strict\",\"speed\":\"fast\"}', 4000, 0, 0, 1),
(124, 31, 18, '{\"duration\":\"180\",\"velocity\":\"very fast\",\"density\":\"a lot\",\"distractors\":\"50%\",\"season\":\"random\",\"rotation\":\"animated\",\"position\":\"standing\",\"hand\":\"both\",\"check.shoulder\":\"none\",\"check.spine\":\"none\",\"check.position\":\"strict\",\"check.hand\":\"none\",\"check.elbow\":\"none\",\"legenda\":\"show\"}', 0, 0, 0, 1),
(125, 31, 39, '{\"duration\":\"180\",\"position\":\"standing\",\"disposition\":\"many\",\"speed\":\"max\",\"size\":\"medium\",\"movement\":\"wide\",\"foot\":\"both\",\"check.shoulder\":\"none\",\"check.spine\":\"none\",\"check.position\":\"strict\",\"hidecolor\":\"disabled\"}', 1000, 0, 0, 1),
(126, 31, 40, '{\"duration\":\"180\",\"position\":\"standing\",\"disposition\":\"many\",\"size\":\"medium\",\"movement\":\"wide\",\"foot\":\"both\",\"speed\":\"very fast\",\"check.shoulder\":\"none\",\"check.spine\":\"none\",\"check.position\":\"strict\"}', 2000, 0, 0, 1),
(127, 31, 36, '{\"duration\":\"120\",\"shelves\":\"many\",\"quantity\":\"more\",\"size\":\"small\",\"speed\":\"max\",\"tilt\":\"yes\",\"check.shoulder\":\"none\",\"check.position\":\"strict\"}', 3000, 0, 0, 1),
(128, 31, 42, '{\"duration\":\"120\",\"speed\":\"very-fast\",\"density\":\"max\",\"position\":\"squatting\",\"check.shoulder\":\"none\",\"check.spine\":\"none\"}', 4000, 0, 0, 1),
(129, 32, 22, '{\"duration\":\"180\",\"density\":\"a lot\",\"velocity\":\"fast\",\"proportion\":\"50% bees\",\"position\":\"standing\",\"grab\":\"no\",\"hand\":\"both\",\"check.shoulder\":\"none\",\"check.spine\":\"none\",\"check.position\":\"strict\",\"check.hand\":\"none\",\"check.elbow\":\"none\"}', 0, 0, 0, 1),
(130, 32, 18, '{\"duration\":\"180\",\"velocity\":\"very fast\",\"density\":\"a lot\",\"distractors\":\"50%\",\"season\":\"random\",\"rotation\":\"animated\",\"position\":\"standing\",\"hand\":\"both\",\"check.shoulder\":\"none\",\"check.spine\":\"none\",\"check.position\":\"strict\",\"check.hand\":\"none\",\"check.elbow\":\"none\",\"legenda\":\"show\"}', 1000, 0, 0, 1),
(131, 32, 39, '{\"duration\":\"180\",\"position\":\"standing\",\"disposition\":\"many\",\"speed\":\"max\",\"size\":\"medium\",\"movement\":\"wide\",\"foot\":\"both\",\"check.shoulder\":\"none\",\"check.spine\":\"none\",\"check.position\":\"strict\",\"hidecolor\":\"disabled\"}', 2000, 0, 0, 1),
(132, 32, 40, '{\"duration\":\"180\",\"position\":\"standing\",\"disposition\":\"many\",\"size\":\"medium\",\"movement\":\"wide\",\"foot\":\"both\",\"speed\":\"very fast\",\"check.shoulder\":\"none\",\"check.spine\":\"none\",\"check.position\":\"strict\"}', 3000, 0, 0, 1),
(133, 32, 36, '{\"duration\":\"120\",\"shelves\":\"many\",\"quantity\":\"more\",\"size\":\"small\",\"speed\":\"max\",\"tilt\":\"yes\",\"check.shoulder\":\"none\",\"check.position\":\"strict\"}', 4000, 0, 0, 1),
(134, 32, 42, '{\"duration\":\"180\",\"speed\":\"faster\",\"density\":\"max\",\"position\":\"squatting\",\"check.shoulder\":\"none\",\"check.spine\":\"none\"}', 5000, 0, 0, 1),
(135, 33, 22, '{\"duration\":\"180\",\"density\":\"a lot\",\"velocity\":\"fast\",\"proportion\":\"50% bees\",\"position\":\"standing\",\"grab\":\"no\",\"hand\":\"both\",\"check.shoulder\":\"none\",\"check.spine\":\"none\",\"check.position\":\"strict\",\"check.hand\":\"none\",\"check.elbow\":\"none\"}', 0, 0, 0, 1),
(136, 33, 18, '{\"duration\":\"180\",\"velocity\":\"very fast\",\"density\":\"a lot\",\"distractors\":\"50%\",\"season\":\"random\",\"rotation\":\"animated\",\"position\":\"standing\",\"hand\":\"both\",\"check.shoulder\":\"none\",\"check.spine\":\"none\",\"check.position\":\"strict\",\"check.hand\":\"none\",\"check.elbow\":\"none\",\"legenda\":\"show\"}', 1000, 0, 0, 1),
(137, 33, 39, '{\"duration\":\"240\",\"position\":\"standing\",\"disposition\":\"many\",\"speed\":\"max\",\"size\":\"medium\",\"movement\":\"wide\",\"foot\":\"both\",\"check.shoulder\":\"none\",\"check.spine\":\"none\",\"check.position\":\"strict\",\"hidecolor\":\"disabled\"}', 2000, 0, 0, 1),
(138, 33, 40, '{\"duration\":\"180\",\"position\":\"standing\",\"disposition\":\"many\",\"size\":\"medium\",\"movement\":\"wide\",\"foot\":\"both\",\"speed\":\"very fast\",\"check.shoulder\":\"none\",\"check.spine\":\"none\",\"check.position\":\"strict\"}', 3000, 0, 0, 1),
(139, 33, 36, '{\"duration\":\"180\",\"shelves\":\"lots\",\"quantity\":\"max\",\"size\":\"small\",\"speed\":\"max\",\"tilt\":\"yes\",\"check.shoulder\":\"none\",\"check.position\":\"strict\"}', 4000, 0, 0, 1),
(140, 33, 42, '{\"duration\":\"180\",\"speed\":\"max\",\"density\":\"max\",\"position\":\"squatting\",\"check.shoulder\":\"none\",\"check.spine\":\"none\"}', 5000, 0, 0, 1),
(141, 34, 41, '{\"duration\":\"180\",\"position\":\"standing\",\"movement\":\"wide\",\"foot\":\"both\",\"disposition\":\"many\",\"distractor\":\"medium\",\"persistency\":\"short\",\"size\":\"medium\",\"density\":\"high\",\"permanence\":\"instant\",\"check.shoulder\":\"none\",\"check.spine\":\"none\",\"check.position\":\"strict\"}', 0, 0, 0, 1),
(142, 34, 36, '{\"duration\":\"120\",\"shelves\":\"medium\",\"quantity\":\"more\",\"size\":\"small\",\"speed\":\"max\",\"tilt\":\"yes\",\"check.shoulder\":\"none\",\"check.position\":\"strict\"}', 1000, 0, 0, 1),
(143, 34, 42, '{\"duration\":\"120\",\"speed\":\"very-fast\",\"density\":\"medium\",\"position\":\"squatting\",\"check.shoulder\":\"none\",\"check.spine\":\"none\"}', 2000, 0, 0, 1),
(144, 35, 40, '{\"duration\":\"120\",\"position\":\"standing\",\"disposition\":\"many\",\"size\":\"medium\",\"movement\":\"wide\",\"foot\":\"both\",\"speed\":\"very fast\",\"check.shoulder\":\"none\",\"check.spine\":\"none\",\"check.position\":\"strict\"}', 0, 0, 0, 1),
(145, 35, 41, '{\"duration\":\"180\",\"position\":\"standing\",\"movement\":\"wide\",\"foot\":\"both\",\"disposition\":\"many\",\"distractor\":\"medium\",\"persistency\":\"short\",\"size\":\"medium\",\"density\":\"high\",\"permanence\":\"instant\",\"check.shoulder\":\"none\",\"check.spine\":\"none\",\"check.position\":\"strict\"}', 1000, 0, 0, 1),
(146, 35, 36, '{\"duration\":\"120\",\"shelves\":\"many\",\"quantity\":\"lots\",\"size\":\"small\",\"speed\":\"max\",\"tilt\":\"yes\",\"check.shoulder\":\"none\",\"check.position\":\"strict\"}', 2000, 0, 0, 1),
(147, 35, 42, '{\"duration\":\"120\",\"speed\":\"faster\",\"density\":\"high\",\"position\":\"squatting\",\"check.shoulder\":\"none\",\"check.spine\":\"none\"}', 3000, 0, 0, 1),
(148, 36, 40, '{\"duration\":\"180\",\"position\":\"standing\",\"disposition\":\"many\",\"size\":\"medium\",\"movement\":\"wide\",\"foot\":\"both\",\"speed\":\"very fast\",\"check.shoulder\":\"none\",\"check.spine\":\"none\",\"check.position\":\"strict\"}', 0, 0, 0, 1),
(149, 36, 41, '{\"duration\":\"180\",\"position\":\"standing\",\"movement\":\"wide\",\"foot\":\"both\",\"disposition\":\"many\",\"distractor\":\"medium\",\"persistency\":\"short\",\"size\":\"medium\",\"density\":\"high\",\"permanence\":\"instant\",\"check.shoulder\":\"none\",\"check.spine\":\"none\",\"check.position\":\"strict\"}', 1000, 0, 0, 1),
(150, 36, 36, '{\"duration\":\"180\",\"shelves\":\"many\",\"quantity\":\"max\",\"size\":\"small\",\"speed\":\"max\",\"tilt\":\"yes\",\"check.shoulder\":\"none\",\"check.position\":\"strict\"}', 2000, 0, 0, 1),
(151, 36, 42, '{\"duration\":\"60\",\"speed\":\"max\",\"density\":\"high\",\"position\":\"squatting\",\"check.shoulder\":\"none\",\"check.spine\":\"none\"}', 3000, 0, 0, 1),
(152, 36, 52, '{\"duration\":\"120\",\"position\":\"sitting\",\"movement\":\"wide\",\"foot\":\"both\",\"permanence\":\"instant\",\"check.position\":\"strict\",\"speed\":\"very-fast\"}', 4000, 0, 0, 1);
INSERT INTO `ima_plan_game` (`Plan_Game_ID`, `Plan_ID`, `Game_ID`, `Parameters`, `Plan_Order`, `Level`, `Sequence`, `Active`) VALUES
(153, 37, 18, '{\"duration\":\"180\",\"velocity\":\"very fast\",\"density\":\"a lot\",\"distractors\":\"50%\",\"season\":\"random\",\"rotation\":\"animated\",\"position\":\"standing\",\"hand\":\"both\",\"check.shoulder\":\"none\",\"check.spine\":\"none\",\"check.position\":\"strict\",\"check.hand\":\"none\",\"check.elbow\":\"none\",\"legenda\":\"show\"}', 0, 0, 0, 1),
(154, 37, 40, '{\"duration\":\"180\",\"position\":\"standing\",\"disposition\":\"many\",\"size\":\"medium\",\"movement\":\"wide\",\"foot\":\"both\",\"speed\":\"very fast\",\"check.shoulder\":\"none\",\"check.spine\":\"none\",\"check.position\":\"strict\"}', 1000, 0, 0, 1),
(155, 37, 41, '{\"duration\":\"180\",\"position\":\"standing\",\"movement\":\"wide\",\"foot\":\"both\",\"disposition\":\"many\",\"distractor\":\"medium\",\"persistency\":\"short\",\"size\":\"medium\",\"density\":\"high\",\"permanence\":\"instant\",\"check.shoulder\":\"none\",\"check.spine\":\"none\",\"check.position\":\"strict\"}', 2000, 0, 0, 1),
(156, 37, 36, '{\"duration\":\"180\",\"shelves\":\"lots\",\"quantity\":\"max\",\"size\":\"small\",\"speed\":\"max\",\"tilt\":\"yes\",\"check.shoulder\":\"none\",\"check.position\":\"strict\"}', 3000, 0, 0, 1),
(157, 37, 42, '{\"duration\":\"180\",\"speed\":\"max\",\"density\":\"max\",\"position\":\"squatting\",\"check.shoulder\":\"none\",\"check.spine\":\"none\"}', 4000, 0, 0, 1),
(158, 37, 52, '{\"duration\":\"120\",\"position\":\"sitting\",\"movement\":\"wide\",\"foot\":\"both\",\"permanence\":\"instant\",\"check.position\":\"strict\",\"speed\":\"max\"}', 5000, 0, 0, 1),

(159, 37, 56, '{\"duration\":\"120\",\"speed\":\"very-fast\",\"density\":\"medium\",\"distractors\":\"few\",\"laterals\":\"some\",\"doubles\":\"some\",\"rhythm\":\"summer\"}', 6000, 0, 0, 1),
(160, 37, 58, '{\"duration\":\"120\",\"speed\":\"fast\"}', 7000, 0, 0, 1),
(161, 36, 56, '{\"duration\":\"120\",\"speed\":\"fast\",\"density\":\"medium\",\"distractors\":\"few\",\"laterals\":\"some\",\"doubles\":\"some\",\"rhythm\":\"summer\"}', 4000, 0, 0, 1),
(162, 36, 58, '{\"duration\":\"120\",\"speed\":\"normal\"}', 5000, 0, 0, 1),
(163, 35, 57, '{\"duration\":\"120\",\"speed\":\"very-fast\",\"rhythm\":\"all\"}', 4000, 0, 0, 1),
(164, 35, 58, '{\"duration\":\"120\",\"speed\":\"slow\"}', 5000, 0, 0, 1),
(165, 34, 57, '{\"duration\":\"120\",\"speed\":\"slow\",\"rhythm\":\"all\"}', 3000, 0, 0, 1),
(166, 34, 58, '{\"duration\":\"120\",\"speed\":\"slow\"}', 4000, 0, 0, 1),
(167, 33, 56, '{\"duration\":\"120\",\"speed\":\"faster\",\"density\":\"medium\",\"distractors\":\"few\",\"laterals\":\"some\",\"doubles\":\"some\",\"rhythm\":\"summer\"}', 6000, 0, 0, 1),
(168, 33, 58, '{\"duration\":\"120\",\"speed\":\"fast\"}', 7000, 0, 0, 1),
(169, 32, 56, '{\"duration\":\"120\",\"speed\":\"very-fast\",\"density\":\"medium\",\"distractors\":\"few\",\"laterals\":\"some\",\"doubles\":\"some\",\"rhythm\":\"summer\"}', 6000, 0, 0, 1),
(170, 32, 57, '{\"duration\":\"120\",\"speed\":\"normal\",\"rhythm\":\"all\"}', 7000, 0, 0, 1),
(171, 31, 57, '{\"duration\":\"120\",\"speed\":\"fast\",\"rhythm\":\"all\"}', 5000, 0, 0, 1),
(172, 31, 58, '{\"duration\":\"120\",\"speed\":\"normal\"}', 6000, 0, 0, 1),
(173, 30, 58, '{\"duration\":\"120\",\"speed\":\"slow\"}', 4000, 0, 0, 1),
(174, 29, 56, '{\"duration\":\"120\",\"speed\":\"faster\",\"density\":\"medium\",\"distractors\":\"few\",\"laterals\":\"some\",\"doubles\":\"some\",\"rhythm\":\"summer\"}', 3000, 0, 0, 1),
(175, 29, 58, '{\"duration\":\"120\",\"speed\":\"fast\"}', 4000, 0, 0, 1),
(176, 28, 56, '{\"duration\":\"120\",\"speed\":\"very-fast\",\"density\":\"medium\",\"distractors\":\"few\",\"laterals\":\"some\",\"doubles\":\"some\",\"rhythm\":\"summer\"}', 3000, 0, 0, 1),
(177, 28, 58, '{\"duration\":\"120\",\"speed\":\"normal\"}', 4000, 0, 0, 1),
(178, 27, 58, '{\"duration\":\"120\",\"speed\":\"normal\"}', 3000, 0, 0, 1),
(179, 26, 57, '{\"duration\":\"120\",\"speed\":\"normal\",\"rhythm\":\"all\"}', 4000, 0, 0, 1),
(180, 24, 56, '{\"duration\":\"120\",\"speed\":\"faster\",\"density\":\"medium\",\"distractors\":\"few\",\"laterals\":\"some\",\"doubles\":\"some\",\"rhythm\":\"summer\"}', 5000, 0, 0, 1),
(181, 24, 58, '{\"duration\":\"120\",\"speed\":\"fast\"}', 6000, 0, 0, 1),
(182, 23, 56, '{\"duration\":\"120\",\"speed\":\"very-fast\",\"density\":\"medium\",\"distractors\":\"few\",\"laterals\":\"some\",\"doubles\":\"some\",\"rhythm\":\"summer\"}', 5000, 0, 0, 1),
(183, 23, 58, '{\"duration\":\"120\",\"speed\":\"normal\"}', 6000, 0, 0, 1),
(184, 22, 57, '{\"duration\":\"120\",\"speed\":\"fast\",\"rhythm\":\"all\"}', 6000, 0, 0, 1),

(185, 17, 56, '{\"duration\":\"120\",\"speed\":\"very-fast\",\"density\":\"medium\",\"distractors\":\"few\",\"laterals\":\"some\",\"doubles\":\"some\",\"rhythm\":\"summer\"}', 6000, 0, 0, 1),
(186, 17, 58, '{\"duration\":\"120\",\"speed\":\"fast\"}', 7000, 0, 0, 1),
(187, 16, 56, '{\"duration\":\"120\",\"speed\":\"fast\",\"density\":\"medium\",\"distractors\":\"few\",\"laterals\":\"some\",\"doubles\":\"some\",\"rhythm\":\"summer\"}', 4000, 0, 0, 1),
(188, 16, 58, '{\"duration\":\"120\",\"speed\":\"normal\"}', 5000, 0, 0, 1),
(189, 15, 57, '{\"duration\":\"120\",\"speed\":\"very-fast\",\"rhythm\":\"all\"}', 4000, 0, 0, 1),
(190, 15, 58, '{\"duration\":\"120\",\"speed\":\"slow\"}', 5000, 0, 0, 1),
(191, 14, 57, '{\"duration\":\"120\",\"speed\":\"slow\",\"rhythm\":\"all\"}', 3000, 0, 0, 1),
(192, 14, 58, '{\"duration\":\"120\",\"speed\":\"slow\"}', 4000, 0, 0, 1),
(193, 13, 56, '{\"duration\":\"120\",\"speed\":\"faster\",\"density\":\"medium\",\"distractors\":\"few\",\"laterals\":\"some\",\"doubles\":\"some\",\"rhythm\":\"summer\"}', 6000, 0, 0, 1),
(194, 13, 58, '{\"duration\":\"120\",\"speed\":\"fast\"}', 7000, 0, 0, 1),
(195, 12, 56, '{\"duration\":\"120\",\"speed\":\"very-fast\",\"density\":\"medium\",\"distractors\":\"few\",\"laterals\":\"some\",\"doubles\":\"some\",\"rhythm\":\"summer\"}', 6000, 0, 0, 1),
(196, 12, 57, '{\"duration\":\"120\",\"speed\":\"normal\",\"rhythm\":\"all\"}', 7000, 0, 0, 1),
(197, 11, 57, '{\"duration\":\"120\",\"speed\":\"fast\",\"rhythm\":\"all\"}', 5000, 0, 0, 1),
(198, 11, 58, '{\"duration\":\"120\",\"speed\":\"normal\"}', 6000, 0, 0, 1),
(199, 10, 58, '{\"duration\":\"120\",\"speed\":\"slow\"}', 4000, 0, 0, 1),
(200, 9, 56, '{\"duration\":\"120\",\"speed\":\"faster\",\"density\":\"medium\",\"distractors\":\"few\",\"laterals\":\"some\",\"doubles\":\"some\",\"rhythm\":\"summer\"}', 3000, 0, 0, 1),
(201, 9, 58, '{\"duration\":\"120\",\"speed\":\"fast\"}', 4000, 0, 0, 1),
(202, 8, 56, '{\"duration\":\"120\",\"speed\":\"very-fast\",\"density\":\"medium\",\"distractors\":\"few\",\"laterals\":\"some\",\"doubles\":\"some\",\"rhythm\":\"summer\"}', 3000, 0, 0, 1),
(203, 8, 58, '{\"duration\":\"120\",\"speed\":\"normal\"}', 4000, 0, 0, 1),
(204, 7, 58, '{\"duration\":\"120\",\"speed\":\"normal\"}', 3000, 0, 0, 1),
(205, 6, 57, '{\"duration\":\"120\",\"speed\":\"normal\",\"rhythm\":\"all\"}', 4000, 0, 0, 1),
(206, 4, 56, '{\"duration\":\"120\",\"speed\":\"faster\",\"density\":\"medium\",\"distractors\":\"few\",\"laterals\":\"some\",\"doubles\":\"some\",\"rhythm\":\"summer\"}', 5000, 0, 0, 1),
(207, 4, 58, '{\"duration\":\"120\",\"speed\":\"fast\"}', 6000, 0, 0, 1),
(208, 3, 56, '{\"duration\":\"120\",\"speed\":\"very-fast\",\"density\":\"medium\",\"distractors\":\"few\",\"laterals\":\"some\",\"doubles\":\"some\",\"rhythm\":\"summer\"}', 5000, 0, 0, 1),
(209, 3, 58, '{\"duration\":\"120\",\"speed\":\"normal\"}', 6000, 0, 0, 1),
(210, 2, 57, '{\"duration\":\"120\",\"speed\":\"fast\",\"rhythm\":\"all\"}', 6000, 0, 0, 1);



INSERT INTO `ima_plan_option` (`Plan_ID`, `Option_Key`, `Option_Value`, `Active`) VALUES
(1, 'calibrate', '{\"period\":\"0\",\"unit\":\"week\"}', 1),
(1, 'order', '\"fixed\"', 1),
(1, 'smoothness', '\"high\"', 1),
(2, 'calibrate', '{\"period\":\"0\"}', 1),
(2, 'order', '\"fixed\"', 1),
(2, 'smoothness', '\"high\"', 1),
(3, 'calibrate', '{\"period\":\"0\"}', 1),
(3, 'order', '\"fixed\"', 1),
(3, 'smoothness', '\"high\"', 1),
(4, 'calibrate', '{\"period\":\"0\"}', 1),
(4, 'order', '\"fixed\"', 1),
(4, 'smoothness', '\"high\"', 1),
(6, 'calibrate', '{\"period\":\"0\"}', 1),
(6, 'order', '\"fixed\"', 1),
(6, 'smoothness', '\"high\"', 1),
(7, 'calibrate', '{\"period\":\"0\"}', 1),
(7, 'order', '\"fixed\"', 1),
(7, 'smoothness', '\"high\"', 1),
(8, 'calibrate', '{\"period\":\"0\"}', 1),
(8, 'order', '\"fixed\"', 1),
(8, 'smoothness', '\"high\"', 1),
(9, 'calibrate', '{\"period\":\"0\"}', 1),
(9, 'order', '\"fixed\"', 1),
(9, 'smoothness', '\"high\"', 1),
(10, 'calibrate', '{\"period\":\"0\"}', 1),
(10, 'order', '\"fixed\"', 1),
(10, 'smoothness', '\"high\"', 1),
(11, 'calibrate', '{\"period\":\"0\"}', 1),
(11, 'order', '\"fixed\"', 1),
(11, 'smoothness', '\"high\"', 1),
(12, 'calibrate', '{\"period\":\"0\"}', 1),
(12, 'order', '\"fixed\"', 1),
(12, 'smoothness', '\"high\"', 1),
(13, 'calibrate', '{\"period\":\"0\"}', 1),
(13, 'order', '\"fixed\"', 1),
(13, 'smoothness', '\"high\"', 1),
(14, 'calibrate', '{\"period\":\"0\"}', 1),
(14, 'order', '\"fixed\"', 1),
(14, 'smoothness', '\"high\"', 1),
(15, 'calibrate', '{\"period\":\"0\"}', 1),
(15, 'order', '\"fixed\"', 1),
(15, 'smoothness', '\"high\"', 1),
(16, 'calibrate', '{\"period\":\"0\"}', 1),
(16, 'order', '\"fixed\"', 1),
(16, 'smoothness', '\"high\"', 1),
(17, 'calibrate', '{\"period\":\"0\"}', 1),
(17, 'order', '\"fixed\"', 1),
(17, 'smoothness', '\"high\"', 1),
(21, 'calibrate', '{\"period\":\"0\",\"unit\":\"week\"}', 1),
(21, 'order', '\"fixed\"', 1),
(21, 'smoothness', '\"high\"', 1),
(22, 'calibrate', '{\"period\":\"0\"}', 1),
(22, 'order', '\"fixed\"', 1),
(22, 'smoothness', '\"high\"', 1),
(23, 'calibrate', '{\"period\":\"0\"}', 1),
(23, 'order', '\"fixed\"', 1),
(23, 'smoothness', '\"high\"', 1),
(24, 'calibrate', '{\"period\":\"0\"}', 1),
(24, 'order', '\"fixed\"', 1),
(24, 'smoothness', '\"high\"', 1),
(26, 'calibrate', '{\"period\":\"0\"}', 1),
(26, 'order', '\"fixed\"', 1),
(26, 'smoothness', '\"high\"', 1),
(27, 'calibrate', '{\"period\":\"0\"}', 1),
(27, 'order', '\"fixed\"', 1),
(27, 'smoothness', '\"high\"', 1),
(28, 'calibrate', '{\"period\":\"0\"}', 1),
(28, 'order', '\"fixed\"', 1),
(28, 'smoothness', '\"high\"', 1),
(29, 'calibrate', '{\"period\":\"0\"}', 1),
(29, 'order', '\"fixed\"', 1),
(29, 'smoothness', '\"high\"', 1),
(30, 'calibrate', '{\"period\":\"0\"}', 1),
(30, 'order', '\"fixed\"', 1),
(30, 'smoothness', '\"high\"', 1),
(31, 'calibrate', '{\"period\":\"0\"}', 1),
(31, 'order', '\"fixed\"', 1),
(31, 'smoothness', '\"high\"', 1),
(32, 'calibrate', '{\"period\":\"0\"}', 1),
(32, 'order', '\"fixed\"', 1),
(32, 'smoothness', '\"high\"', 1),
(33, 'calibrate', '{\"period\":\"0\"}', 1),
(33, 'order', '\"fixed\"', 1),
(33, 'smoothness', '\"high\"', 1),
(34, 'calibrate', '{\"period\":\"0\"}', 1),
(34, 'order', '\"fixed\"', 1),
(34, 'smoothness', '\"high\"', 1),
(35, 'calibrate', '{\"period\":\"0\"}', 1),
(35, 'order', '\"fixed\"', 1),
(35, 'smoothness', '\"high\"', 1),
(36, 'calibrate', '{\"period\":\"0\"}', 1),
(36, 'order', '\"fixed\"', 1),
(36, 'smoothness', '\"high\"', 1),
(37, 'calibrate', '{\"period\":\"0\"}', 1),
(37, 'order', '\"fixed\"', 1),
(37, 'smoothness', '\"high\"', 1);