-- http://www.phpmyadmin.net
--
-- Versione del server: 5.6.21




--
-- Database: `rehab`
--

--
-- Trigger `ima_log`
--
DROP TRIGGER IF EXISTS `Tokenize_ID_AdminAccont`;
END
// DELIMITER ;

ALTER TABLE `cb_achievement_user` CHANGE Progress Progress Decimal(6,2);

ALTER TABLE `cb_account` CHANGE Username Username varchar(255);

ALTER TABLE `cb_account` CHANGE Password Password varchar(255);

--
-- Dump dei dati per la tabella `cb_adminaccount`
--

INSERT INTO `ima_admin_option` (`Admin_ID`, `Option_Key`, `Option_Value`) VALUES
(CONV( SUBSTRING( CAST( MD5( CONCAT( 'jFM4O1LXrBY4ne0kRe2rlw==',  '-', DATABASE( ) ) ) AS CHAR ) , 1, 6 ) , 16, 10 ), 'type', TO_BASE64(AES_ENCRYPT('IMA','[CYPHER]')) ),
(CONV( SUBSTRING( CAST( MD5( CONCAT( 'jFM4O1LXrBY4ne0kRe2rlw==',  '-', DATABASE( ) ) ) AS CHAR ) , 1, 6 ) , 16, 10 ), 'name', TO_BASE64(AES_ENCRYPT('imaginary','[CYPHER]'))),
(CONV( SUBSTRING( CAST( MD5( CONCAT( 'jFM4O1LXrBY4ne0kRe2rlw==',  '-', DATABASE( ) ) ) AS CHAR ) , 1, 6 ) , 16, 10 ), 'surname', TO_BASE64(AES_ENCRYPT('root','[CYPHER]')));


--
-- Dump dei dati per la tabella `ima_chart_game_template`
--

INSERT INTO `ima_chart_game_template` (`Chart_Template_ID`, `Game_ID`, `Checksum`) VALUES
(1, 3, NULL),
(1, 22, NULL),
(1, 24, NULL),
(1, 25, NULL),
(2, 3, NULL),
(2, 5, NULL),
(2, 18, NULL),
(2, 22, NULL),
(2, 24, NULL),
(2, 25, NULL),
(2, 32, NULL),
(3, 3, NULL),
(3, 5, NULL),
(3, 8, NULL),
(3, 18, NULL),
(3, 20, NULL),
(3, 22, NULL),
(3, 24, NULL),
(3, 25, NULL),
(3, 32, NULL),
(3, 36, NULL),
(3, 37, NULL),
(3, 39, NULL),
(3, 40, NULL),
(3, 41, NULL),
(3, 42, NULL),
(3, 52, NULL),
(4, 3, NULL),
(4, 5, NULL),
(4, 8, NULL),
(4, 18, NULL),
(4, 20, NULL),
(4, 22, NULL),
(4, 24, NULL),
(4, 25, NULL),
(4, 32, NULL),
(4, 36, NULL),
(4, 37, NULL),
(4, 39, NULL),
(4, 40, NULL),
(4, 41, NULL),
(4, 42, NULL),
(4, 52, NULL),
(5, 3, NULL),
(5, 22, NULL),
(5, 24, NULL),
(5, 25, NULL),
(6, 3, NULL),
(6, 22, NULL),
(6, 24, NULL),
(6, 25, NULL),
(7, 3, NULL),
(7, 5, NULL),
(7, 8, NULL),
(7, 18, NULL),
(7, 22, NULL),
(7, 24, NULL),
(7, 25, NULL),
(7, 32, NULL),
(7, 39, NULL),
(7, 40, NULL),
(7, 41, NULL),
(7, 42, NULL),
(9, 3, NULL),
(9, 22, NULL),
(9, 24, NULL),
(10, 5, NULL),
(10, 37, NULL),
(11, 5, NULL),
(13, 2, NULL),
(14, 2, NULL),
(22, 8, NULL),
(22, 32, NULL),
(23, 8, NULL),
(23, 32, NULL),
(24, 8, NULL),
(25, 8, NULL),
(28, 3, NULL),
(28, 22, NULL),
(28, 24, NULL),
(28, 25, NULL),
(30, 8, NULL),
(30, 32, NULL),
(32, 0, NULL),
(33, 0, NULL),
(34, 0, NULL),
(35, 0, NULL),
(36, 0, NULL),
(37, 0, NULL),
(38, 0, NULL),
(39, 0, NULL),
(40, 0, NULL),
(41, 0, NULL),
(42, 3, NULL),
(42, 22, NULL),
(42, 24, NULL),
(42, 25, NULL),
(43, 3, NULL),
(43, 22, NULL),
(43, 24, NULL),
(43, 25, NULL),
(44, 3, NULL),
(44, 5, NULL),
(44, 8, NULL),
(44, 18, NULL),
(44, 20, NULL),
(44, 22, NULL),
(44, 24, NULL),
(44, 25, NULL),
(44, 32, NULL),
(44, 36, NULL),
(44, 37, NULL),
(44, 39, NULL),
(44, 40, NULL),
(44, 41, NULL),
(44, 42, NULL),
(44, 52, NULL),
(45, 3, NULL),
(45, 18, NULL),
(45, 22, NULL),
(45, 24, NULL),
(45, 25, NULL),
(45, 32, NULL),
(46, 3, NULL),
(46, 22, NULL),
(46, 24, NULL),
(46, 25, NULL),
(47, 3, NULL),
(47, 22, NULL),
(47, 24, NULL),
(47, 25, NULL),
(48, 5, NULL),
(48, 37, NULL),
(49, 5, NULL),
(50, 5, NULL),
(53, 8, NULL),
(53, 32, NULL),
(54, 8, NULL),
(54, 32, NULL),
(55, 8, NULL),
(56, 8, NULL),
(57, 8, NULL),
(58, 2, NULL),
(59, 2, NULL),
(61, 0, NULL),
(62, 3, NULL),
(62, 22, NULL),
(62, 24, NULL),
(62, 25, NULL),
(63, 5, NULL),
(65, 8, NULL),
(65, 32, NULL),
(66, 2, NULL),
(67, 2, NULL),
(68, 2, NULL),
(114, 18, NULL),
(115, 18, NULL),
(116, 18, NULL),
(118, 18, NULL),
(119, 18, NULL),
(122, 18, NULL),
(123, 18, NULL),
(124, 18, NULL),
(125, 18, NULL),
(126, 20, NULL),
(127, 20, NULL),
(128, 20, NULL),
(129, 20, NULL),
(130, 20, NULL),
(131, 20, NULL),
(132, 20, NULL),
(133, 20, NULL),
(134, 20, NULL),
(135, 20, NULL),
(140, 20, NULL),
(144, 20, NULL),
(148, 20, NULL),
(171, 32, NULL),
(172, 32, NULL),
(173, 32, NULL),
(183, 36, NULL),
(184, 36, NULL),
(185, 36, NULL),
(185, 37, NULL),
(186, 36, NULL),
(186, 37, NULL),
(187, 36, NULL),
(187, 37, NULL),
(188, 36, NULL),
(188, 37, NULL),
(189, 36, NULL),
(189, 37, NULL),
(190, 36, NULL),
(190, 37, NULL),
(191, 36, NULL),
(192, 36, NULL),
(193, 36, NULL),
(193, 37, NULL),
(194, 36, NULL),
(194, 37, NULL),
(195, 36, NULL),
(195, 37, NULL),
(196, 36, NULL),
(197, 36, NULL),
(198, 37, NULL),
(199, 36, NULL),
(200, 37, NULL),
(201, 3, NULL),
(201, 22, NULL),
(201, 24, NULL),
(201, 25, NULL),
(202, 3, NULL),
(202, 22, NULL),
(202, 24, NULL),
(202, 25, NULL),
(204, 3, NULL),
(204, 22, NULL),
(204, 24, NULL),
(204, 25, NULL),
(206, 3, NULL),
(206, 22, NULL),
(206, 24, NULL),
(206, 25, NULL),
(207, 3, NULL),
(207, 22, NULL),
(207, 24, NULL),
(207, 25, NULL),
(208, 3, NULL),
(208, 22, NULL),
(208, 24, NULL),
(208, 25, NULL),
(209, 3, NULL),
(209, 22, NULL),
(209, 24, NULL),
(209, 25, NULL),
(210, 3, NULL),
(210, 22, NULL),
(210, 24, NULL),
(210, 25, NULL),
(211, 3, NULL),
(211, 22, NULL),
(211, 24, NULL),
(211, 25, NULL),
(212, 3, NULL),
(212, 22, NULL),
(212, 24, NULL),
(212, 25, NULL),
(213, 18, NULL),
(214, 18, NULL),
(216, 18, NULL),
(218, 18, NULL),
(219, 18, NULL),
(220, 18, NULL),
(221, 18, NULL),
(222, 18, NULL),
(223, 18, NULL),
(224, 18, NULL),
(226, 25, NULL),
(227, 39, NULL),
(228, 39, NULL),
(228, 40, NULL),
(229, 39, NULL),
(231, 39, NULL),
(231, 40, NULL),
(232, 39, NULL),
(232, 40, NULL),
(233, 39, NULL),
(233, 40, NULL),
(234, 39, NULL),
(234, 40, NULL),
(235, 39, NULL),
(235, 40, NULL),
(236, 39, NULL),
(236, 40, NULL),
(237, 41, NULL),
(238, 41, NULL),
(239, 41, NULL),
(240, 41, NULL),
(242, 41, NULL),
(243, 41, NULL),
(244, 41, NULL),
(245, 41, NULL),
(246, 41, NULL),
(247, 41, NULL),
(248, 41, NULL),
(249, 42, NULL),
(250, 42, NULL),
(251, 42, NULL),
(252, 42, NULL),
(253, 42, NULL),
(254, 42, NULL),
(255, 42, NULL),
(256, 42, NULL),
(257, 42, NULL),
(258, 42, NULL),
(259, 42, NULL),
(260, 42, NULL),
(261, 2, NULL),
(262, 2, NULL),
(263, 2, NULL),
(264, 2, NULL),
(265, 2, NULL),
(266, 2, NULL),
(267, 40, NULL),
(268, 40, NULL),
(269, 3, NULL),
(269, 5, NULL),
(269, 8, NULL),
(269, 18, NULL),
(269, 20, NULL),
(269, 22, NULL),
(269, 24, NULL),
(269, 25, NULL),
(269, 32, NULL),
(269, 36, NULL),
(269, 37, NULL),
(269, 39, NULL),
(269, 40, NULL),
(269, 41, NULL),
(269, 42, NULL),
(269, 52, NULL),
(270, 3, NULL),
(270, 5, NULL),
(270, 8, NULL),
(270, 18, NULL),
(270, 20, NULL),
(270, 22, NULL),
(270, 24, NULL),
(270, 25, NULL),
(270, 32, NULL),
(270, 36, NULL),
(270, 37, NULL),
(270, 39, NULL),
(270, 40, NULL),
(270, 41, NULL),
(270, 42, NULL),
(270, 52, NULL),
(271, 0, NULL),
(272, 0, NULL),
(273, 0, NULL),
(274, 0, NULL),
(275, 3, NULL),
(275, 5, NULL),
(275, 8, NULL),
(275, 18, NULL),
(275, 20, NULL),
(275, 22, NULL),
(275, 24, NULL),
(275, 25, NULL),
(275, 32, NULL),
(275, 36, NULL),
(275, 37, NULL),
(275, 39, NULL),
(275, 40, NULL),
(275, 41, NULL),
(275, 42, NULL),
(275, 52, NULL),
(276, 3, NULL),
(276, 22, NULL),
(276, 24, NULL),
(276, 25, NULL),
(277, 5, NULL),
(277, 37, NULL),
(277, 39, NULL),
(277, 40, NULL),
(277, 52, NULL),
(279, 8, NULL),
(279, 32, NULL),
(282, 18, NULL),
(282, 41, NULL),
(284, 20, NULL),
(285, 42, NULL),
(286, 3, NULL),
(286, 22, NULL),
(286, 24, NULL),
(286, 25, NULL),
(287, 5, NULL),
(287, 37, NULL),
(287, 39, NULL),
(287, 40, NULL),
(287, 52, NULL),
(289, 8, NULL),
(289, 32, NULL),
(292, 18, NULL),
(292, 41, NULL),
(294, 20, NULL),
(295, 42, NULL),
(296, 3, NULL),
(296, 5, NULL),
(296, 18, NULL),
(296, 20, NULL),
(296, 22, NULL),
(296, 24, NULL),
(296, 25, NULL),
(297, 3, NULL),
(297, 5, NULL),
(297, 8, NULL),
(297, 18, NULL),
(297, 20, NULL),
(297, 22, NULL),
(297, 24, NULL),
(297, 25, NULL),
(297, 32, NULL),
(298, 3, NULL),
(298, 5, NULL),
(298, 8, NULL),
(298, 18, NULL),
(298, 20, NULL),
(298, 22, NULL),
(298, 24, NULL),
(298, 25, NULL),
(298, 32, NULL),
(298, 39, NULL),
(298, 40, NULL),
(298, 41, NULL),
(298, 42, NULL),
(299, 3, NULL),
(299, 5, NULL),
(299, 8, NULL),
(299, 18, NULL),
(299, 20, NULL),
(299, 22, NULL),
(299, 24, NULL),
(299, 25, NULL),
(299, 32, NULL),
(299, 36, NULL),
(299, 37, NULL),
(299, 39, NULL),
(299, 40, NULL),
(299, 41, NULL),
(299, 42, NULL),
(300, 3, NULL),
(300, 5, NULL),
(300, 8, NULL),
(300, 18, NULL),
(300, 20, NULL),
(300, 22, NULL),
(300, 24, NULL),
(300, 25, NULL),
(300, 32, NULL),
(300, 36, NULL),
(300, 37, NULL),
(300, 39, NULL),
(300, 40, NULL),
(300, 41, NULL),
(300, 52, NULL),
(301, 3, NULL),
(301, 5, NULL),
(301, 8, NULL),
(301, 18, NULL),
(301, 20, NULL),
(301, 22, NULL),
(301, 24, NULL),
(301, 25, NULL),
(301, 32, NULL),
(301, 36, NULL),
(301, 37, NULL),
(301, 39, NULL),
(301, 40, NULL),
(301, 41, NULL),
(301, 52, NULL),
(304, 52, NULL),
(305, 52, NULL),
(306, 52, NULL),
(307, 52, NULL),
(308, 52, NULL),
(309, 52, NULL),
(319, 52, NULL),
(320, 52, NULL),
(321, 52, NULL),
(322, 52, NULL),
(328, 52, NULL);

INSERT INTO `ima_chart_template` (`Chart_Template_ID`, `Type_ID`, `Name`, `Title`, `Resource_URL`, `Description`, `Session_Bound`, `Optional`, `Display_Order`, `Active`, `Checksum`, `Last_Edit`, `User_Bound`) VALUES
(1, 5, 'taken-flowers', 'Correct objects', NULL, 'This chart shows how many correct objects were taken and how many were missed in % and in absolute value in brackets.', 1, 0, 0, 1, NULL, '2020-09-24 12:57:07', 1),
(2, 10, 'areaChart', 'Score per quadrant', NULL, 'This chart shows the score collected in the 4 quadrants of the screen, considering that objects are distributed equally over space', 1, 1, 0, 1, NULL, '2020-09-24 12:57:07', 1),
(3, 2, 'scoreintime', 'Partial score', NULL, 'Score obtained every 5 seconds', 1, 0, 0, 0, NULL, '2020-09-24 12:57:07', 1),
(4, 2, 'scoreintimeacc', 'Score over time', NULL, 'This chart shows how the score changed over time ', 1, 0, 0, 0, NULL, '2020-09-24 12:57:07', 1),
(5, 3, 'taken-flowers-gauge', 'Correct objects ', NULL, '', 1, 0, 0, 0, NULL, '2020-09-24 12:57:07', 1),
(6, 5, 'avoided-bees', 'Wrong objects ', NULL, 'This chart shows how many wrong objects were avoided and how many were taken in % and in absolute value in brackets.', 1, 0, 0, 1, NULL, '2020-09-24 12:57:07', 1),
(7, 4, 'score', 'Score', NULL, 'This is the final score obtained in the game', 1, 0, 0, 0, NULL, '2020-09-24 12:57:07', 1),
(9, 10, 'takenflowers', 'Objects per quadrant', NULL, 'This chart shows how many correct and wrong objects were taken in % and in absolute value in every quandrant.', 1, 1, 0, 1, NULL, '2020-09-24 12:57:07', 1),
(10, 5, 'correct-cans', 'Placed objects', NULL, 'This chart shows how many correct and wrong objects were placed in % and in absolute value in brackets.', 1, 0, 0, 1, NULL, '2020-09-24 12:57:07', 1),
(11, 10, 'correctcans', 'Placed objects per quadrant', NULL, 'This chart shows how many correct and wrong objects were placed in absolute value in every quadrant', 1, 1, 0, 1, NULL, '2020-09-24 12:57:07', 1),
(13, 3, 'calib-verti-extent', 'Vertical extent', NULL, 'This chart shows the vertical extent of movement reached by the user in calibration phase with respect to maximum available (range 0-1)', 1, 0, 1, 1, NULL, '2020-09-24 12:57:07', 1),
(14, 3, 'calib-horz-extent', 'Horizontal extent', NULL, 'This chart shows horizontal extent of movement reached by the user in calibration phase with respect to maximum available (range 0-1)', 1, 0, 2, 1, NULL, '2020-09-24 12:57:07', 1),
(22, 5, 'taken-eggs', 'Correct objects', NULL, 'This chart shows how many correct objects were taken and how many were missed in % and in absolute value in brackets.', 1, 0, 0, 1, NULL, '2020-09-24 12:57:07', 1),
(23, 5, 'taken-gears', 'Wrong objects', NULL, 'This chart shows how many wrong objects were avoided and how many were taken in % and in absolute value in brackets.', 1, 0, 0, 1, NULL, '2020-09-24 12:57:07', 1),
(24, 10, 'scoretarget', 'Score per target zone', NULL, 'This chart shows the score collected in the 5 target zones.', 1, 1, 0, 1, NULL, '2020-09-24 12:57:07', 1),
(25, 10, 'takenEggsByTarget', 'Objects per target zone', NULL, 'This chart shows how many correct and wrong objects were taken by target zone.', 1, 1, 0, 1, NULL, '2020-09-24 12:57:07', 1),
(28, 7, 'takenflowers', 'Objects over time', NULL, 'This chart shows how many correct objects were taken and missed and how many wrong objects were taken and avoided every 5 seconds', 1, 0, 0, 1, NULL, '2020-09-24 12:57:07', 1),
(30, 7, 'caughteggs', 'Objects over time', NULL, 'This chart shows how many correct objects were taken and missed and how many wrong objects were taken and avoided every 5 seconds', 1, 0, 0, 1, NULL, '2020-09-24 12:57:07', 1),
(32, 4, 'totalscore', 'Cumulative score', NULL, 'This chart shows the total score of this session: it is the sum of the scores of all played games.', 1, 0, 3, 1, NULL, '2020-09-24 12:57:07', 1),
(33, 2, 'ScorebyGame', 'Score per game', NULL, 'This chart shows the score of each single game in this session.', 1, 0, 5, 1, NULL, '2020-09-24 12:57:07', 1),
(34, 1, 'statusgame', 'Played games', NULL, 'This chart shows how many games were played, not played, halted or abbandoned by the user in this session. ', 1, 0, 1, 1, NULL, '2020-09-24 12:57:07', 1),
(35, 4, 'painlevel ', 'Pain level', NULL, 'This chart shows the declared pain level in this session on a 5 point scale.', 1, 1, 2, 1, NULL, '2020-09-24 12:57:07', 1),
(36, 4, 'totaltime', 'Session total time in minutes', NULL, '', 1, 0, 4, 0, NULL, '2020-09-24 12:57:07', 1),
(37, 2, 'totalGameTimeD', 'Game duration in seconds', NULL, 'This chart shows the effective duration of each single game; in case adding the time the game was paused.', 1, 0, 4, 1, NULL, '2020-09-24 12:57:07', 1),
(38, 2, 'totalGameTime', 'Session time by game in minutes', NULL, '', 1, 0, 4, 0, NULL, '2020-09-24 12:57:07', 1),
(39, 2, 'totalscoreeverytime', 'Sessions scores', NULL, 'This chart shows a performance trend, indicating the total score accumulated in each session. To see the whole period it might be necessary to scroll the horizontal grey bar', 0, 0, 3, 1, NULL, '2020-09-24 12:57:07', 1),
(40, 2, 'globaltotaltime', 'Total sessions time in minutes', NULL, '', 0, 0, 4, 0, NULL, '2020-09-24 12:57:07', 1),
(41, 7, 'globalstatusgame', 'Played games per session ', NULL, 'This chart shows for each session how many games were played, not played, halted or abbandoned by the user.', 0, 0, 1, 1, NULL, '2020-09-24 12:57:07', 1),
(42, 7, 'globalavoided-bees', 'Wrong objects', NULL, 'This chart shows how many wrong objects were avoided and how many were taken per session.', 0, 0, 0, 1, NULL, '2020-09-24 12:57:07', 1),
(43, 7, 'globaltaken-flowers', 'Correct objects', NULL, 'This chart shows how many correct objects were taken and how many were missed per session.', 0, 0, 0, 1, NULL, '2020-09-24 12:57:07', 1),
(44, 2, 'globalscore', 'Score', NULL, 'This chart shows the total score per session.', 0, 0, 0, 1, NULL, '2020-09-24 12:57:07', 1),
(45, 7, 'globalareaChart', 'Score per quadrant', NULL, 'This chart shows the total score per quadrant per session.', 0, 1, 0, 1, NULL, '2020-09-24 12:57:07', 1),
(46, 7, 'globaltakenbees', 'Wrong objects per quadrant', NULL, 'This chart shows how many wrong objects were avoided and how many were taken per quadrant per session.', 0, 0, 0, 1, NULL, '2020-09-24 12:57:07', 1),
(47, 7, 'globaltakenflowers', 'Correct objects per quadrant', NULL, 'This chart shows how many correct objects were taken and how many were missed per quadrant per session.', 0, 0, 0, 1, NULL, '2020-09-24 12:57:07', 1),
(48, 7, 'globalcorrect-cans', 'Placed objects', NULL, 'This chart shows how many correct and wrong objects were placed per session.', 0, 0, 0, 1, NULL, '2020-09-24 12:57:07', 1),
(49, 7, 'globalcorrectcans', 'Correctly placed objects per quadrant', NULL, 'This chart shows how many correct objects were placed per quadrant per session.', 0, 1, 0, 1, NULL, '2020-09-24 12:57:07', 1),
(50, 7, 'globalwrongcans', 'Wrongly placed objects per quadrant', NULL, 'This chart shows how many wrong objects were placed per quadrant per session.', 0, 1, 0, 1, NULL, '2020-09-24 12:57:07', 1),
(53, 7, 'global-taken-eggs', 'Correct objects', NULL, 'This chart shows how many correct objects were taken and how many were missed per session.', 0, 0, 0, 1, NULL, '2020-09-24 12:57:07', 1),
(54, 7, 'global-taken-gears', 'Wrong objects', NULL, 'This chart shows how many wrong objects were avoided and how many were taken per session.', 0, 0, 0, 1, NULL, '2020-09-24 12:57:07', 1),
(55, 7, 'global-scoretarget', 'Score per target zone', NULL, 'This chart shows the total score per target zone per session.', 0, 1, 0, 1, NULL, '2020-09-24 12:57:07', 1),
(56, 7, 'global-takenEggsByTarget', 'Correct objects per target zone', NULL, 'This chart shows how many correct objects were taken per target zone per session.', 0, 1, 0, 1, NULL, '2020-09-24 12:57:07', 1),
(57, 7, 'global-takenGearsByTarget', 'Wrong objects per target zone', NULL, 'This chart shows how many wrong objects were taken per target zone per session.', 0, 1, 0, 1, NULL, '2020-09-24 12:57:07', 1),
(58, 8, 'global-calib-right-verti-extent', 'Right hand vertical extent', NULL, 'This chart shows the vertical extent of movement reached by the user in calibration phase with respect to maximum available (value 1)', 0, 1, 0, 1, NULL, '2020-09-24 12:57:07', 1),
(59, 8, 'global-calib-right-horz-extent', 'Right hand horizontal extent', NULL, 'This chart shows the horizontal extent of movement reached by the user in calibration phase with respect to maximum available (value 1)', 0, 1, 0, 1, NULL, '2020-09-24 12:57:07', 1),
(61, 2, 'globalpainlevel ', 'Pain level', NULL, 'This chart shows the declared pain level per session on a 5 point scale.', 0, 1, 2, 1, NULL, '2020-09-24 12:57:07', 1),
(62, 11, 'global-parameters-game1', 'Configuration parameters changes', NULL, 'For each session, this chart shows  possible configuration parameters changes compared to previous session configuration.', 0, 1, 0, 1, NULL, '2020-09-24 12:57:07', 1),
(63, 11, 'global-parameters-game2', 'Configuration parameters changes', NULL, 'For each session, this chart shows  possible configuration parameters changes compared to previous session configuration.', 0, 1, 0, 1, NULL, '2020-09-24 12:57:07', 1),
(65, 11, 'global-parameters-game4', 'Configuration parameters changes', NULL, 'For each session, this chart shows  possible configuration parameters changes compared to previous session configuration.', 0, 1, 0, 1, NULL, '2020-09-24 12:57:07', 1),
(66, 8, 'global-calib-left-verti-extent', 'Left hand vertical extent', NULL, 'This chart shows the vertical extent of movement reached by the user in calibration phase with respect to maximum available (value 1)', 0, 0, 0, 1, NULL, '2020-09-24 12:57:07', 1),
(67, 8, 'global-calib-left-horz-extent', 'Left hand horizontal extent', NULL, 'This chart shows the horizontal extent of movement reached by the user in calibration phase with respect to maximum available (value 1)', 0, 0, 0, 1, NULL, '2020-09-24 12:57:07', 1),
(68, 4, 'calib-hand', 'Calibration hand', NULL, 'This chart shows the hand chosen in the plan configuration phase.', 1, 0, 0, 1, NULL, '2020-09-24 12:57:07', 1),
(114, 5, 'taken-correct', 'Correct objects', NULL, 'This chart shows how many correct objects were taken and how many were missed in % and in absolute value in brackets.', 1, 0, 0, 1, NULL, '2020-09-24 12:57:07', 1),
(115, 3, 'taken-correct-gauge', 'Correct objects ', NULL, '', 1, 0, 0, 0, NULL, '2020-09-24 12:57:07', 1),
(116, 5, 'avoided-wrong', 'Wrong objects ', NULL, 'This chart shows how many wrong objects were avoided and how many were taken in % and in absolute value in brackets.', 1, 0, 0, 1, NULL, '2020-09-24 12:57:07', 1),
(118, 10, 'takencorrect', 'Objects per quadrant', NULL, 'This chart shows how many correct and wrong objects were taken in every quadrant.', 1, 1, 0, 1, NULL, '2020-09-24 12:57:07', 1),
(119, 7, 'takencorrect', 'Objects over time', NULL, 'This chart shows how many correct objects were taken and missed and how many wrong objects were taken and avoided every 5 seconds', 1, 0, 0, 1, NULL, '2020-09-24 12:57:07', 1),
(122, 7, 'globaltaken-correct', 'Objects', NULL, 'This chart shows how many correct objects were taken and missed and how many wrong objects were taken and avoided per session.', 0, 0, 0, 1, NULL, '2020-09-24 12:57:07', 1),
(123, 7, 'globaltakenwrong', 'Wrong objects per quadrant', NULL, 'This chart shows how many wrong objects were avoided and how many were taken per quadrant per session.', 0, 0, 0, 1, NULL, '2020-09-24 12:57:07', 1),
(124, 7, 'globaltakencorrect', 'Correct objects per quadrant', NULL, 'This chart shows how many correct objects were taken and how many were missed per quadrant per session.', 0, 0, 0, 1, NULL, '2020-09-24 12:57:07', 1),
(125, 11, 'global-parameters-game-stagioni', 'Configuration parameters changes', NULL, 'For each session, this chart shows  possible configuration parameters changes compared to previous session configuration.', 0, 1, 0, 1, NULL, '2020-09-24 12:57:07', 1),
(126, 5, 'taken-fruits', 'Correct objects', NULL, 'This chart shows how many correct objects were taken and how many were missed in % and in absolute value in brackets.', 1, 0, 0, 1, NULL, '2020-09-24 12:57:07', 1),
(127, 3, 'taken-fruits-gauge', 'Correct objects ', NULL, '', 1, 0, 0, 0, NULL, '2020-09-24 12:57:07', 1),
(128, 5, 'avoided-distractors', 'Wrong objects ', NULL, 'This chart shows how many wrong objects were avoided and how many were taken in % and in absolute value in brackets.', 1, 0, 0, 1, NULL, '2020-09-24 12:57:07', 1),
(129, 7, 'takenfruits', 'Correct objects over time', NULL, 'This chart shows how many correct objects were taken and missed every 5 seconds', 1, 0, 0, 1, NULL, '2020-09-24 12:57:07', 1),
(130, 7, 'avoideddistractorstime', 'Wrong objects over time', NULL, 'This chart shows how many wrong objects were taken and avoided every 5 seconds', 1, 0, 0, 1, NULL, '2020-09-24 12:57:07', 1),
(131, 7, 'globalavoided-distractors', 'Wrong objects', NULL, 'This chart shows how many wrong objects were avoided and how many were taken.', 0, 0, 0, 1, NULL, '2020-09-24 12:57:07', 1),
(132, 7, 'globaltaken-fruits', 'Correct objects', NULL, 'This chart shows how many correct objects were taken and how many were missed.', 0, 0, 0, 1, NULL, '2020-09-24 12:57:07', 1),
(133, 10, 'areaChartSingleLine', 'Score by center distance', NULL, 'This chart shows the score for each zone.', 1, 1, 0, 1, NULL, '2020-09-24 12:57:07', 1),
(134, 7, 'globalareaChart', 'Score by center distance', NULL, 'This chart shows the score for each zone.', 0, 1, 0, 1, NULL, '2020-09-24 12:57:07', 1),
(135, 11, 'global-parameters-game6', 'Configuration parameters changes', NULL, 'For each session, this chart shows  possible configuration parameters changes compared to previous session configuration.', 0, 1, 0, 1, NULL, '2020-09-24 12:57:07', 1),
(140, 10, 'takenFruitsquad', 'Objects by center distance', NULL, 'This chart shows how many correct and wrong objects were taken in each zone.', 1, 0, 0, 1, NULL, '2020-09-24 12:57:07', 1),
(144, 7, 'globalavoidedDistractors', 'Wrong objects', NULL, 'This chart shows how many wrong objects were taken in each zone.', 0, 0, 0, 1, NULL, '2020-09-24 12:57:07', 1),
(148, 7, 'globaltakenFruits', 'Correct objects', NULL, 'This chart shows how many correct objects were taken in each zone.', 0, 0, 0, 1, NULL, '2020-09-24 12:57:07', 1),
(171, 10, 'takendirt', 'Objects per quadrant', NULL, 'This chart shows how many correct and wrong objects were taken in every quadrant.', 1, 1, 0, 1, NULL, '2020-09-24 12:57:07', 1),
(172, 7, 'globaltakenscrew', 'Wrong objects per quadrant', NULL, 'This chart shows how many wrong objects were avoided and how many were taken per quadrant per session.', 0, 0, 0, 1, NULL, '2020-09-24 12:57:07', 1),
(173, 7, 'globaltakendirt', 'Correct objects per quadrant', NULL, 'This chart shows how many correct objects were taken and how many were missed per quadrant per session.', 0, 0, 0, 1, NULL, '2020-09-24 12:57:07', 1),
(183, 4, 'oranges-taken', 'Oranges squeezed', NULL, 'This chart shows the total number of oranges squeezed.', 1, 0, 0, 0, NULL, '2020-09-24 12:57:07', 1),
(184, 4, 'Shelves crossed', 'Levels crossed', NULL, 'This chart shows how many oranges were passed to one lower shelf', 1, 0, 0, 0, NULL, '2020-09-24 12:57:07', 1),
(185, 4, 'angle-average', 'Tilt angle average', NULL, '', 1, 0, 0, 0, NULL, '2020-09-24 12:57:07', 1),
(186, 6, 'angle-changes', 'Tilt (left-right direction) changes', NULL, 'This chart shows how often did the patient tilt right or left.', 1, 0, 0, 1, NULL, '2020-09-24 12:57:07', 1),
(187, 1, 'angle-times', 'Tilt (left-right direction) percentage', NULL, 'This chart shows how much time did the patient spend tilting to the right, to the left or staying centered.', 1, 0, 0, 1, NULL, '2020-09-24 12:57:07', 1),
(188, 7, 'angle-times-timed', 'Tilt (left-right direction) over time', NULL, 'This chart shows how much time did the patient spend tilting to the right, to the left or staying centered every 5 seconds', 1, 0, 0, 0, NULL, '2020-09-24 12:57:07', 1),
(189, 7, 'angle-changes-time', 'Tilt (left-right direction) changes over time', NULL, 'This chart shows how often did the user change tilt direction every 5 seconds.', 1, 0, 0, 0, NULL, '2020-09-24 12:57:07', 1),
(190, 2, 'angle-average-time', 'Tilt angle average', NULL, 'Tilt angle average every 5 seconds.', 1, 0, 0, 0, NULL, '2020-09-24 12:57:07', 1),
(191, 2, 'oranges-taken-time', 'Oranges squeezed', NULL, 'Total number of oranges squeezed every 5 seconds.', 1, 0, 0, 0, NULL, '2020-09-24 12:57:07', 1),
(192, 2, 'shelves-crossed', 'Shelves crossed', NULL, 'Shelves crossed every 5 seconds.', 1, 0, 0, 0, NULL, '2020-09-24 12:57:07', 1),
(193, 7, 'global-angle-times', 'Tilt (left-right direction) percentage', NULL, 'This chart shows how much time did the patient spend tilting to the right, to the left or staying centered per session.', 0, 0, 0, 1, NULL, '2020-09-24 12:57:07', 1),
(194, 2, 'global-angle-changes', 'Tilt (left-right direction) changes', NULL, 'This chart shows how often did the patient tilt right or left per session.', 0, 0, 0, 1, NULL, '2020-09-24 12:57:07', 1),
(195, 2, 'global-angle-average', 'Tilt angle average', NULL, '', 0, 0, 0, 0, NULL, '2020-09-24 12:57:07', 1),
(196, 2, 'global-oranges-taken', 'Oranges squeezed', NULL, 'This chart shows the number of oranges squeezed per session.', 0, 0, 0, 1, NULL, '2020-09-24 12:57:07', 1),
(197, 2, 'global-levels-crossed', 'Levels crossed', NULL, 'This chart shows how many oranges were passed to one lower shelf per session.', 0, 0, 0, 1, NULL, '2020-09-24 12:57:07', 1),
(198, 7, 'fruit-placed', 'Placed objects', NULL, 'This chart shows the total number of objects placed correctly/wrongly every 5 seconds.', 1, 0, 0, 1, NULL, '2020-09-24 12:57:07', 1),
(199, 11, 'global-parameters-game-postural', 'Configuration parameters changes', NULL, 'For each session, this chart shows  possible configuration parameters changes compared to previous session configuration.', 0, 1, 0, 1, NULL, '2020-09-24 12:57:07', 1),
(200, 11, 'global-parameters-game-postural-2', 'Configuration parameters changes', NULL, 'For each session, this chart shows  possible configuration parameters changes compared to previous session configuration.', 0, 1, 0, 1, NULL, '2020-09-24 12:57:07', 1),
(201, 1, 'both-taken-flowers', 'Correct objects per hand', NULL, 'This chart shows how many correct objects were taken per hand.', 1, 1, 0, 1, NULL, '2020-09-24 12:57:07', 1),
(202, 1, 'both-avoided-bees', 'Wrong objects per hand', NULL, 'This chart shows how many wrong objects were taken per hand.', 1, 1, 0, 1, NULL, '2020-09-24 12:57:07', 1),
(204, 10, 'both-takenflowers-right', 'Right hand objects per quadrant', NULL, 'This chart shows how many correct and wrong objects were taken with the right hand per quadrant.', 1, 1, 0, 1, NULL, '2020-09-24 12:57:07', 1),
(206, 10, 'both-takenflowers-left', 'Left hand objects per quadrant', NULL, 'This chart shows how many correct and wrong objects were taken with the left hand per quadrant.', 1, 1, 0, 1, NULL, '2020-09-24 12:57:07', 1),
(207, 7, 'both-takenflowers', 'Correct objects per hand over time', NULL, 'This chart shows how many correct objects were taken and missed per hand every 5 seconds.', 1, 1, 0, 1, NULL, '2020-09-24 12:57:07', 1),
(208, 7, 'both-avoidedbeestime', 'Wrong objects per hand over time', NULL, 'This chart shows how many wrong objects were taken and avoided per hand every 5 seconds.', 1, 1, 0, 1, NULL, '2020-09-24 12:57:07', 1),
(209, 7, 'both-globalavoided-bees', 'Wrong objects per hand', NULL, 'This chart shows how many wrong objects were taken per hand per session.', 0, 1, 0, 1, NULL, '2020-09-24 12:57:07', 1),
(210, 7, 'both-globaltaken-flowers', 'Correct objects per hand', NULL, 'This chart shows how many correct objects were taken per hand per session.', 0, 1, 0, 1, NULL, '2020-09-24 12:57:07', 1),
(211, 7, 'both-globaltakenbees', 'Wrong objects per quadrant per hand', NULL, 'This chart shows how many wrong objects were taken per quadrant per hand for each session.', 0, 1, 0, 1, NULL, '2020-09-24 12:57:07', 1),
(212, 7, 'both-globaltakenflowers', 'Correct objects per quadrant per hand', NULL, 'This chart shows how many correct objects were taken per quadrant per hand for each session.', 0, 1, 0, 1, NULL, '2020-09-24 12:57:07', 1),
(213, 1, 'both-taken-correct', 'Correct objects per hand', NULL, 'This chart shows how many correct objects were taken per hand.', 1, 1, 0, 1, NULL, '2020-09-24 12:57:07', 1),
(214, 1, 'both-avoided-wrong', 'Wrong objects per hand', NULL, 'This chart shows how many wrong objects were taken per hand.', 1, 1, 0, 1, NULL, '2020-09-24 12:57:07', 1),
(216, 10, 'both-takencorrect-left', 'Right hand objects per quadrant', NULL, 'This chart shows how many correct and wrong objects were taken with the right hand per quadrant.', 1, 1, 0, 1, NULL, '2020-09-24 12:57:07', 1),
(218, 10, 'both-takencorrect-left', 'Left hand objects per quadrant', NULL, 'This chart shows how many correct and wrong objects were taken with the left hand per quadrant.', 1, 1, 0, 1, NULL, '2020-09-24 12:57:07', 1),
(219, 7, 'both-takencorrect', 'Correct objects over time per hand', NULL, 'This chart shows how many correct objects were taken and missed per hand every 5 seconds.', 1, 1, 0, 1, NULL, '2020-09-24 12:57:07', 1),
(220, 7, 'both-avoidedwrongtime', 'Wrong objects over time per hand', NULL, 'This chart shows how many wrong objects were taken and avoided per hand every 5 seconds.', 1, 1, 0, 1, NULL, '2020-09-24 12:57:07', 1),
(221, 7, 'both-globalavoided-wrong', 'Wrong objects per hand', NULL, 'This chart shows how many wrong objects were taken per hand per session.', 0, 1, 0, 1, NULL, '2020-09-24 12:57:07', 1),
(222, 7, 'both-globaltaken-correct', 'Correct objects per hand', NULL, 'This chart shows how many correct objects were taken per hand per session.', 0, 1, 0, 1, NULL, '2020-09-24 12:57:07', 1),
(223, 7, 'both-globaltakenwrong', 'Wrong objects per quadrant per hand', NULL, 'This chart shows how many wrong objects were taken per quadrant per hand for each session.', 0, 1, 0, 1, NULL, '2020-09-24 12:57:07', 1),
(224, 7, 'both-globaltakencorrect', 'Correct objects per quadrant per hand', NULL, 'This chart shows how many correct objects were taken per quadrant per hand for each session.', 0, 1, 0, 1, NULL, '2020-09-24 12:57:07', 1),
(226, 10, 'takenflowers', 'Objects per quadrant', NULL, 'This chart shows how many correct and wrong objects were taken in every quadrant.', 1, 1, 0, 1, NULL, '2020-09-24 12:57:07', 1),
(227, 10, 'targetChart', 'Score per trash bin', NULL, 'This chart shows the score per trash bin.', 1, 1, 0, 1, NULL, '2020-09-24 12:57:07', 1),
(228, 5, 'correct-trash', 'Disposed trash bags', NULL, 'This chart shows how many trash bags were correctly and wrongly disposed in % and in absolute value in brackets.', 1, 0, 0, 1, NULL, '2020-09-24 12:57:07', 1),
(229, 10, 'correcttrash', 'Disposed trash bags per trash bin', NULL, 'This chart shows how many trash bags were correctly and wrongly disposed per trash bin in % and in absolute value in brackets.', 1, 1, 0, 1, NULL, '2020-09-24 12:57:07', 1),
(231, 7, 'globaltargetChart', 'Score per trash bin', NULL, 'This chart shows the score per trash bin per session.', 0, 1, 0, 1, NULL, '2020-09-24 12:57:07', 1),
(232, 7, 'globalcorrect-trash', 'Correctly disposed trash bags', NULL, 'This chart shows how many trash bags were correctly disposed per session.', 0, 0, 0, 1, NULL, '2020-09-24 12:57:07', 1),
(233, 7, 'globalcorrecttrash', 'Correctly disposed trash bags per trash bin', NULL, 'This chart shows how many trash bags were correctly disposed per trash bin per session.', 0, 1, 0, 1, NULL, '2020-09-24 12:57:07', 1),
(234, 7, 'globalwrongtrash', 'Wrongly disposed trash bags per trash bin', NULL, 'This chart shows how many trash bags were wrongly disposed per trash bin per session.', 0, 1, 0, 1, NULL, '2020-09-24 12:57:07', 1),
(235, 11, 'global-parameters-gamefeet', 'Configuration parameters changes', NULL, 'For each session, this chart shows  possible configuration parameters changes compared to previous session configuration.', 0, 1, 0, 1, NULL, '2020-09-24 12:57:07', 1),
(236, 2, 'trash-thrown', 'Trash bag thrown', NULL, 'This chart shows the number of trash bags disposed correctly/wrongly every 5 seconds.', 1, 0, 0, 1, NULL, '2020-09-24 12:57:07', 1),
(237, 10, 'holesChart', 'Score per hole', NULL, 'This chart shows the score per hole.', 1, 1, 0, 1, NULL, '2020-09-24 12:57:07', 1),
(238, 5, 'caughtMoles', 'Correct objects', NULL, 'This chart shows how many correct objects were caught and how many were missed.', 1, 0, 0, 1, NULL, '2020-09-24 12:57:07', 1),
(239, 5, 'avoidedCarrots', 'Wrong objects', NULL, 'This chart shows how many wrong objects were avoided and how many were caught.', 1, 0, 0, 1, NULL, '2020-09-24 12:57:07', 1),
(240, 10, 'caughtMolesByHole', 'Object per hole', NULL, 'This chart shows how many correct and wrong objects were caught per hole.', 1, 1, 0, 1, NULL, '2020-09-24 12:57:07', 1),
(242, 7, 'globalHolesChart', 'Score per hole', NULL, 'This chart shows the score per hole per session.', 0, 1, 0, 1, NULL, '2020-09-24 12:57:07', 1),
(243, 7, 'globalCaughtMoles', 'Correct objects', NULL, 'This chart shows how many correct objects were caught and how many were missed per session.', 0, 0, 0, 1, NULL, '2020-09-24 12:57:07', 1),
(244, 7, 'globalCaughtMolesByHole', 'Correct objects caught per hole', NULL, 'This chart shows how many correct objects were caught per hole per session.', 0, 1, 0, 1, NULL, '2020-09-24 12:57:07', 1),
(245, 7, 'globalCaughtCarrots', 'Wrong objects', NULL, 'This chart shows how many wrong objects were avoided and how many were caught per session.', 0, 0, 0, 1, NULL, '2020-09-24 12:57:07', 1),
(246, 7, 'globalCaughtCarrotsByHole', 'Wrong objects caught per hole', NULL, 'This chart shows how many wrong objects were caught per hole per session.', 0, 1, 0, 1, NULL, '2020-09-24 12:57:07', 1),
(247, 11, 'globalMolesCarrotsDifficulty', 'Configuration parameters changes', NULL, 'For each session, this chart shows  possible configuration parameters changes compared to previous session configuration.', 0, 1, 0, 1, NULL, '2020-09-24 12:57:07', 1),
(248, 7, 'caughtMolesCarrotsInTime', 'Correct  and wrong objects over time.', NULL, 'This chart shows how many correct objects were taken/missed and wrong objects were avoided/taken every 5 seconds.', 1, 0, 0, 1, NULL, '2020-09-24 12:57:07', 1),
(249, 5, 'correct-obstacle', 'Obstacles', NULL, 'This chart shows how many obstacles were avoided and how many were hit -- Unit of measurement: Percentage (Number of obstacles in brackets)', 1, 0, 0, 1, NULL, '2020-09-24 12:57:07', 1),
(250, 10, 'correct-obstacle-topvsbottom', 'Avoided obstacles', NULL, 'This chart shows how many obstacles were avoided per obstacles position (top, bottom) -- Unit of measurement: Number of obstacles', 1, 0, 0, 1, NULL, '2020-09-24 12:57:07', 1),
(251, 7, 'globalcorrect-obstacles', 'Obstacles per position', NULL, 'This chart shows how many obstacles were avoided and how many were hit per obstacles position (top, bottom) per session -- Unit of measurement: Number of obstacles.', 0, 0, 0, 1, NULL, '2020-09-24 12:57:07', 1),
(252, 4, 'direction-changes', 'Position changes', NULL, 'This chart shows the number of position changes (sitting, standing) -- Unit of measurement: Number of position changes.', 1, 0, 0, 1, NULL, '2020-09-24 12:57:07', 1),
(253, 1, 'position-times', 'Position time', NULL, 'This chart shows how much time the user spent in sitting and standing position  -- Unit of measurement: Percentage (Seconds in brackets)', 1, 0, 0, 1, NULL, '2020-09-24 12:57:07', 1),
(254, 7, 'position-times-timed', 'Position time over time', NULL, 'This chart shows how much time the user spent in sitting and standing position every 5 seconds -- Unit of measurement: Seconds', 1, 0, 0, 1, NULL, '2020-09-24 12:57:07', 1),
(255, 2, 'direction-changes-timed', 'Position changes', NULL, 'This chart shows the number of position changes (sitting, standing) every 5 seconds -- Unit of measurement: Number of position changes.', 1, 0, 0, 1, NULL, '2020-09-24 12:57:07', 1),
(256, 7, 'global-position-times', 'Position time', NULL, 'This chart shows how much time the user spent in sitting and standing position per session -- Unit of measurement: Seconds', 0, 0, 0, 1, NULL, '2020-09-24 12:57:07', 1),
(257, 2, 'global-direction-changes', 'Position changes', NULL, 'This chart shows the number of position changes (sitting, standing) per session -- Unit of measurement: Number of position changes.', 0, 0, 0, 1, NULL, '2020-09-24 12:57:07', 1),
(258, 7, 'obstacles-time', 'Obstacles over time', NULL, 'This chart shows how many obstacles were avoided and how many were hit per obstacles position (top, bottom) every 5 seconds -- Unit of measurement: Number of obstacles.', 1, 0, 1, 1, NULL, '2020-09-24 12:57:07', 1),
(259, 11, 'global-parameters-game-postural-3', 'Configuration parameters changes', NULL, 'For each session, this chart shows  possible configuration parameters changes compared to previous session configuration.', 0, 1, 0, 1, NULL, '2020-09-24 12:57:07', 1),
(260, 2, 'globalcorrect-obstacles-line', 'Obstacles', NULL, 'This chart shows how many obstacles were avoided and how many were hit per session -- Unit of measurement: Number of obstacles.', 0, 0, 0, 1, NULL, '2020-09-24 12:57:07', 1),
(261, 3, 'nuitrack-calib-verti-extent', 'Vertical extent', NULL, 'Vertical extent of movement reached by the user in calibration phase with respect to maximum available (range 0-1)', 1, 0, 1, 1, NULL, '2020-09-24 12:57:07', 1),
(262, 3, 'nuitrack-calib-horz-extent', 'Horizontal extent', NULL, 'Horizontal extent of movement reached by the user in calibration phase with respect to maximum available (range 0-1)', 1, 0, 2, 1, NULL, '2020-09-24 12:57:07', 1),
(263, 8, 'global-calib-right-verti-extent', 'Right hand vertical extent', NULL, 'Vertical extent of movement reached by the user in calibration phase with respect to maximum available (range 0-1)', 0, 1, 0, 1, NULL, '2020-09-24 12:57:07', 1),
(264, 8, 'global-calib-right-horz-extent', 'Right hand horizontal extent', NULL, 'Horizontal extent of movement reached by the user in calibration phase with respect to maximum available (range 0-1)', 0, 1, 0, 1, NULL, '2020-09-24 12:57:07', 1),
(265, 8, 'global-calib-left-verti-extent', 'Left hand vertical extent', NULL, 'Vertical extent of movement reached by the user in calibration phase with respect to maximum available (range 0-1)', 0, 1, 0, 1, NULL, '2020-09-24 12:57:07', 1),
(266, 8, 'global-calib-left-horz-extent', 'Left hand horizontal extent', NULL, 'Horizontal extent of movement reached by the user in calibration phase with respect to maximum available (range 0-1)', 0, 1, 0, 1, NULL, '2020-09-24 12:57:07', 1),
(267, 10, 'targetChart', 'Score per trash bin', NULL, 'This chart shows the score per trash bin.', 1, 1, 0, 1, NULL, '2020-09-24 12:57:07', 1),
(268, 10, 'correcttrash', 'Disposed trash bag per trash bin', NULL, 'This chart shows how many trash bags were correctly disposed per trash bin -- Unit of measurement: Percentage (Number of trash bags in brackets)', 1, 1, 0, 1, NULL, '2020-09-24 12:57:07', 1),
(269, 7, 'playedGames', 'Played games daily', NULL, '', 0, 1, 0, 1, NULL, '2020-09-24 12:57:07', 0),
(270, 7, 'playedGamesMonthly', 'Played games monthly', NULL, '', 0, 1, 0, 1, NULL, '2020-09-24 12:57:07', 0),
(271, 7, 'playedSessions', 'Played sessions daily', NULL, '', 0, 1, 0, 1, NULL, '2020-09-24 12:57:07', 0),
(272, 7, 'playedSessionsMonthly', 'Played sessions monthly', NULL, '', 0, 1, 0, 1, NULL, '2020-09-24 12:57:07', 0),
(273, 1, 'playedSessionsTotal', 'Played sessions total', NULL, '', 0, 1, 0, 1, NULL, '2020-09-24 12:57:07', 0),
(274, 6, 'playedGamesTotal', 'Played games total', NULL, '', 0, 1, 0, 1, NULL, '2020-09-24 12:57:07', 0),
(275, 6, 'playedGameTotal', 'Played game total', NULL, '', 0, 1, 0, 1, NULL, '2020-09-24 12:57:07', 0),
(276, 1, 'accuracygame1', 'Accuracy', NULL, '', 0, 1, 0, 1, NULL, '2020-09-24 12:57:07', 0),
(277, 1, 'accuracygame2', 'Accuracy', NULL, '', 0, 1, 0, 1, NULL, '2020-09-24 12:57:07', 0),
(279, 1, 'accuracygame4', 'Accuracy', NULL, '', 0, 1, 0, 1, NULL, '2020-09-24 12:57:07', 0),
(282, 1, 'accuracygames', 'Accuracy', NULL, '', 0, 1, 0, 1, NULL, '2020-09-24 12:57:07', 0),
(284, 1, 'accuracygame6', 'Accuracy', NULL, '', 0, 1, 0, 1, NULL, '2020-09-24 12:57:07', 0),
(285, 1, 'accuracygameb', 'Accuracy', NULL, '', 0, 1, 0, 1, NULL, '2020-09-24 12:57:07', 0),
(286, 7, 'monthlyaccuracygame1', 'Accuracy monthly', NULL, '', 0, 1, 0, 1, NULL, '2020-09-24 12:57:07', 0),
(287, 7, 'monthlyaccuracygame2', 'Accuracy monthly', NULL, '', 0, 1, 0, 1, NULL, '2020-09-24 12:57:07', 0),
(289, 7, 'monthlyaccuracygame4', 'Accuracy monthly', NULL, '', 0, 1, 0, 1, NULL, '2020-09-24 12:57:07', 0),
(292, 7, 'monthlyaccuracygames', 'Accuracy monthly', NULL, '', 0, 1, 0, 1, NULL, '2020-09-24 12:57:07', 0),
(294, 7, 'monthlyaccuracygame6', 'Accuracy monthly', NULL, '', 0, 1, 0, 1, NULL, '2020-09-24 12:57:07', 0),
(295, 7, 'monthlyaccuracygameb', 'Accuracy monthly', NULL, '', 0, 1, 0, 1, NULL, '2020-09-24 12:57:07', 0),
(296, 1, 'check.elbow', 'Elbow checks', NULL, '', 1, 1, 0, 1, NULL, '2020-09-24 12:57:07', 1),
(297, 1, 'check.hand', 'Hand opening checks', NULL, '', 1, 1, 0, 1, NULL, '2020-09-24 12:57:07', 1),
(298, 1, 'check.spine', 'Spine checks', NULL, '', 1, 1, 0, 1, NULL, '2020-09-24 12:57:07', 1),
(299, 1, 'check.shoulder', 'Shoulders checks', NULL, '', 1, 1, 0, 1, NULL, '2020-09-24 12:57:07', 1),
(300, 1, 'check.position.standing', 'Position standing checks', NULL, '', 1, 1, 0, 1, NULL, '2020-09-24 12:57:07', 1),
(301, 1, 'check.position.sitting', 'Position sitting checks', NULL, '', 1, 1, 0, 1, NULL, '2020-09-24 12:57:07', 1),
(304, 1, 'result-by-feet', 'Events by limb', NULL, 'This chart shows correct/wrong actions performed by feet.', 1, 1, 0, 1, NULL, '2020-09-24 12:57:07', 1),
(305, 6, 'reaction-time', 'Reaction time', NULL, 'This chart shows the average reaction time betweeen the stimulus and the reaction of the patient.', 1, 1, 0, 1, NULL, '2020-09-24 12:57:07', 1),
(306, 1, 'position-time-left', 'Position of the left limb', NULL, 'This chart shows the amount of time the left limb is positioned up/down or moving.', 1, 1, 0, 1, NULL, '2020-09-24 12:57:07', 1),
(307, 1, 'position-time-right', 'Position of the right limb', NULL, 'This chart shows the amount of time the right limb is positioned up/down or moving.', 1, 1, 0, 1, NULL, '2020-09-24 12:57:07', 1),
(308, 10, 'score-by-limb', 'Score by limb', NULL, 'This chart shows the score by limb.', 1, 1, 0, 1, NULL, '2020-09-24 12:57:07', 1),
(309, 7, 'events-by-feet', 'Events by limb over time', NULL, 'This chart shows how many corret/wrong events per limb every 5 seconds.', 1, 1, 0, 1, NULL, '2020-09-24 12:57:07', 1),
(319, 7, 'result-by-feet-global', 'Events by limb', NULL, 'This chart shows correct/wrong actions performed by feet.', 0, 1, 0, 1, NULL, '2020-09-24 12:57:07', 1),
(320, 2, 'reaction-time-global', 'Reaction time', NULL, 'This chart shows the average reaction time betweeen the stimulus and the reaction of the patient.', 0, 1, 0, 1, NULL, '2020-09-24 12:57:07', 1),
(321, 7, 'position-time-left-global', 'Position of the left limb', NULL, 'This chart shows the amount of time the left limb is positioned up/down or moving.', 0, 1, 0, 1, NULL, '2020-09-24 12:57:07', 1),
(322, 7, 'position-time-right-global', 'Position of the right limb', NULL, 'This chart shows the amount of time the right limb is positioned up/down or moving.', 0, 1, 0, 1, NULL, '2020-09-24 12:57:07', 1),
(328, 11, 'globalShoeshineRaiseDifficulty', 'Configuration parameters changes', NULL, 'For each session, this chart shows  possible configuration parameters changes compared to previous session configuration.', 0, 1, 0, 1, NULL, '2020-09-24 12:57:07', 1);


INSERT INTO `ima_chart_template_data` (`Chart_Template_ID`, `Name`, `Source`, `Data_Order`, `Active`, `Checksum`, `Last_Edit`) VALUES
(1, 'Missed', '{total-flowers}-{taken-flowers}', 2, 1, NULL, '2020-09-24 12:57:07'),
(1, 'Taken', '{taken-flowers}', 1, 1, NULL, '2020-09-24 12:57:07'),
(2, 'Bottom left', '{spatial-feedback.BottomLeft.score}+{spatial-feedback.Bottom.score}+{spatial-feedback.Left.score}', 1, 1, NULL, '2020-09-24 12:57:07'),
(2, 'Bottom right', '{spatial-feedback.BottomRight.score}+{spatial-feedback.Right.score}', 2, 1, NULL, '2020-09-24 12:57:07'),
(2, 'Top left', '{spatial-feedback.TopLeft.score}+{spatial-feedback.Left.score}', 3, 1, NULL, '2020-09-24 12:57:07'),
(2, 'Top right', '{spatial-feedback.TopRight.score}', 4, 1, NULL, '2020-09-24 12:57:07'),
(3, 'Score', '{feedback-over-time.score}', 1, 1, NULL, '2020-09-24 12:57:07'),
(4, 'Score', '{feedback-over-time.score}+{ACC}', 1, 1, NULL, '2020-09-24 12:57:07'),
(5, 'total', '{total-flowers}', 0, 1, NULL, '2020-09-24 12:57:07'),
(5, 'value', '{taken-flowers}', 0, 1, NULL, '2020-09-24 12:57:07'),
(6, 'Avoided', '{total-bees}-{taken-bees}', 2, 1, NULL, '2020-09-24 12:57:07'),
(6, 'Taken', '{taken-bees}', 2, 1, NULL, '2020-09-24 12:57:07'),
(7, 'score', '{final-score}', 0, 1, NULL, '2020-09-24 12:57:07'),
(9, 'Correct Bottom left', '{spatial-feedback.BottomLeft.taken-flowers}+{spatial-feedback.Bottom.taken-flowers}+{spatial-feedback.Left.taken-flowers}', 1, 1, NULL, '2020-09-24 12:57:07'),
(9, 'Correct Bottom right', '{spatial-feedback.BottomRight.taken-flowers}+{spatial-feedback.Right.taken-flowers}', 2, 1, NULL, '2020-09-24 12:57:07'),
(9, 'Correct Top left', '{spatial-feedback.TopLeft.taken-flowers}+{spatial-feedback.Top.taken-flowers}', 3, 1, NULL, '2020-09-24 12:57:07'),
(9, 'Correct Top right', '{spatial-feedback.TopRight.taken-flowers}', 4, 1, NULL, '2020-09-24 12:57:07'),
(9, 'Wrong Bottom left', '{spatial-feedback.BottomLeft.taken-bees}+{spatial-feedback.Bottom.taken-bees}+{spatial-feedback.Left.taken-bees}', 5, 1, NULL, '2020-09-24 12:57:07'),
(9, 'Wrong Bottom right', '{spatial-feedback.BottomRight.taken-bees}+{spatial-feedback.Right.taken-bees}', 6, 1, NULL, '2020-09-24 12:57:07'),
(9, 'Wrong Top left', '{spatial-feedback.TopLeft.taken-bees}+{spatial-feedback.Top.taken-bees}', 7, 1, NULL, '2020-09-24 12:57:07'),
(9, 'Wrong Top right', '{spatial-feedback.TopRight.taken-bees}', 8, 1, NULL, '2020-09-24 12:57:07'),
(10, 'Correct', '{correct}', 1, 1, NULL, '2020-09-24 12:57:07'),
(10, 'Wrong', '{wrong}', 2, 1, NULL, '2020-09-24 12:57:07'),
(11, 'Correct Bottom left', '{spatial-feedback.BottomLeft.correct}+{spatial-feedback.Bottom.correct}+{spatial-feedback.Left.correct}', 1, 1, NULL, '2020-09-24 12:57:07'),
(11, 'Correct Bottom right', '{spatial-feedback.BottomRight.correct}+{spatial-feedback.Right.correct}', 2, 1, NULL, '2020-09-24 12:57:07'),
(11, 'Correct Top Left', '{spatial-feedback.TopLeft.correct}+{spatial-feedback.Top.correct}', 3, 1, NULL, '2020-09-24 12:57:07'),
(11, 'Correct Top Right', '{spatial-feedback.TopRight.correct}', 4, 1, NULL, '2020-09-24 12:57:07'),
(11, 'Wrong Bottom left', '{spatial-feedback.BottomLeft.wrong}+{spatial-feedback.Left.wrong}+{spatial-feedback.Bottom.wrong}', 5, 1, NULL, '2020-09-24 12:57:07'),
(11, 'Wrong Bottom right', '{spatial-feedback.BottomRight.wrong}+{spatial-feedback.Right.wrong}', 6, 1, NULL, '2020-09-24 12:57:07'),
(11, 'Wrong Top left', '{spatial-feedback.TopLeft.wrong}+{spatial-feedback.Top.wrong}', 7, 1, NULL, '2020-09-24 12:57:07'),
(11, 'Wrong Top right', '{spatial-feedback.TopRight.wrong}', 8, 1, NULL, '2020-09-24 12:57:07'),
(13, 'total', '{1.0}', 0, 1, NULL, '2020-09-24 12:57:07'),
(13, 'value', '{width}/{1.8}', 1, 1, NULL, '2020-09-24 12:57:07'),
(14, 'total', '{1.0}', 0, 1, NULL, '2020-09-24 12:57:07'),
(14, 'value', '{height}/{1.8}', 1, 1, NULL, '2020-09-24 12:57:07'),
(22, 'Missed', '{total-eggs}-{taken-eggs}', 2, 1, NULL, '2020-09-24 12:57:07'),
(22, 'Taken', '{taken-eggs}', 1, 1, NULL, '2020-09-24 12:57:07'),
(23, 'Avoided', '{total-engines}-{taken-engines}', 1, 1, NULL, '2020-09-24 12:57:07'),
(23, 'Taken', '{taken-engines}', 2, 1, NULL, '2020-09-24 12:57:07'),
(24, 'Center', '{feedback-by-target.center.score}', 3, 1, NULL, '2020-09-24 12:57:07'),
(24, 'Far left', '{feedback-by-target.farLeft.score}', 4, 1, NULL, '2020-09-24 12:57:07'),
(24, 'Far right', '{feedback-by-target.farRight.score}', 5, 1, NULL, '2020-09-24 12:57:07'),
(24, 'Near left', '{feedback-by-target.nearLeft.score}', 1, 1, NULL, '2020-09-24 12:57:07'),
(24, 'Near right', '{feedback-by-target.nearRight.score}', 2, 1, NULL, '2020-09-24 12:57:07'),
(25, 'Correct Center', '{feedback-by-target.center.taken-eggs}', 5, 1, NULL, '2020-09-24 12:57:07'),
(25, 'Correct Far left', '{feedback-by-target.farLeft.taken-eggs}', 7, 1, NULL, '2020-09-24 12:57:07'),
(25, 'Correct Far right', '{feedback-by-target.farRight.taken-eggs}', 9, 1, NULL, '2020-09-24 12:57:07'),
(25, 'Correct Near left', '{feedback-by-target.nearLeft.taken-eggs}', 1, 1, NULL, '2020-09-24 12:57:07'),
(25, 'Correct Near right', '{feedback-by-target.nearRight.taken-eggs}', 3, 1, NULL, '2020-09-24 12:57:07'),
(25, 'Wrong Center', '{feedback-by-target.center.taken-engines}', 15, 1, NULL, '2020-09-24 12:57:07'),
(25, 'Wrong Far left', '{feedback-by-target.farLeft.taken-engines}', 17, 1, NULL, '2020-09-24 12:57:07'),
(25, 'Wrong Far right', '{feedback-by-target.farRight.taken-engines}', 19, 1, NULL, '2020-09-24 12:57:07'),
(25, 'Wrong Near left', '{feedback-by-target.nearLeft.taken-engines}', 11, 1, NULL, '2020-09-24 12:57:07'),
(25, 'Wrong Near right', '{feedback-by-target.nearRight.taken-engines}', 13, 1, NULL, '2020-09-24 12:57:07'),
(25, '[diff]Correct Center', '{feedback-by-target.center.total-eggs}-{feedback-by-target.center.taken-eggs}', 6, 1, NULL, '2020-09-24 12:57:07'),
(25, '[diff]Correct Far left', '{feedback-by-target.farLeft.total-eggs}-{feedback-by-target.farLeft.taken-eggs}', 8, 1, NULL, '2020-09-24 12:57:07'),
(25, '[diff]Correct Far right', '{feedback-by-target.farRight.total-eggs}-{feedback-by-target.farRight.taken-eggs}', 10, 1, NULL, '2020-09-24 12:57:07'),
(25, '[diff]Correct Near left', '{feedback-by-target.nearLeft.total-eggs}-{feedback-by-target.nearLeft.taken-eggs}', 2, 1, NULL, '2020-09-24 12:57:07'),
(25, '[diff]Correct Near right', '{feedback-by-target.nearRight.total-eggs}-{feedback-by-target.nearRight.taken-eggs}', 4, 1, NULL, '2020-09-24 12:57:07'),
(25, '[diff]Wrong Center', '{feedback-by-target.center.total-engines}-{feedback-by-target.center.taken-engines}', 16, 1, NULL, '2020-09-24 12:57:07'),
(25, '[diff]Wrong Far left', '{feedback-by-target.farLeft.total-engines}-{feedback-by-target.farLeft.taken-engines}', 18, 1, NULL, '2020-09-24 12:57:07'),
(25, '[diff]Wrong Far right', '{feedback-by-target.farRight.total-engines}-{feedback-by-target.farRight.taken-engines}', 20, 1, NULL, '2020-09-24 12:57:07'),
(25, '[diff]Wrong Near left', '{feedback-by-target.nearLeft.total-engines}-{feedback-by-target.nearLeft.taken-engines}', 12, 1, NULL, '2020-09-24 12:57:07'),
(25, '[diff]Wrong Near right', '{feedback-by-target.nearRight.total-engines}-{feedback-by-target.nearRight.taken-engines}', 14, 1, NULL, '2020-09-24 12:57:07'),
(28, 'Correct Missed', '{feedback-over-time.total-flowers}-{feedback-over-time.taken-flowers}', 2, 1, NULL, '2020-09-24 12:57:07'),
(28, 'Correct Taken', '{feedback-over-time.taken-flowers}', 1, 1, NULL, '2020-09-24 12:57:07'),
(28, 'Wrong Avoided', '{feedback-over-time.total-bees}-{feedback-over-time.taken-bees}', 4, 1, NULL, '2020-09-24 12:57:07'),
(28, 'Wrong Taken', '{feedback-over-time.taken-bees}', 3, 1, NULL, '2020-09-24 12:57:07'),
(30, 'Correct Missed', '{feedback-over-time.total-eggs}-{feedback-over-time.taken-eggs}', 2, 1, NULL, '2020-09-24 12:57:07'),
(30, 'Correct Taken', '{feedback-over-time.taken-eggs}', 1, 1, NULL, '2020-09-24 12:57:07'),
(30, 'Wrong Avoided', '{feedback-over-time.total-engines}-{feedback-over-time.taken-engines}', 4, 1, NULL, '2020-09-24 12:57:07'),
(30, 'Wrong Taken', '{feedback-over-time.taken-engines}', 3, 1, NULL, '2020-09-24 12:57:07'),
(32, 'Total score', '{games.Score}+{SUM}', 0, 1, NULL, '2020-09-24 12:57:07'),
(33, 'Score', '{games.Score}', 1, 1, NULL, '2020-09-24 12:57:07'),
(33, 'x_axis', '{games.Name}', 1, 1, NULL, '2020-09-24 12:57:07'),
(34, 'Completed', '{games.Status}={\"complete\"}+{SUM}', 0, 1, NULL, '2020-09-24 12:57:07'),
(34, 'Halted', '{games.Status}={\"halt\"}+{SUM}', 0, 1, NULL, '2020-09-24 12:57:07'),
(34, 'Not played', '{games.Status}={\"toplay\"}+{SUM}', 0, 1, NULL, '2020-09-24 12:57:07'),
(34, 'User exit', '{games.Status}={\"userexit\"}+{SUM}', 0, 1, NULL, '2020-09-24 12:57:07'),
(35, 'Pain', '({Results.pain-level}={\"No\"})+({Results.pain-level}={\"Mild\"}*{2})+({Results.pain-level}={\"Moderate\"}*{3})+({Results.pain-level}={\"Severe\"}*{4})+({Results.pain-level}={\"Worst\"}*{5})', 2, 1, NULL, '2020-09-24 12:57:07'),
(36, 'Time', '{Session_End}-{Session_Start}/{60}', 1, 1, NULL, '2020-09-24 12:57:07'),
(37, 'Time', '{games.Game_End}-{games.Game_Start}', 1, 1, NULL, '2020-09-24 12:57:07'),
(37, 'x_axis', '{games.Name}', 1, 1, NULL, '2020-09-24 12:57:07'),
(38, 'Game ends', '{games.Game_End}-{Session_Start}/{60}', 2, 1, NULL, '2020-09-24 12:57:07'),
(38, 'Game starts', '{games.Game_Start}-{Session_Start}/{60}', 1, 1, NULL, '2020-09-24 12:57:07'),
(38, 'x_axis', '{games.Name}', 1, 1, NULL, '2020-09-24 12:57:07'),
(39, 'Total score', '{games.Score}+{SUM}', 1, 1, NULL, '2020-09-24 12:57:07'),
(39, 'x_axis', 'AUTO', 0, 1, NULL, '2020-09-24 12:57:07'),
(40, 'Time', '{Session_End}-{Session_Start}/{60}', 1, 1, NULL, '2020-09-24 12:57:07'),
(40, 'x_axis', 'AUTO', 0, 1, NULL, '2020-09-24 12:57:07'),
(41, 'Complete', '{games.Status}={\"complete\"}+{SUM}', 1, 1, NULL, '2020-09-24 12:57:07'),
(41, 'Halted', '{games.Status}={\"halt\"}+{SUM}', 4, 1, NULL, '2020-09-24 12:57:07'),
(41, 'Not played', '{games.Status}={\"toplay\"}+{SUM}', 3, 1, NULL, '2020-09-24 12:57:07'),
(41, 'User exit', '{games.Status}={\"userexit\"}+{SUM}', 2, 1, NULL, '2020-09-24 12:57:07'),
(41, 'x_axis', 'AUTO', 0, 1, NULL, '2020-09-24 12:57:07'),
(42, 'Avoided', '{total-bees}-{taken-bees}', 1, 1, NULL, '2020-09-24 12:57:07'),
(42, 'Taken', '{taken-bees}', 2, 1, NULL, '2020-09-24 12:57:07'),
(42, 'x_axis', 'AUTO', 0, 1, NULL, '2020-09-24 12:57:07'),
(43, 'Missed', '{total-flowers}-{taken-flowers}', 2, 1, NULL, '2020-09-24 12:57:07'),
(43, 'Taken', '{taken-flowers}', 1, 1, NULL, '2020-09-24 12:57:07'),
(43, 'x_axis', 'AUTO', 0, 1, NULL, '2020-09-24 12:57:07'),
(44, 'score', '{final-score}', 0, 1, NULL, '2020-09-24 12:57:07'),
(44, 'x_axis', 'AUTO', 0, 1, NULL, '2020-09-24 12:57:07'),
(45, 'Bottom left', '{spatial-feedback.BottomLeft.score}+{spatial-feedback.Bottom.score}+{spatial-feedback.Left.score}', 1, 1, NULL, '2020-09-24 12:57:07'),
(45, 'Bottom right', '{spatial-feedback.BottomRight.score}+{spatial-feedback.Right.score}', 2, 1, NULL, '2020-09-24 12:57:07'),
(45, 'Top left', '{spatial-feedback.TopLeft.score}+{spatial-feedback.Top.score}', 3, 1, NULL, '2020-09-24 12:57:07'),
(45, 'Top right', '{spatial-feedback.TopRight.score}', 4, 1, NULL, '2020-09-24 12:57:07'),
(45, 'x_axis', 'AUTO', 0, 1, NULL, '2020-09-24 12:57:07'),
(46, 'Bottom left', '{spatial-feedback.BottomLeft.taken-bees}', 1, 1, NULL, '2020-09-24 12:57:07'),
(46, 'Bottom right', '{spatial-feedback.BottomRight.taken-bees}', 2, 1, NULL, '2020-09-24 12:57:07'),
(46, 'Top left', '{spatial-feedback.TopLeft.taken-bees}', 3, 1, NULL, '2020-09-24 12:57:07'),
(46, 'Top right', '{spatial-feedback.TopRight.taken-bees}', 4, 1, NULL, '2020-09-24 12:57:07'),
(46, 'x_axis', 'AUTO', 0, 1, NULL, '2020-09-24 12:57:07'),
(47, 'Bottom left', '{spatial-feedback.BottomLeft.taken-flowers}', 1, 1, NULL, '2020-09-24 12:57:07'),
(47, 'Bottom right', '{spatial-feedback.BottomRight.taken-flowers}', 2, 1, NULL, '2020-09-24 12:57:07'),
(47, 'Top left', '{spatial-feedback.TopLeft.taken-flowers}', 3, 1, NULL, '2020-09-24 12:57:07'),
(47, 'Top right', '{spatial-feedback.TopRight.taken-flowers}', 4, 1, NULL, '2020-09-24 12:57:07'),
(47, 'x_axis', 'AUTO', 0, 1, NULL, '2020-09-24 12:57:07'),
(48, 'Correct', '{correct}', 1, 1, NULL, '2020-09-24 12:57:07'),
(48, 'Wrong', '{wrong}', 2, 1, NULL, '2020-09-24 12:57:07'),
(48, 'x_axis', 'AUTO', 0, 1, NULL, '2020-09-24 12:57:07'),
(49, 'Bottom left', '{spatial-feedback.BottomLeft.correct}+{spatial-feedback.Bottom.correct}+{spatial-feedback.Left.correct}', 1, 1, NULL, '2020-09-24 12:57:07'),
(49, 'Bottom right', '{spatial-feedback.BottomRight.correct}+{spatial-feedback.Right.correct}', 2, 1, NULL, '2020-09-24 12:57:07'),
(49, 'Top left', '{spatial-feedback.TopLeft.correct}+{spatial-feedback.Top.correct}', 3, 1, NULL, '2020-09-24 12:57:07'),
(49, 'Top right', '{spatial-feedback.TopRight.correct}', 4, 1, NULL, '2020-09-24 12:57:07'),
(49, 'x_axis', 'AUTO', 0, 1, NULL, '2020-09-24 12:57:07'),
(50, 'Bottom left', '{spatial-feedback.BottomLeft.wrong}+{spatial-feedback.Bottom.wrong}+{spatial-feedback.Left.wrong}', 1, 1, NULL, '2020-09-24 12:57:07'),
(50, 'Bottom right', '{spatial-feedback.BottomRight.wrong}+{spatial-feedback.Right.wrong}', 2, 1, NULL, '2020-09-24 12:57:07'),
(50, 'Top left', '{spatial-feedback.TopLeft.wrong}+{spatial-feedback.Top.wrong}', 3, 1, NULL, '2020-09-24 12:57:07'),
(50, 'Top right', '{spatial-feedback.TopRight.wrong}', 4, 1, NULL, '2020-09-24 12:57:07'),
(50, 'x_axis', 'AUTO', 0, 1, NULL, '2020-09-24 12:57:07'),
(53, 'Missed', '{total-eggs}-{taken-eggs}', 2, 1, NULL, '2020-09-24 12:57:07'),
(53, 'Taken', '{taken-eggs}', 1, 1, NULL, '2020-09-24 12:57:07'),
(53, 'x_axis', 'AUTO', 0, 1, NULL, '2020-09-24 12:57:07'),
(54, 'Avoided', '{total-engines}-{taken-engines}', 1, 1, NULL, '2020-09-24 12:57:07'),
(54, 'Taken', '{taken-engines}', 2, 1, NULL, '2020-09-24 12:57:07'),
(54, 'x_axis', 'AUTO', 0, 1, NULL, '2020-09-24 12:57:07'),
(55, 'Center', '{feedback-by-target.center.score}', 3, 1, NULL, '2020-09-24 12:57:07'),
(55, 'Far left', '{feedback-by-target.farLeft.score}', 1, 1, NULL, '2020-09-24 12:57:07'),
(55, 'Far right', '{feedback-by-target.farRight.score}', 2, 1, NULL, '2020-09-24 12:57:07'),
(55, 'Near left', '{feedback-by-target.nearLeft.score}', 4, 1, NULL, '2020-09-24 12:57:07'),
(55, 'Near right', '{feedback-by-target.nearRight.score}', 5, 1, NULL, '2020-09-24 12:57:07'),
(55, 'x_axis', 'AUTO', 0, 1, NULL, '2020-09-24 12:57:07'),
(56, 'Center', '{feedback-by-target.center.taken-eggs}', 3, 1, NULL, '2020-09-24 12:57:07'),
(56, 'Far left', '{feedback-by-target.farLeft.taken-eggs}', 1, 1, NULL, '2020-09-24 12:57:07'),
(56, 'Far right', '{feedback-by-target.farRight.taken-eggs}', 2, 1, NULL, '2020-09-24 12:57:07'),
(56, 'Near left', '{feedback-by-target.nearLeft.taken-eggs}', 4, 1, NULL, '2020-09-24 12:57:07'),
(56, 'Near right', '{feedback-by-target.nearRight.taken-eggs}', 5, 1, NULL, '2020-09-24 12:57:07'),
(56, 'x_axis', 'AUTO', 0, 1, NULL, '2020-09-24 12:57:07'),
(57, 'Center', '{feedback-by-target.center.taken-engines}', 3, 1, NULL, '2020-09-24 12:57:07'),
(57, 'Far left', '{feedback-by-target.farLeft.taken-engines}', 1, 1, NULL, '2020-09-24 12:57:07'),
(57, 'Far right', '{feedback-by-target.farRight.taken-engines}', 2, 1, NULL, '2020-09-24 12:57:07'),
(57, 'Near left', '{feedback-by-target.nearLeft.taken-engines}', 4, 1, NULL, '2020-09-24 12:57:07'),
(57, 'Near right', '{feedback-by-target.nearRight.taken-engines}', 5, 1, NULL, '2020-09-24 12:57:07'),
(57, 'x_axis', 'AUTO', 0, 1, NULL, '2020-09-24 12:57:07'),
(58, 'value', '{hand}={\"right\"}*{CHECK}+{width}/{1.8}', 1, 1, NULL, '2020-09-24 12:57:07'),
(58, 'x_axis', 'AUTO', 0, 1, NULL, '2020-09-24 12:57:07'),
(59, 'value', '{hand}={\"right\"}*{CHECK}+{height}/{1.8}', 1, 1, NULL, '2020-09-24 12:57:07'),
(59, 'x_axis', 'AUTO', 0, 1, NULL, '2020-09-24 12:57:07'),
(61, 'Pain level', '({Results.pain-level}={\"No\"})+({Results.pain-level}={\"Mild\"}*{2})+({Results.pain-level}={\"Moderate\"}*{3})+({Results.pain-level}={\"Severe\"}*{4})+({Results.pain-level}={\"Worst\"}*{5})', 0, 1, NULL, '2020-09-24 12:57:07'),
(61, 'x_axis', 'AUTO', 0, 1, NULL, '2020-09-24 12:57:07'),
(62, 'Density', '{input-parameters.density}', 1, 1, NULL, '2020-09-24 12:57:07'),
(62, 'Duration', '{input-parameters.duration}', 1, 1, NULL, '2020-09-24 12:57:07'),
(62, 'Proportion', '{input-parameters.proportion}', 1, 1, NULL, '2020-09-24 12:57:07'),
(62, 'Velocity', '{input-parameters.velocity}', 1, 1, NULL, '2020-09-24 12:57:07'),
(62, 'x_axis', 'AUTO', 0, 1, NULL, '2020-09-24 12:57:07'),
(63, 'Duration', '{input-parameters.duration}', 1, 1, NULL, '2020-09-24 12:57:07'),
(63, 'Number of camps', '{input-parameters.numbers}', 1, 1, NULL, '2020-09-24 12:57:07'),
(63, 'Precision', '{input-parameters.precision}', 1, 1, NULL, '2020-09-24 12:57:07'),
(63, 'x_axis', 'AUTO', 0, 1, NULL, '2020-09-24 12:57:07'),
(65, 'Density', '{input-parameters.density}', 1, 1, NULL, '2020-09-24 12:57:07'),
(65, 'Distribution', '{input-parameters.distribution}', 1, 1, NULL, '2020-09-24 12:57:07'),
(65, 'Duration', '{input-parameters.duration}', 1, 1, NULL, '2020-09-24 12:57:07'),
(65, 'Proportion', '{input-parameters.proportion}', 1, 1, NULL, '2020-09-24 12:57:07'),
(65, 'Size', '{input-parameters.size}', 1, 1, NULL, '2020-09-24 12:57:07'),
(65, 'Velocity', '{input-parameters.velocity}', 1, 1, NULL, '2020-09-24 12:57:07'),
(65, 'x_axis', 'AUTO', 0, 1, NULL, '2020-09-24 12:57:07'),
(66, 'value', '{hand}={\"left\"}*{CHECK}+{width}/{1.8}', 1, 1, NULL, '2020-09-24 12:57:07'),
(66, 'x_axis', 'AUTO', 0, 1, NULL, '2020-09-24 12:57:07'),
(67, 'value', '{hand}={\"left\"}*{CHECK}+{height}/{1.8}', 1, 1, NULL, '2020-09-24 12:57:07'),
(67, 'x_axis', 'AUTO', 0, 1, NULL, '2020-09-24 12:57:07'),
(68, 'Hand', '{hand}={\"right\"}', 0, 1, NULL, '2020-09-24 12:57:07'),
(114, 'Missed', '{total-correct}-{taken-correct}', 2, 1, NULL, '2020-09-24 12:57:07'),
(114, 'Taken', '{taken-correct}', 1, 1, NULL, '2020-09-24 12:57:07'),
(115, 'total', '{total-correct}', 0, 1, NULL, '2020-09-24 12:57:07'),
(115, 'value', '{taken-correct}', 0, 1, NULL, '2020-09-24 12:57:07'),
(116, 'Avoided', '{total-wrong}-{taken-wrong}', 1, 1, NULL, '2020-09-24 12:57:07'),
(116, 'Taken', '{taken-wrong}', 2, 1, NULL, '2020-09-24 12:57:07'),
(118, 'Correct Bottom left', '{spatial-feedback.BottomLeft.taken-correct}+{spatial-feedback.Bottom.taken-correct}+{spatial-feedback.Left.taken-correct}', 1, 1, NULL, '2020-09-24 12:57:07'),
(118, 'Correct Bottom right', '{spatial-feedback.BottomRight.taken-correct}+{spatial-feedback.Right.taken-correct}', 2, 1, NULL, '2020-09-24 12:57:07'),
(118, 'Correct Top left', '{spatial-feedback.TopLeft.taken-correct}+{spatial-feedback.Top.taken-correct}', 3, 1, NULL, '2020-09-24 12:57:07'),
(118, 'Correct Top right', '{spatial-feedback.TopRight.taken-correct}', 4, 1, NULL, '2020-09-24 12:57:07'),
(118, 'Wrong Bottom left', '{spatial-feedback.BottomLeft.taken-wrong}+{spatial-feedback.Bottom.taken-wrong}+{spatial-feedback.Left.taken-wrong}', 5, 1, NULL, '2020-09-24 12:57:07'),
(118, 'Wrong Bottom right', '{spatial-feedback.BottomRight.taken-wrong}+{spatial-feedback.Right.taken-wrong}', 6, 1, NULL, '2020-09-24 12:57:07'),
(118, 'Wrong Top left', '{spatial-feedback.TopLeft.taken-wrong}+{spatial-feedback.Top.taken-wrong}', 7, 1, NULL, '2020-09-24 12:57:07'),
(118, 'Wrong Top right', '{spatial-feedback.TopRight.taken-wrong}', 8, 1, NULL, '2020-09-24 12:57:07'),
(119, 'Correct Missed', '{feedback-over-time.total-correct}-{feedback-over-time.taken-correct}', 2, 1, NULL, '2020-09-24 12:57:07'),
(119, 'Correct Taken', '{feedback-over-time.taken-correct}', 1, 1, NULL, '2020-09-24 12:57:07'),
(119, 'Wrong Avoided', '{feedback-over-time.total-wrong}-{feedback-over-time.taken-wrong}', 4, 1, NULL, '2020-09-24 12:57:07'),
(119, 'Wrong Taken', '{feedback-over-time.taken-wrong}', 3, 1, NULL, '2020-09-24 12:57:07'),
(122, 'Correct Missed', '{total-correct}-{taken-correct}', 2, 1, NULL, '2020-09-24 12:57:07'),
(122, 'Correct Taken', '{taken-correct}', 1, 1, NULL, '2020-09-24 12:57:07'),
(122, 'Wrong Avoided', '{total-wrong}-{taken-wrong}', 4, 1, NULL, '2020-09-24 12:57:07'),
(122, 'Wrong Taken', '{taken-wrong}', 3, 1, NULL, '2020-09-24 12:57:07'),
(122, 'x_axis', 'AUTO', 0, 1, NULL, '2020-09-24 12:57:07'),
(123, 'Bottom left', '{spatial-feedback.BottomLeft.taken-wrong}', 1, 1, NULL, '2020-09-24 12:57:07'),
(123, 'Bottom right', '{spatial-feedback.BottomRight.taken-wrong}', 2, 1, NULL, '2020-09-24 12:57:07'),
(123, 'Top left', '{spatial-feedback.TopLeft.taken-wrong}', 3, 1, NULL, '2020-09-24 12:57:07'),
(123, 'Top right', '{spatial-feedback.TopRight.taken-wrong}', 4, 1, NULL, '2020-09-24 12:57:07'),
(123, 'x_axis', 'AUTO', 0, 1, NULL, '2020-09-24 12:57:07'),
(124, 'Bottom left', '{spatial-feedback.BottomLeft.taken-correct}', 1, 1, NULL, '2020-09-24 12:57:07'),
(124, 'Bottom right', '{spatial-feedback.BottomRight.taken-correct}', 2, 1, NULL, '2020-09-24 12:57:07'),
(124, 'Top left', '{spatial-feedback.TopLeft.taken-correct}', 3, 1, NULL, '2020-09-24 12:57:07'),
(124, 'Top right', '{spatial-feedback.TopRight.taken-correct}', 4, 1, NULL, '2020-09-24 12:57:07'),
(124, 'x_axis', 'AUTO', 0, 1, NULL, '2020-09-24 12:57:07'),
(125, 'Density', '{input-parameters.density}', 1, 1, NULL, '2020-09-24 12:57:07'),
(125, 'Distractors', '{input-parameters.distractors}', 1, 1, NULL, '2020-09-24 12:57:07'),
(125, 'Duration', '{input-parameters.duration}', 1, 1, NULL, '2020-09-24 12:57:07'),
(125, 'Velocity', '{input-parameters.velocity}', 1, 1, NULL, '2020-09-24 12:57:07'),
(125, 'x_axis', 'AUTO', 0, 1, NULL, '2020-09-24 12:57:07'),
(126, 'Missed', '{total-fruits}-{taken-fruits}', 2, 1, NULL, '2020-09-24 12:57:07'),
(126, 'Taken', '{taken-fruits}', 1, 1, NULL, '2020-09-24 12:57:07'),
(127, 'total', '{total-fruits}', 0, 1, NULL, '2020-09-24 12:57:07'),
(127, 'value', '{taken-fruits}', 0, 1, NULL, '2020-09-24 12:57:07'),
(128, 'Avoided', '{total-distractors}-{taken-distractors}', 1, 1, NULL, '2020-09-24 12:57:07'),
(128, 'Taken', '{taken-distractors}', 2, 1, NULL, '2020-09-24 12:57:07'),
(129, 'Missed', '{feedback-over-time.total-fruits}-{feedback-over-time.taken-fruits}', 2, 1, NULL, '2020-09-24 12:57:07'),
(129, 'Taken', '{feedback-over-time.taken-fruits}', 1, 1, NULL, '2020-09-24 12:57:07'),
(130, 'Avoided', '{feedback-over-time.total-distractors}-{feedback-over-time.taken-distractors}', 1, 1, NULL, '2020-09-24 12:57:07'),
(130, 'Taken', '{feedback-over-time.taken-distractors}', 2, 1, NULL, '2020-09-24 12:57:07'),
(131, 'Avoided', '{total-distractors}-{taken-distractors}', 1, 1, NULL, '2020-09-24 12:57:07'),
(131, 'Taken', '{taken-distractors}', 2, 1, NULL, '2020-09-24 12:57:07'),
(131, 'x_axis', 'AUTO', 0, 1, NULL, '2020-09-24 12:57:07'),
(132, 'Missed', '{total-fruits}-{taken-fruits}', 2, 1, NULL, '2020-09-24 12:57:07'),
(132, 'Taken', '{taken-fruits}', 1, 1, NULL, '2020-09-24 12:57:07'),
(132, 'x_axis', 'AUTO', 0, 1, NULL, '2020-09-24 12:57:07'),
(133, 'Inner left', '{spatial-feedback.CenterLeft.score}', 2, 1, NULL, '2020-09-24 12:57:07'),
(133, 'Inner right', '{spatial-feedback.CenterRight.score}', 3, 1, NULL, '2020-09-24 12:57:07'),
(133, 'Outer left', '{spatial-feedback.Left.score}', 1, 1, NULL, '2020-09-24 12:57:07'),
(133, 'Outer right', '{spatial-feedback.Right.score}', 4, 1, NULL, '2020-09-24 12:57:07'),
(134, 'Inner left', '{spatial-feedback.CenterLeft.score}', 2, 1, NULL, '2020-09-24 12:57:07'),
(134, 'Inner right', '{spatial-feedback.CenterRight.score}', 3, 1, NULL, '2020-09-24 12:57:07'),
(134, 'Outer left', '{spatial-feedback.Left.score}', 1, 1, NULL, '2020-09-24 12:57:07'),
(134, 'Outer right', '{spatial-feedback.Right.score}', 4, 1, NULL, '2020-09-24 12:57:07'),
(134, 'x_axis', 'AUTO', 0, 1, NULL, '2020-09-24 12:57:07'),
(135, 'Density', '{input-parameters.density}', 1, 1, NULL, '2020-09-24 12:57:07'),
(135, 'Duration', '{input-parameters.duration}', 1, 1, NULL, '2020-09-24 12:57:07'),
(135, 'Proportion', '{input-parameters.proportion}', 1, 1, NULL, '2020-09-24 12:57:07'),
(135, 'Size', '{input-parameters.size}', 1, 1, NULL, '2020-09-24 12:57:07'),
(135, 'Velocity', '{input-parameters.velocity}', 1, 1, NULL, '2020-09-24 12:57:07'),
(135, 'x_axis', 'AUTO', 0, 1, NULL, '2020-09-24 12:57:07'),
(140, 'Correct Inner left', '{spatial-feedback.CenterLeft.taken-fruits}', 3, 1, NULL, '2020-09-24 12:57:07'),
(140, 'Correct Inner right', '{spatial-feedback.CenterRight.taken-fruits}', 5, 1, NULL, '2020-09-24 12:57:07'),
(140, 'Correct Outer left', '{spatial-feedback.Left.taken-fruits}', 1, 1, NULL, '2020-09-24 12:57:07'),
(140, 'Correct Outer right', '{spatial-feedback.Right.taken-fruits}', 7, 1, NULL, '2020-09-24 12:57:07'),
(140, 'Wrong Inner left', '{spatial-feedback.CenterLeft.taken-distractors}', 11, 1, NULL, '2020-09-24 12:57:07'),
(140, 'Wrong Inner right', '{spatial-feedback.CenterRight.taken-distractors}', 13, 1, NULL, '2020-09-24 12:57:07'),
(140, 'Wrong Outer left', '{spatial-feedback.Left.taken-distractors}', 9, 1, NULL, '2020-09-24 12:57:07'),
(140, 'Wrong Outer right', '{spatial-feedback.Right.taken-distractors}', 15, 1, NULL, '2020-09-24 12:57:07'),
(140, '[diff]Correct Inner left', '{spatial-feedback.CenterLeft.missed-fruits}', 4, 1, NULL, '2020-09-24 12:57:07'),
(140, '[diff]Correct Inner right', '{spatial-feedback.CenterRight.missed-fruits}', 6, 1, NULL, '2020-09-24 12:57:07'),
(140, '[diff]Correct Outer left', '{spatial-feedback.Left.missed-fruits}', 2, 1, NULL, '2020-09-24 12:57:07'),
(140, '[diff]Correct Outer right', '{spatial-feedback.Right.missed-fruits}', 8, 1, NULL, '2020-09-24 12:57:07'),
(140, '[diff]Wrong Inner left', '{spatial-feedback.CenterLeft.avoided-distractors}', 12, 1, NULL, '2020-09-24 12:57:07'),
(140, '[diff]Wrong Inner right', '{spatial-feedback.CenterRight.avoided-distractors}', 14, 1, NULL, '2020-09-24 12:57:07'),
(140, '[diff]Wrong Outer left', '{spatial-feedback.Left.avoided-distractors}', 10, 1, NULL, '2020-09-24 12:57:07'),
(140, '[diff]Wrong Outer right', '{spatial-feedback.Right.avoided-distractors}', 16, 1, NULL, '2020-09-24 12:57:07'),
(144, 'Inner left', '{spatial-feedback.CenterLeft.taken-distractors}', 2, 1, NULL, '2020-09-24 12:57:07'),
(144, 'Inner right', '{spatial-feedback.CenterRight.taken-distractors}', 2, 1, NULL, '2020-09-24 12:57:07'),
(144, 'Outer left', '{spatial-feedback.Left.taken-distractors}', 2, 1, NULL, '2020-09-24 12:57:07'),
(144, 'Outer right', '{spatial-feedback.Right.taken-distractors}', 2, 1, NULL, '2020-09-24 12:57:07'),
(144, 'x_axis', 'AUTO', 0, 1, NULL, '2020-09-24 12:57:07'),
(148, 'Inner left', '{spatial-feedback.CenterLeft.taken-fruits}', 1, 1, NULL, '2020-09-24 12:57:07'),
(148, 'Inner right', '{spatial-feedback.CenterRight.taken-fruits}', 1, 1, NULL, '2020-09-24 12:57:07'),
(148, 'Outer left', '{spatial-feedback.Left.taken-fruits}', 1, 1, NULL, '2020-09-24 12:57:07'),
(148, 'Outer right', '{spatial-feedback.Right.taken-fruits}', 1, 1, NULL, '2020-09-24 12:57:07'),
(148, 'x_axis', 'AUTO', 0, 1, NULL, '2020-09-24 12:57:07'),
(171, 'Correct Bottom left', '{spatial-feedback.BottomLeft.taken-eggs}+{spatial-feedback.Bottom.taken-eggs}+{spatial-feedback.Left.taken-eggs}', 1, 1, NULL, '2020-09-24 12:57:07'),
(171, 'Correct Bottom right', '{spatial-feedback.BottomRight.taken-eggs}+{spatial-feedback.Right.taken-eggs}', 2, 1, NULL, '2020-09-24 12:57:07'),
(171, 'Correct Top left', '{spatial-feedback.TopLeft.taken-eggs}+{spatial-feedback.Top.taken-eggs}', 3, 1, NULL, '2020-09-24 12:57:07'),
(171, 'Correct Top right', '{spatial-feedback.TopRight.taken-eggs}', 4, 1, NULL, '2020-09-24 12:57:07'),
(171, 'Wrong Bottom left', '{spatial-feedback.BottomLeft.taken-engines}+{spatial-feedback.Bottom.taken-engines}+{spatial-feedback.Left.taken-engines}', 5, 1, NULL, '2020-09-24 12:57:07'),
(171, 'Wrong Bottom right', '{spatial-feedback.BottomRight.taken-engines}+{spatial-feedback.Right.taken-engines}', 6, 1, NULL, '2020-09-24 12:57:07'),
(171, 'Wrong Top left', '{spatial-feedback.TopLeft.taken-engines}+{spatial-feedback.Top.taken-engines}', 7, 1, NULL, '2020-09-24 12:57:07'),
(171, 'Wrong Top right', '{spatial-feedback.TopRight.taken-engines}', 8, 1, NULL, '2020-09-24 12:57:07'),
(172, 'Bottom left', '{spatial-feedback.BottomLeft.taken-engines}', 1, 1, NULL, '2020-09-24 12:57:07'),
(172, 'Bottom right', '{spatial-feedback.BottomRight.taken-engines}', 2, 1, NULL, '2020-09-24 12:57:07'),
(172, 'Top left', '{spatial-feedback.TopLeft.taken-engines}', 3, 1, NULL, '2020-09-24 12:57:07'),
(172, 'Top right', '{spatial-feedback.TopRight.taken-engines}', 4, 1, NULL, '2020-09-24 12:57:07'),
(172, 'x_axis', 'AUTO', 0, 1, NULL, '2020-09-24 12:57:07'),
(173, 'Bottom left', '{spatial-feedback.BottomLeft.taken-eggs}', 1, 1, NULL, '2020-09-24 12:57:07'),
(173, 'Bottom right', '{spatial-feedback.BottomRight.taken-eggs}', 2, 1, NULL, '2020-09-24 12:57:07'),
(173, 'Top left', '{spatial-feedback.TopLeft.taken-eggs}', 3, 1, NULL, '2020-09-24 12:57:07'),
(173, 'Top right', '{spatial-feedback.TopRight.taken-eggs}', 4, 1, NULL, '2020-09-24 12:57:07'),
(173, 'x_axis', 'AUTO', 0, 1, NULL, '2020-09-24 12:57:07'),
(183, 'Oranges', '{oranges}', 0, 1, NULL, '2020-09-24 12:57:07'),
(184, 'Levels', '{levels}', 0, 1, NULL, '2020-09-24 12:57:07'),
(185, 'Average', '{angle}', 0, 1, NULL, '2020-09-24 12:57:07'),
(186, 'center', '{changes-center}', 2, 1, NULL, '2020-09-24 12:57:07'),
(186, 'left', '{changes-left}', 1, 1, NULL, '2020-09-24 12:57:07'),
(186, 'right', '{changes-right}', 3, 1, NULL, '2020-09-24 12:57:07'),
(187, 'center', '{time-center}', 2, 1, NULL, '2020-09-24 12:57:07'),
(187, 'left', '{time-left}', 1, 1, NULL, '2020-09-24 12:57:07'),
(187, 'right', '{time-right}', 3, 1, NULL, '2020-09-24 12:57:07'),
(188, 'center', '{feedback-over-time.time-center}', 2, 1, NULL, '2020-09-24 12:57:07'),
(188, 'left', '{feedback-over-time.time-left}', 1, 1, NULL, '2020-09-24 12:57:07'),
(188, 'right', '{feedback-over-time.time-right}', 3, 1, NULL, '2020-09-24 12:57:07'),
(189, 'center', '{feedback-over-time.changes-center}', 2, 1, NULL, '2020-09-24 12:57:07'),
(189, 'left', '{feedback-over-time.changes-left}', 1, 1, NULL, '2020-09-24 12:57:07'),
(189, 'right', '{feedback-over-time.changes-right}', 3, 1, NULL, '2020-09-24 12:57:07'),
(190, 'angle', '{feedback-over-time.angle}', 1, 1, NULL, '2020-09-24 12:57:07'),
(191, 'oranges', '{feedback-over-time.oranges}', 1, 1, NULL, '2020-09-24 12:57:07'),
(192, 'levels', '{feedback-over-time.levels}', 1, 1, NULL, '2020-09-24 12:57:07'),
(193, 'center', '{time-center}', 2, 1, NULL, '2020-09-24 12:57:07'),
(193, 'left', '{time-left}', 1, 1, NULL, '2020-09-24 12:57:07'),
(193, 'right', '{time-right}', 3, 1, NULL, '2020-09-24 12:57:07'),
(193, 'x_axis', 'AUTO', 0, 1, NULL, '2020-09-24 12:57:07'),
(194, 'center', '{changes-center}', 2, 1, NULL, '2020-09-24 12:57:07'),
(194, 'left', '{changes-left}', 1, 1, NULL, '2020-09-24 12:57:07'),
(194, 'right', '{changes-right}', 3, 1, NULL, '2020-09-24 12:57:07'),
(194, 'x_axis', 'AUTO', 0, 1, NULL, '2020-09-24 12:57:07'),
(195, 'angle', '{angle}', 1, 1, NULL, '2020-09-24 12:57:07'),
(195, 'x_axis', 'AUTO', 0, 1, NULL, '2020-09-24 12:57:07'),
(196, 'oranges', '{oranges}', 1, 1, NULL, '2020-09-24 12:57:07'),
(196, 'x_axis', 'AUTO', 0, 1, NULL, '2020-09-24 12:57:07'),
(197, 'levels', '{levels}', 1, 1, NULL, '2020-09-24 12:57:07'),
(197, 'x_axis', 'AUTO', 0, 1, NULL, '2020-09-24 12:57:07'),
(198, 'correct', '{feedback-over-time.correct}', 1, 1, NULL, '2020-09-24 12:57:07'),
(198, 'wrong', '{feedback-over-time.wrong}', 2, 1, NULL, '2020-09-24 12:57:07'),
(199, 'Duration', '{input-parameters.duration}', 1, 1, NULL, '2020-09-24 12:57:07'),
(199, 'Holes size', '{input-parameters.size}', 1, 1, NULL, '2020-09-24 12:57:07'),
(199, 'Oranges count', '{input-parameters.quantity}', 1, 1, NULL, '2020-09-24 12:57:07'),
(199, 'Shelves count', '{input-parameters.shelves}', 1, 1, NULL, '2020-09-24 12:57:07'),
(199, 'Spawning speed', '{input-parameters.speed}', 1, 1, NULL, '2020-09-24 12:57:07'),
(199, 'x_axis', 'AUTO', 0, 1, NULL, '2020-09-24 12:57:07'),
(200, 'Duration', '{input-parameters.duration}', 1, 1, NULL, '2020-09-24 12:57:07'),
(200, 'Fridge shelves', '{input-parameters.layers}', 1, 1, NULL, '2020-09-24 12:57:07'),
(200, 'Gravity', '{input-parameters.gravity}', 1, 1, NULL, '2020-09-24 12:57:07'),
(200, 'Size of fridge shelves', '{input-parameters.size}', 1, 1, NULL, '2020-09-24 12:57:07'),
(200, 'Types of fruit', '{input-parameters.types}', 1, 1, NULL, '2020-09-24 12:57:07'),
(200, 'x_axis', 'AUTO', 0, 1, NULL, '2020-09-24 12:57:07'),
(201, 'Left', '{left-taken-flowers}', 1, 1, NULL, '2020-09-24 12:57:07'),
(201, 'Missed', '{total-flowers}-{left-taken-flowers}-{right-taken-flowers}', 3, 1, NULL, '2020-09-24 12:57:07'),
(201, 'Right', '{right-taken-flowers}', 2, 1, NULL, '2020-09-24 12:57:07'),
(202, 'Avoided', '{total-bees}-{right-taken-bees}-{left-taken-bees}', 1, 1, NULL, '2020-09-24 12:57:07'),
(202, 'Left', '{left-taken-bees}', 2, 1, NULL, '2020-09-24 12:57:07'),
(202, 'Right', '{right-taken-bees}', 3, 1, NULL, '2020-09-24 12:57:07'),
(204, 'Correct Bottom left', '{spatial-feedback.BottomLeft.right-taken-flowers}+{spatial-feedback.Bottom.right-taken-flowers}+{spatial-feedback.Left.right-taken-flowers}', 1, 1, NULL, '2020-09-24 12:57:07'),
(204, 'Correct Bottom right', '{spatial-feedback.BottomRight.right-taken-flowers}+{spatial-feedback.Right.right-taken-flowers}', 3, 1, NULL, '2020-09-24 12:57:07'),
(204, 'Correct Top left', '{spatial-feedback.TopLeft.right-taken-flowers}+{spatial-feedback.Top.right-taken-flowers}', 5, 1, NULL, '2020-09-24 12:57:07'),
(204, 'Correct Top right', '{spatial-feedback.TopRight.right-taken-flowers}', 7, 1, NULL, '2020-09-24 12:57:07'),
(204, 'Wrong Bottom left', '{spatial-feedback.BottomLeft.right-taken-bees}+{spatial-feedback.Bottom.right-taken-bees}+{spatial-feedback.Left.right-taken-bees}', 9, 1, NULL, '2020-09-24 12:57:07'),
(204, 'Wrong Bottom right', '{spatial-feedback.BottomRight.right-taken-bees}+{spatial-feedback.Right.right-taken-bees}', 11, 1, NULL, '2020-09-24 12:57:07'),
(204, 'Wrong Top left', '{spatial-feedback.TopLeft.right-taken-bees}+{spatial-feedback.Top.right-taken-bees}', 13, 1, NULL, '2020-09-24 12:57:07'),
(204, 'Wrong Top right', '{spatial-feedback.TopRight.right-taken-bees}', 15, 1, NULL, '2020-09-24 12:57:07'),
(204, '[diff]Correct Bottom left', '{spatial-feedback.BottomLeft.left-taken-flowers}+{spatial-feedback.Bottom.left-taken-flowers}+{spatial-feedback.Left.left-taken-flowers}', 2, 1, NULL, '2020-09-24 12:57:07'),
(204, '[diff]Correct Bottom right', '{spatial-feedback.BottomRight.left-taken-flowers}+{spatial-feedback.Right.left-taken-flowers}', 4, 1, NULL, '2020-09-24 12:57:07'),
(204, '[diff]Correct Top left', '{spatial-feedback.TopLeft.left-taken-flowers}+{spatial-feedback.Top.left-taken-flowers}', 6, 1, NULL, '2020-09-24 12:57:07'),
(204, '[diff]Correct Top right', '{spatial-feedback.TopRight.left-taken-flowers}', 8, 1, NULL, '2020-09-24 12:57:07'),
(204, '[diff]Wrong Bottom left', '{spatial-feedback.BottomLeft.left-taken-bees}+{spatial-feedback.Bottom.left-taken-bees}+{spatial-feedback.Left.left-taken-bees}', 10, 1, NULL, '2020-09-24 12:57:07'),
(204, '[diff]Wrong Bottom right', '{spatial-feedback.BottomRight.left-taken-bees}+{spatial-feedback.Right.left-taken-bees}', 12, 1, NULL, '2020-09-24 12:57:07'),
(204, '[diff]Wrong Top left', '{spatial-feedback.TopLeft.left-taken-bees}+{spatial-feedback.Top.left-taken-bees}', 14, 1, NULL, '2020-09-24 12:57:07'),
(204, '[diff]Wrong Top right', '{spatial-feedback.TopRight.left-taken-bees}', 16, 1, NULL, '2020-09-24 12:57:07'),
(206, 'Correct Bottom left', '{spatial-feedback.BottomLeft.left-taken-flowers}+{spatial-feedback.Bottom.left-taken-flowers}+{spatial-feedback.Left.left-taken-flowers}', 1, 1, NULL, '2020-09-24 12:57:07'),
(206, 'Correct Bottom right', '{spatial-feedback.BottomRight.left-taken-flowers}+{spatial-feedback.Right.left-taken-flowers}', 3, 1, NULL, '2020-09-24 12:57:07'),
(206, 'Correct Top left', '{spatial-feedback.TopLeft.left-taken-flowers}+{spatial-feedback.Top.left-taken-flowers}', 5, 1, NULL, '2020-09-24 12:57:07'),
(206, 'Correct Top right', '{spatial-feedback.TopRight.left-taken-flowers}', 7, 1, NULL, '2020-09-24 12:57:07'),
(206, 'Wrong Bottom left', '{spatial-feedback.BottomLeft.left-taken-bees}+{spatial-feedback.Bottom.left-taken-bees}+{spatial-feedback.Left.left-taken-bees}', 9, 1, NULL, '2020-09-24 12:57:07'),
(206, 'Wrong Bottom right', '{spatial-feedback.BottomRight.left-taken-bees}+{spatial-feedback.Right.left-taken-bees}', 11, 1, NULL, '2020-09-24 12:57:07'),
(206, 'Wrong Top left', '{spatial-feedback.TopLeft.left-taken-bees}+{spatial-feedback.Top.left-taken-bees}', 13, 1, NULL, '2020-09-24 12:57:07'),
(206, 'Wrong Top right', '{spatial-feedback.TopRight.left-taken-bees}', 15, 1, NULL, '2020-09-24 12:57:07'),
(206, '[diff]Correct Bottom left', '{spatial-feedback.BottomLeft.right-taken-flowers}+{spatial-feedback.Bottom.right-taken-flowers}+{spatial-feedback.Left.right-taken-flowers}', 2, 1, NULL, '2020-09-24 12:57:07'),
(206, '[diff]Correct Bottom right', '{spatial-feedback.BottomRight.right-taken-flowers}+{spatial-feedback.Right.right-taken-flowers}', 4, 1, NULL, '2020-09-24 12:57:07'),
(206, '[diff]Correct Top left', '{spatial-feedback.TopLeft.right-taken-flowers}+{spatial-feedback.Top.right-taken-flowers}', 6, 1, NULL, '2020-09-24 12:57:07'),
(206, '[diff]Correct Top right', '{spatial-feedback.TopRight.right-taken-flowers}', 8, 1, NULL, '2020-09-24 12:57:07'),
(206, '[diff]Wrong Bottom left', '{spatial-feedback.BottomLeft.right-taken-bees}+{spatial-feedback.Bottom.right-taken-bees}+{spatial-feedback.Left.right-taken-bees}', 10, 1, NULL, '2020-09-24 12:57:07'),
(206, '[diff]Wrong Bottom right', '{spatial-feedback.BottomRight.right-taken-bees}+{spatial-feedback.Right.right-taken-bees}', 12, 1, NULL, '2020-09-24 12:57:07'),
(206, '[diff]Wrong Top left', '{spatial-feedback.TopLeft.right-taken-bees}+{spatial-feedback.Top.right-taken-bees}', 14, 1, NULL, '2020-09-24 12:57:07'),
(206, '[diff]Wrong Top right', '{spatial-feedback.TopRight.right-taken-bees}', 16, 1, NULL, '2020-09-24 12:57:07'),
(207, 'Left', '{feedback-over-time.left-taken-flowers}', 1, 1, NULL, '2020-09-24 12:57:07'),
(207, 'Missed', '{feedback-over-time.total-flowers}-{feedback-over-time.left-taken-flowers}-{feedback-over-time.right-taken-flowers}', 3, 1, NULL, '2020-09-24 12:57:07'),
(207, 'Right', '{feedback-over-time.right-taken-flowers}', 2, 1, NULL, '2020-09-24 12:57:07'),
(208, 'Avoided', '{feedback-over-time.total-bees}-{feedback-over-time.left-taken-bees}-{feedback-over-time.right-taken-bees}', 1, 1, NULL, '2020-09-24 12:57:07'),
(208, 'Left', '{feedback-over-time.left-taken-bees}', 2, 1, NULL, '2020-09-24 12:57:07'),
(208, 'Right', '{feedback-over-time.right-taken-bees}', 3, 1, NULL, '2020-09-24 12:57:07'),
(209, 'Avoided', '{total-bees}-{left-taken-bees}-{right-taken-bees}', 1, 1, NULL, '2020-09-24 12:57:07'),
(209, 'Left', '{left-taken-bees}', 2, 1, NULL, '2020-09-24 12:57:07'),
(209, 'Right', '{right-taken-bees}', 3, 1, NULL, '2020-09-24 12:57:07'),
(209, 'x_axis', 'AUTO', 0, 1, NULL, '2020-09-24 12:57:07'),
(210, 'Left', '{left-taken-flowers}', 1, 1, NULL, '2020-09-24 12:57:07'),
(210, 'Missed', '{total-flowers}-{left-taken-flowers}-{right-taken-flowers}', 3, 1, NULL, '2020-09-24 12:57:07'),
(210, 'Right', '{right-taken-flowers}', 2, 1, NULL, '2020-09-24 12:57:07'),
(210, 'x_axis', 'AUTO', 0, 1, NULL, '2020-09-24 12:57:07'),
(211, 'Bottom left (left hand)', '{spatial-feedback.BottomLeft.left-taken-bees}', 1, 1, NULL, '2020-09-24 12:57:07'),
(211, 'Bottom left (right hand)', '{spatial-feedback.BottomLeft.right-taken-bees}', 1, 1, NULL, '2020-09-24 12:57:07'),
(211, 'Bottom right (left hand)', '{spatial-feedback.BottomRight.left-taken-bees}', 2, 1, NULL, '2020-09-24 12:57:07'),
(211, 'Bottom right (right hand)', '{spatial-feedback.BottomRight.right-taken-bees}', 2, 1, NULL, '2020-09-24 12:57:07'),
(211, 'Top left (left hand)', '{spatial-feedback.TopLeft.left-taken-bees}', 3, 1, NULL, '2020-09-24 12:57:07'),
(211, 'Top left (right hand)', '{spatial-feedback.TopLeft.right-taken-bees}', 3, 1, NULL, '2020-09-24 12:57:07'),
(211, 'Top right (left hand)', '{spatial-feedback.TopRight.left-taken-bees}', 4, 1, NULL, '2020-09-24 12:57:07'),
(211, 'Top right (right hand)', '{spatial-feedback.TopRight.right-taken-bees}', 4, 1, NULL, '2020-09-24 12:57:07'),
(211, 'x_axis', 'AUTO', 0, 1, NULL, '2020-09-24 12:57:07'),
(212, 'Bottom left (left hand)', '{spatial-feedback.BottomLeft.left-taken-flowers}', 1, 1, NULL, '2020-09-24 12:57:07'),
(212, 'Bottom left (right hand)', '{spatial-feedback.BottomLeft.right-taken-flowers}', 1, 1, NULL, '2020-09-24 12:57:07'),
(212, 'Bottom right (left hand)', '{spatial-feedback.BottomRight.left-taken-flowers}', 2, 1, NULL, '2020-09-24 12:57:07'),
(212, 'Bottom right (right hand)', '{spatial-feedback.BottomRight.right-taken-flowers}', 2, 1, NULL, '2020-09-24 12:57:07'),
(212, 'Top left (left hand)', '{spatial-feedback.TopLeft.left-taken-flowers}', 3, 1, NULL, '2020-09-24 12:57:07'),
(212, 'Top left (right hand)', '{spatial-feedback.TopLeft.right-taken-flowers}', 3, 1, NULL, '2020-09-24 12:57:07'),
(212, 'Top right (left hand)', '{spatial-feedback.TopRight.left-taken-flowers}', 4, 1, NULL, '2020-09-24 12:57:07'),
(212, 'Top right (right hand)', '{spatial-feedback.TopRight.right-taken-flowers}', 4, 1, NULL, '2020-09-24 12:57:07'),
(212, 'x_axis', 'AUTO', 0, 1, NULL, '2020-09-24 12:57:07'),
(213, 'Left', '{left-taken-correct}', 1, 1, NULL, '2020-09-24 12:57:07'),
(213, 'Missed', '{total-correct}-{left-taken-correct}-{right-taken-correct}', 3, 1, NULL, '2020-09-24 12:57:07'),
(213, 'Right', '{right-taken-correct}', 2, 1, NULL, '2020-09-24 12:57:07'),
(214, 'Avoided', '{total-wrong}-{left-taken-wrong}-{right-taken-wrong}', 1, 1, NULL, '2020-09-24 12:57:07'),
(214, 'Left', '{left-taken-wrong}', 2, 1, NULL, '2020-09-24 12:57:07'),
(214, 'Right', '{right-taken-wrong}', 3, 1, NULL, '2020-09-24 12:57:07'),
(216, 'Correct Bottom left', '{spatial-feedback.BottomLeft.right-taken-correct}+{spatial-feedback.Bottom.right-taken-correct}+{spatial-feedback.Left.right-taken-correct}', 1, 1, NULL, '2020-09-24 12:57:07'),
(216, 'Correct Bottom right', '{spatial-feedback.BottomRight.right-taken-correct}+{spatial-feedback.Right.right-taken-correct}', 3, 1, NULL, '2020-09-24 12:57:07'),
(216, 'Correct Top left', '{spatial-feedback.TopLeft.right-taken-correct}+{spatial-feedback.Top.right-taken-correct}', 5, 1, NULL, '2020-09-24 12:57:07'),
(216, 'Correct Top right', '{spatial-feedback.TopRight.right-taken-correct}', 7, 1, NULL, '2020-09-24 12:57:07'),
(216, 'Wrong Bottom left', '{spatial-feedback.BottomLeft.right-taken-wrong}+{spatial-feedback.Bottom.right-taken-wrong}+{spatial-feedback.Left.right-taken-wrong}', 9, 1, NULL, '2020-09-24 12:57:07'),
(216, 'Wrong Bottom right', '{spatial-feedback.BottomRight.right-taken-wrong}+{spatial-feedback.Right.right-taken-wrong}', 11, 1, NULL, '2020-09-24 12:57:07'),
(216, 'Wrong Top left', '{spatial-feedback.TopLeft.right-taken-wrong}+{spatial-feedback.Top.right-taken-wrong}', 13, 1, NULL, '2020-09-24 12:57:07'),
(216, 'Wrong Top right', '{spatial-feedback.TopRight.right-taken-wrong}', 15, 1, NULL, '2020-09-24 12:57:07'),
(216, '[diff]Correct Bottom left', '{spatial-feedback.BottomLeft.left-taken-correct}+{spatial-feedback.Bottom.left-taken-correct}+{spatial-feedback.Left.left-taken-correct}', 2, 1, NULL, '2020-09-24 12:57:07'),
(216, '[diff]Correct Bottom right', '{spatial-feedback.BottomRight.left-taken-correct}+{spatial-feedback.Right.left-taken-correct}', 4, 1, NULL, '2020-09-24 12:57:07'),
(216, '[diff]Correct Top left', '{spatial-feedback.TopLeft.left-taken-correct}+{spatial-feedback.Top.left-taken-correct}', 6, 1, NULL, '2020-09-24 12:57:07'),
(216, '[diff]Correct Top right', '{spatial-feedback.TopRight.left-taken-correct}', 8, 1, NULL, '2020-09-24 12:57:07'),
(216, '[diff]Wrong Bottom left', '{spatial-feedback.BottomLeft.left-taken-wrong}+{spatial-feedback.Bottom.left-taken-wrong}+{spatial-feedback.Left.left-taken-wrong}', 10, 1, NULL, '2020-09-24 12:57:07'),
(216, '[diff]Wrong Bottom right', '{spatial-feedback.BottomRight.left-taken-wrong}+{spatial-feedback.Right.left-taken-wrong}', 12, 1, NULL, '2020-09-24 12:57:07'),
(216, '[diff]Wrong Top left', '{spatial-feedback.TopLeft.left-taken-wrong}+{spatial-feedback.Top.left-taken-wrong}', 14, 1, NULL, '2020-09-24 12:57:07'),
(216, '[diff]Wrong Top right', '{spatial-feedback.TopRight.left-taken-wrong}', 16, 1, NULL, '2020-09-24 12:57:07'),
(218, 'Correct Bottom left', '{spatial-feedback.BottomLeft.left-taken-correct}+{spatial-feedback.Bottom.left-taken-correct}+{spatial-feedback.Left.left-taken-correct}', 1, 1, NULL, '2020-09-24 12:57:07'),
(218, 'Correct Bottom right', '{spatial-feedback.BottomRight.left-taken-correct}+{spatial-feedback.Right.left-taken-correct}', 3, 1, NULL, '2020-09-24 12:57:07'),
(218, 'Correct Top left', '{spatial-feedback.TopLeft.left-taken-correct}+{spatial-feedback.Top.left-taken-correct}', 5, 1, NULL, '2020-09-24 12:57:07'),
(218, 'Correct Top right', '{spatial-feedback.TopRight.left-taken-correct}', 7, 1, NULL, '2020-09-24 12:57:07'),
(218, 'Wrong Bottom left', '{spatial-feedback.BottomLeft.left-taken-wrong}+{spatial-feedback.Bottom.left-taken-wrong}+{spatial-feedback.Left.left-taken-wrong}', 9, 1, NULL, '2020-09-24 12:57:07'),
(218, 'Wrong Bottom right', '{spatial-feedback.BottomRight.left-taken-wrong}+{spatial-feedback.Right.left-taken-wrong}', 11, 1, NULL, '2020-09-24 12:57:07'),
(218, 'Wrong Top left', '{spatial-feedback.TopLeft.left-taken-wrong}+{spatial-feedback.Top.left-taken-wrong}', 13, 1, NULL, '2020-09-24 12:57:07'),
(218, 'Wrong Top right', '{spatial-feedback.TopRight.left-taken-wrong}', 15, 1, NULL, '2020-09-24 12:57:07'),
(218, '[diff]Correct Bottom left', '{spatial-feedback.BottomLeft.right-taken-correct}+{spatial-feedback.Bottom.right-taken-correct}+{spatial-feedback.Left.right-taken-correct}', 2, 1, NULL, '2020-09-24 12:57:07'),
(218, '[diff]Correct Bottom right', '{spatial-feedback.BottomRight.right-taken-correct}+{spatial-feedback.Right.right-taken-correct}', 4, 1, NULL, '2020-09-24 12:57:07'),
(218, '[diff]Correct Top left', '{spatial-feedback.TopLeft.right-taken-correct}+{spatial-feedback.Top.right-taken-correct}', 6, 1, NULL, '2020-09-24 12:57:07'),
(218, '[diff]Correct Top right', '{spatial-feedback.TopRight.right-taken-correct}', 8, 1, NULL, '2020-09-24 12:57:07'),
(218, '[diff]Wrong Bottom left', '{spatial-feedback.BottomLeft.right-taken-wrong}+{spatial-feedback.Bottom.right-taken-wrong}+{spatial-feedback.Left.right-taken-wrong}', 10, 1, NULL, '2020-09-24 12:57:07'),
(218, '[diff]Wrong Bottom right', '{spatial-feedback.BottomRight.right-taken-wrong}+{spatial-feedback.Right.right-taken-wrong}', 12, 1, NULL, '2020-09-24 12:57:07'),
(218, '[diff]Wrong Top left', '{spatial-feedback.TopLeft.right-taken-wrong}+{spatial-feedback.Top.right-taken-wrong}', 14, 1, NULL, '2020-09-24 12:57:07'),
(218, '[diff]Wrong Top right', '{spatial-feedback.TopRight.right-taken-wrong}', 16, 1, NULL, '2020-09-24 12:57:07'),
(219, 'Left', '{feedback-over-time.left-taken-correct}', 1, 1, NULL, '2020-09-24 12:57:07'),
(219, 'Missed', '{feedback-over-time.total-correct}-{feedback-over-time.right-taken-correct}-{feedback-over-time.left-taken-correct}', 3, 1, NULL, '2020-09-24 12:57:07'),
(219, 'Right', '{feedback-over-time.right-taken-correct}', 2, 1, NULL, '2020-09-24 12:57:07'),
(220, 'Avoided', '{feedback-over-time.total-wrong}-{feedback-over-time.left-taken-wrong}-{feedback-over-time.right-taken-wrong}', 1, 1, NULL, '2020-09-24 12:57:07'),
(220, 'Left', '{feedback-over-time.left-taken-wrong}', 2, 1, NULL, '2020-09-24 12:57:07'),
(220, 'Right', '{feedback-over-time.right-taken-wrong}', 3, 1, NULL, '2020-09-24 12:57:07'),
(221, 'Avoided', '{total-wrong}-{left-taken-wrong}-{right-taken-wrong}', 1, 1, NULL, '2020-09-24 12:57:07'),
(221, 'Left', '{left-taken-wrong}', 2, 1, NULL, '2020-09-24 12:57:07'),
(221, 'Right', '{right-taken-wrong}', 3, 1, NULL, '2020-09-24 12:57:07'),
(221, 'x_axis', 'AUTO', 0, 1, NULL, '2020-09-24 12:57:07'),
(222, 'Left', '{left-taken-correct}', 1, 1, NULL, '2020-09-24 12:57:07'),
(222, 'Missed', '{total-correct}-{left-taken-correct}-{right-taken-correct}', 3, 1, NULL, '2020-09-24 12:57:07'),
(222, 'Right', '{right-taken-correct}', 2, 1, NULL, '2020-09-24 12:57:07'),
(222, 'x_axis', 'AUTO', 0, 1, NULL, '2020-09-24 12:57:07'),
(223, 'Bottom left (left hand)', '{spatial-feedback.BottomLeft.left-taken-wrong}', 1, 1, NULL, '2020-09-24 12:57:07'),
(223, 'Bottom left (right hand)', '{spatial-feedback.BottomLeft.right-taken-wrong}', 1, 1, NULL, '2020-09-24 12:57:07'),
(223, 'Bottom right (left hand)', '{spatial-feedback.BottomRight.left-taken-wrong}', 2, 1, NULL, '2020-09-24 12:57:07'),
(223, 'Bottom right (right hand)', '{spatial-feedback.BottomRight.right-taken-wrong}', 2, 1, NULL, '2020-09-24 12:57:07'),
(223, 'Top left (left hand)', '{spatial-feedback.TopLeft.left-taken-wrong}', 3, 1, NULL, '2020-09-24 12:57:07'),
(223, 'Top left (right hand)', '{spatial-feedback.TopLeft.right-taken-wrong}', 3, 1, NULL, '2020-09-24 12:57:07'),
(223, 'Top right (left hand)', '{spatial-feedback.TopRight.left-taken-wrong}', 4, 1, NULL, '2020-09-24 12:57:07'),
(223, 'Top right (right hand)', '{spatial-feedback.TopRight.right-taken-wrong}', 4, 1, NULL, '2020-09-24 12:57:07'),
(223, 'x_axis', 'AUTO', 0, 1, NULL, '2020-09-24 12:57:07'),
(224, 'Bottom left (left hand)', '{spatial-feedback.BottomLeft.left-taken-correct}', 1, 1, NULL, '2020-09-24 12:57:07'),
(224, 'Bottom left (right hand)', '{spatial-feedback.BottomLeft.right-taken-correct}', 1, 1, NULL, '2020-09-24 12:57:07'),
(224, 'Bottom right (left hand)', '{spatial-feedback.BottomRight.left-taken-correct}', 2, 1, NULL, '2020-09-24 12:57:07'),
(224, 'Bottom right (right hand)', '{spatial-feedback.BottomRight.right-taken-correct}', 2, 1, NULL, '2020-09-24 12:57:07'),
(224, 'Top left (left hand)', '{spatial-feedback.TopLeft.left-taken-correct}', 3, 1, NULL, '2020-09-24 12:57:07'),
(224, 'Top left (right hand)', '{spatial-feedback.TopLeft.right-taken-correct}', 3, 1, NULL, '2020-09-24 12:57:07'),
(224, 'Top right (left hand)', '{spatial-feedback.TopRight.left-taken-correct}', 4, 1, NULL, '2020-09-24 12:57:07'),
(224, 'Top right (right hand)', '{spatial-feedback.TopRight.right-taken-correct}', 4, 1, NULL, '2020-09-24 12:57:07'),
(224, 'x_axis', 'AUTO', 0, 1, NULL, '2020-09-24 12:57:07'),
(226, 'Correct Bottom left', '{spatial-feedback.BottomLeft.taken-flowers}+{spatial-feedback.Bottom.taken-flowers}+{spatial-feedback.Left.taken-flowers}', 1, 1, NULL, '2020-09-24 12:57:07'),
(226, 'Correct Bottom right', '{spatial-feedback.BottomRight.taken-flowers}+{spatial-feedback.Right.taken-flowers}', 3, 1, NULL, '2020-09-24 12:57:07'),
(226, 'Correct Top left', '{spatial-feedback.TopLeft.taken-flowers}+{spatial-feedback.Top.taken-flowers}', 5, 1, NULL, '2020-09-24 12:57:07');
INSERT INTO `ima_chart_template_data` (`Chart_Template_ID`, `Name`, `Source`, `Data_Order`, `Active`, `Checksum`, `Last_Edit`) VALUES
(226, 'Correct Top right', '{spatial-feedback.TopRight.taken-flowers}', 7, 1, NULL, '2020-09-24 12:57:07'),
(226, 'Wrong Bottom left', '{spatial-feedback.BottomLeft.taken-bees}+{spatial-feedback.Bottom.taken-bees}+{spatial-feedback.Left.taken-bees}', 9, 1, NULL, '2020-09-24 12:57:07'),
(226, 'Wrong Bottom right', '{spatial-feedback.BottomRight.taken-bees}+{spatial-feedback.Right.taken-bees}', 11, 1, NULL, '2020-09-24 12:57:07'),
(226, 'Wrong Top left', '{spatial-feedback.TopLeft.taken-bees}+{spatial-feedback.Top.taken-bees}', 13, 1, NULL, '2020-09-24 12:57:07'),
(226, 'Wrong Top right', '{spatial-feedback.TopRight.taken-bees}', 15, 1, NULL, '2020-09-24 12:57:07'),
(226, '[diff]Correct Bottom left', '{spatial-feedback.BottomLeft.total-flowers}+{spatial-feedback.Bottom.total-flowers}+{spatial-feedback.Left.total-flowers}-{spatial-feedback.BottomLeft.taken-flowers}-{spatial-feedback.Bottom.taken-flowers}-{spatial-feedback.Left.taken-flowers}', 2, 1, NULL, '2020-09-24 12:57:07'),
(226, '[diff]Correct Bottom right', '{spatial-feedback.BottomRight.total-flowers}+{spatial-feedback.Right.total-flowers}-{spatial-feedback.BottomRight.taken-flowers}-{spatial-feedback.Right.taken-flowers}', 4, 1, NULL, '2020-09-24 12:57:07'),
(226, '[diff]Correct Top left', '{spatial-feedback.TopLeft.total-flowers}+{spatial-feedback.Top.total-flowers}-{spatial-feedback.TopLeft.taken-flowers}-{spatial-feedback.Top.taken-flowers}', 6, 1, NULL, '2020-09-24 12:57:07'),
(226, '[diff]Correct Top right', '{spatial-feedback.TopRight.total-flowers}-{spatial-feedback.TopRight.taken-flowers}', 8, 1, NULL, '2020-09-24 12:57:07'),
(226, '[diff]Wrong Bottom left', '{spatial-feedback.BottomLeft.total-bees}+{spatial-feedback.Bottom.total-bees}+{spatial-feedback.Left.total-bees}-{spatial-feedback.BottomLeft.taken-bees}-{spatial-feedback.Bottom.taken-bees}-{spatial-feedback.Left.taken-bees}', 10, 1, NULL, '2020-09-24 12:57:07'),
(226, '[diff]Wrong Bottom right', '{spatial-feedback.BottomRight.total-bees}+{spatial-feedback.Right.total-bees}-{spatial-feedback.BottomRight.taken-bees}-{spatial-feedback.Right.taken-bees}', 12, 1, NULL, '2020-09-24 12:57:07'),
(226, '[diff]Wrong Top left', '{spatial-feedback.TopLeft.total-bees}+{spatial-feedback.Top.total-bees}-{spatial-feedback.TopLeft.taken-bees}-{spatial-feedback.Top.taken-bees}', 14, 1, NULL, '2020-09-24 12:57:07'),
(226, '[diff]Wrong Top right', '{spatial-feedback.TopRight.total-bees}-{spatial-feedback.TopRight.taken-bees}', 16, 1, NULL, '2020-09-24 12:57:07'),
(227, 'Left front', '{feedback-by-target.left-front.score}', 3, 1, NULL, '2020-09-24 12:57:07'),
(227, 'Left lateral', '{feedback-by-target.left-lateral.score}', 1, 1, NULL, '2020-09-24 12:57:07'),
(227, 'Left middle', '{feedback-by-target.left-middle.score}', 2, 1, NULL, '2020-09-24 12:57:07'),
(227, 'Right front', '{feedback-by-target.right-front.score}', 4, 1, NULL, '2020-09-24 12:57:07'),
(227, 'Right lateral', '{feedback-by-target.right-lateral.score}', 6, 1, NULL, '2020-09-24 12:57:07'),
(227, 'Right middle', '{feedback-by-target.right-middle.score}', 5, 1, NULL, '2020-09-24 12:57:07'),
(228, 'Correct', '{correct}', 1, 1, NULL, '2020-09-24 12:57:07'),
(228, 'Wrong', '{wrong}', 2, 1, NULL, '2020-09-24 12:57:07'),
(229, 'Correct Left front', '{feedback-by-target.left-front.correct}', 5, 1, NULL, '2020-09-24 12:57:07'),
(229, 'Correct Left lateral', '{feedback-by-target.left-lateral.correct}', 1, 1, NULL, '2020-09-24 12:57:07'),
(229, 'Correct Left middle', '{feedback-by-target.left-middle.correct}', 3, 1, NULL, '2020-09-24 12:57:07'),
(229, 'Correct Right front', '{feedback-by-target.right-front.correct}', 7, 1, NULL, '2020-09-24 12:57:07'),
(229, 'Correct Right lateral', '{feedback-by-target.right-lateral.correct}', 11, 1, NULL, '2020-09-24 12:57:07'),
(229, 'Correct Right middle', '{feedback-by-target.right-middle.correct}', 9, 1, NULL, '2020-09-24 12:57:07'),
(229, 'Wrong Left front', '{feedback-by-target.left-front.wrong}', 15, 1, NULL, '2020-09-24 12:57:07'),
(229, 'Wrong Left lateral', '{feedback-by-target.left-lateral.wrong}', 13, 1, NULL, '2020-09-24 12:57:07'),
(229, 'Wrong Left middle', '{feedback-by-target.left-middle.wrong}', 14, 1, NULL, '2020-09-24 12:57:07'),
(229, 'Wrong Right front', '{feedback-by-target.right-front.wrong}', 16, 1, NULL, '2020-09-24 12:57:07'),
(229, 'Wrong Right lateral', '{feedback-by-target.right-lateral.wrong}', 18, 1, NULL, '2020-09-24 12:57:07'),
(229, 'Wrong Right middle', '{feedback-by-target.right-middle.wrong}', 17, 1, NULL, '2020-09-24 12:57:07'),
(229, '[diff]Correct Left front', '{feedback-by-target.left-front.total}-{feedback-by-target.left-front.correct}', 6, 1, NULL, '2020-09-24 12:57:07'),
(229, '[diff]Correct Left lateral', '{feedback-by-target.left-lateral.total}-{feedback-by-target.left-lateral.correct}', 2, 1, NULL, '2020-09-24 12:57:07'),
(229, '[diff]Correct Left middle', '{feedback-by-target.left-middle.total}-{feedback-by-target.left-middle.correct}', 4, 1, NULL, '2020-09-24 12:57:07'),
(229, '[diff]Correct Right front', '{feedback-by-target.right-front.total}-{feedback-by-target.right-front.correct}', 8, 1, NULL, '2020-09-24 12:57:07'),
(229, '[diff]Correct Right lateral', '{feedback-by-target.right-lateral.total}-{feedback-by-target.right-lateral.correct}', 12, 1, NULL, '2020-09-24 12:57:07'),
(229, '[diff]Correct Right middle', '{feedback-by-target.right-middle.total}-{feedback-by-target.right-middle.correct}', 10, 1, NULL, '2020-09-24 12:57:07'),
(231, 'Left front', '{feedback-by-target.left-front.score}', 3, 1, NULL, '2020-09-24 12:57:07'),
(231, 'Left lateral', '{feedback-by-target.left-lateral.score}', 1, 1, NULL, '2020-09-24 12:57:07'),
(231, 'Left middle', '{feedback-by-target.left-middle.score}', 2, 1, NULL, '2020-09-24 12:57:07'),
(231, 'Right front', '{feedback-by-target.right-front.score}', 4, 1, NULL, '2020-09-24 12:57:07'),
(231, 'Right lateral', '{feedback-by-target.right-lateral.score}', 6, 1, NULL, '2020-09-24 12:57:07'),
(231, 'Right middle', '{feedback-by-target.right-middle.score}', 5, 1, NULL, '2020-09-24 12:57:07'),
(231, 'x_axis', 'AUTO', 0, 1, NULL, '2020-09-24 12:57:07'),
(232, 'Correct', '{correct}', 1, 1, NULL, '2020-09-24 12:57:07'),
(232, 'Wrong', '{wrong}', 2, 1, NULL, '2020-09-24 12:57:07'),
(232, 'x_axis', 'AUTO', 0, 1, NULL, '2020-09-24 12:57:07'),
(233, 'Left front', '{feedback-by-target.left-front.correct}', 3, 1, NULL, '2020-09-24 12:57:07'),
(233, 'Left lateral', '{feedback-by-target.left-lateral.correct}', 1, 1, NULL, '2020-09-24 12:57:07'),
(233, 'Left middle', '{feedback-by-target.left-middle.correct}', 2, 1, NULL, '2020-09-24 12:57:07'),
(233, 'Right front', '{feedback-by-target.right-front.correct}', 4, 1, NULL, '2020-09-24 12:57:07'),
(233, 'Right lateral', '{feedback-by-target.right-lateral.correct}', 6, 1, NULL, '2020-09-24 12:57:07'),
(233, 'Right middle', '{feedback-by-target.right-middle.correct}', 5, 1, NULL, '2020-09-24 12:57:07'),
(233, 'x_axis', 'AUTO', 0, 1, NULL, '2020-09-24 12:57:07'),
(234, 'Left front', '{feedback-by-target.left-front.correct}', 3, 1, NULL, '2020-09-24 12:57:07'),
(234, 'Left lateral', '{feedback-by-target.left-lateral.correct}', 1, 1, NULL, '2020-09-24 12:57:07'),
(234, 'Left middle', '{feedback-by-target.left-middle.correct}', 2, 1, NULL, '2020-09-24 12:57:07'),
(234, 'Right front', '{feedback-by-target.right-front.correct}', 4, 1, NULL, '2020-09-24 12:57:07'),
(234, 'Right lateral', '{feedback-by-target.right-lateral.correct}', 6, 1, NULL, '2020-09-24 12:57:07'),
(234, 'Right middle', '{feedback-by-target.right-middle.correct}', 5, 1, NULL, '2020-09-24 12:57:07'),
(234, 'x_axis', 'AUTO', 0, 1, NULL, '2020-09-24 12:57:07'),
(235, 'Disposition', '{input-parameters.disposition}', 1, 1, NULL, '2020-09-24 12:57:07'),
(235, 'Duration', '{input-parameters.duration}', 1, 1, NULL, '2020-09-24 12:57:07'),
(235, 'Movement', '{input-parameters.movement}', 1, 1, NULL, '2020-09-24 12:57:07'),
(235, 'Size', '{input-parameters.size}', 1, 1, NULL, '2020-09-24 12:57:07'),
(235, 'Speed', '{input-parameters.speed}', 1, 1, NULL, '2020-09-24 12:57:07'),
(235, 'x_axis', 'AUTO', 0, 1, NULL, '2020-09-24 12:57:07'),
(236, 'correct', '{feedback-over-time.correct}', 1, 1, NULL, '2020-09-24 12:57:07'),
(236, 'wrong', '{feedback-over-time.wrong}', 2, 1, NULL, '2020-09-24 12:57:07'),
(237, 'Back Left', '{feedback-by-target.back-left.score}', 2, 1, NULL, '2020-09-24 12:57:07'),
(237, 'Back Left Corner', '{feedback-by-target.back-left-corner.score}', 1, 1, NULL, '2020-09-24 12:57:07'),
(237, 'Back Right', '{feedback-by-target.back-right.score}', 3, 1, NULL, '2020-09-24 12:57:07'),
(237, 'Back Right Corner', '{feedback-by-target.back-right-corner.score}', 4, 1, NULL, '2020-09-24 12:57:07'),
(237, 'Front Left', '{feedback-by-target.front-left.score}', 8, 1, NULL, '2020-09-24 12:57:07'),
(237, 'Front Left Corner', '{feedback-by-target.front-left-corner.score}', 7, 1, NULL, '2020-09-24 12:57:07'),
(237, 'Front Right', '{feedback-by-target.front-right.score}', 9, 1, NULL, '2020-09-24 12:57:07'),
(237, 'Front Right Corner', '{feedback-by-target.front-right-corner.score}', 10, 1, NULL, '2020-09-24 12:57:07'),
(237, 'Left', '{feedback-by-target.left.score}', 5, 1, NULL, '2020-09-24 12:57:07'),
(237, 'Right', '{feedback-by-target.right.score}', 6, 1, NULL, '2020-09-24 12:57:07'),
(238, 'Caught', '{taken-correct}', 1, 1, NULL, '2020-09-24 12:57:07'),
(238, 'Missed', '{total-correct}-{taken-correct}', 2, 1, NULL, '2020-09-24 12:57:07'),
(239, 'Avoided', '{total-distractor}-{taken-distractor}', 1, 1, NULL, '2020-09-24 12:57:07'),
(239, 'Caught', '{taken-distractor}', 2, 1, NULL, '2020-09-24 12:57:07'),
(240, 'Correct Back Left', '{feedback-by-target.back-left.taken-correct}', 3, 1, NULL, '2020-09-24 12:57:07'),
(240, 'Correct Back Left Corner', '{feedback-by-target.back-left-corner.taken-correct}', 1, 1, NULL, '2020-09-24 12:57:07'),
(240, 'Correct Back Right', '{feedback-by-target.back-right.taken-correct}', 5, 1, NULL, '2020-09-24 12:57:07'),
(240, 'Correct Back Right Corner', '{feedback-by-target.back-right-corner.taken-correct}', 7, 1, NULL, '2020-09-24 12:57:07'),
(240, 'Correct Front Left', '{feedback-by-target.front-left.taken-correct}', 15, 1, NULL, '2020-09-24 12:57:07'),
(240, 'Correct Front Left Corner', '{feedback-by-target.front-left-corner.taken-correct}', 13, 1, NULL, '2020-09-24 12:57:07'),
(240, 'Correct Front Right', '{feedback-by-target.front-right.taken-correct}', 17, 1, NULL, '2020-09-24 12:57:07'),
(240, 'Correct Front Right Corner', '{feedback-by-target.front-right-corner.taken-correct}', 19, 1, NULL, '2020-09-24 12:57:07'),
(240, 'Correct Left', '{feedback-by-target.left.taken-correct}', 9, 1, NULL, '2020-09-24 12:57:07'),
(240, 'Correct Right', '{feedback-by-target.right.taken-correct}', 11, 1, NULL, '2020-09-24 12:57:07'),
(240, 'Wrong Back Left', '{feedback-by-target.back-left.taken-distractor}', 23, 1, NULL, '2020-09-24 12:57:07'),
(240, 'Wrong Back Left Corner', '{feedback-by-target.back-left-corner.taken-distractor}', 21, 1, NULL, '2020-09-24 12:57:07'),
(240, 'Wrong Back Right', '{feedback-by-target.back-right.taken-distractor}', 25, 1, NULL, '2020-09-24 12:57:07'),
(240, 'Wrong Back Right Corner', '{feedback-by-target.back-right-corner.taken-distractor}', 27, 1, NULL, '2020-09-24 12:57:07'),
(240, 'Wrong Front Left', '{feedback-by-target.front-left.taken-distractor}', 35, 1, NULL, '2020-09-24 12:57:07'),
(240, 'Wrong Front Left Corner', '{feedback-by-target.front-left-corner.taken-distractor}', 33, 1, NULL, '2020-09-24 12:57:07'),
(240, 'Wrong Front Right', '{feedback-by-target.front-right.taken-distractor}', 37, 1, NULL, '2020-09-24 12:57:07'),
(240, 'Wrong Front Right Corner', '{feedback-by-target.front-right-corner.taken-distractor}', 39, 1, NULL, '2020-09-24 12:57:07'),
(240, 'Wrong Left', '{feedback-by-target.left.taken-distractor}', 29, 1, NULL, '2020-09-24 12:57:07'),
(240, 'Wrong Right', '{feedback-by-target.right.taken-distractor}', 31, 1, NULL, '2020-09-24 12:57:07'),
(240, '[diff]Correct Back Left', '{feedback-by-target.back-left.total-correct}-{feedback-by-target.back-left.taken-correct}', 4, 1, NULL, '2020-09-24 12:57:07'),
(240, '[diff]Correct Back Left Corner', '{feedback-by-target.back-left-corner.total-correct}-{feedback-by-target.back-left-corner.taken-correct}', 2, 1, NULL, '2020-09-24 12:57:07'),
(240, '[diff]Correct Back Right', '{feedback-by-target.back-right.total-correct}-{feedback-by-target.back-right.taken-correct}', 6, 1, NULL, '2020-09-24 12:57:07'),
(240, '[diff]Correct Back Right Corner', '{feedback-by-target.back-right-corner.total-correct}-{feedback-by-target.back-right-corner.taken-correct}', 8, 1, NULL, '2020-09-24 12:57:07'),
(240, '[diff]Correct Front Left', '{feedback-by-target.front-left.total-correct}-{feedback-by-target.front-left.taken-correct}', 16, 1, NULL, '2020-09-24 12:57:07'),
(240, '[diff]Correct Front Left Corner', '{feedback-by-target.front-left-corner.total-correct}-{feedback-by-target.front-left-corner.taken-correct}', 14, 1, NULL, '2020-09-24 12:57:07'),
(240, '[diff]Correct Front Right', '{feedback-by-target.front-right.total-correct}-{feedback-by-target.front-right.taken-correct}', 18, 1, NULL, '2020-09-24 12:57:07'),
(240, '[diff]Correct Front Right Corner', '{feedback-by-target.front-right-corner.total-correct}-{feedback-by-target.front-right-corner.taken-correct}', 20, 1, NULL, '2020-09-24 12:57:07'),
(240, '[diff]Correct Left', '{feedback-by-target.left.total-correct}-{feedback-by-target.left.taken-correct}', 10, 1, NULL, '2020-09-24 12:57:07'),
(240, '[diff]Correct Right', '{feedback-by-target.right.total-correct}-{feedback-by-target.right.taken-correct}', 12, 1, NULL, '2020-09-24 12:57:07'),
(240, '[diff]Wrong Back Left', '{feedback-by-target.back-left.total-distractor}-{feedback-by-target.back-left.taken-distractor}', 24, 1, NULL, '2020-09-24 12:57:07'),
(240, '[diff]Wrong Back Left Corner', '{feedback-by-target.back-left-corner.total-distractor}-{feedback-by-target.back-left-corner.taken-distractor}', 22, 1, NULL, '2020-09-24 12:57:07'),
(240, '[diff]Wrong Back Right', '{feedback-by-target.back-right.total-distractor}-{feedback-by-target.back-right.taken-distractor}', 26, 1, NULL, '2020-09-24 12:57:07'),
(240, '[diff]Wrong Back Right Corner', '{feedback-by-target.back-right-corner.total-distractor}-{feedback-by-target.back-right-corner.taken-distractor}', 28, 1, NULL, '2020-09-24 12:57:07'),
(240, '[diff]Wrong Front Left', '{feedback-by-target.front-left.total-distractor}-{feedback-by-target.front-left.taken-distractor}', 36, 1, NULL, '2020-09-24 12:57:07'),
(240, '[diff]Wrong Front Left Corner', '{feedback-by-target.front-left-corner.total-distractor}-{feedback-by-target.front-left-corner.taken-distractor}', 34, 1, NULL, '2020-09-24 12:57:07'),
(240, '[diff]Wrong Front Right', '{feedback-by-target.front-right.total-distractor}-{feedback-by-target.front-right.taken-distractor}', 38, 1, NULL, '2020-09-24 12:57:07'),
(240, '[diff]Wrong Front Right Corner', '{feedback-by-target.front-right-corner.total-distractor}-{feedback-by-target.front-right-corner.taken-distractor}', 40, 1, NULL, '2020-09-24 12:57:07'),
(240, '[diff]Wrong Left', '{feedback-by-target.left.total-distractor}-{feedback-by-target.left.taken-distractor}', 30, 1, NULL, '2020-09-24 12:57:07'),
(240, '[diff]Wrong Right', '{feedback-by-target.right.total-distractor}-{feedback-by-target.right.taken-distractor}', 32, 1, NULL, '2020-09-24 12:57:07'),
(242, 'Back Left', '{feedback-by-target.back-left.score}', 2, 1, NULL, '2020-09-24 12:57:07'),
(242, 'Back Left Corner', '{feedback-by-target.back-left-corner.score}', 1, 1, NULL, '2020-09-24 12:57:07'),
(242, 'Back Right', '{feedback-by-target.back-right.score}', 3, 1, NULL, '2020-09-24 12:57:07'),
(242, 'Back Right Corner', '{feedback-by-target.back-right-corner.score}', 4, 1, NULL, '2020-09-24 12:57:07'),
(242, 'Front Left', '{feedback-by-target.front-left.score}', 8, 1, NULL, '2020-09-24 12:57:07'),
(242, 'Front Left Corner', '{feedback-by-target.front-left-corner.score}', 7, 1, NULL, '2020-09-24 12:57:07'),
(242, 'Front Right', '{feedback-by-target.front-right.score}', 9, 1, NULL, '2020-09-24 12:57:07'),
(242, 'Front Right Corner', '{feedback-by-target.front-right-corner.score}', 10, 1, NULL, '2020-09-24 12:57:07'),
(242, 'Left', '{feedback-by-target.left.score}', 5, 1, NULL, '2020-09-24 12:57:07'),
(242, 'Right', '{feedback-by-target.right.score}', 6, 1, NULL, '2020-09-24 12:57:07'),
(242, 'x_axis', 'AUTO', 0, 1, NULL, '2020-09-24 12:57:07'),
(243, 'Caught', '{taken-correct}', 1, 1, NULL, '2020-09-24 12:57:07'),
(243, 'Missed', '{total-correct}-{taken-correct}', 2, 1, NULL, '2020-09-24 12:57:07'),
(243, 'x_axis', 'AUTO', 0, 1, NULL, '2020-09-24 12:57:07'),
(244, 'Back Left', '{feedback-by-target.back-left.taken-correct}', 4, 1, NULL, '2020-09-24 12:57:07'),
(244, 'Back Left Corner', '{feedback-by-target.back-left-corner.taken-correct}', 5, 1, NULL, '2020-09-24 12:57:07'),
(244, 'Back Right', '{feedback-by-target.back-right.taken-correct}', 3, 1, NULL, '2020-09-24 12:57:07'),
(244, 'Back Right Corner', '{feedback-by-target.back-right-corner.taken-correct}', 2, 1, NULL, '2020-09-24 12:57:07'),
(244, 'Front Left', '{feedback-by-target.front-left.taken-correct}', 8, 1, NULL, '2020-09-24 12:57:07'),
(244, 'Front Left Corner', '{feedback-by-target.front-left-corner.taken-correct}', 7, 1, NULL, '2020-09-24 12:57:07'),
(244, 'Front Right', '{feedback-by-target.front-right.taken-correct}', 9, 1, NULL, '2020-09-24 12:57:07'),
(244, 'Front Right Corner', '{feedback-by-target.front-right-corner.taken-correct}', 10, 1, NULL, '2020-09-24 12:57:07'),
(244, 'Left', '{feedback-by-target.left.taken-correct}', 6, 1, NULL, '2020-09-24 12:57:07'),
(244, 'Right', '{feedback-by-target.right.taken-correct}', 1, 1, NULL, '2020-09-24 12:57:07'),
(244, 'x_axis', 'AUTO', 0, 1, NULL, '2020-09-24 12:57:07'),
(245, 'Avoided', '{total-distractor}-{taken-distractor}', 1, 1, NULL, '2020-09-24 12:57:07'),
(245, 'Caught', '{taken-distractor}', 2, 1, NULL, '2020-09-24 12:57:07'),
(245, 'x_axis', 'AUTO', 0, 1, NULL, '2020-09-24 12:57:07'),
(246, 'Back Left', '{feedback-by-target.back-left.taken-distractor}', 4, 1, NULL, '2020-09-24 12:57:07'),
(246, 'Back Left Corner', '{feedback-by-target.back-left-corner.taken-distractor}', 5, 1, NULL, '2020-09-24 12:57:07'),
(246, 'Back Right', '{feedback-by-target.back-right.taken-distractor}', 3, 1, NULL, '2020-09-24 12:57:07'),
(246, 'Back Right Corner', '{feedback-by-target.back-right-corner.taken-distractor}', 2, 1, NULL, '2020-09-24 12:57:07'),
(246, 'Front Left', '{feedback-by-target.front-left.taken-distractor}', 8, 1, NULL, '2020-09-24 12:57:07'),
(246, 'Front Left Corner', '{feedback-by-target.front-left-corner.taken-distractor}', 7, 1, NULL, '2020-09-24 12:57:07'),
(246, 'Front Right', '{feedback-by-target.front-right.taken-distractor}', 9, 1, NULL, '2020-09-24 12:57:07'),
(246, 'Front Right Corner', '{feedback-by-target.front-right-corner.taken-distractor}', 10, 1, NULL, '2020-09-24 12:57:07'),
(246, 'Left', '{feedback-by-target.left.taken-distractor}', 6, 1, NULL, '2020-09-24 12:57:07'),
(246, 'Right', '{feedback-by-target.right.taken-distractor}', 1, 1, NULL, '2020-09-24 12:57:07'),
(246, 'x_axis', 'AUTO', 0, 1, NULL, '2020-09-24 12:57:07'),
(247, 'Density', '{input-parameters.density}', 6, 1, NULL, '2020-09-24 12:57:07'),
(247, 'Disposition', '{input-parameters.disposition}', 2, 1, NULL, '2020-09-24 12:57:07'),
(247, 'Distractors', '{input-parameters.distractor}', 3, 1, NULL, '2020-09-24 12:57:07'),
(247, 'Duration', '{input-parameters.duration}', 1, 1, NULL, '2020-09-24 12:57:07'),
(247, 'Movement', '{input-parameters.movement}', 7, 1, NULL, '2020-09-24 12:57:07'),
(247, 'Persistency', '{input-parameters.persistency}', 4, 1, NULL, '2020-09-24 12:57:07'),
(247, 'Size', '{input-parameters.size}', 5, 1, NULL, '2020-09-24 12:57:07'),
(247, 'x_axis', 'AUTO', 0, 1, NULL, '2020-09-24 12:57:07'),
(248, 'Correct missed', '{feedback-over-time.total-correct}-{feedback-over-time.taken-correct}', 2, 1, NULL, '2020-09-24 12:57:07'),
(248, 'Correct taken', '{feedback-over-time.taken-correct}', 1, 1, NULL, '2020-09-24 12:57:07'),
(248, 'Wrong avoided', '{feedback-over-time.total-distractor}-{feedback-over-time.taken-distractor}', 4, 1, NULL, '2020-09-24 12:57:07'),
(248, 'Wrong taken', '{feedback-over-time.taken-distractor}', 3, 1, NULL, '2020-09-24 12:57:07'),
(249, 'Avoided', '{correct-top}+{correct-bottom}', 1, 1, NULL, '2020-09-24 12:57:07'),
(249, 'Hit', '{wrong-top}+{wrong-bottom}', 2, 1, NULL, '2020-09-24 12:57:07'),
(250, 'Bottom', '{correct-bottom}', 3, 1, NULL, '2020-09-24 12:57:07'),
(250, 'Top', '{correct-top}', 1, 1, NULL, '2020-09-24 12:57:07'),
(250, '[diff]Bottom', '{wrong-bottom}', 4, 1, NULL, '2020-09-24 12:57:07'),
(250, '[diff]Top', '{wrong-top}', 2, 1, NULL, '2020-09-24 12:57:07'),
(251, 'Correct bottom', '{correct-bottom}', 2, 1, NULL, '2020-09-24 12:57:07'),
(251, 'Correct top', '{correct-top}', 1, 1, NULL, '2020-09-24 12:57:07'),
(251, 'Wrong bottom', '{wrong-bottom}', 4, 1, NULL, '2020-09-24 12:57:07'),
(251, 'Wrong top', '{wrong-top}', 3, 1, NULL, '2020-09-24 12:57:07'),
(251, 'x_axis', 'AUTO', 0, 1, NULL, '2020-09-24 12:57:07'),
(252, 'Changes', '{changes}', 1, 1, NULL, '2020-09-24 12:57:07'),
(253, 'Sitting', '{time-bottom}', 2, 1, NULL, '2020-09-24 12:57:07'),
(253, 'Standing', '{time-top}', 1, 1, NULL, '2020-09-24 12:57:07'),
(254, 'Sitting', '{feedback-over-time.time-bottom}', 2, 1, NULL, '2020-09-24 12:57:07'),
(254, 'Standing', '{feedback-over-time.time-top}', 1, 1, NULL, '2020-09-24 12:57:07'),
(255, 'Changes', '{feedback-over-time.changes}', 1, 1, NULL, '2020-09-24 12:57:07'),
(256, 'Sitting', '{time-bottom}', 2, 1, NULL, '2020-09-24 12:57:07'),
(256, 'Standing', '{time-top}', 1, 1, NULL, '2020-09-24 12:57:07'),
(256, 'x_axis', 'AUTO', 0, 1, NULL, '2020-09-24 12:57:07'),
(257, 'changes', '{changes}', 1, 1, NULL, '2020-09-24 12:57:07'),
(257, 'x_axis', 'AUTO', 0, 1, NULL, '2020-09-24 12:57:07'),
(258, 'correct bottom', '{feedback-over-time.correct-bottom}', 2, 1, NULL, '2020-09-24 12:57:07'),
(258, 'correct top', '{feedback-over-time.correct-top}', 1, 1, NULL, '2020-09-24 12:57:07'),
(258, 'wrong bottom', '{feedback-over-time.wrong-bottom}', 4, 1, NULL, '2020-09-24 12:57:07'),
(258, 'wrong top', '{feedback-over-time.wrong-top}', 3, 1, NULL, '2020-09-24 12:57:07'),
(259, 'density of obstacles in game', '{input-parameters.density}', 1, 1, NULL, '2020-09-24 12:57:07'),
(259, 'Duration', '{input-parameters.duration}', 1, 1, NULL, '2020-09-24 12:57:07'),
(259, 'Speed of travel in game', '{input-parameters.speed}', 1, 1, NULL, '2020-09-24 12:57:07'),
(259, 'x_axis', 'AUTO', 0, 1, NULL, '2020-09-24 12:57:07'),
(260, 'Correct', '{correct-top}+{correct-bottom}', 1, 1, NULL, '2020-09-24 12:57:07'),
(260, 'Wrong', '{wrong-top}+{wrong-bottom}', 2, 1, NULL, '2020-09-24 12:57:07'),
(260, 'x_axis', 'AUTO', 0, 1, NULL, '2020-09-24 12:57:07'),
(261, 'total', '{1.0}', 0, 1, NULL, '2020-09-24 12:57:07'),
(261, 'value', '{width}', 1, 1, NULL, '2020-09-24 12:57:07'),
(262, 'total', '{1.0}', 0, 1, NULL, '2020-09-24 12:57:07'),
(262, 'value', '{height}', 1, 1, NULL, '2020-09-24 12:57:07'),
(263, 'value', '{hand}={\"right\"}*{CHECK}+{width}', 1, 1, NULL, '2020-09-24 12:57:07'),
(263, 'x_axis', 'AUTO', 0, 1, NULL, '2020-09-24 12:57:07'),
(264, 'value', '{hand}={\"right\"}*{CHECK}+{height}', 1, 1, NULL, '2020-09-24 12:57:07'),
(264, 'x_axis', 'AUTO', 0, 1, NULL, '2020-09-24 12:57:07'),
(265, 'value', '{hand}={\"left\"}*{CHECK}+{width}', 1, 1, NULL, '2020-09-24 12:57:07'),
(265, 'x_axis', 'AUTO', 0, 1, NULL, '2020-09-24 12:57:07'),
(266, 'value', '{hand}={\"left\"}*{CHECK}+{height}', 1, 1, NULL, '2020-09-24 12:57:07'),
(266, 'x_axis', 'AUTO', 0, 1, NULL, '2020-09-24 12:57:07'),
(267, 'Left front', '{feedback-by-target.left-front.score}', 3, 1, NULL, '2020-09-24 12:57:07'),
(267, 'Left lateral', '{feedback-by-target.left-lateral.score}', 1, 1, NULL, '2020-09-24 12:57:07'),
(267, 'Left middle', '{feedback-by-target.left-middle.score}', 2, 1, NULL, '2020-09-24 12:57:07'),
(267, 'Right front', '{feedback-by-target.right-front.score}', 4, 1, NULL, '2020-09-24 12:57:07'),
(267, 'Right lateral', '{feedback-by-target.right-lateral.score}', 6, 1, NULL, '2020-09-24 12:57:07'),
(267, 'Right middle', '{feedback-by-target.right-middle.score}', 5, 1, NULL, '2020-09-24 12:57:07'),
(268, 'Correct Left front', '{feedback-by-target.left-front.correct}', 5, 1, NULL, '2020-09-24 12:57:07'),
(268, 'Correct Left lateral', '{feedback-by-target.left-lateral.correct}', 1, 1, NULL, '2020-09-24 12:57:07'),
(268, 'Correct Left middle', '{feedback-by-target.left-middle.correct}', 3, 1, NULL, '2020-09-24 12:57:07'),
(268, 'Correct Right front', '{feedback-by-target.right-front.correct}', 7, 1, NULL, '2020-09-24 12:57:07'),
(268, 'Correct Right lateral', '{feedback-by-target.right-lateral.correct}', 11, 1, NULL, '2020-09-24 12:57:07'),
(268, 'Correct Right middle', '{feedback-by-target.right-middle.correct}', 9, 1, NULL, '2020-09-24 12:57:07'),
(268, '[diff]Correct Left front', '{feedback-by-target.left-front.total}-{feedback-by-target.left-front.correct}', 6, 1, NULL, '2020-09-24 12:57:07'),
(268, '[diff]Correct Left lateral', '{feedback-by-target.left-lateral.total}-{feedback-by-target.left-lateral.correct}', 2, 1, NULL, '2020-09-24 12:57:07'),
(268, '[diff]Correct Left middle', '{feedback-by-target.left-middle.total}-{feedback-by-target.left-middle.correct}', 4, 1, NULL, '2020-09-24 12:57:07'),
(268, '[diff]Correct Right front', '{feedback-by-target.right-front.total}-{feedback-by-target.right-front.correct}', 8, 1, NULL, '2020-09-24 12:57:07'),
(268, '[diff]Correct Right lateral', '{feedback-by-target.right-lateral.total}-{feedback-by-target.right-lateral.correct}', 12, 1, NULL, '2020-09-24 12:57:07'),
(268, '[diff]Correct Right middle', '{feedback-by-target.right-middle.total}-{feedback-by-target.right-middle.correct}', 10, 1, NULL, '2020-09-24 12:57:07'),
(269, 'Played', '{OLD}+({status}={\"complete\"})', 1, 1, NULL, '2020-09-24 12:57:07'),
(269, 'User exit', '{OLD}+({status}={\"userexit\"})', 2, 1, NULL, '2020-09-24 12:57:07'),
(269, 'x_axis', 'DAILY', 3, 1, NULL, '2020-09-24 12:57:07'),
(270, 'Played', '{OLD}+({status}={\"complete\"})', 1, 1, NULL, '2020-09-24 12:57:07'),
(270, 'User exit', '{OLD}+({status}={\"userexit\"})', 2, 1, NULL, '2020-09-24 12:57:07'),
(270, 'x_axis', 'MONTHLY', 3, 1, NULL, '2020-09-24 12:57:07'),
(271, 'Almost completed', '({games.Status}={\"userexit\"}+{SUM}>{0})*({games.Status}={\"toplay\"}+{SUM}={0})+{OLD}', 2, 1, NULL, '2020-09-24 12:57:07'),
(271, 'Completed', '({games.Status}={\"complete\"}+{SUM}>{0})*({games.Status}={\"userexit\"}+{SUM}={0})*({games.Status}={\"toplay\"}+{SUM}={0})+{OLD}', 1, 1, NULL, '2020-09-24 12:57:07'),
(271, 'Partially played', '({games.Status}={\"complete\"}+{SUM})+({games.Status}={\"userexit\"}+{SUM})>{0}*({games.Status}={\"toplay\"}+{SUM}>{0})+{OLD}', 3, 1, NULL, '2020-09-24 12:57:07'),
(271, 'x_axis', 'DAILY', 4, 1, NULL, '2020-09-24 12:57:07'),
(272, 'Almost completed', '({games.Status}={\"userexit\"}+{SUM}>{0})*({games.Status}={\"toplay\"}+{SUM}={0})+{OLD}', 2, 1, NULL, '2020-09-24 12:57:07'),
(272, 'Completed', '({games.Status}={\"complete\"}+{SUM}>{0})*({games.Status}={\"userexit\"}+{SUM}={0})*({games.Status}={\"toplay\"}+{SUM}={0})+{OLD}', 1, 1, NULL, '2020-09-24 12:57:07'),
(272, 'Partially played', '({games.Status}={\"complete\"}+{SUM})+({games.Status}={\"userexit\"}+{SUM})>{0}*({games.Status}={\"toplay\"}+{SUM}>{0})+{OLD}', 3, 1, NULL, '2020-09-24 12:57:07'),
(272, 'x_axis', 'MONTHLY', 4, 1, NULL, '2020-09-24 12:57:07'),
(273, 'Almost completed', '({games.Status}={\"userexit\"}+{SUM}>{0})*({games.Status}={\"toplay\"}+{SUM}={0})+{OLD}', 2, 1, NULL, '2020-09-24 12:57:07'),
(273, 'Completed', '({games.Status}={\"complete\"}+{SUM}>{0})*({games.Status}={\"userexit\"}+{SUM}={0})*({games.Status}={\"toplay\"}+{SUM}={0})+{OLD}', 1, 1, NULL, '2020-09-24 12:57:07'),
(273, 'Partially played', '({games.Status}={\"complete\"}+{SUM})+({games.Status}={\"userexit\"}+{SUM})>{0}*({games.Status}={\"toplay\"}+{SUM}>{0})+{OLD}', 2, 1, NULL, '2020-09-24 12:57:07'),
(274, 'Complete', '{OLD}+({games.Status}={\"complete\"}+{SUM})', 1, 1, NULL, '2020-09-24 12:57:07'),
(274, 'User exit', '{OLD}+({games.Status}={\"userexit\"}+{SUM})', 2, 1, NULL, '2020-09-24 12:57:07'),
(275, 'Complete', '{OLD}+({status}={\"complete\"})', 1, 1, NULL, '2020-09-24 12:57:07'),
(275, 'User exit', '{OLD}+({status}={\"userexit\"})', 2, 1, NULL, '2020-09-24 12:57:07'),
(276, '0%-20%', '({taken-flowers}/{total-flowers}/{2})+({total-bees}-{taken-bees}/{total-bees}/{2})<{0.2}+{OLD}', 5, 1, NULL, '2020-09-24 12:57:07'),
(276, '20%-40%', '(({taken-flowers}/{total-flowers}/{2})+({total-bees}-{taken-bees}/{total-bees}/{2})<{0.4})*(({taken-flowers}/{total-flowers}/{2})+({total-bees}-{taken-bees}/{total-bees}/{2})>{0.2})+{OLD}', 4, 1, NULL, '2020-09-24 12:57:07'),
(276, '40%-60%', '(({taken-flowers}/{total-flowers}/{2})+({total-bees}-{taken-bees}/{total-bees}/{2})<{0.6})*(({taken-flowers}/{total-flowers}/{2})+({total-bees}-{taken-bees}/{total-bees}/{2})>{0.4})+{OLD}', 3, 1, NULL, '2020-09-24 12:57:07'),
(276, '60%-80%', '(({taken-flowers}/{total-flowers}/{2})+({total-bees}-{taken-bees}/{total-bees}/{2})<{0.8})*(({taken-flowers}/{total-flowers}/{2})+({total-bees}-{taken-bees}/{total-bees}/{2})>{0.6})+{OLD}', 2, 1, NULL, '2020-09-24 12:57:07'),
(276, '80%-100%', '({taken-flowers}/{total-flowers}/{2})+({total-bees}-{taken-bees}/{total-bees}/{2})>{0.8}+{OLD}', 1, 1, NULL, '2020-09-24 12:57:07'),
(277, '0%-20%', '{correct}/({correct}+{wrong})<{0.2}', 5, 1, NULL, '2020-09-24 12:57:07'),
(277, '20%-40%', '({correct}/({correct}+{wrong})<{0.4})*({correct}/({correct}+{wrong})>{0.2})+{OLD}', 4, 1, NULL, '2020-09-24 12:57:07'),
(277, '40%-60%', '({correct}/({correct}+{wrong})<{0.6})*({correct}/({correct}+{wrong})>{0.4})+{OLD}', 3, 1, NULL, '2020-09-24 12:57:07'),
(277, '60%-80%', '({correct}/({correct}+{wrong})<{0.8})*({correct}/({correct}+{wrong})>{0.6})+{OLD}', 2, 1, NULL, '2020-09-24 12:57:07'),
(277, '80%-100%', '{correct}/({correct}+{wrong})>{0.8}+{OLD}', 1, 1, NULL, '2020-09-24 12:57:07'),
(279, '0%-20%', '({taken-eggs}/{total-eggs}/{2})+({total-engines}-{taken-engines}/{total-engines}/{2})<{0.2}+{OLD}', 5, 1, NULL, '2020-09-24 12:57:07'),
(279, '20%-40%', '(({taken-eggs}/{total-eggs}/{2})+({total-engines}-{taken-engines}/{total-engines}/{2})<{0.4})*(({taken-eggs}/{total-eggs}/{2})+({total-engines}-{taken-engines}/{total-engines}/{2})>{0.2})+{OLD}', 4, 1, NULL, '2020-09-24 12:57:07'),
(279, '40%-60%', '(({taken-eggs}/{total-eggs}/{2})+({total-engines}-{taken-engines}/{total-engines}/{2})<{0.6})*(({taken-eggs}/{total-eggs}/{2})+({total-engines}-{taken-engines}/{total-engines}/{2})>{0.4})+{OLD}', 3, 1, NULL, '2020-09-24 12:57:07'),
(279, '60%-80%', '(({taken-eggs}/{total-eggs}/{2})+({total-engines}-{taken-engines}/{total-engines}/{2})<{0.8})*(({taken-eggs}/{total-eggs}/{2})+({total-engines}-{taken-engines}/{total-engines}/{2})>{0.6})+{OLD}', 2, 1, NULL, '2020-09-24 12:57:07'),
(279, '80%-100%', '({taken-eggs}/{total-eggs}/{2})+({total-engines}-{taken-engines}/{total-engines}/{2})>{0.8}+{OLD}', 1, 1, NULL, '2020-09-24 12:57:07'),
(282, '0%-20%', '({taken-correct}/{total-correct}/{2})+({total-wrong}-{taken-wrong}/{total-wrong}/{2})<{0.2}+{OLD}', 5, 1, NULL, '2020-09-24 12:57:07'),
(282, '20%-40%', '(({taken-correct}/{total-correct}/{2})+({total-wrong}-{taken-wrong}/{total-wrong}/{2})<{0.4})*(({taken-correct}/{total-correct}/{2})+({total-wrong}-{taken-wrong}/{total-wrong}/{2})>{0.2})+{OLD}', 4, 1, NULL, '2020-09-24 12:57:07'),
(282, '40%-60%', '(({taken-correct}/{total-correct}/{2})+({total-wrong}-{taken-wrong}/{total-wrong}/{2})<{0.6})*(({taken-correct}/{total-correct}/{2})+({total-wrong}-{taken-wrong}/{total-wrong}/{2})>{0.4})+{OLD}', 3, 1, NULL, '2020-09-24 12:57:07'),
(282, '60%-80%', '(({taken-correct}/{total-correct}/{2})+({total-wrong}-{taken-wrong}/{total-wrong}/{2})<{0.8})*(({taken-correct}/{total-correct}/{2})+({total-wrong}-{taken-wrong}/{total-wrong}/{2})>{0.6})+{OLD}', 2, 1, NULL, '2020-09-24 12:57:07'),
(282, '80%-100%', '({taken-correct}/{total-correct}/{2})+({total-wrong}-{taken-wrong}/{total-wrong}/{2})>{0.8}+{OLD}', 1, 1, NULL, '2020-09-24 12:57:07'),
(284, '0%-20%', '({taken-fruits}/{total-fruits}/{2})+({total-distractors}-{taken-distractors}/{total-distractors}/{2})<{0.2}+{OLD}', 5, 1, NULL, '2020-09-24 12:57:07'),
(284, '20%-40%', '(({taken-fruits}/{total-fruits}/{2})+({total-distractors}-{taken-distractors}/{total-distractors}/{2})<{0.4})*(({taken-fruits}/{total-fruits}/{2})+({total-distractors}-{taken-distractors}/{total-distractors}/{2})>{0.2})+{OLD}', 4, 1, NULL, '2020-09-24 12:57:07'),
(284, '40%-60%', '(({taken-fruits}/{total-fruits}/{2})+({total-distractors}-{taken-distractors}/{total-distractors}/{2})<{0.6})*(({taken-fruits}/{total-fruits}/{2})+({total-distractors}-{taken-distractors}/{total-distractors}/{2})>{0.4})+{OLD}', 3, 1, NULL, '2020-09-24 12:57:07'),
(284, '60%-80%', '(({taken-fruits}/{total-fruits}/{2})+({total-distractors}-{taken-distractors}/{total-distractors}/{2})<{0.8})*(({taken-fruits}/{total-fruits}/{2})+({total-distractors}-{taken-distractors}/{total-distractors}/{2})>{0.6})+{OLD}', 2, 1, NULL, '2020-09-24 12:57:07'),
(284, '80%-100%', '({taken-fruits}/{total-fruits}/{2})+({total-distractors}-{taken-distractors}/{total-distractors}/{2})>{0.8}+{OLD}', 1, 1, NULL, '2020-09-24 12:57:07'),
(285, '0%-20%', '({correct-top}+{correct-bottom})/({correct-top}+{wrong-top}+{correct-bottom}+{wrong-bottom})<{0.2}+{OLD}', 5, 1, NULL, '2020-09-24 12:57:07'),
(285, '20%-40%', '(({correct-top}+{correct-bottom})/({correct-top}+{wrong-top}+{correct-bottom}+{wrong-bottom})<{0.4})*(({correct-top}+{correct-bottom})/({correct-top}+{wrong-top}+{correct-bottom}+{wrong-bottom})>{0.2})+{OLD}', 4, 1, NULL, '2020-09-24 12:57:07'),
(285, '40%-60%', '(({correct-top}+{correct-bottom})/({correct-top}+{wrong-top}+{correct-bottom}+{wrong-bottom})<{0.6})*(({correct-top}+{correct-bottom})/({correct-top}+{wrong-top}+{correct-bottom}+{wrong-bottom})>{0.4})+{OLD}', 3, 1, NULL, '2020-09-24 12:57:07'),
(285, '60%-80%', '(({correct-top}+{correct-bottom})/({correct-top}+{wrong-top}+{correct-bottom}+{wrong-bottom})<{0.8})*(({correct-top}+{correct-bottom})/({correct-top}+{wrong-top}+{correct-bottom}+{wrong-bottom})>{0.6})+{OLD}', 2, 1, NULL, '2020-09-24 12:57:07'),
(285, '80%-100%', '({correct-top}+{correct-bottom})/({correct-top}+{wrong-top}+{correct-bottom}+{wrong-bottom})>{0.8}+{OLD}', 1, 1, NULL, '2020-09-24 12:57:07'),
(286, '0%-20%', '({taken-flowers}/{total-flowers}/{2})+({total-bees}-{taken-bees}/{total-bees}/{2})<{0.2}+{OLD}', 5, 1, NULL, '2020-09-24 12:57:07'),
(286, '20%-40%', '(({taken-flowers}/{total-flowers}/{2})+({total-bees}-{taken-bees}/{total-bees}/{2})<{0.4})*(({taken-flowers}/{total-flowers}/{2})+({total-bees}-{taken-bees}/{total-bees}/{2})>{0.2})+{OLD}', 4, 1, NULL, '2020-09-24 12:57:07'),
(286, '40%-60%', '(({taken-flowers}/{total-flowers}/{2})+({total-bees}-{taken-bees}/{total-bees}/{2})<{0.6})*(({taken-flowers}/{total-flowers}/{2})+({total-bees}-{taken-bees}/{total-bees}/{2})>{0.4})+{OLD}', 3, 1, NULL, '2020-09-24 12:57:07'),
(286, '60%-80%', '(({taken-flowers}/{total-flowers}/{2})+({total-bees}-{taken-bees}/{total-bees}/{2})<{0.8})*(({taken-flowers}/{total-flowers}/{2})+({total-bees}-{taken-bees}/{total-bees}/{2})>{0.6})+{OLD}', 2, 1, NULL, '2020-09-24 12:57:07'),
(286, '80%-100%', '({taken-flowers}/{total-flowers}/{2})+({total-bees}-{taken-bees}/{total-bees}/{2})>{0.8}+{OLD}', 1, 1, NULL, '2020-09-24 12:57:07'),
(286, 'x_axis', 'MONTHLY', 0, 1, NULL, '2020-09-24 12:57:07'),
(287, '0%-20%', '{correct}/({correct}+{wrong})<{0.2}', 5, 1, NULL, '2020-09-24 12:57:07'),
(287, '20%-40%', '({correct}/({correct}+{wrong})<{0.4})*({correct}/({correct}+{wrong})>{0.2})+{OLD}', 4, 1, NULL, '2020-09-24 12:57:07'),
(287, '40%-60%', '({correct}/({correct}+{wrong})<{0.6})*({correct}/({correct}+{wrong})>{0.4})+{OLD}', 3, 1, NULL, '2020-09-24 12:57:07'),
(287, '60%-80%', '({correct}/({correct}+{wrong})<{0.8})*({correct}/({correct}+{wrong})>{0.6})+{OLD}', 2, 1, NULL, '2020-09-24 12:57:07'),
(287, '80%-100%', '{correct}/({correct}+{wrong})>{0.8}+{OLD}', 1, 1, NULL, '2020-09-24 12:57:07'),
(287, 'x_axis', 'MONTHLY', 0, 1, NULL, '2020-09-24 12:57:07'),
(289, '0%-20%', '({taken-eggs}/{total-eggs}/{2})+({total-engines}-{taken-engines}/{total-engines}/{2})<{0.2}+{OLD}', 5, 1, NULL, '2020-09-24 12:57:07'),
(289, '20%-40%', '(({taken-eggs}/{total-eggs}/{2})+({total-engines}-{taken-engines}/{total-engines}/{2})<{0.4})*(({taken-eggs}/{total-eggs}/{2})+({total-engines}-{taken-engines}/{total-engines}/{2})>{0.2})+{OLD}', 4, 1, NULL, '2020-09-24 12:57:07'),
(289, '40%-60%', '(({taken-eggs}/{total-eggs}/{2})+({total-engines}-{taken-engines}/{total-engines}/{2})<{0.6})*(({taken-eggs}/{total-eggs}/{2})+({total-engines}-{taken-engines}/{total-engines}/{2})>{0.4})+{OLD}', 3, 1, NULL, '2020-09-24 12:57:07'),
(289, '60%-80%', '(({taken-eggs}/{total-eggs}/{2})+({total-engines}-{taken-engines}/{total-engines}/{2})<{0.8})*(({taken-eggs}/{total-eggs}/{2})+({total-engines}-{taken-engines}/{total-engines}/{2})>{0.6})+{OLD}', 2, 1, NULL, '2020-09-24 12:57:07'),
(289, '80%-100%', '({taken-eggs}/{total-eggs}/{2})+({total-engines}-{taken-engines}/{total-engines}/{2})>{0.8}+{OLD}', 1, 1, NULL, '2020-09-24 12:57:07'),
(289, 'x_axis', 'MONTHLY', 0, 1, NULL, '2020-09-24 12:57:07'),
(292, '0%-20%', '({taken-correct}/{total-correct}/{2})+({total-wrong}-{taken-wrong}/{total-wrong}/{2})<{0.2}+{OLD}', 5, 1, NULL, '2020-09-24 12:57:07'),
(292, '20%-40%', '(({taken-correct}/{total-correct}/{2})+({total-wrong}-{taken-wrong}/{total-wrong}/{2})<{0.4})*(({taken-correct}/{total-correct}/{2})+({total-wrong}-{taken-wrong}/{total-wrong}/{2})>{0.2})+{OLD}', 4, 1, NULL, '2020-09-24 12:57:07'),
(292, '40%-60%', '(({taken-correct}/{total-correct}/{2})+({total-wrong}-{taken-wrong}/{total-wrong}/{2})<{0.6})*(({taken-correct}/{total-correct}/{2})+({total-wrong}-{taken-wrong}/{total-wrong}/{2})>{0.4})+{OLD}', 3, 1, NULL, '2020-09-24 12:57:07'),
(292, '60%-80%', '(({taken-correct}/{total-correct}/{2})+({total-wrong}-{taken-wrong}/{total-wrong}/{2})<{0.8})*(({taken-correct}/{total-correct}/{2})+({total-wrong}-{taken-wrong}/{total-wrong}/{2})>{0.6})+{OLD}', 2, 1, NULL, '2020-09-24 12:57:07'),
(292, '80%-100%', '({taken-correct}/{total-correct}/{2})+({total-wrong}-{taken-wrong}/{total-wrong}/{2})>{0.8}+{OLD}', 1, 1, NULL, '2020-09-24 12:57:07'),
(292, 'x_axis', 'MONTHLY', 0, 1, NULL, '2020-09-24 12:57:07'),
(294, '0%-20%', '({taken-fruits}/{total-fruits}/{2})+({total-distractors}-{taken-distractors}/{total-distractors}/{2})<{0.2}+{OLD}', 5, 1, NULL, '2020-09-24 12:57:07'),
(294, '20%-40%', '(({taken-fruits}/{total-fruits}/{2})+({total-distractors}-{taken-distractors}/{total-distractors}/{2})<{0.4})*(({taken-fruits}/{total-fruits}/{2})+({total-distractors}-{taken-distractors}/{total-distractors}/{2})>{0.2})+{OLD}', 4, 1, NULL, '2020-09-24 12:57:07'),
(294, '40%-60%', '(({taken-fruits}/{total-fruits}/{2})+({total-distractors}-{taken-distractors}/{total-distractors}/{2})<{0.6})*(({taken-fruits}/{total-fruits}/{2})+({total-distractors}-{taken-distractors}/{total-distractors}/{2})>{0.4})+{OLD}', 3, 1, NULL, '2020-09-24 12:57:07'),
(294, '60%-80%', '(({taken-fruits}/{total-fruits}/{2})+({total-distractors}-{taken-distractors}/{total-distractors}/{2})<{0.8})*(({taken-fruits}/{total-fruits}/{2})+({total-distractors}-{taken-distractors}/{total-distractors}/{2})>{0.6})+{OLD}', 2, 1, NULL, '2020-09-24 12:57:07'),
(294, '80%-100%', '({taken-fruits}/{total-fruits}/{2})+({total-distractors}-{taken-distractors}/{total-distractors}/{2})>{0.8}+{OLD}', 1, 1, NULL, '2020-09-24 12:57:07'),
(294, 'x_axis', 'MONTHLY', 0, 1, NULL, '2020-09-24 12:57:07'),
(295, '0%-20%', '({correct-top}+{correct-bottom})/({correct-top}+{wrong-top}+{correct-bottom}+{wrong-bottom})<{0.2}+{OLD}', 5, 1, NULL, '2020-09-24 12:57:07'),
(295, '20%-40%', '(({correct-top}+{correct-bottom})/({correct-top}+{wrong-top}+{correct-bottom}+{wrong-bottom})<{0.4})*(({correct-top}+{correct-bottom})/({correct-top}+{wrong-top}+{correct-bottom}+{wrong-bottom})>{0.2})+{OLD}', 4, 1, NULL, '2020-09-24 12:57:07'),
(295, '40%-60%', '(({correct-top}+{correct-bottom})/({correct-top}+{wrong-top}+{correct-bottom}+{wrong-bottom})<{0.6})*(({correct-top}+{correct-bottom})/({correct-top}+{wrong-top}+{correct-bottom}+{wrong-bottom})>{0.4})+{OLD}', 3, 1, NULL, '2020-09-24 12:57:07'),
(295, '60%-80%', '(({correct-top}+{correct-bottom})/({correct-top}+{wrong-top}+{correct-bottom}+{wrong-bottom})<{0.8})*(({correct-top}+{correct-bottom})/({correct-top}+{wrong-top}+{correct-bottom}+{wrong-bottom})>{0.6})+{OLD}', 2, 1, NULL, '2020-09-24 12:57:07'),
(295, '80%-100%', '({correct-top}+{correct-bottom})/({correct-top}+{wrong-top}+{correct-bottom}+{wrong-bottom})>{0.8}+{OLD}', 1, 1, NULL, '2020-09-24 12:57:07'),
(295, 'x_axis', 'MONTHLY', 0, 1, NULL, '2020-09-24 12:57:07'),
(296, 'extended', '{checks.elbow.pos}', 1, 1, NULL, '2020-09-24 12:57:07'),
(296, 'flexed', '{checks.elbow.neg}', 2, 1, NULL, '2020-09-24 12:57:07'),
(297, 'closed', '{checks.hand.neg}', 2, 1, NULL, '2020-09-24 12:57:07'),
(297, 'opened', '{checks.hand.pos}', 1, 1, NULL, '2020-09-24 12:57:07'),
(298, 'pending left', '{checks.spine.left.neg}', 3, 1, NULL, '2020-09-24 12:57:07'),
(298, 'pending right', '{checks.spine.right.neg}', 2, 1, NULL, '2020-09-24 12:57:07'),
(298, 'straight', '{checks.spine.right.pos}-{checks.spine.left.neg}', 1, 1, NULL, '2020-09-24 12:57:07'),
(299, 'crooked left', '{checks.shoulder.left.neg}', 3, 1, NULL, '2020-09-24 12:57:07'),
(299, 'crooked right', '{checks.shoulder.right.neg}', 2, 1, NULL, '2020-09-24 12:57:07'),
(299, 'straight', '{checks.shoulder.right.pos}-{checks.shoulder.left.neg}', 1, 1, NULL, '2020-09-24 12:57:07'),
(300, 'sitting', '{checks.position.standing.neg}', 2, 1, NULL, '2020-09-24 12:57:07'),
(300, 'standing', '{checks.position.standing.pos}', 1, 1, NULL, '2020-09-24 12:57:07'),
(301, 'sitting', '{checks.position.sitting.pos}', 1, 1, NULL, '2020-09-24 12:57:07'),
(301, 'standing', '{checks.position.sitting.neg}', 2, 1, NULL, '2020-09-24 12:57:07'),
(304, 'Correct Left', '{spatial-feedback.Left.correct}', 1, 1, NULL, '2020-09-24 12:57:07'),
(304, 'Correct Right', '{spatial-feedback.Right.correct}', 2, 1, NULL, '2020-09-24 12:57:07'),
(304, 'Wrong Left', '{spatial-feedback.Left.wrong}', 3, 1, NULL, '2020-09-24 12:57:07'),
(304, 'Wrong Right', '{spatial-feedback.Right.wrong}', 4, 1, NULL, '2020-09-24 12:57:07'),
(305, 'All', '{reaction-time}', 1, 1, NULL, '2020-09-24 12:57:07'),
(305, 'Left', '{spatial-feedback.Left.reaction-time}', 2, 1, NULL, '2020-09-24 12:57:07'),
(305, 'Right', '{spatial-feedback.Right.reaction-time}', 3, 1, NULL, '2020-09-24 12:57:07'),
(306, 'down', '{spatial-feedback.Left.time-down}', 1, 1, NULL, '2020-09-24 12:57:07'),
(306, 'moving', '{spatial-feedback.Left.time-moving}', 3, 1, NULL, '2020-09-24 12:57:07'),
(306, 'up', '{spatial-feedback.Left.time-up}', 2, 1, NULL, '2020-09-24 12:57:07'),
(307, 'down', '{spatial-feedback.Right.time-down}', 1, 1, NULL, '2020-09-24 12:57:07'),
(307, 'moving', '{spatial-feedback.Right.time-moving}', 3, 1, NULL, '2020-09-24 12:57:07'),
(307, 'up', '{spatial-feedback.Right.time-up}', 2, 1, NULL, '2020-09-24 12:57:07'),
(308, 'Left', '{spatial-feedback.Left.score}', 1, 1, NULL, '2020-09-24 12:57:07'),
(308, 'Right', '{spatial-feedback.Right.score}', 2, 1, NULL, '2020-09-24 12:57:07'),
(309, 'Correct Left', '{feedback-over-time.left.correct}', 1, 1, NULL, '2020-09-24 12:57:07'),
(309, 'Correct Right ', '{feedback-over-time.right.correct}', 2, 1, NULL, '2020-09-24 12:57:07'),
(309, 'Wrong Left', '{feedback-over-time.left.wrong}', 3, 1, NULL, '2020-09-24 12:57:07'),
(309, 'Wrong Right ', '{feedback-over-time.right.wrong}', 4, 1, NULL, '2020-09-24 12:57:07'),
(319, 'Correct Left', '{spatial-feedback.Left.correct}', 1, 1, NULL, '2020-09-24 12:57:07'),
(319, 'Correct Right', '{spatial-feedback.Right.correct}', 2, 1, NULL, '2020-09-24 12:57:07'),
(319, 'Wrong Left', '{spatial-feedback.Left.wrong}', 3, 1, NULL, '2020-09-24 12:57:07'),
(319, 'Wrong Right', '{spatial-feedback.Right.wrong}', 4, 1, NULL, '2020-09-24 12:57:07'),
(319, 'x_axis', 'AUTO', 0, 1, NULL, '2020-09-24 12:57:07'),
(320, 'All', '{reaction-time}', 1, 1, NULL, '2020-09-24 12:57:07'),
(320, 'Left', '{spatial-feedback.Left.reaction-time}', 2, 1, NULL, '2020-09-24 12:57:07'),
(320, 'Right', '{spatial-feedback.Right.reaction-time}', 3, 1, NULL, '2020-09-24 12:57:07'),
(320, 'x_axis', 'AUTO', 0, 1, NULL, '2020-09-24 12:57:07'),
(321, 'down', '{spatial-feedback.Left.time-down}', 1, 1, NULL, '2020-09-24 12:57:07'),
(321, 'moving', '{spatial-feedback.Left.time-moving}', 3, 1, NULL, '2020-09-24 12:57:07'),
(321, 'up', '{spatial-feedback.Left.time-up}', 2, 1, NULL, '2020-09-24 12:57:07'),
(321, 'x_axis', 'AUTO', 0, 1, NULL, '2020-09-24 12:57:07'),
(322, 'down', '{spatial-feedback.Right.time-down}', 1, 1, NULL, '2020-09-24 12:57:07'),
(322, 'moving', '{spatial-feedback.Right.time-moving}', 3, 1, NULL, '2020-09-24 12:57:07'),
(322, 'up', '{spatial-feedback.Right.time-up}', 2, 1, NULL, '2020-09-24 12:57:07'),
(322, 'x_axis', 'AUTO', 0, 1, NULL, '2020-09-24 12:57:07'),
(328, 'Duration', '{input-parameters.duration}', 1, 1, NULL, '2020-09-24 12:57:07'),
(328, 'Foot', '{input-parameters.foot}', 2, 1, NULL, '2020-09-24 12:57:07'),
(328, 'Movement', '{input-parameters.movement}', 7, 1, NULL, '2020-09-24 12:57:07'),
(328, 'Permanence', '{input-parameters.permanence}', 3, 1, NULL, '2020-09-24 12:57:07'),
(328, 'Speed', '{input-parameters.speed}', 5, 1, NULL, '2020-09-24 12:57:07'),
(328, 'x_axis', 'AUTO', 0, 1, NULL, '2020-09-24 12:57:07');


--
-- Dump dei dati per la tabella `ima_chart_template_option`
--

INSERT INTO `ima_chart_template_option` (`Chart_Template_ID`, `Name`, `Value`, `Active`, `Checksum`, `Last_Edit`) VALUES
(2, 'measure-unit', 'pt', 1, NULL, '2020-09-24 12:57:07'),
(3, 'time-interval', '5', 1, NULL, '2020-09-24 12:57:07'),
(4, 'measure-unit', 'pt', 1, NULL, '2020-09-24 12:57:07'),
(4, 'time-interval', '5', 1, NULL, '2020-09-24 12:57:07'),
(4, 'y-axis-label', 'score', 1, NULL, '2020-09-24 12:57:07'),
(9, 'color-schema', 'quadrants', 1, NULL, '2020-09-24 12:57:07'),
(9, 'type', 'double', 1, NULL, '2020-09-24 12:57:07'),
(11, 'color-schema', 'quadrants', 1, NULL, '2020-09-24 12:57:07'),
(11, 'type', 'double', 1, NULL, '2020-09-24 12:57:07'),
(13, 'device', '1', 1, NULL, '2020-09-24 12:57:07'),
(14, 'device', '1', 1, NULL, '2020-09-24 12:57:07'),
(24, 'measure-unit', 'pt', 1, NULL, '2020-09-24 12:57:07'),
(24, 'type', 'five', 1, NULL, '2020-09-24 12:57:07'),
(25, 'color-schema', 'five_diff', 1, NULL, '2020-09-24 12:57:07'),
(25, 'type', 'five_diff', 1, NULL, '2020-09-24 12:57:07'),
(28, 'color-schema', 'diff', 1, NULL, '2020-09-24 12:57:07'),
(28, 'groupby', '2', 1, NULL, '2020-09-24 12:57:07'),
(28, 'time-interval', '5', 1, NULL, '2020-09-24 12:57:07'),
(30, 'color-schema', 'diff', 1, NULL, '2020-09-24 12:57:07'),
(30, 'groupby', '2', 1, NULL, '2020-09-24 12:57:07'),
(30, 'time-interval', '5', 1, NULL, '2020-09-24 12:57:07'),
(32, 'measure-unit', 'pt', 1, NULL, '2020-09-24 12:57:07'),
(33, 'measure-unit', 'pt', 1, NULL, '2020-09-24 12:57:07'),
(33, 'y-axis-label', 'score', 1, NULL, '2020-09-24 12:57:07'),
(34, 'color-schema', 'dual', 1, NULL, '2020-09-24 12:57:07'),
(35, 'device', '1,6', 1, NULL, '2020-09-24 12:57:07'),
(35, 'min', '1', 1, NULL, '2020-09-24 12:57:07'),
(35, 'y-axis', '[\"No info\",\"No\",\"Mild\",\"Moderate\",\"Severe\",\"Worst\"]', 1, NULL, '2020-09-24 12:57:07'),
(37, 'measure-unit', 's', 1, NULL, '2020-09-24 12:57:07'),
(37, 'y-axis-label', 'sec', 1, NULL, '2020-09-24 12:57:07'),
(39, 'measure-unit', 'pt', 1, NULL, '2020-09-24 12:57:07'),
(39, 'y-axis-label', 'score', 1, NULL, '2020-09-24 12:57:07'),
(41, 'color-schema', 'dual', 1, NULL, '2020-09-24 12:57:07'),
(41, 'y-axis-label', 'games', 1, NULL, '2020-09-24 12:57:07'),
(42, 'color-schema', 'dual', 1, NULL, '2020-09-24 12:57:07'),
(43, 'color-schema', 'dual', 1, NULL, '2020-09-24 12:57:07'),
(44, 'measure-unit', 'pt', 1, NULL, '2020-09-24 12:57:07'),
(44, 'y-axis-label', 'score', 1, NULL, '2020-09-24 12:57:07'),
(45, 'measure-unit', 'pt', 1, NULL, '2020-09-24 12:57:07'),
(45, 'y-axis-label', 'score', 1, NULL, '2020-09-24 12:57:07'),
(46, 'color-schema', 'negative', 1, NULL, '2020-09-24 12:57:07'),
(47, 'color-schema', 'positive', 1, NULL, '2020-09-24 12:57:07'),
(48, 'color-schema', 'dual', 1, NULL, '2020-09-24 12:57:07'),
(49, 'color-schema', 'positive', 1, NULL, '2020-09-24 12:57:07'),
(50, 'color-schema', 'negative', 1, NULL, '2020-09-24 12:57:07'),
(53, 'color-schema', 'dual', 1, NULL, '2020-09-24 12:57:07'),
(54, 'color-schema', 'dual', 1, NULL, '2020-09-24 12:57:07'),
(55, 'measure-unit', 'pt', 1, NULL, '2020-09-24 12:57:07'),
(55, 'y-axis-label', 'score', 1, NULL, '2020-09-24 12:57:07'),
(56, 'color-schema', 'positive', 1, NULL, '2020-09-24 12:57:07'),
(57, 'color-schema', 'negative', 1, NULL, '2020-09-24 12:57:07'),
(58, 'device', '1', 1, NULL, '2020-09-24 12:57:07'),
(59, 'device', '1', 1, NULL, '2020-09-24 12:57:07'),
(61, 'device', '1,6', 1, NULL, '2020-09-24 12:57:07'),
(61, 'min', '1', 1, NULL, '2020-09-24 12:57:07'),
(61, 'y-axis', '[\"No info\",\"No\",\"Mild\",\"Moderate\",\"Severe\",\"Worst\"]', 1, NULL, '2020-09-24 12:57:07'),
(62, 'y-axis-label', 'variations', 1, NULL, '2020-09-24 12:57:07'),
(63, 'y-axis-label', 'variations', 1, NULL, '2020-09-24 12:57:07'),
(65, 'y-axis-label', 'variations', 1, NULL, '2020-09-24 12:57:07'),
(66, 'device', '1', 1, NULL, '2020-09-24 12:57:07'),
(67, 'device', '1', 1, NULL, '2020-09-24 12:57:07'),
(68, 'y-axis', '[\"Left\",\"Right\"]', 1, NULL, '2020-09-24 12:57:07'),
(118, 'color-schema', 'quadrants', 1, NULL, '2020-09-24 12:57:07'),
(118, 'type', 'double', 1, NULL, '2020-09-24 12:57:07'),
(119, 'color-schema', 'diff', 1, NULL, '2020-09-24 12:57:07'),
(119, 'groupby', '2', 1, NULL, '2020-09-24 12:57:07'),
(119, 'time-interval', '5', 1, NULL, '2020-09-24 12:57:07'),
(122, 'color-schema', 'diff', 1, NULL, '2020-09-24 12:57:07'),
(122, 'groupby', '2', 1, NULL, '2020-09-24 12:57:07'),
(123, 'color-schema', 'negative', 1, NULL, '2020-09-24 12:57:07'),
(124, 'color-schema', 'positive', 1, NULL, '2020-09-24 12:57:07'),
(125, 'y-axis-label', 'variations', 1, NULL, '2020-09-24 12:57:07'),
(129, 'color-schema', 'dual', 1, NULL, '2020-09-24 12:57:07'),
(129, 'time-interval', '5', 1, NULL, '2020-09-24 12:57:07'),
(130, 'color-schema', 'dual', 1, NULL, '2020-09-24 12:57:07'),
(130, 'time-interval', '5', 1, NULL, '2020-09-24 12:57:07'),
(131, 'color-schema', 'dual', 1, NULL, '2020-09-24 12:57:07'),
(132, 'color-schema', 'dual', 1, NULL, '2020-09-24 12:57:07'),
(133, 'measure-unit', 'pt', 1, NULL, '2020-09-24 12:57:07'),
(133, 'type', 'linear_quad', 1, NULL, '2020-09-24 12:57:07'),
(134, 'measure-unit', 'pt', 1, NULL, '2020-09-24 12:57:07'),
(134, 'y-axis-label', 'score', 1, NULL, '2020-09-24 12:57:07'),
(135, 'y-axis-label', 'variations', 1, NULL, '2020-09-24 12:57:07'),
(140, 'color-schema', 'quadrants_diff', 1, NULL, '2020-09-24 12:57:07'),
(140, 'type', 'linear_quad_diff', 1, NULL, '2020-09-24 12:57:07'),
(144, 'color-schema', 'negative', 1, NULL, '2020-09-24 12:57:07'),
(148, 'color-schema', 'positive', 1, NULL, '2020-09-24 12:57:07'),
(171, 'color-schema', 'quadrants', 1, NULL, '2020-09-24 12:57:07'),
(171, 'type', 'double', 1, NULL, '2020-09-24 12:57:07'),
(172, 'color-schema', 'negative', 1, NULL, '2020-09-24 12:57:07'),
(173, 'color-schema', 'positive', 1, NULL, '2020-09-24 12:57:07'),
(187, 'measure-unit', 's', 1, NULL, '2020-09-24 12:57:07'),
(188, 'time-interval', '5', 1, NULL, '2020-09-24 12:57:07'),
(189, 'time-interval', '5', 1, NULL, '2020-09-24 12:57:07'),
(190, 'time-interval', '5', 1, NULL, '2020-09-24 12:57:07'),
(191, 'time-interval', '5', 1, NULL, '2020-09-24 12:57:07'),
(192, 'time-interval', '5', 1, NULL, '2020-09-24 12:57:07'),
(198, 'color-schema', 'dual', 1, NULL, '2020-09-24 12:57:07'),
(198, 'time-interval', '5', 1, NULL, '2020-09-24 12:57:07'),
(199, 'y-axis-label', 'variations', 1, NULL, '2020-09-24 12:57:07'),
(200, 'y-axis-label', 'variations', 1, NULL, '2020-09-24 12:57:07'),
(201, 'check', '{input-parameters.hand}={\"both\"}', 1, NULL, '2020-09-24 12:57:07'),
(201, 'color-schema', 'double_dual', 1, NULL, '2020-09-24 12:57:07'),
(201, 'device', '1,6', 1, NULL, '2020-09-24 12:57:07'),
(202, 'check', '{input-parameters.hand}={\"both\"}', 1, NULL, '2020-09-24 12:57:07'),
(202, 'color-schema', 'double_dual_neg', 1, NULL, '2020-09-24 12:57:07'),
(202, 'device', '1,6', 1, NULL, '2020-09-24 12:57:07'),
(204, 'check', '{input-parameters.hand}={\"both\"}', 1, NULL, '2020-09-24 12:57:07'),
(204, 'color-schema', 'quadrants_diff', 1, NULL, '2020-09-24 12:57:07'),
(204, 'device', '1,6', 1, NULL, '2020-09-24 12:57:07'),
(204, 'type', 'double_diff', 1, NULL, '2020-09-24 12:57:07'),
(206, 'check', '{input-parameters.hand}={\"both\"}', 1, NULL, '2020-09-24 12:57:07'),
(206, 'color-schema', 'quadrants_diff', 1, NULL, '2020-09-24 12:57:07'),
(206, 'device', '1,6', 1, NULL, '2020-09-24 12:57:07'),
(206, 'type', 'double_diff', 1, NULL, '2020-09-24 12:57:07'),
(207, 'check', '{input-parameters.hand}={\"both\"}', 1, NULL, '2020-09-24 12:57:07'),
(207, 'color-schema', 'double_dual', 1, NULL, '2020-09-24 12:57:07'),
(207, 'device', '1,6', 1, NULL, '2020-09-24 12:57:07'),
(207, 'time-interval', '5', 1, NULL, '2020-09-24 12:57:07'),
(208, 'check', '{input-parameters.hand}={\"both\"}', 1, NULL, '2020-09-24 12:57:07'),
(208, 'color-schema', 'double_dual_neg', 1, NULL, '2020-09-24 12:57:07'),
(208, 'device', '1,6', 1, NULL, '2020-09-24 12:57:07'),
(208, 'time-interval', '5', 1, NULL, '2020-09-24 12:57:07'),
(209, 'check', '{input-parameters.hand}={\"both\"}', 1, NULL, '2020-09-24 12:57:07'),
(209, 'color-schema', 'double_dual_neg', 1, NULL, '2020-09-24 12:57:07'),
(209, 'device', '1,6', 1, NULL, '2020-09-24 12:57:07'),
(210, 'check', '{input-parameters.hand}={\"both\"}', 1, NULL, '2020-09-24 12:57:07'),
(210, 'color-schema', 'double_dual', 1, NULL, '2020-09-24 12:57:07'),
(210, 'device', '1,6', 1, NULL, '2020-09-24 12:57:07'),
(211, 'check', '{input-parameters.hand}={\"both\"}', 1, NULL, '2020-09-24 12:57:07'),
(211, 'color-schema', 'negative', 1, NULL, '2020-09-24 12:57:07'),
(211, 'device', '1,6', 1, NULL, '2020-09-24 12:57:07'),
(212, 'check', '{input-parameters.hand}={\"both\"}', 1, NULL, '2020-09-24 12:57:07'),
(212, 'color-schema', 'positive', 1, NULL, '2020-09-24 12:57:07'),
(212, 'device', '1,6', 1, NULL, '2020-09-24 12:57:07'),
(213, 'check', '{input-parameters.hand}={\"both\"}', 1, NULL, '2020-09-24 12:57:07'),
(213, 'color-schema', 'double_dual', 1, NULL, '2020-09-24 12:57:07'),
(213, 'device', '1,6', 1, NULL, '2020-09-24 12:57:07'),
(214, 'check', '{input-parameters.hand}={\"both\"}', 1, NULL, '2020-09-24 12:57:07'),
(214, 'color-schema', 'double_dual_neg', 1, NULL, '2020-09-24 12:57:07'),
(214, 'device', '1,6', 1, NULL, '2020-09-24 12:57:07'),
(216, 'check', '{input-parameters.hand}={\"both\"}', 1, NULL, '2020-09-24 12:57:07'),
(216, 'color-schema', 'quadrants_diff', 1, NULL, '2020-09-24 12:57:07'),
(216, 'device', '1,6', 1, NULL, '2020-09-24 12:57:07'),
(216, 'type', 'double_diff', 1, NULL, '2020-09-24 12:57:07'),
(218, 'check', '{input-parameters.hand}={\"both\"}', 1, NULL, '2020-09-24 12:57:07'),
(218, 'color-schema', 'quadrants_diff', 1, NULL, '2020-09-24 12:57:07'),
(218, 'device', '1,6', 1, NULL, '2020-09-24 12:57:07'),
(218, 'type', 'double_diff', 1, NULL, '2020-09-24 12:57:07'),
(219, 'check', '{input-parameters.hand}={\"both\"}', 1, NULL, '2020-09-24 12:57:07'),
(219, 'color-schema', 'double_dual', 1, NULL, '2020-09-24 12:57:07'),
(219, 'device', '1,6', 1, NULL, '2020-09-24 12:57:07'),
(219, 'time-interval', '5', 1, NULL, '2020-09-24 12:57:07'),
(220, 'check', '{input-parameters.hand}={\"both\"}', 1, NULL, '2020-09-24 12:57:07'),
(220, 'color-schema', 'double_dual_neg', 1, NULL, '2020-09-24 12:57:07'),
(220, 'device', '1,6', 1, NULL, '2020-09-24 12:57:07'),
(220, 'time-interval', '5', 1, NULL, '2020-09-24 12:57:07'),
(221, 'check', '{input-parameters.hand}={\"both\"}', 1, NULL, '2020-09-24 12:57:07'),
(221, 'color-schema', 'double_dual_neg', 1, NULL, '2020-09-24 12:57:07'),
(221, 'device', '1,6', 1, NULL, '2020-09-24 12:57:07'),
(222, 'check', '{input-parameters.hand}={\"both\"}', 1, NULL, '2020-09-24 12:57:07'),
(222, 'color-schema', 'double_dual', 1, NULL, '2020-09-24 12:57:07'),
(222, 'device', '1,6', 1, NULL, '2020-09-24 12:57:07'),
(223, 'check', '{input-parameters.hand}={\"both\"}', 1, NULL, '2020-09-24 12:57:07'),
(223, 'color-schema', 'negative', 1, NULL, '2020-09-24 12:57:07'),
(223, 'device', '1,6', 1, NULL, '2020-09-24 12:57:07'),
(224, 'check', '{input-parameters.hand}={\"both\"}', 1, NULL, '2020-09-24 12:57:07'),
(224, 'color-schema', 'positive', 1, NULL, '2020-09-24 12:57:07'),
(224, 'device', '1,6', 1, NULL, '2020-09-24 12:57:07'),
(226, 'color-schema', 'quadrants_diff', 1, NULL, '2020-09-24 12:57:07'),
(226, 'type', 'double_diff', 1, NULL, '2020-09-24 12:57:07'),
(227, 'measure-unit', 'pt', 1, NULL, '2020-09-24 12:57:07'),
(227, 'type', 'polar', 1, NULL, '2020-09-24 12:57:07'),
(229, 'color-schema', 'six_diff', 1, NULL, '2020-09-24 12:57:07'),
(229, 'type', 'polar_double', 1, NULL, '2020-09-24 12:57:07'),
(231, 'measure-unit', 'pt', 1, NULL, '2020-09-24 12:57:07'),
(231, 'y-axis-label', 'score', 1, NULL, '2020-09-24 12:57:07'),
(232, 'color-schema', 'dual', 1, NULL, '2020-09-24 12:57:07'),
(233, 'color-schema', 'positive', 1, NULL, '2020-09-24 12:57:07'),
(234, 'color-schema', 'negative', 1, NULL, '2020-09-24 12:57:07'),
(235, 'y-axis-label', 'variations', 1, NULL, '2020-09-24 12:57:07'),
(236, 'color-schema', 'dual', 1, NULL, '2020-09-24 12:57:07'),
(236, 'time-interval', '5', 1, NULL, '2020-09-24 12:57:07'),
(237, 'measure-unit', 'pt', 1, NULL, '2020-09-24 12:57:07'),
(237, 'type', 'around', 1, NULL, '2020-09-24 12:57:07'),
(240, 'color-schema', 'around_diff', 1, NULL, '2020-09-24 12:57:07'),
(240, 'type', 'around_diff', 1, NULL, '2020-09-24 12:57:07'),
(242, 'measure-unit', 'pt', 1, NULL, '2020-09-24 12:57:07'),
(242, 'y-axis-label', 'score', 1, NULL, '2020-09-24 12:57:07'),
(243, 'color-schema', 'dual', 1, NULL, '2020-09-24 12:57:07'),
(244, 'color-schema', 'positive', 1, NULL, '2020-09-24 12:57:07'),
(245, 'color-schema', 'dual', 1, NULL, '2020-09-24 12:57:07'),
(246, 'color-schema', 'negative', 1, NULL, '2020-09-24 12:57:07'),
(247, 'y-axis-label', 'variations', 1, NULL, '2020-09-24 12:57:07'),
(248, 'color-schema', 'diff', 1, NULL, '2020-09-24 12:57:07'),
(248, 'groupby', '2', 1, NULL, '2020-09-24 12:57:07'),
(248, 'time-interval', '5', 1, NULL, '2020-09-24 12:57:07'),
(250, 'color-schema', 'quadrants_diff', 1, NULL, '2020-09-24 12:57:07'),
(250, 'type', 'topbottom', 1, NULL, '2020-09-24 12:57:07'),
(253, 'measure-unit', 's', 1, NULL, '2020-09-24 12:57:07'),
(254, 'measure-unit', 's', 1, NULL, '2020-09-24 12:57:07'),
(254, 'time-interval', '5', 1, NULL, '2020-09-24 12:57:07'),
(254, 'y-axis-label', 'sec', 1, NULL, '2020-09-24 12:57:07'),
(255, 'time-interval', '5', 1, NULL, '2020-09-24 12:57:07'),
(256, 'measure-unit', 's', 1, NULL, '2020-09-24 12:57:07'),
(256, 'y-axis-label', 'sec', 1, NULL, '2020-09-24 12:57:07'),
(258, 'time-interval', '5', 1, NULL, '2020-09-24 12:57:07'),
(259, 'y-axis-label', 'variations', 1, NULL, '2020-09-24 12:57:07'),
(260, 'color-schema', 'dual', 1, NULL, '2020-09-24 12:57:07'),
(261, 'device', '6', 1, NULL, '2020-09-24 12:57:07'),
(262, 'device', '6', 1, NULL, '2020-09-24 12:57:07'),
(263, 'device', '6', 1, NULL, '2020-09-24 12:57:07'),
(264, 'device', '6', 1, NULL, '2020-09-24 12:57:07'),
(265, 'device', '6', 1, NULL, '2020-09-24 12:57:07'),
(266, 'device', '6', 1, NULL, '2020-09-24 12:57:07'),
(267, 'measure-unit', 'pt', 1, NULL, '2020-09-24 12:57:07'),
(267, 'type', 'linear', 1, NULL, '2020-09-24 12:57:07'),
(268, 'color-schema', 'six_diff', 1, NULL, '2020-09-24 12:57:07'),
(268, 'type', 'linear_diff', 1, NULL, '2020-09-24 12:57:07'),
(271, 'color-schema', 'double_dual', 1, NULL, '2020-09-24 12:57:07'),
(272, 'color-schema', 'double_dual', 1, NULL, '2020-09-24 12:57:07'),
(273, 'color-schema', 'double_dual', 1, NULL, '2020-09-24 12:57:07'),
(276, 'color-schema', 'stair', 1, NULL, '2020-09-24 12:57:07'),
(277, 'color-schema', 'stair', 1, NULL, '2020-09-24 12:57:07'),
(279, 'color-schema', 'stair', 1, NULL, '2020-09-24 12:57:07'),
(282, 'color-schema', 'stair', 1, NULL, '2020-09-24 12:57:07'),
(284, 'color-schema', 'stair', 1, NULL, '2020-09-24 12:57:07'),
(285, 'color-schema', 'stair', 1, NULL, '2020-09-24 12:57:07'),
(286, 'color-schema', 'stair', 1, NULL, '2020-09-24 12:57:07'),
(287, 'color-schema', 'stair', 1, NULL, '2020-09-24 12:57:07'),
(289, 'color-schema', 'stair', 1, NULL, '2020-09-24 12:57:07'),
(292, 'color-schema', 'stair', 1, NULL, '2020-09-24 12:57:07'),
(294, 'color-schema', 'stair', 1, NULL, '2020-09-24 12:57:07'),
(295, 'color-schema', 'stair', 1, NULL, '2020-09-24 12:57:07'),
(296, 'check', '{checks.elbow.pos}+{checks.elbow.neg}>{0}', 1, NULL, '2020-09-24 12:57:07'),
(296, 'color-schema', 'dual', 1, NULL, '2020-09-24 12:57:07'),
(296, 'measure-unit', 's', 1, NULL, '2020-09-24 12:57:07'),
(297, 'check', '{checks.hand.pos}+{checks.hand.neg}>{0}', 1, NULL, '2020-09-24 12:57:07'),
(297, 'color-schema', 'dual', 1, NULL, '2020-09-24 12:57:07'),
(297, 'measure-unit', 's', 1, NULL, '2020-09-24 12:57:07'),
(298, 'check', '{checks.spine.right.pos}+{checks.spine.right.neg}>{0}', 1, NULL, '2020-09-24 12:57:07'),
(298, 'color-schema', 'double_dual_neg', 1, NULL, '2020-09-24 12:57:07'),
(298, 'measure-unit', 's', 1, NULL, '2020-09-24 12:57:07'),
(299, 'check', '{checks.shoulder.right.pos}+{checks.shoulder.right.neg}>{0}', 1, NULL, '2020-09-24 12:57:07'),
(299, 'color-schema', 'double_dual_neg', 1, NULL, '2020-09-24 12:57:07'),
(299, 'measure-unit', 's', 1, NULL, '2020-09-24 12:57:07'),
(300, 'check', '{checks.position.standing.pos}+{checks.position.standing.neg}>{0}', 1, NULL, '2020-09-24 12:57:07'),
(300, 'color-schema', 'dual', 1, NULL, '2020-09-24 12:57:07'),
(300, 'measure-unit', 's', 1, NULL, '2020-09-24 12:57:07'),
(301, 'check', '{checks.position.sitting.pos}+{checks.position.sitting.neg}>{0}', 1, NULL, '2020-09-24 12:57:07'),
(301, 'color-schema', 'dual', 1, NULL, '2020-09-24 12:57:07'),
(301, 'measure-unit', 's', 1, NULL, '2020-09-24 12:57:07'),
(304, 'color-schema', 'double_dual', 1, NULL, '2020-09-24 12:57:07'),
(305, 'color-schema', 'positive', 1, NULL, '2020-09-24 12:57:07'),
(305, 'measure-unit', 's', 1, NULL, '2020-09-24 12:57:07'),
(306, 'color-schema', 'positive', 1, NULL, '2020-09-24 12:57:07'),
(306, 'measure-unit', 's', 1, NULL, '2020-09-24 12:57:07'),
(307, 'color-schema', 'positive', 1, NULL, '2020-09-24 12:57:07'),
(307, 'measure-unit', 's', 1, NULL, '2020-09-24 12:57:07'),
(308, 'type', 'two', 1, NULL, '2020-09-24 12:57:07'),
(309, 'color-schema', 'double_dual', 1, NULL, '2020-09-24 12:57:07'),
(309, 'time-interval', '5', 1, NULL, '2020-09-24 12:57:07'),
(319, 'color-schema', 'double_dual', 1, NULL, '2020-09-24 12:57:07'),
(319, 'groupby', '2', 1, NULL, '2020-09-24 12:57:07'),
(320, 'color-schema', 'positive', 1, NULL, '2020-09-24 12:57:07'),
(320, 'measure-unit', 's', 1, NULL, '2020-09-24 12:57:07'),
(321, 'color-schema', 'positive', 1, NULL, '2020-09-24 12:57:07'),
(321, 'measure-unit', 's', 1, NULL, '2020-09-24 12:57:07'),
(322, 'color-schema', 'positive', 1, NULL, '2020-09-24 12:57:07'),
(322, 'measure-unit', 's', 1, NULL, '2020-09-24 12:57:07'),
(328, 'y-axis-label', 'variations', 1, NULL, '2020-09-24 12:57:07');


--
-- Dump dei dati per la tabella `ima_chart_type`
--

INSERT INTO `ima_chart_type` (`Type_ID`, `Name`, `Resource_URL`, `Description`, `Interpreter`, `Active`, `Last_Edit`) VALUES
(1, 'pie', NULL, NULL, 'IMA_SimplePieInterpreter', 1, '2015-05-06 14:21:09'),
(2, 'line', NULL, NULL, 'IMA_SimplePieInterpreter', 1, '2015-05-06 14:21:06'),
(3, 'gauge', NULL, NULL, 'IMA_SimplePieInterpreter', 1, '2015-05-06 14:21:06'),
(4, 'single-value', NULL, NULL, 'IMA_SimplePieInterpreter', 1, '2015-05-14 13:55:52'),
(5, 'duel', NULL, NULL, 'IMA_SimplePieInterpreter', 1, '2015-05-06 14:21:09'),
(6, 'ist', NULL, NULL, 'IMA_SimplePieInterpreter', 1, '2015-05-06 14:21:09'),
(7, 'hyperpie', NULL, NULL, 'IMA_SimplePieInterpreter', 1, '2015-05-14 16:05:12'),
(8, 'simpleline', NULL, NULL, 'IMA_SimplePieInterpreter', 1, '2015-05-14 16:05:12'),
(9, 'istdiff', NULL, NULL, 'IMA_SimplePieInterpreter', 1, '2015-05-14 16:05:12'),
(10, 'bubble', NULL, NULL, 'IMA_SimplePieInterpreter', 1, '2019-09-27 13:15:34'),
(11, 'difficulty', NULL, NULL, 'IMA_SimplePieInterpreter', 1, '2019-09-27 13:15:34');

--
-- Dump dei dati per la tabella `ima_game`
--

INSERT INTO `ima_game` (`Game_ID`, `Name`, `Resource_URL`, `Executable`, `Description`,`Version`,  `Display_Order`, `Active`, `Last_Edit`) VALUES
(2,  'Calibration', '/images/games/calibration.png', 'Kinect Calibration', 'Users are asked to try to reach the four targets placed in the corners of the screen, one by one. The system records the closest position reached by the patient for each target, and then adjusts the game area based on these parameters. In this way the patient can play full screen without restrictions.',12, 0, 0, '2015-08-25 09:43:03'),
(3,  'Bees and flowers', '/images/games/game1.png', 'Game1', 'Users are asked to touch correct items (flowers) and avoid the distractors (bees). Objects descend from the top of the screen.',16, 1, 1, '2015-08-25 09:43:41'),
(5,  'Coloured cans', '/images/games/game2.png', 'Game2A', 'Users are asked to drag the cans to arrange them on the correct shelves according to their colours.',16,3,1, '2015-08-25 09:46:37'),
(8,  'Mad fridge', '/images/games/game4.png', 'Game4', 'Users are asked to drag the basket on the targets and collect the largest number of correct items (eggs) whilst avoiding the distractors (gears).',14, 5, 1, '2015-08-25 09:46:37'),
(18, 'Four seasons', '/images/games/gameSeasons.png', 'GameStagioni', 'Users are asked to touch only the bubbles which contain elements about the season shown in the background.',16,1, 1, CURRENT_TIMESTAMP),
(20, 'Shopping bag', '/images/games/game6.png', 'Game6', 'Users are asked to move the bag to catch the correct items (fruit) and avoid the distractors (balls).',14,7, 1, CURRENT_TIMESTAMP),
(22, 'Fish and jellyfish', '/images/games/game1v2.png', 'Game1v2', 'Users are asked to touch correct items (fish) and avoid the distractors (jellyfish). Objects descend from the top of the screen.',16, 1, 1, '2015-08-25 09:43:41'),
(24, 'Rockets and meteorites', '/images/games/game1v3.png', 'Game1v3', 'Users are asked to touch correct items (rockets) and avoid the distractors (meteorites). Objects descend from the top of the screen.',16, 1, 1, '2015-08-25 09:43:41'),
(25, 'Galactic space', '/images/games/game1bv3.png', 'Game1Bv3', 'Users are asked to touch correct items (rockets) and avoid distractors (meteorites). Objects appear randomly in different parts of the screen.',17, 2, 1, '2015-08-25 09:44:19'),
(32, 'Breadbuster', '/images/games/game4v2.png', 'Game4v2', 'Users are asked to drag the hoover and collect the largest number of correct items (crumbs) whilst avoiding the distractors (screws).',1,5, 1, CURRENT_TIMESTAMP),
(36, 'The squeezer', '/images/games/gamePostural1.png', 'GamePostural1', 'Users are asked to tilt their torso to the left and right to drop the oranges into the juicer.',1,9, 1, CURRENT_TIMESTAMP),
(37, 'Tilting food', '/images/games/gamePostural2.png', 'GamePostural2', 'Users are asked to tilt their torso to the left and right to drop the food into the correct drawer.',1,9, 1, CURRENT_TIMESTAMP),
(39, 'Recycling', '/images/games/gamefeet1.png', 'GameFeet1', 'Users are asked to select the trash bin with the same colour as the trash bag in the centre.',1,8, 1, CURRENT_TIMESTAMP),
(40, 'Pedal bin', '/images/games/gamefeet2.png', 'GameFeet2', 'Users are asked to open the trash bin corresponding to the falling trash bag.',1,8, 1, CURRENT_TIMESTAMP),
(41, 'Catch-a-Mole', '/images/games/gamefeet3.png', 'GameFeet3', 'Users are asked to catch appearing moles and avoid carrots with their feet.',1,8, 1, CURRENT_TIMESTAMP),
(42, 'Hot air balloon', '/images/games/GamePostural3.png', 'GamePostural3', 'Users are asked to avoid dangerous elements vertically by standing or sitting.',1,9, 1, CURRENT_TIMESTAMP),
(52, 'Feet up', '/images/games/gamefeet5.png', 'GameFeet5', 'Users are asked to raise the foot keeping leg straight and let the vacuum cleaner through.',1,8, 1, CURRENT_TIMESTAMP);  

-- Dump dei dati per la tabella `ima_game_parameter`
-- 

INSERT INTO `ima_game_parameter` (`Parameter_ID`, `Device_ID`, `Name`, `Label`, `Description`, `Default`, `Order`, `Levelable`, `Active`, `Checksum`, `Last_Edit`) VALUES
(1, NULL, 'duration', 'duration', 'Defines how long a game lasts.', 0, 0, 0, 1, NULL, '2020-09-24 12:57:07'),
(2, NULL, 'velocity', 'speed', 'Defines how long (average) the objects (flowers and bees) take to cross the screen.', 0, 0, 1, 1, NULL, '2020-09-24 12:57:07'),
(3, NULL, 'density', 'density', 'Defines the maximum number of objects that can be active on screen at any instant and defines, together with velocity, the minimum time between each spawning of a new object.', 0, 0, 1, 1, NULL, '2020-09-24 12:57:07'),
(4, NULL, 'proportion', 'percentage proportion of distractors', 'Defines the percentage of distractors (bees) there should be of all objects spawned.', 0, 0, 1, 1, NULL, '2020-09-24 12:57:07'),
(5, NULL, 'numbers', 'number colours of cans and positioning', 'Defines the number of colors of cans and their positioning.', 0, 0, 1, 1, NULL, '2020-09-24 12:57:07'),
(6, NULL, 'precision', 'precision', 'Defines the number of useable shelves.', 0, 0, 1, 1, NULL, '2020-09-24 12:57:07'),
(8, NULL, 'distribution', 'target distribution', 'Defines how many targets should be active and in which part of the table.', 0, 0, 1, 1, NULL, '2020-09-24 12:57:07'),
(9, NULL, 'size', 'basket size', 'Defines the size of the basket.', 0, 0, 1, 1, NULL, '2020-09-24 12:57:07'),
(10, NULL, 'velocity', 'speed', 'Defines how rapidly the objects are thrown from the fridge towards the table.', 0, 0, 1, 1, NULL, '2020-09-24 12:57:07'),
(11, NULL, 'proportion', 'percentage proportion of distractors', 'Defines the percentage of distractors (gears).', 0, 0, 1, 1, NULL, '2020-09-24 12:57:07'),
(12, 1, 'hand', 'hand to use', 'Defines which hand has to be used by the user in order to play this game.', 0, 0, 0, 1, NULL, '2020-09-24 12:57:07'),
(13, 1, 'position', 'body position', 'Defines which body position the user should assume in order to play this game correctly.', 0, 0, 0, 1, NULL, '2020-09-24 12:57:07'),
(43, NULL, 'distractors', 'percentage proportion of distractors', 'Defines the percentage of distractors there should be in proportion to the total number of objects.', 0, 0, 1, 1, NULL, '2020-09-24 12:57:07'),
(44, NULL, 'season', 'season', 'Defines which season should be selected in the game.', 0, 0, 1, 1, NULL, '2020-09-24 12:57:07'),
(45, NULL, 'rotation', 'rotation', 'Defines if bubbles should be rotated or fixed as they pass through the screen.', 0, 0, 1, 1, NULL, '2020-09-24 12:57:07'),
(47, NULL, 'density', 'density', 'Defines the maximum number of objects (eggs and gears) active at the same time on the screen.', 0, 0, 1, 1, NULL, '2020-09-24 12:57:07'),
(48, 1, 'grab', 'grab to interact', 'Define if the user should grab the target in order to interact.', 0, 0, 0, 1, NULL, '2020-09-24 12:57:07'),
(50, NULL, 'density', 'density', 'Defines the maximum number of objects (fruits and balls) active at the same time on the screen.', 0, 0, 1, 1, NULL, '2020-09-24 12:57:07'),
(51, NULL, 'velocity', 'speed', 'Defines how rapidly the objects are thrown from the supermarket checkouts towards the floor.', 0, 0, 1, 1, NULL, '2020-09-24 12:57:07'),
(52, NULL, 'size', 'shopping bag size', 'Defines the size of the shopping bag.', 0, 0, 1, 1, NULL, '2020-09-24 12:57:07'),
(53, NULL, 'proportion', 'percentage proportion of distractors', 'Defines the percentage of distractors (balls).', 0, 0, 1, 1, NULL, '2020-09-24 12:57:07'),
(55, 3, 'grab', 'click to interact', 'Defines if the user should click on the target in order to interact.', 0, 0, 0, 1, NULL, '2020-09-24 12:57:07'),
(60, NULL, 'velocity', 'speed', 'Defines how long (average) the objects (jellyfish and fish) take to cross the screen.', 0, 0, 1, 1, NULL, '2020-09-24 12:57:07'),
(61, NULL, 'proportion', 'percentage proportion of distractors', 'Defines the percentage of distractors (jellyfish) there should be of all objects spawned.', 0, 0, 1, 1, NULL, '2020-09-24 12:57:07'),
(63, NULL, 'velocity', 'speed', 'Defines how long (average) the objects (meteorites and rockets) take to cross the screen.', 0, 0, 1, 1, NULL, '2020-09-24 12:57:07'),
(64, NULL, 'proportion', 'percentage proportion of distractors', 'Defines the percentage of distractors (meteorites) there should be of all objects spawned.', 0, 0, 1, 1, NULL, '2020-09-24 12:57:07'),
(65, NULL, 'velocity', 'speed', 'Defines how long an object (meteorites and rockets) stays on the screen.', 0, 0, 1, 1, NULL, '2020-09-24 12:57:07'),
(69, NULL, 'distribution', 'target distribution', 'Defines in which part of the table targets will appear.', 0, 0, 1, 1, NULL, '2020-09-24 12:57:07'),
(70, NULL, 'size', 'suction area', 'Defines the size of the dustbusters suction area.', 0, 0, 1, 1, NULL, '2020-09-24 12:57:07'),
(71, NULL, 'velocity', 'speed', 'Defines how frequently the objects appears on the table and how long they last before they disappear.', 0, 0, 1, 1, NULL, '2020-09-24 12:57:07'),
(72, NULL, 'density', 'density', 'Defines the maximum number of objects (dirt and screws) active at the same time on the screen.', 0, 0, 1, 1, NULL, '2020-09-24 12:57:07'),
(75, NULL, 'shelves', 'number of levels', 'Defines how many level the oranges\' squeezer is composed.', 0, 0, 1, 1, NULL, '2020-09-24 12:57:07'),
(76, NULL, 'quantity', 'number of oranges', 'Defines how many oranges are spawned contemporary.', 0, 0, 1, 1, NULL, '2020-09-24 12:57:07'),
(77, NULL, 'size', 'size of the holes', 'Defines how big are the holes between levels of the oranges\' squeezer.', 0, 0, 1, 1, NULL, '2020-09-24 12:57:07'),
(78, NULL, 'speed', 'spawning speed', 'Defines how frequently a new orange is spawned.', 0, 0, 1, 1, NULL, '2020-09-24 12:57:07'),
(79, NULL, 'layers', 'number of layers', 'Defines how many fridge shelves\' layers there are.', 0, 0, 1, 1, NULL, '2020-09-24 12:57:07'),
(80, NULL, 'types', 'types of fruits', 'Defines how many types of fruit are to be divided.', 0, 0, 1, 1, NULL, '2020-09-24 12:57:07'),
(81, NULL, 'size', 'size of fridge shelves', 'Defines how big are the fridge shelves.', 0, 0, 1, 1, NULL, '2020-09-24 12:57:07'),
(82, NULL, 'gravity', 'gravity', 'Defines how high is the gravity (the speed at which fruits falls).', 0, 0, 1, 1, NULL, '2020-09-24 12:57:07'),
(84, 1, 'tilt', 'tilt to interact', 'Define if the user should grab the target in order to interact.', 0, 0, 0, 1, NULL, '2020-09-24 12:57:07'),
(85, 6, 'hand', 'hand to use', 'Defines which hand has to be used by the user in order to play this game.', 0, 0, 0, 1, NULL, '2020-09-24 12:57:07'),
(86, 6, 'position', 'body position', 'Defines which body position the user should assume in order to play this game correctly.', 0, 0, 0, 1, NULL, '2020-09-24 12:57:07'),
(87, 6, 'grab', 'grab to interact', 'Define if the user should grab the target in order to interact.', 0, 0, 0, 1, NULL, '2020-09-24 12:57:07'),
(88, 6, 'tilt', 'tilt to interact', '', 0, 0, 0, 1, NULL, '2020-09-24 12:57:07'),
(89, 1, 'hand', 'hand to use', 'Defines which hands has to be used by the user in order to play this game.', 0, 0, 0, 1, NULL, '2020-09-24 12:57:07'),
(90, 6, 'hand', 'hand to use', 'Defines which hands has to be used by the user in order to play this game.', 0, 0, 0, 1, NULL, '2020-09-24 12:57:07'),
(91, NULL, 'disposition', 'disposition of the trash bins', '', 0, 0, 1, 1, NULL, '2020-09-24 12:57:07'),
(92, NULL, 'speed', 'trash bag speed', 'Speed that define how much time the trash bin have to stay open to put the trash bag inside.', 0, 0, 1, 1, NULL, '2020-09-24 12:57:07'),
(93, NULL, 'size', 'size of the trigger', 'Size of the pedal bin activation area', 0, 0, 1, 1, NULL, '2020-09-24 12:57:07'),
(94, 1, 'movement', 'amplitude of feet movement', '', 0, 0, 0, 1, NULL, '2020-09-24 12:57:07'),
(95, 6, 'movement', 'amplitude of feet movement', '', 0, 0, 0, 1, NULL, '2020-09-24 12:57:07'),
(96, 1, 'foot', 'foot to use', '', 0, 0, 0, 1, NULL, '2020-09-24 12:57:07'),
(97, 6, 'foot', 'foot to use', '', 0, 0, 0, 1, NULL, '2020-09-24 12:57:07'),
(98, NULL, 'speed', 'trash bag speed', 'Speed of the falling trash bag.', 0, 0, 1, 1, NULL, '2020-09-24 12:57:07'),
(99, NULL, 'disposition', 'disposition of the available holes', 'How many holes are available and where they are placed.', 0, 0, 1, 1, NULL, '2020-09-24 12:57:07'),
(100, NULL, 'distractor', 'percentage proportion of distractors', 'Defines the percentage of distractors there should be in proportion to the total number of objects.', 0, 0, 1, 1, NULL, '2020-09-24 12:57:07'),
(101, NULL, 'persistency', 'persistency of objects on screen', 'Defines the amount of time in which an object is displayed and is enabled before disappear.', 0, 0, 1, 1, NULL, '2020-09-24 12:57:07'),
(102, NULL, 'size', 'size of the trigger', 'Size of the object activation area', 0, 0, 1, 1, NULL, '2020-09-24 12:57:07'),
(103, NULL, 'density', 'density of objects in game', 'Value of occupied positions by active objects', 0, 0, 1, 1, NULL, '2020-09-24 12:57:07'),
(104, NULL, 'speed', 'speed of travel in game', 'Speed of the main body moving in the environment.', 0, 0, 1, 1, NULL, '2020-09-24 12:57:07'),
(105, NULL, 'density', 'density of obstacles in game', 'Value of obstacles in the environment.', 0, 0, 1, 1, NULL, '2020-09-24 12:57:07'),
(106, NULL, 'permanence', 'foot permanence', 'Time of permanence over the object to get it.', 0, 0, 1, 1, NULL, '2020-09-24 12:57:07'),
(107, NULL, 'position', 'squatting', NULL, 0, 0, 0, 1, NULL, '2020-09-24 12:57:07'),
(108, 1, 'check.shoulder', 'shoulders', 'Check if one shoulder is higher than the other one', 0, 0, 0, 1, NULL, '2020-09-24 12:57:07'),
(109, 1, 'check.spine', 'spine', 'Check if the spine is straight', 0, 0, 0, 1, NULL, '2020-09-24 12:57:07'),
(110, 1, 'check.position', 'sitting/standing', 'Check if the body position is coherent with the position set', 0, 0, 0, 1, NULL, '2020-09-24 12:57:07'),
(111, 1, 'check.hand', 'hand opening', 'Check if the hand is open', 0, 0, 0, 1, NULL, '2020-09-24 12:57:07'),
(112, 1, 'check.elbow', 'elbow flexion', 'Check if the elbow is completely extended', 0, 0, 0, 1, NULL, '2020-09-24 12:57:07'),
(113, 6, 'check.shoulder', 'shoulders', 'Check if one shoulder is higher than the other one', 0, 0, 0, 1, NULL, '2020-09-24 12:57:07'),
(114, 6, 'check.spine', 'spine', 'Check if the spine is straight', 0, 0, 0, 1, NULL, '2020-09-24 12:57:07'),
(115, 6, 'check.position', 'sitting/standing', 'Check if the body position is coherent with the position set', 0, 0, 0, 1, NULL, '2020-09-24 12:57:07'),
(116, 6, 'check.hand', 'hand opening', 'Check if the hand is open', 0, 0, 0, 1, NULL, '2020-09-24 12:57:07'),
(117, 6, 'check.elbow', 'elbow flexion', 'Check if the elbow is completely extended', 0, 0, 0, 1, NULL, '2020-09-24 12:57:07'),
(120, NULL, 'speed', 'vacuum cleaner speed', 'Speed of the vacuum cleaner.', 0, 0, 1, 1, NULL, '2020-09-24 12:57:07'),
(123, NULL, 'shuffle', 'target shuffle', 'Shuffle colors.', 0, 0, 1, 1, NULL, '2020-09-24 12:57:07'),
(124, NULL, 'hidecolor', 'color hide', 'Hide the color of the current can after a time', 0, 0, 1, 1, NULL, '2020-09-24 12:57:07'),
(126, NULL, 'permanence', 'permanence time', NULL, 0, 0, 1, 1, NULL, '2020-09-24 12:57:07'),
(127, NULL, 'hidecolor', 'trash color hide', NULL, 0, 0, 1, 1, NULL, '2020-09-24 12:57:07'),
(128, NULL, 'legenda', 'show legenda', NULL, 0, 0, 1, 1, NULL, '2020-09-24 12:57:07'),
(129, NULL, 'instalock', 'instant can lock', NULL, 1, 0, 1, 1, NULL, '2020-09-24 12:57:07');

--
-- Dump dei dati per la tabella `ima_game_parameter_association`
--

INSERT INTO `ima_game_parameter_association` (`Game_ID`, `Parameter_ID`, `Optional_Parameter`, `Active`, `Checksum`, `Last_Edit`) VALUES
(3, 1, 0, 1, NULL, '2020-09-24 12:57:07'),
(3, 2, 0, 1, NULL, '2020-09-24 12:57:07'),
(3, 3, 0, 1, NULL, '2020-09-24 12:57:07'),
(3, 4, 0, 1, NULL, '2020-09-24 12:57:07'),
(3, 13, 0, 1, NULL, '2020-09-24 12:57:07'),
(3, 48, 0, 1, NULL, '2020-09-24 12:57:07'),
(3, 55, 0, 1, NULL, '2020-09-24 12:57:07'),
(3, 86, 0, 1, NULL, '2020-09-24 12:57:07'),
(3, 87, 0, 1, NULL, '2020-09-24 12:57:07'),
(3, 89, 0, 1, NULL, '2020-09-24 12:57:07'),
(3, 90, 0, 1, NULL, '2020-09-24 12:57:07'),
(3, 108, 0, 1, NULL, '2020-09-24 12:57:07'),
(3, 109, 0, 1, NULL, '2020-09-24 12:57:07'),
(3, 110, 0, 1, NULL, '2020-09-24 12:57:07'),
(3, 111, 0, 1, NULL, '2020-09-24 12:57:07'),
(3, 112, 0, 1, NULL, '2020-09-24 12:57:07'),
(3, 113, 0, 1, NULL, '2020-09-24 12:57:07'),
(3, 114, 0, 1, NULL, '2020-09-24 12:57:07'),
(3, 115, 0, 1, NULL, '2020-09-24 12:57:07'),
(3, 116, 0, 1, NULL, '2020-09-24 12:57:07'),
(3, 117, 0, 1, NULL, '2020-09-24 12:57:07'),
(5, 1, 0, 1, NULL, '2020-09-24 12:57:07'),
(5, 5, 0, 1, NULL, '2020-09-24 12:57:07'),
(5, 6, 0, 1, NULL, '2020-09-24 12:57:07'),
(5, 12, 0, 1, NULL, '2020-09-24 12:57:07'),
(5, 13, 0, 1, NULL, '2020-09-24 12:57:07'),
(5, 48, 0, 1, NULL, '2020-09-24 12:57:07'),
(5, 55, 0, 1, NULL, '2020-09-24 12:57:07'),
(5, 85, 0, 1, NULL, '2020-09-24 12:57:07'),
(5, 86, 0, 1, NULL, '2020-09-24 12:57:07'),
(5, 87, 0, 1, NULL, '2020-09-24 12:57:07'),
(5, 108, 0, 1, NULL, '2020-09-24 12:57:07'),
(5, 109, 0, 1, NULL, '2020-09-24 12:57:07'),
(5, 110, 0, 1, NULL, '2020-09-24 12:57:07'),
(5, 111, 0, 1, NULL, '2020-09-24 12:57:07'),
(5, 112, 0, 1, NULL, '2020-09-24 12:57:07'),
(5, 113, 0, 1, NULL, '2020-09-24 12:57:07'),
(5, 114, 0, 1, NULL, '2020-09-24 12:57:07'),
(5, 115, 0, 1, NULL, '2020-09-24 12:57:07'),
(5, 116, 0, 1, NULL, '2020-09-24 12:57:07'),
(5, 117, 0, 1, NULL, '2020-09-24 12:57:07'),
(5, 123, 0, 1, NULL, '2020-09-24 12:57:07'),
(5, 124, 0, 1, NULL, '2020-09-24 12:57:07'),
(5, 129, 0, 1, NULL, '2020-09-24 12:57:07'),
(8, 1, 0, 1, NULL, '2020-09-24 12:57:07'),
(8, 8, 0, 1, NULL, '2020-09-24 12:57:07'),
(8, 9, 0, 1, NULL, '2020-09-24 12:57:07'),
(8, 10, 0, 1, NULL, '2020-09-24 12:57:07'),
(8, 11, 0, 1, NULL, '2020-09-24 12:57:07'),
(8, 12, 0, 1, NULL, '2020-09-24 12:57:07'),
(8, 13, 0, 1, NULL, '2020-09-24 12:57:07'),
(8, 47, 0, 1, NULL, '2020-09-24 12:57:07'),
(8, 85, 0, 1, NULL, '2020-09-24 12:57:07'),
(8, 86, 0, 1, NULL, '2020-09-24 12:57:07'),
(8, 108, 0, 1, NULL, '2020-09-24 12:57:07'),
(8, 109, 0, 1, NULL, '2020-09-24 12:57:07'),
(8, 110, 0, 1, NULL, '2020-09-24 12:57:07'),
(8, 111, 0, 1, NULL, '2020-09-24 12:57:07'),
(8, 113, 0, 1, NULL, '2020-09-24 12:57:07'),
(8, 114, 0, 1, NULL, '2020-09-24 12:57:07'),
(8, 115, 0, 1, NULL, '2020-09-24 12:57:07'),
(8, 116, 0, 1, NULL, '2020-09-24 12:57:07'),
(18, 1, 0, 1, NULL, '2020-09-24 12:57:07'),
(18, 2, 0, 1, NULL, '2020-09-24 12:57:07'),
(18, 3, 0, 1, NULL, '2020-09-24 12:57:07'),
(18, 13, 0, 1, NULL, '2020-09-24 12:57:07'),
(18, 43, 0, 1, NULL, '2020-09-24 12:57:07'),
(18, 44, 0, 1, NULL, '2020-09-24 12:57:07'),
(18, 45, 0, 1, NULL, '2020-09-24 12:57:07'),
(18, 86, 0, 1, NULL, '2020-09-24 12:57:07'),
(18, 89, 0, 1, NULL, '2020-09-24 12:57:07'),
(18, 90, 0, 1, NULL, '2020-09-24 12:57:07'),
(18, 108, 0, 1, NULL, '2020-09-24 12:57:07'),
(18, 109, 0, 1, NULL, '2020-09-24 12:57:07'),
(18, 110, 0, 1, NULL, '2020-09-24 12:57:07'),
(18, 111, 0, 1, NULL, '2020-09-24 12:57:07'),
(18, 112, 0, 1, NULL, '2020-09-24 12:57:07'),
(18, 113, 0, 1, NULL, '2020-09-24 12:57:07'),
(18, 114, 0, 1, NULL, '2020-09-24 12:57:07'),
(18, 115, 0, 1, NULL, '2020-09-24 12:57:07'),
(18, 116, 0, 1, NULL, '2020-09-24 12:57:07'),
(18, 117, 0, 1, NULL, '2020-09-24 12:57:07'),
(18, 128, 0, 1, NULL, '2020-09-24 12:57:07'),
(20, 1, 0, 1, NULL, '2020-09-24 12:57:07'),
(20, 12, 0, 1, NULL, '2020-09-24 12:57:07'),
(20, 13, 0, 1, NULL, '2020-09-24 12:57:07'),
(20, 48, 0, 1, NULL, '2020-09-24 12:57:07'),
(20, 50, 0, 1, NULL, '2020-09-24 12:57:07'),
(20, 51, 0, 1, NULL, '2020-09-24 12:57:07'),
(20, 52, 0, 1, NULL, '2020-09-24 12:57:07'),
(20, 53, 0, 1, NULL, '2020-09-24 12:57:07'),
(20, 55, 0, 1, NULL, '2020-09-24 12:57:07'),
(20, 85, 0, 1, NULL, '2020-09-24 12:57:07'),
(20, 86, 0, 1, NULL, '2020-09-24 12:57:07'),
(20, 87, 0, 1, NULL, '2020-09-24 12:57:07'),
(20, 108, 0, 1, NULL, '2020-09-24 12:57:07'),
(20, 109, 0, 1, NULL, '2020-09-24 12:57:07'),
(20, 110, 0, 1, NULL, '2020-09-24 12:57:07'),
(20, 111, 0, 1, NULL, '2020-09-24 12:57:07'),
(20, 112, 0, 1, NULL, '2020-09-24 12:57:07'),
(20, 113, 0, 1, NULL, '2020-09-24 12:57:07'),
(20, 114, 0, 1, NULL, '2020-09-24 12:57:07'),
(20, 115, 0, 1, NULL, '2020-09-24 12:57:07'),
(20, 116, 0, 1, NULL, '2020-09-24 12:57:07'),
(20, 117, 0, 1, NULL, '2020-09-24 12:57:07'),
(22, 1, 0, 1, NULL, '2020-09-24 12:57:07'),
(22, 3, 0, 1, NULL, '2020-09-24 12:57:07'),
(22, 13, 0, 1, NULL, '2020-09-24 12:57:07'),
(22, 48, 0, 1, NULL, '2020-09-24 12:57:07'),
(22, 55, 0, 1, NULL, '2020-09-24 12:57:07'),
(22, 60, 0, 1, NULL, '2020-09-24 12:57:07'),
(22, 61, 0, 1, NULL, '2020-09-24 12:57:07'),
(22, 86, 0, 1, NULL, '2020-09-24 12:57:07'),
(22, 87, 0, 1, NULL, '2020-09-24 12:57:07'),
(22, 89, 0, 1, NULL, '2020-09-24 12:57:07'),
(22, 90, 0, 1, NULL, '2020-09-24 12:57:07'),
(22, 108, 0, 1, NULL, '2020-09-24 12:57:07'),
(22, 109, 0, 1, NULL, '2020-09-24 12:57:07'),
(22, 110, 0, 1, NULL, '2020-09-24 12:57:07'),
(22, 111, 0, 1, NULL, '2020-09-24 12:57:07'),
(22, 112, 0, 1, NULL, '2020-09-24 12:57:07'),
(22, 113, 0, 1, NULL, '2020-09-24 12:57:07'),
(22, 114, 0, 1, NULL, '2020-09-24 12:57:07'),
(22, 115, 0, 1, NULL, '2020-09-24 12:57:07'),
(22, 116, 0, 1, NULL, '2020-09-24 12:57:07'),
(22, 117, 0, 1, NULL, '2020-09-24 12:57:07'),
(24, 1, 0, 1, NULL, '2020-09-24 12:57:07'),
(24, 3, 0, 1, NULL, '2020-09-24 12:57:07'),
(24, 13, 0, 1, NULL, '2020-09-24 12:57:07'),
(24, 48, 0, 1, NULL, '2020-09-24 12:57:07'),
(24, 55, 0, 1, NULL, '2020-09-24 12:57:07'),
(24, 63, 0, 1, NULL, '2020-09-24 12:57:07'),
(24, 64, 0, 1, NULL, '2020-09-24 12:57:07'),
(24, 86, 0, 1, NULL, '2020-09-24 12:57:07'),
(24, 87, 0, 1, NULL, '2020-09-24 12:57:07'),
(24, 89, 0, 1, NULL, '2020-09-24 12:57:07'),
(24, 90, 0, 1, NULL, '2020-09-24 12:57:07'),
(24, 108, 0, 1, NULL, '2020-09-24 12:57:07'),
(24, 109, 0, 1, NULL, '2020-09-24 12:57:07'),
(24, 110, 0, 1, NULL, '2020-09-24 12:57:07'),
(24, 111, 0, 1, NULL, '2020-09-24 12:57:07'),
(24, 112, 0, 1, NULL, '2020-09-24 12:57:07'),
(24, 113, 0, 1, NULL, '2020-09-24 12:57:07'),
(24, 114, 0, 1, NULL, '2020-09-24 12:57:07'),
(24, 115, 0, 1, NULL, '2020-09-24 12:57:07'),
(24, 116, 0, 1, NULL, '2020-09-24 12:57:07'),
(24, 117, 0, 1, NULL, '2020-09-24 12:57:07'),
(25, 1, 0, 1, NULL, '2020-09-24 12:57:07'),
(25, 3, 0, 1, NULL, '2020-09-24 12:57:07'),
(25, 13, 0, 1, NULL, '2020-09-24 12:57:07'),
(25, 48, 0, 1, NULL, '2020-09-24 12:57:07'),
(25, 55, 0, 1, NULL, '2020-09-24 12:57:07'),
(25, 64, 0, 1, NULL, '2020-09-24 12:57:07'),
(25, 65, 0, 1, NULL, '2020-09-24 12:57:07'),
(25, 86, 0, 1, NULL, '2020-09-24 12:57:07'),
(25, 87, 0, 1, NULL, '2020-09-24 12:57:07'),
(25, 89, 0, 1, NULL, '2020-09-24 12:57:07'),
(25, 90, 0, 1, NULL, '2020-09-24 12:57:07'),
(25, 108, 0, 1, NULL, '2020-09-24 12:57:07'),
(25, 109, 0, 1, NULL, '2020-09-24 12:57:07'),
(25, 110, 0, 1, NULL, '2020-09-24 12:57:07'),
(25, 111, 0, 1, NULL, '2020-09-24 12:57:07'),
(25, 112, 0, 1, NULL, '2020-09-24 12:57:07'),
(25, 113, 0, 1, NULL, '2020-09-24 12:57:07'),
(25, 114, 0, 1, NULL, '2020-09-24 12:57:07'),
(25, 115, 0, 1, NULL, '2020-09-24 12:57:07'),
(25, 116, 0, 1, NULL, '2020-09-24 12:57:07'),
(25, 117, 0, 1, NULL, '2020-09-24 12:57:07'),
(32, 1, 0, 1, NULL, '2020-09-24 12:57:07'),
(32, 11, 0, 1, NULL, '2020-09-24 12:57:07'),
(32, 12, 0, 1, NULL, '2020-09-24 12:57:07'),
(32, 13, 0, 1, NULL, '2020-09-24 12:57:07'),
(32, 69, 0, 1, NULL, '2020-09-24 12:57:07'),
(32, 70, 0, 1, NULL, '2020-09-24 12:57:07'),
(32, 71, 0, 1, NULL, '2020-09-24 12:57:07'),
(32, 72, 0, 1, NULL, '2020-09-24 12:57:07'),
(32, 85, 0, 1, NULL, '2020-09-24 12:57:07'),
(32, 86, 0, 1, NULL, '2020-09-24 12:57:07'),
(32, 108, 0, 1, NULL, '2020-09-24 12:57:07'),
(32, 109, 0, 1, NULL, '2020-09-24 12:57:07'),
(32, 110, 0, 1, NULL, '2020-09-24 12:57:07'),
(32, 111, 0, 1, NULL, '2020-09-24 12:57:07'),
(32, 113, 0, 1, NULL, '2020-09-24 12:57:07'),
(32, 114, 0, 1, NULL, '2020-09-24 12:57:07'),
(32, 115, 0, 1, NULL, '2020-09-24 12:57:07'),
(32, 116, 0, 1, NULL, '2020-09-24 12:57:07'),
(32, 126, 0, 1, NULL, '2020-09-24 12:57:07'),
(36, 1, 0, 1, NULL, '2020-09-24 12:57:07'),
(36, 13, 0, 1, NULL, '2020-09-24 12:57:07'),
(36, 75, 0, 1, NULL, '2020-09-24 12:57:07'),
(36, 76, 0, 1, NULL, '2020-09-24 12:57:07'),
(36, 77, 0, 1, NULL, '2020-09-24 12:57:07'),
(36, 78, 0, 1, NULL, '2020-09-24 12:57:07'),
(36, 84, 0, 1, NULL, '2020-09-24 12:57:07'),
(36, 88, 0, 1, NULL, '2020-09-24 12:57:07'),
(36, 108, 0, 1, NULL, '2020-09-24 12:57:07'),
(36, 110, 0, 1, NULL, '2020-09-24 12:57:07'),
(36, 113, 0, 1, NULL, '2020-09-24 12:57:07'),
(36, 115, 0, 1, NULL, '2020-09-24 12:57:07'),
(37, 1, 0, 1, NULL, '2020-09-24 12:57:07'),
(37, 13, 0, 1, NULL, '2020-09-24 12:57:07'),
(37, 79, 0, 1, NULL, '2020-09-24 12:57:07'),
(37, 80, 0, 1, NULL, '2020-09-24 12:57:07'),
(37, 81, 0, 1, NULL, '2020-09-24 12:57:07'),
(37, 82, 0, 1, NULL, '2020-09-24 12:57:07'),
(37, 84, 0, 1, NULL, '2020-09-24 12:57:07'),
(37, 88, 0, 1, NULL, '2020-09-24 12:57:07'),
(37, 108, 0, 1, NULL, '2020-09-24 12:57:07'),
(37, 110, 0, 1, NULL, '2020-09-24 12:57:07'),
(37, 113, 0, 1, NULL, '2020-09-24 12:57:07'),
(37, 115, 0, 1, NULL, '2020-09-24 12:57:07'),
(39, 1, 0, 1, NULL, '2020-09-24 12:57:07'),
(39, 13, 0, 1, NULL, '2020-09-24 12:57:07'),
(39, 86, 0, 1, NULL, '2020-09-24 12:57:07'),
(39, 91, 0, 1, NULL, '2020-09-24 12:57:07'),
(39, 92, 0, 1, NULL, '2020-09-24 12:57:07'),
(39, 93, 0, 1, NULL, '2020-09-24 12:57:07'),
(39, 94, 0, 1, NULL, '2020-09-24 12:57:07'),
(39, 95, 0, 1, NULL, '2020-09-24 12:57:07'),
(39, 96, 0, 1, NULL, '2020-09-24 12:57:07'),
(39, 97, 0, 1, NULL, '2020-09-24 12:57:07'),
(39, 108, 0, 1, NULL, '2020-09-24 12:57:07'),
(39, 109, 0, 1, NULL, '2020-09-24 12:57:07'),
(39, 110, 0, 1, NULL, '2020-09-24 12:57:07'),
(39, 113, 0, 1, NULL, '2020-09-24 12:57:07'),
(39, 114, 0, 1, NULL, '2020-09-24 12:57:07'),
(39, 115, 0, 1, NULL, '2020-09-24 12:57:07'),
(39, 127, 0, 1, NULL, '2020-09-24 12:57:07'),
(40, 1, 0, 1, NULL, '2020-09-24 12:57:07'),
(40, 13, 0, 1, NULL, '2020-09-24 12:57:07'),
(40, 86, 0, 1, NULL, '2020-09-24 12:57:07'),
(40, 91, 0, 1, NULL, '2020-09-24 12:57:07'),
(40, 93, 0, 1, NULL, '2020-09-24 12:57:07'),
(40, 94, 0, 1, NULL, '2020-09-24 12:57:07'),
(40, 95, 0, 1, NULL, '2020-09-24 12:57:07'),
(40, 96, 0, 1, NULL, '2020-09-24 12:57:07'),
(40, 97, 0, 1, NULL, '2020-09-24 12:57:07'),
(40, 98, 0, 1, NULL, '2020-09-24 12:57:07'),
(40, 108, 0, 1, NULL, '2020-09-24 12:57:07'),
(40, 109, 0, 1, NULL, '2020-09-24 12:57:07'),
(40, 110, 0, 1, NULL, '2020-09-24 12:57:07'),
(40, 113, 0, 1, NULL, '2020-09-24 12:57:07'),
(40, 114, 0, 1, NULL, '2020-09-24 12:57:07'),
(40, 115, 0, 1, NULL, '2020-09-24 12:57:07'),
(41, 1, 0, 1, NULL, '2020-09-24 12:57:07'),
(41, 13, 0, 1, NULL, '2020-09-24 12:57:07'),
(41, 86, 0, 1, NULL, '2020-09-24 12:57:07'),
(41, 94, 0, 1, NULL, '2020-09-24 12:57:07'),
(41, 95, 0, 1, NULL, '2020-09-24 12:57:07'),
(41, 96, 0, 1, NULL, '2020-09-24 12:57:07'),
(41, 97, 0, 1, NULL, '2020-09-24 12:57:07'),
(41, 99, 0, 1, NULL, '2020-09-24 12:57:07'),
(41, 100, 0, 1, NULL, '2020-09-24 12:57:07'),
(41, 101, 0, 1, NULL, '2020-09-24 12:57:07'),
(41, 102, 0, 1, NULL, '2020-09-24 12:57:07'),
(41, 103, 0, 1, NULL, '2020-09-24 12:57:07'),
(41, 106, 0, 1, NULL, '2020-09-24 12:57:07'),
(41, 108, 0, 1, NULL, '2020-09-24 12:57:07'),
(41, 109, 0, 1, NULL, '2020-09-24 12:57:07'),
(41, 110, 0, 1, NULL, '2020-09-24 12:57:07'),
(41, 113, 0, 1, NULL, '2020-09-24 12:57:07'),
(41, 114, 0, 1, NULL, '2020-09-24 12:57:07'),
(41, 115, 0, 1, NULL, '2020-09-24 12:57:07'),
(42, 1, 0, 1, NULL, '2020-09-24 12:57:07'),
(42, 104, 0, 1, NULL, '2020-09-24 12:57:07'),
(42, 105, 0, 1, NULL, '2020-09-24 12:57:07'),
(42, 107, 0, 1, NULL, '2020-09-24 12:57:07'),
(42, 108, 0, 1, NULL, '2020-09-24 12:57:07'),
(42, 109, 0, 1, NULL, '2020-09-24 12:57:07'),
(42, 113, 0, 1, NULL, '2020-09-24 12:57:07'),
(42, 114, 0, 1, NULL, '2020-09-24 12:57:07'),
(52, 1, 0, 1, NULL, '2020-09-24 12:57:07'),
(52, 13, 0, 1, NULL, '2020-09-24 12:57:07'),
(52, 86, 0, 1, NULL, '2020-09-24 12:57:07'),
(52, 94, 0, 1, NULL, '2020-09-24 12:57:07'),
(52, 95, 0, 1, NULL, '2020-09-24 12:57:07'),
(52, 96, 0, 1, NULL, '2020-09-24 12:57:07'),
(52, 97, 0, 1, NULL, '2020-09-24 12:57:07'),
(52, 106, 0, 1, NULL, '2020-09-24 12:57:07'),
(52, 110, 0, 1, NULL, '2020-09-24 12:57:07'),
(52, 115, 0, 1, NULL, '2020-09-24 12:57:07'),
(52, 120, 0, 1, NULL, '2020-09-24 12:57:07');

INSERT INTO `ima_game_dependency` (`Game_ID`, `Resource_ID`, `Order`, `Active`, `Checksum`, `Last_Edit`) VALUES
(3, 1, 1, 1, NULL, '2020-09-24 12:57:07'),
(3, 2, 2, 1, NULL, '2020-09-24 12:57:07'),
(5, 1, 1, 1, NULL, '2020-09-24 12:57:07'),
(5, 2, 2, 1, NULL, '2020-09-24 12:57:07'),
(8, 1, 1, 1, NULL, '2020-09-24 12:57:07'),
(8, 2, 2, 1, NULL, '2020-09-24 12:57:07'),
(18, 1, 1, 1, NULL, '2020-09-24 12:57:07'),
(18, 2, 2, 1, NULL, '2020-09-24 12:57:07'),
(20, 2, 2, 1, NULL, '2020-09-24 12:57:07'),
(20, 8, 1, 1, NULL, '2020-09-24 12:57:07'),
(22, 1, 1, 1, NULL, '2020-09-24 12:57:07'),
(22, 2, 2, 1, NULL, '2020-09-24 12:57:07'),
(24, 1, 1, 1, NULL, '2020-09-24 12:57:07'),
(24, 2, 2, 1, NULL, '2020-09-24 12:57:07'),
(25, 1, 1, 1, NULL, '2020-09-24 12:57:07'),
(25, 2, 2, 1, NULL, '2020-09-24 12:57:07'),
(32, 1, 1, 1, NULL, '2020-09-24 12:57:07'),
(32, 2, 2, 1, NULL, '2020-09-24 12:57:07'),
(36, 1, 1, 1, NULL, '2020-09-24 12:57:07'),
(36, 2, 2, 1, NULL, '2020-09-24 12:57:07'),
(37, 1, 1, 1, NULL, '2020-09-24 12:57:07'),
(37, 2, 2, 1, NULL, '2020-09-24 12:57:07'),
(39, 1, 1, 1, NULL, '2020-09-24 12:57:07'),
(39, 2, 2, 1, NULL, '2020-09-24 12:57:07'),
(40, 1, 1, 1, NULL, '2020-09-24 12:57:07'),
(40, 2, 2, 1, NULL, '2020-09-24 12:57:07'),
(41, 1, 1, 1, NULL, '2020-09-24 12:57:07'),
(41, 2, 2, 1, NULL, '2020-09-24 12:57:07'),
(42, 1, 1, 1, NULL, '2020-09-24 12:57:07'),
(42, 2, 2, 1, NULL, '2020-09-24 12:57:07'),
(42, 3, 3, 1, NULL, '2020-09-24 12:57:07'),
(42, 10, 5, 1, NULL, '2020-09-24 12:57:07'),
(42, 11, 4, 1, NULL, '2020-09-24 12:57:07'),
(52, 1, 1, 1, NULL, '2020-09-24 12:57:07'),
(52, 2, 2, 1, NULL, '2020-09-24 12:57:07');

--
INSERT INTO `ima_game_resource` (`Resource_ID`, `Name`, `Resource_URL`, `Type`, `Version`, `Active`, `Last_Edit`) VALUES
(1, 'ENVIRONMENT', 'GameEnvironment', 'Scene', 21, 1, CURRENT_TIMESTAMP),
(2, 'GUI', 'GameMenu', 'Scene', 22, 1, CURRENT_TIMESTAMP),
(3, 'LOADER', 'Loader', 'Scene', 13, 1, CURRENT_TIMESTAMP),
(6, 'elements', 'Element_Res', 'Resource', 13, 1, CURRENT_TIMESTAMP),
(7, 'pictures', 'Pictures_Res', 'Resource', 13, 1, CURRENT_TIMESTAMP),
(8, 'SMENVIRONMENT', 'SmartMarketEnvironment', 'Scene', 12, 1, CURRENT_TIMESTAMP),
(9, 'KIDSENVIRONMENT', 'KidsEnvironment', 'Scene', 11, 1, CURRENT_TIMESTAMP),
(10, 'KIDSMENU', 'GameMenu', 'Scene', 11, 1, CURRENT_TIMESTAMP),
(11, 'VOID_ENVIRONMENT', 'VoidEnvironment', 'Scene', 1, 1, CURRENT_TIMESTAMP),
(12, 'GUI', 'GameMenuCognitive', 'Scene', 22, 1, CURRENT_TIMESTAMP);

INSERT INTO `ima_game_parameter_value` (`Parameter_ID`, `Value`, `Label`, `Description`, `Default`, `Order`, `Active`, `Checksum`, `Last_Edit`) VALUES
(1, '120', '2 minutes', NULL, 0, 2, 1, NULL, '2016-03-04 10:47:33'),
(1, '180', '3 minutes', NULL, 0, 3, 1, NULL, '2016-03-04 10:47:33'),
(1, '240', '4 minutes', NULL, 0, 4, 1, NULL, '2016-03-04 10:47:33'),
(1, '300', '5 minutes', NULL, 0, 5, 1, NULL, '2016-03-04 10:47:33'),
(1, '60', '1 minute', NULL, 1, 1, 1, NULL, '2016-03-04 10:47:33'),
(2, 'very fast', 'fast', NULL, 0, 3, 1, NULL, '2016-03-04 10:47:33'),
(2, 'fast', 'medium', NULL, 1, 2, 1, NULL, '2016-03-04 10:47:33'),
(2, 'medium', 'slow', NULL, 0, 1, 1, NULL, '2016-03-04 10:48:06'),
(3, 'medium', 'few', NULL, 0, 1, 1, NULL, '2016-03-04 10:47:33'),
(3, 'a lot', 'many', NULL, 0, 3, 1, NULL, '2016-03-04 10:47:33'),
(3, 'many', 'medium', NULL, 1, 2, 1, NULL, '2016-03-04 10:47:33'),
(4, '10% bees', '10% bees', NULL, 0, 1, 1, NULL, '2016-03-04 10:47:33'),
(4, '30% bees', '30% bees', NULL, 1, 2, 1, NULL, '2016-03-04 10:47:33'),
(4, '50% bees', '50% bees', NULL, 0, 3, 1, NULL, '2016-03-04 10:47:33'),
(4, 'no bees', 'no bees', NULL, 0, 0, 1, NULL, '2016-03-04 10:47:33'),
(5, '2(right,left)', 'right vs left', NULL, 0, 1, 1, NULL, '2016-03-04 10:48:54'),
(5, '2(upper,lower)', 'upper vs lower', NULL, 0, 2, 1, NULL, '2016-03-04 10:49:01'),
(5, '4(right,left,upper,lower)', 'all 4 positions', NULL, 1, 3, 1, NULL, '2016-03-04 10:51:02'),
(6, 'big space', 'big spaces', NULL, 1, 1, 1, NULL, '2016-03-04 10:50:16'),
(6, 'small space', 'small spaces', NULL, 0, 2, 1, NULL, '2016-03-04 10:50:18'),
(8, 'all', 'all', NULL, 1, 3, 1, NULL, '2016-03-04 10:47:33'),
(8, 'half far', 'half far', NULL, 0, 2, 1, NULL, '2016-03-04 10:47:33'),
(8, 'half near', 'half near', NULL, 0, 1, 1, NULL, '2016-03-04 10:47:33'),
(9, 'large', 'large', NULL, 0, 3, 1, NULL, '2016-03-04 10:47:33'),
(9, 'medium', 'medium', NULL, 1, 2, 1, NULL, '2016-03-04 10:47:33'),
(9, 'small', 'small', NULL, 0, 1, 1, NULL, '2016-03-04 10:47:33'),
(10, 'very fast', 'fast', NULL, 0, 3, 1, NULL, '2016-03-04 10:47:33'),
(10, 'fast', 'medium', NULL, 1, 2, 1, NULL, '2016-03-04 10:47:33'),
(10, 'medium', 'slow', NULL, 0, 1, 1, NULL, '2016-03-04 10:47:33'),
(11, '10% engines', '10% gears', NULL, 0, 1, 1, NULL, '2016-03-04 10:50:30'),
(11, '30% engines', '30% gears', NULL, 1, 2, 1, NULL, '2016-03-04 10:50:35'),
(11, '50% engines', '50% gears', NULL, 0, 3, 1, NULL, '2016-03-04 10:50:38'),
(11, 'no engines', 'no gears', NULL, 0, 0, 1, NULL, '2016-03-04 10:50:30'),
(12, 'left', 'left', NULL, 0, 2, 1, NULL, '2016-03-04 10:50:35'),
(12, 'preferred', 'preferred', NULL, 1, 3, 1, NULL, '2016-03-04 10:50:35'),
(12, 'right', 'right', NULL, 0, 1, 1, NULL, '2016-03-04 10:50:30'),
(13, 'sitting', 'sitting', NULL, 0, 2, 1, NULL, '2016-03-04 10:50:38'),
(13, 'standing', 'standing', NULL, 1, 1, 1, NULL, '2016-03-04 10:50:38'),
(43, '10%', '10%', NULL, 1, 1, 1, NULL, '2020-09-24 12:57:07'),
(43, '20%', '20%', NULL, 0, 2, 1, NULL, '2020-09-24 12:57:07'),
(43, '50%', '50%', NULL, 0, 3, 1, NULL, '2020-09-24 12:57:07'),
(43, 'none', 'none', NULL, 0, 0, 1, NULL, '2020-09-24 12:57:07'),
(44, 'autumn', 'autumn', NULL, 1, 5, 1, NULL, '2020-09-24 12:57:07'),
(44, 'random', 'random', NULL, 1, 1, 1, NULL, '2020-09-24 12:57:07'),
(44, 'spring', 'spring', NULL, 1, 3, 1, NULL, '2020-09-24 12:57:07'),
(44, 'summer', 'summer', NULL, 1, 4, 1, NULL, '2020-09-24 12:57:07'),
(44, 'winter', 'winter', NULL, 1, 2, 1, NULL, '2020-09-24 12:57:07'),
(45, 'animated', 'animated', NULL, 1, 3, 1, NULL, '2020-09-24 12:57:07'),
(45, 'fixed', 'fixed', NULL, 1, 2, 1, NULL, '2020-09-24 12:57:07'),
(45, 'none', 'none', NULL, 1, 1, 1, NULL, '2020-09-24 12:57:07'),
(47, 'medium', 'few', NULL, 0, 1, 1, NULL, '2016-03-04 10:47:33'),
(47, 'a lot', 'many', NULL, 0, 3, 1, NULL, '2016-03-04 10:47:33'),
(47, 'many', 'medium', NULL, 1, 2, 1, NULL, '2016-03-04 10:47:33'),
(48, 'no', 'no', NULL, 1, 2, 1, NULL, '2016-03-04 10:47:33'),
(48, 'yes', 'yes', NULL, 0, 3, 1, NULL, '2016-03-04 10:47:33'),
(50, 'medium', 'few', NULL, 0, 1, 1, NULL, '2016-03-04 10:47:33'),
(50, 'a lot', 'many', NULL, 0, 3, 1, NULL, '2016-03-04 10:47:33'),
(50, 'many', 'medium', NULL, 1, 2, 1, NULL, '2016-03-04 10:47:33'),
(51, 'very fast', 'fast', NULL, 0, 3, 1, NULL, '2016-03-04 10:47:33'),
(51, 'fast', 'medium', NULL, 1, 2, 1, NULL, '2016-03-04 10:47:33'),
(51, 'medium', 'slow', NULL, 0, 1, 1, NULL, '2016-03-04 10:48:06'),
(52, 'large', 'large', NULL, 0, 3, 1, NULL, '2016-03-04 10:47:33'),
(52, 'medium', 'medium', NULL, 1, 2, 1, NULL, '2016-03-04 10:47:33'),
(52, 'small', 'small', NULL, 0, 1, 1, NULL, '2016-03-04 10:47:33'),
(53, '10%', '10% balls', NULL, 0, 1, 1, NULL, '2016-03-04 10:50:30'),
(53, '30%', '30% balls', NULL, 1, 2, 1, NULL, '2016-03-04 10:50:35'),
(53, '50%', '50% balls', NULL, 0, 3, 1, NULL, '2016-03-04 10:50:38'),
(53, 'none', 'no balls', NULL, 0, 0, 1, NULL, '2016-03-04 10:50:30'),
(55, 'no', 'no', NULL, 1, 2, 1, NULL, '2016-03-04 10:47:33'),
(55, 'yes', 'yes', NULL, 0, 3, 1, NULL, '2016-03-04 10:47:33'),
(60, 'fast', 'fast', NULL, 0, 3, 1, NULL, '2016-03-04 10:47:33'),
(60, 'medium', 'medium', NULL, 1, 2, 1, NULL, '2016-03-04 10:47:33'),
(60, 'very slow', 'slow', NULL, 0, 1, 1, NULL, '2016-03-04 10:48:06'),
(61, '10% bees', '10% jellyfish', NULL, 0, 1, 1, NULL, '2016-03-04 10:47:33'),
(61, '30% bees', '30% jellyfish', NULL, 1, 2, 1, NULL, '2016-03-04 10:47:33'),
(61, '50% bees', '50% jellyfish', NULL, 0, 3, 1, NULL, '2016-03-04 10:47:33'),
(61, 'no bees', 'no jellyfish', NULL, 0, 0, 1, NULL, '2016-03-04 10:47:33'),
(63, 'fast', 'fast', NULL, 0, 3, 1, NULL, '2016-03-04 10:47:33'),
(63, 'medium', 'medium', NULL, 1, 2, 1, NULL, '2016-03-04 10:47:33'),
(63, 'very slow', 'slow', NULL, 0, 1, 1, NULL, '2016-03-04 10:48:06'),
(64, '10% bees', '10% meteorites', NULL, 0, 1, 1, NULL, '2016-03-04 10:47:33'),
(64, '30% bees', '30% meteorites', NULL, 1, 2, 1, NULL, '2016-03-04 10:47:33'),
(64, '50% bees', '50% meteorites', NULL, 0, 3, 1, NULL, '2016-03-04 10:47:33'),
(64, 'no bees', 'no meteorites', NULL, 0, 0, 1, NULL, '2016-03-04 10:47:33'),
(65, 'fast', 'fast', NULL, 0, 3, 1, NULL, '2016-03-04 10:47:33'),
(65, 'medium', 'medium', NULL, 1, 2, 1, NULL, '2016-03-04 10:47:33'),
(65, 'very slow', 'slow', NULL, 0, 1, 1, NULL, '2016-03-04 10:48:06'),
(69, 'all', 'all', NULL, 1, 3, 1, NULL, '2020-09-24 12:57:07'),
(69, 'half far', 'half far', NULL, 0, 2, 1, NULL, '2020-09-24 12:57:07'),
(69, 'half near', 'half near', NULL, 0, 1, 1, NULL, '2020-09-24 12:57:07'),
(70, 'large', 'large', NULL, 0, 3, 1, NULL, '2020-09-24 12:57:07'),
(70, 'medium', 'medium', NULL, 1, 2, 1, NULL, '2020-09-24 12:57:07'),
(70, 'small', 'small', NULL, 0, 1, 1, NULL, '2020-09-24 12:57:07'),
(71, 'max', 'fast', NULL, 0, 3, 1, NULL, '2020-09-24 12:57:07'),
(71, 'very fast', 'medium', NULL, 1, 2, 1, NULL, '2020-09-24 12:57:07'),
(71, 'fast', 'slow', NULL, 0, 1, 1, NULL, '2020-09-24 12:57:07'),
(72, 'medium', 'few', NULL, 0, 1, 1, NULL, '2020-09-24 12:57:07'),
(72, 'a lot', 'many', NULL, 0, 3, 1, NULL, '2020-09-24 12:57:07'),
(72, 'many', 'medium', NULL, 1, 2, 1, NULL, '2020-09-24 12:57:07'),
(75, 'few', 'few', NULL, 0, 1, 1, NULL, '2020-09-24 12:57:07'),
(75, 'lots', 'a lots', NULL, 0, 4, 1, NULL, '2020-09-24 12:57:07'),
(75, 'many', 'many', NULL, 0, 3, 1, NULL, '2020-09-24 12:57:07'),
(75, 'medium', 'medium', NULL, 1, 2, 1, NULL, '2020-09-24 12:57:07'),
(75, 'very few', 'very few', NULL, 0, 0, 1, NULL, '2020-09-24 12:57:07'),
(76, 'medium', 'few', NULL, 0, 1, 1, NULL, '2020-09-24 12:57:07'),
(76, 'max', 'a lots', NULL, 0, 4, 1, NULL, '2020-09-24 12:57:07'),
(76, 'more', 'many', NULL, 0, 3, 1, NULL, '2020-09-24 12:57:07'),
(76, 'lots', 'medium', NULL, 1, 2, 1, NULL, '2020-09-24 12:57:07'),
(77, 'large', 'large', NULL, 0, 1, 1, NULL, '2020-09-24 12:57:07'),
(77, 'medium', 'medium', NULL, 1, 2, 1, NULL, '2020-09-24 12:57:07'),
(77, 'small', 'small', NULL, 0, 3, 1, NULL, '2020-09-24 12:57:07'),
(78, 'max', 'fast', NULL, 0, 3, 1, NULL, '2020-09-24 12:57:07'),
(78, 'very fast', 'medium', NULL, 1, 2, 1, NULL, '2020-09-24 12:57:07'),
(78, 'fast', 'slow', NULL, 0, 1, 1, NULL, '2020-09-24 12:57:07'),
(79, 'four', '4', NULL, 0, 4, 1, NULL, '2020-09-24 12:57:07'),
(79, 'one', '1', NULL, 0, 1, 1, NULL, '2020-09-24 12:57:07'),
(79, 'three', '3', NULL, 0, 3, 1, NULL, '2020-09-24 12:57:07'),
(79, 'two', '2', NULL, 1, 2, 1, NULL, '2020-09-24 12:57:07'),
(80, 'few', 'few', NULL, 0, 1, 1, NULL, '2020-09-24 12:57:07'),
(80, 'many', 'many', NULL, 0, 3, 1, NULL, '2020-09-24 12:57:07'),
(80, 'medium', 'medium', NULL, 1, 2, 1, NULL, '2020-09-24 12:57:07'),
(81, 'large', 'large', NULL, 0, 1, 1, NULL, '2020-09-24 12:57:07'),
(81, 'medium', 'medium', NULL, 1, 2, 1, NULL, '2020-09-24 12:57:07'),
(81, 'small', 'small', NULL, 0, 3, 1, NULL, '2020-09-24 12:57:07'),
(82, 'ceres', 'ceres (3%)', NULL, 0, 1, 1, NULL, '2020-09-24 12:57:07'),
(82, 'earth', 'earth (100%)', NULL, 0, 5, 1, NULL, '2020-09-24 12:57:07'),
(82, 'mars', 'mars (38%)', NULL, 0, 4, 1, NULL, '2020-09-24 12:57:07'),
(82, 'moon', 'moon (17%)', NULL, 1, 3, 1, NULL, '2020-09-24 12:57:07'),
(82, 'pluto', 'pluto (7%)', NULL, 0, 2, 1, NULL, '2020-09-24 12:57:07'),
(84, 'yes', 'yes', NULL, 1, 3, 1, NULL, '2020-09-24 12:57:07'),
(85, 'left', 'left', NULL, 0, 2, 1, NULL, '2020-09-24 12:57:07'),
(85, 'preferred', 'preferred', NULL, 1, 3, 1, NULL, '2020-09-24 12:57:07'),
(85, 'right', 'right', NULL, 0, 1, 1, NULL, '2020-09-24 12:57:07'),
(86, 'sitting', 'sitting', NULL, 0, 2, 1, NULL, '2020-09-24 12:57:07'),
(86, 'standing', 'standing', NULL, 1, 1, 1, NULL, '2020-09-24 12:57:07'),
(87, 'no', 'no', NULL, 1, 2, 1, NULL, '2020-09-24 12:57:07'),
(87, 'yes', 'yes', NULL, 0, 3, 1, NULL, '2020-09-24 12:57:07'),
(88, 'yes', 'yes', NULL, 1, 3, 1, NULL, '2020-09-24 12:57:07'),
(89, 'both', 'both', NULL, 0, 4, 1, NULL, '2020-09-24 12:57:07'),
(89, 'left', 'left', NULL, 0, 2, 1, NULL, '2020-09-24 12:57:07'),
(89, 'preferred', 'preferred', NULL, 1, 3, 1, NULL, '2020-09-24 12:57:07'),
(89, 'right', 'right', NULL, 0, 1, 1, NULL, '2020-09-24 12:57:07'),
(90, 'both', 'both', NULL, 0, 4, 1, NULL, '2020-09-24 12:57:07'),
(90, 'left', 'left', NULL, 0, 2, 1, NULL, '2020-09-24 12:57:07'),
(90, 'preferred', 'preferred', NULL, 1, 3, 1, NULL, '2020-09-24 12:57:07'),
(90, 'right', 'right', NULL, 0, 1, 1, NULL, '2020-09-24 12:57:07'),
(91, 'few-front', 'few bins frontly', NULL, 0, 1, 1, NULL, '2020-09-24 12:57:07'),
(91, 'few-lateral', 'few bins laterally', NULL, 0, 2, 1, NULL, '2020-09-24 12:57:07'),
(91, 'many', 'many bins all around', NULL, 0, 4, 1, NULL, '2020-09-24 12:57:07'),
(91, 'medium', 'bins all around', NULL, 1, 3, 1, NULL, '2020-09-24 12:57:07'),
(92, 'max', 'fast', NULL, 0, 3, 1, NULL, '2020-09-24 12:57:07'),
(92, 'very fast', 'medium', NULL, 1, 2, 1, NULL, '2020-09-24 12:57:07'),
(92, 'fast', 'slow', NULL, 0, 1, 1, NULL, '2020-09-24 12:57:07'),
(93, 'large', 'large', NULL, 0, 1, 1, NULL, '2020-09-24 12:57:07'),
(93, 'medium', 'medium', NULL, 1, 2, 1, NULL, '2020-09-24 12:57:07'),
(93, 'small', 'small', NULL, 0, 3, 1, NULL, '2020-09-24 12:57:07'),
(94, 'medium', 'medium area', NULL, 0, 2, 1, NULL, '2020-09-24 12:57:07'),
(94, 'narrow', 'narrow area', NULL, 0, 1, 1, NULL, '2020-09-24 12:57:07'),
(94, 'wide', 'wide area', NULL, 1, 3, 1, NULL, '2020-09-24 12:57:07'),
(95, 'medium', 'medium area', NULL, 0, 2, 1, NULL, '2020-09-24 12:57:07'),
(95, 'narrow', 'narrow area', NULL, 0, 1, 1, NULL, '2020-09-24 12:57:07'),
(95, 'wide', 'wide area', NULL, 1, 3, 1, NULL, '2020-09-24 12:57:07'),
(96, 'both', 'both feet', NULL, 1, 3, 1, NULL, '2020-09-24 12:57:07'),
(96, 'left', 'only left', NULL, 0, 1, 1, NULL, '2020-09-24 12:57:07'),
(96, 'right', 'only right', NULL, 0, 2, 1, NULL, '2020-09-24 12:57:07'),
(97, 'both', 'both feet', NULL, 1, 3, 1, NULL, '2020-09-24 12:57:07'),
(97, 'left', 'only left', NULL, 0, 1, 1, NULL, '2020-09-24 12:57:07'),
(97, 'right', 'only right', NULL, 0, 2, 1, NULL, '2020-09-24 12:57:07'),
(98, 'very fast', 'fast', NULL, 0, 3, 1, NULL, '2020-09-24 12:57:07'),
(98, 'fast', 'medium', NULL, 1, 2, 1, NULL, '2020-09-24 12:57:07'),
(98, 'medium', 'slow', NULL, 0, 1, 1, NULL, '2020-09-24 12:57:07'),
(99, 'back', 'rear holes', NULL, 0, 5, 1, NULL, '2020-09-24 12:57:07'),
(99, 'back+lateral', 'rear and lateral holes', NULL, 0, 6, 1, NULL, '2020-09-24 12:57:07'),
(99, 'back-few', 'central rear holes', NULL, 0, 4, 1, NULL, '2020-09-24 12:57:07'),
(99, 'few', 'central holes', NULL, 0, 8, 1, NULL, '2020-09-24 12:57:07'),
(99, 'few-corners', 'corner holes', NULL, 0, 9, 1, NULL, '2020-09-24 12:57:07'),
(99, 'front', 'frontal holes', NULL, 0, 2, 1, NULL, '2020-09-24 12:57:07'),
(99, 'front+lateral', 'frontal and lateral holes', NULL, 0, 3, 1, NULL, '2020-09-24 12:57:07'),
(99, 'front-few', 'central frontal holes', NULL, 0, 1, 1, NULL, '2020-09-24 12:57:07'),
(99, 'lateral', 'lateral holes', NULL, 0, 7, 1, NULL, '2020-09-24 12:57:07'),
(99, 'many', 'all holes', NULL, 0, 11, 1, NULL, '2020-09-24 12:57:07'),
(99, 'medium', 'central and lateral holes', NULL, 1, 10, 1, NULL, '2020-09-24 12:57:07'),
(100, 'few', 'few distractors', NULL, 0, 2, 1, NULL, '2020-09-24 12:57:07'),
(100, 'many', 'many distractors', NULL, 0, 4, 1, NULL, '2020-09-24 12:57:07'),
(100, 'medium', 'some distractors', NULL, 1, 3, 1, NULL, '2020-09-24 12:57:07'),
(100, 'none', 'no distractors', NULL, 0, 1, 1, NULL, '2020-09-24 12:57:07'),
(101, 'medium', 'long persistency', NULL, 0, 1, 1, NULL, '2020-09-24 12:57:07'),
(101, 'short', 'medium persistency', NULL, 1, 2, 1, NULL, '2020-09-24 12:57:07'),
(101, 'very short', 'short persistency', NULL, 0, 3, 1, NULL, '2020-09-24 12:57:07'),
(102, 'large', 'large size', NULL, 0, 1, 1, NULL, '2020-09-24 12:57:07'),
(102, 'medium', 'medium size', NULL, 1, 2, 1, NULL, '2020-09-24 12:57:07'),
(102, 'small', 'small size', NULL, 0, 3, 1, NULL, '2020-09-24 12:57:07'),
(103, 'high', 'high density', NULL, 0, 3, 1, NULL, '2020-09-24 12:57:07'),
(103, 'low', 'low density', NULL, 0, 1, 1, NULL, '2020-09-24 12:57:07'),
(103, 'max', 'maximum density', NULL, 0, 4, 1, NULL, '2020-09-24 12:57:07'),
(103, 'medium', 'medium density', NULL, 1, 2, 1, NULL, '2020-09-24 12:57:07'),
(104, 'faster', 'fast speed', NULL, 0, 4, 1, NULL, '2020-09-24 12:57:07'),
(104, 'very-fast', 'normal speed', NULL, 1, 3, 1, NULL, '2020-09-24 12:57:07'),
(104, 'fast', 'slow speed', NULL, 0, 2, 1, NULL, '2020-09-24 12:57:07'),
(104, 'max', 'very fast speed', NULL, 0, 5, 1, NULL, '2020-09-24 12:57:07'),
(104, 'normal', 'very slow speed', NULL, 0, 1, 1, NULL, '2020-09-24 12:57:07'),
(105, 'high', 'high density', NULL, 0, 3, 1, NULL, '2020-09-24 12:57:07'),
(105, 'low', 'low density', NULL, 0, 1, 1, NULL, '2020-09-24 12:57:07'),
(105, 'max', 'maximum density', NULL, 0, 4, 1, NULL, '2020-09-24 12:57:07'),
(105, 'medium', 'medium density', NULL, 1, 2, 1, NULL, '2020-09-24 12:57:07'),
(106, 'instant', 'instant disappear', NULL, 1, 1, 1, NULL, '2020-09-24 12:57:07'),
(107, 'squatting', 'yes', NULL, 1, 1, 1, NULL, '2020-09-24 12:57:07'),
(108, 'medium', 'medium', NULL, 0, 3, 1, NULL, '2020-09-24 12:57:07'),
(108, 'mild', 'mild', NULL, 0, 2, 1, NULL, '2020-09-24 12:57:07'),
(108, 'none', 'none', NULL, 1, 1, 1, NULL, '2020-09-24 12:57:07'),
(108, 'strict', 'strict', NULL, 0, 4, 1, NULL, '2020-09-24 12:57:07'),
(109, 'medium', 'medium', NULL, 0, 3, 1, NULL, '2020-09-24 12:57:07'),
(109, 'mild', 'mild', NULL, 0, 2, 1, NULL, '2020-09-24 12:57:07'),
(109, 'none', 'none', NULL, 1, 1, 1, NULL, '2020-09-24 12:57:07'),
(109, 'strict', 'strict', NULL, 0, 4, 1, NULL, '2020-09-24 12:57:07'),
(110, 'medium', 'medium', NULL, 0, 3, 1, NULL, '2020-09-24 12:57:07'),
(110, 'mild', 'mild', NULL, 0, 2, 1, NULL, '2020-09-24 12:57:07'),
(110, 'none', 'none', NULL, 1, 1, 1, NULL, '2020-09-24 12:57:07'),
(110, 'strict', 'strict', NULL, 0, 4, 1, NULL, '2020-09-24 12:57:07'),
(111, 'medium', 'medium', NULL, 0, 3, 1, NULL, '2020-09-24 12:57:07'),
(111, 'mild', 'mild', NULL, 0, 2, 1, NULL, '2020-09-24 12:57:07'),
(111, 'none', 'none', NULL, 1, 1, 1, NULL, '2020-09-24 12:57:07'),
(111, 'strict', 'strict', NULL, 0, 4, 1, NULL, '2020-09-24 12:57:07'),
(112, 'medium', 'medium', NULL, 0, 3, 1, NULL, '2020-09-24 12:57:07'),
(112, 'mild', 'mild', NULL, 0, 2, 1, NULL, '2020-09-24 12:57:07'),
(112, 'none', 'none', NULL, 1, 1, 1, NULL, '2020-09-24 12:57:07'),
(112, 'strict', 'strict', NULL, 0, 4, 1, NULL, '2020-09-24 12:57:07'),
(113, 'medium', 'medium', NULL, 0, 3, 1, NULL, '2020-09-24 12:57:07'),
(113, 'mild', 'mild', NULL, 0, 2, 1, NULL, '2020-09-24 12:57:07'),
(113, 'none', 'none', NULL, 1, 1, 1, NULL, '2020-09-24 12:57:07'),
(113, 'strict', 'strict', NULL, 0, 4, 1, NULL, '2020-09-24 12:57:07'),
(114, 'medium', 'medium', NULL, 0, 3, 1, NULL, '2020-09-24 12:57:07'),
(114, 'mild', 'mild', NULL, 0, 2, 1, NULL, '2020-09-24 12:57:07'),
(114, 'none', 'none', NULL, 1, 1, 1, NULL, '2020-09-24 12:57:07'),
(114, 'strict', 'strict', NULL, 0, 4, 1, NULL, '2020-09-24 12:57:07'),
(115, 'medium', 'medium', NULL, 0, 3, 1, NULL, '2020-09-24 12:57:07'),
(115, 'mild', 'mild', NULL, 0, 2, 1, NULL, '2020-09-24 12:57:07'),
(115, 'none', 'none', NULL, 1, 1, 1, NULL, '2020-09-24 12:57:07'),
(115, 'strict', 'strict', NULL, 0, 4, 1, NULL, '2020-09-24 12:57:07'),
(116, 'medium', 'medium', NULL, 0, 3, 1, NULL, '2020-09-24 12:57:07'),
(116, 'mild', 'mild', NULL, 0, 2, 1, NULL, '2020-09-24 12:57:07'),
(116, 'none', 'none', NULL, 1, 1, 1, NULL, '2020-09-24 12:57:07'),
(116, 'strict', 'strict', NULL, 0, 4, 1, NULL, '2020-09-24 12:57:07'),
(117, 'medium', 'medium', NULL, 0, 3, 1, NULL, '2020-09-24 12:57:07'),
(117, 'mild', 'mild', NULL, 0, 2, 1, NULL, '2020-09-24 12:57:07'),
(117, 'none', 'none', NULL, 1, 1, 1, NULL, '2020-09-24 12:57:07'),
(117, 'strict', 'strict', NULL, 0, 4, 1, NULL, '2020-09-24 12:57:07'),
(120, 'very-fast', 'fast', NULL, 0, 4, 1, NULL, '2020-09-24 12:57:07'),
(120, 'fast', 'normal', NULL, 1, 3, 1, NULL, '2020-09-24 12:57:07'),
(120, 'normal', 'slow', NULL, 0, 2, 1, NULL, '2020-09-24 12:57:07'),
(120, 'max', 'very fast', NULL, 0, 5, 1, NULL, '2020-09-24 12:57:07'),
(120, 'slow', 'very slow', NULL, 0, 1, 1, NULL, '2020-09-24 12:57:07'),
(123, 'disabled', 'disabled', NULL, 1, 1, 1, NULL, '2020-09-24 12:57:07'),
(123, 'every1', 'every 1', NULL, 0, 3, 1, NULL, '2020-09-24 12:57:07'),
(123, 'every2', 'every 2', NULL, 0, 4, 1, NULL, '2020-09-24 12:57:07'),
(123, 'every3', 'every 3', NULL, 0, 5, 1, NULL, '2020-09-24 12:57:07'),
(123, 'every4', 'every 4', NULL, 0, 6, 1, NULL, '2020-09-24 12:57:07'),
(123, 'random', 'random', NULL, 0, 2, 1, NULL, '2020-09-24 12:57:07'),
(124, 'disabled', 'disabled', NULL, 1, 1, 1, NULL, '2020-09-24 12:57:07'),
(124, 'fast', 'fast', NULL, 0, 4, 1, NULL, '2020-09-24 12:57:07'),
(124, 'medium', 'medium', NULL, 0, 3, 1, NULL, '2020-09-24 12:57:07'),
(124, 'slow', 'slow', NULL, 0, 2, 1, NULL, '2020-09-24 12:57:07'),
(126, 'zero', 'none', NULL, 1, 1, 1, NULL, '2020-09-24 12:57:07'),
(127, 'disabled', 'disabled', NULL, 1, 1, 1, NULL, '2020-09-24 12:57:07'),
(127, 'fast', 'fast', NULL, 0, 4, 1, NULL, '2020-09-24 12:57:07'),
(127, 'medium', 'medium', NULL, 0, 3, 1, NULL, '2020-09-24 12:57:07'),
(127, 'slow', 'slow', NULL, 0, 2, 1, NULL, '2020-09-24 12:57:07'),
(128, 'hide', 'hide', NULL, 1, 1, 1, NULL, '2020-09-24 12:57:07'),
(128, 'show', 'show', NULL, 0, 2, 1, NULL, '2020-09-24 12:57:07'),
(129, 'yes', 'yes', NULL, 0, 2, 1, NULL, '2020-09-24 12:57:07');

--
-- Dump dei dati per la tabella `rehab_calibration`
--

INSERT INTO `rehab_calibration` (`Calibration_ID`, `User_ID`, `Calibration_Value`, `Hand`, `Device_ID`,`Last_Edit`) VALUES
(1, 0, '{"x":"-0.2","width":"1.8","y":"0.1","height":"1.8","hand":"right","device":1}', 'right',1,'2015-06-03 15:48:08'),
(2, 0, '{"x":"-0.6","width":"1.8","y":"0.1","height":"1.8","hand":"left","device":1}', 'left',1, '2015-06-03 15:48:08'),
(3, 0, '{"x":"0","width":"1","y":"0","height":"1","hand":"left","device":6}', 'left',6, CURRENT_TIMESTAMP),
(4, 0, '{"x":"0","width":"1","y":"0","height":"1","hand":"right","device":6}', 'right',6, CURRENT_TIMESTAMP);


INSERT INTO `cb_leaderboard` (`Id`, `Title`, `Description`, `UniqueRecords`, `ValueType`, `OrderType`, `AllowAnonymous`) VALUES
(2, 'Bees and flowers', 'Leaderboard for Bees and Flowers', 0, 0, 0, 0),
(4, 'Coloured cans', 'Leaderboard for Coloured cans', 0, 0, 0, 0),
(7, 'Mad Fridge', 'Leaderboard for Mad fridge', 0, 0, 0, 0),
(16, 'Four seasons', 'Leaderboard for four seasons', 0, 0, 0, 0),
(18, 'Rolling fruits', 'Leaderboard for rolling fruits', 0, 0, 0, 0),
(20, 'Jellies and fishes', 'Leaderboard for Jellies and fishes', 0, 0, 0, 0),
(22, 'Meteor and spaceship', 'Leaderboard for Meteor and spaceship', 0, 0, 0, 0),
(23, 'Popping meteor', 'Leaderboard for Popping meteor', 0, 0, 0, 0),
(30, 'Breadbuster', 'Leaderboard for Breadbuster', 0, 0, 0, 0),
(34, 'Squeezer', 'Leaderboard for Squeezer', 0, 0, 0, 0),
(35, 'Fridge shelves', 'Leaderboard for Fridge shelves', 0, 0, 0, 0),
(37, 'Recycling', 'Leaderboard for Recycling', 0, 0, 0, 0),
(38, 'Pedal bin', 'Leaderboard for Pedal bin', 0, 0, 0, 0),
(39, 'Catch-a-Mole', 'Leaderboard for Catch-a-Mole', 0, 0, 0, 0),
(40, 'Hot air balloon', 'Leaderboard for Hot air balloon', 0, 0, 0, 0),
(50, 'Vacuum cleaner', 'Leaderboard for vacuum cleaner', 0, 0, 0, 0);

INSERT INTO `ima_device` (`Device_ID`, `Name`, `Icon_URL`, `Active`) VALUES
(1, 'Kinect', 'icons/kinect.png',1),
(2, 'Touch', 'icons/touch.png',0),
(3, 'Mouse', 'icons/mouse.png',1),
(4, 'Tablet', 'icons/tablet.png',0),
(6, 'Nuitrack', 'icons/nuitrack.png',1);

INSERT INTO `ima_game_device` (`Game_ID`, `Device_ID`, `Active`, `Checksum`, `Last_Edit`) VALUES
(3, 1, 1, NULL, '2020-09-24 12:57:07'),
(3, 2, 1, NULL, '2020-09-24 12:57:07'),
(3, 3, 1, NULL, '2020-09-24 12:57:07'),
(3, 4, 1, NULL, '2020-09-24 12:57:07'),
(3, 6, 1, NULL, '2020-09-24 12:57:07'),
(5, 1, 1, NULL, '2020-09-24 12:57:07'),
(5, 2, 1, NULL, '2020-09-24 12:57:07'),
(5, 3, 1, NULL, '2020-09-24 12:57:07'),
(5, 4, 1, NULL, '2020-09-24 12:57:07'),
(5, 6, 1, NULL, '2020-09-24 12:57:07'),
(8, 1, 1, NULL, '2020-09-24 12:57:07'),
(8, 2, 1, NULL, '2020-09-24 12:57:07'),
(8, 3, 1, NULL, '2020-09-24 12:57:07'),
(8, 4, 1, NULL, '2020-09-24 12:57:07'),
(8, 6, 1, NULL, '2020-09-24 12:57:07'),
(18, 1, 1, NULL, '2020-09-24 12:57:07'),
(18, 2, 1, NULL, '2020-09-24 12:57:07'),
(18, 3, 1, NULL, '2020-09-24 12:57:07'),
(18, 4, 1, NULL, '2020-09-24 12:57:07'),
(18, 6, 1, NULL, '2020-09-24 12:57:07'),
(20, 1, 1, NULL, '2020-09-24 12:57:07'),
(20, 2, 1, NULL, '2020-09-24 12:57:07'),
(20, 3, 1, NULL, '2020-09-24 12:57:07'),
(20, 4, 1, NULL, '2020-09-24 12:57:07'),
(20, 6, 1, NULL, '2020-09-24 12:57:07'),
(22, 1, 1, NULL, '2020-09-24 12:57:07'),
(22, 2, 1, NULL, '2020-09-24 12:57:07'),
(22, 3, 1, NULL, '2020-09-24 12:57:07'),
(22, 4, 1, NULL, '2020-09-24 12:57:07'),
(22, 6, 1, NULL, '2020-09-24 12:57:07'),
(24, 1, 1, NULL, '2020-09-24 12:57:07'),
(24, 2, 1, NULL, '2020-09-24 12:57:07'),
(24, 3, 1, NULL, '2020-09-24 12:57:07'),
(24, 4, 1, NULL, '2020-09-24 12:57:07'),
(24, 6, 1, NULL, '2020-09-24 12:57:07'),
(25, 1, 1, NULL, '2020-09-24 12:57:07'),
(25, 2, 1, NULL, '2020-09-24 12:57:07'),
(25, 3, 1, NULL, '2020-09-24 12:57:07'),
(25, 4, 1, NULL, '2020-09-24 12:57:07'),
(25, 6, 1, NULL, '2020-09-24 12:57:07'),
(32, 1, 1, NULL, '2020-09-24 12:57:07'),
(32, 2, 1, NULL, '2020-09-24 12:57:07'),
(32, 3, 1, NULL, '2020-09-24 12:57:07'),
(32, 4, 1, NULL, '2020-09-24 12:57:07'),
(32, 6, 1, NULL, '2020-09-24 12:57:07'),
(36, 1, 1, NULL, '2020-09-24 12:57:07'),
(36, 4, 1, NULL, '2020-09-24 12:57:07'),
(36, 6, 1, NULL, '2020-09-24 12:57:07'),
(37, 1, 1, NULL, '2020-09-24 12:57:07'),
(37, 4, 1, NULL, '2020-09-24 12:57:07'),
(37, 6, 1, NULL, '2020-09-24 12:57:07'),
(39, 1, 1, NULL, '2020-09-24 12:57:07'),
(39, 2, 1, NULL, '2020-09-24 12:57:07'),
(39, 3, 1, NULL, '2020-09-24 12:57:07'),
(39, 4, 1, NULL, '2020-09-24 12:57:07'),
(39, 6, 1, NULL, '2020-09-24 12:57:07'),
(40, 1, 1, NULL, '2020-09-24 12:57:07'),
(40, 2, 1, NULL, '2020-09-24 12:57:07'),
(40, 3, 1, NULL, '2020-09-24 12:57:07'),
(40, 4, 1, NULL, '2020-09-24 12:57:07'),
(40, 6, 1, NULL, '2020-09-24 12:57:07'),
(41, 1, 1, NULL, '2020-09-24 12:57:07'),
(41, 2, 1, NULL, '2020-09-24 12:57:07'),
(41, 3, 1, NULL, '2020-09-24 12:57:07'),
(41, 4, 1, NULL, '2020-09-24 12:57:07'),
(41, 6, 1, NULL, '2020-09-24 12:57:07'),
(42, 1, 1, NULL, '2020-09-24 12:57:07'),
(42, 3, 1, NULL, '2020-09-24 12:57:07'),
(42, 4, 1, NULL, '2020-09-24 12:57:07'),
(42, 6, 1, NULL, '2020-09-24 12:57:07'),
(52, 1, 1, NULL, '2020-09-24 12:57:07'),
(52, 6, 1, NULL, '2020-09-24 12:57:07');




INSERT INTO `rehab_option` (`Key`, `Value`, `Description`, `Access_Role`, `Type`, `Order`, `Group`, `EditedBy`, `Active`, `Checksum`, `Last_Edit`) VALUES
('azure api key', '', 'API Key for Azure services', 'private', 'string', '0', NULL, NULL, '1', NULL, CURRENT_TIMESTAMP),
('azure endpoint', '', 'Endpoint for Azure services', 'private', 'string', '0', NULL, NULL, '1', NULL, CURRENT_TIMESTAMP),
('azure request uri', '', 'Request URI for Azure services', 'private', 'string', '0', NULL, NULL, '1', NULL, CURRENT_TIMESTAMP);

INSERT INTO `ima_game_output` (`Id`, `Game_ID`, `Name`, `Parameter`, `Description`, `Active`, `Checksum`, `Last_Edit`) VALUES
(1, 3, 'Score', '{final-score}', 'The score of the play.', 1, NULL, '2020-09-24 12:57:07'),
(3, 5, 'Score', '{final-score}', 'The score of the play.', 1, NULL, '2020-09-24 12:57:07'),
(5, 8, 'Score', '{final-score}', 'The score of the play.', 1, NULL, '2020-09-24 12:57:07'),
(14, 18, 'Score', '{final-score}', 'The score of the play.', 1, NULL, '2020-09-24 12:57:07'),
(16, 20, 'Score', '{final-score}', 'The score of the play.', 1, NULL, '2020-09-24 12:57:07'),
(17, 3, 'Accuracy', '({taken-flowers}/{total-flowers}/{2})+({total-bees}-{taken-bees}/{total-bees}/{2})', 'The average between the taken correct objects out of the total ones and the avoided wrong objects out of the total ones.', 1, NULL, '2020-09-24 12:57:07'),
(19, 5, 'Accuracy', '{correct}/({correct}+{wrong})', 'Correct placed cans out of all placed cans.', 1, NULL, '2020-09-24 12:57:07'),
(21, 8, 'Accuracy', '({taken-eggs}/{total-eggs}/{2})+({total-engines}-{taken-engines}/{total-engines}/{2})', 'The average between the taken correct objects out of the total ones and the avoided wrong objects out of the total ones.', 1, NULL, '2020-09-24 12:57:07'),
(30, 18, 'Accuracy', '({taken-correct}/{total-correct}/{2})+({total-wrong}-{taken-wrong}/{total-wrong}/{2})', 'The average between the taken correct objects out of the total ones and the avoided wrong objects out of the total ones.', 1, NULL, '2020-09-24 12:57:07'),
(32, 20, 'Accuracy', '({taken-fruits}/{total-fruits}/{2})+({total-distractors}-{taken-distractors}/{total-distractors}/{2})', 'The average between the taken correct objects out of the total ones and the avoided wrong objects out of the total ones.', 1, NULL, '2020-09-24 12:57:07'),
(33, 3, 'Correct', '{taken-flowers}/({input-parameters.duration}/{60})', 'Total flowers taken by minute.', 1, NULL, '2020-09-24 12:57:07'),
(35, 5, 'Correct', '{correct}/({input-parameters.duration}/{60})', 'The correct placed cans by minute.', 1, NULL, '2020-09-24 12:57:07'),
(37, 8, 'Correct', '{taken-eggs}/({input-parameters.duration}/{60})', 'Total eggs taken by minute.', 1, NULL, '2020-09-24 12:57:07'),
(46, 18, 'Correct', '{taken-correct}/({input-parameters.duration}/{60})', 'The correct taken bubbles by minute.', 1, NULL, '2020-09-24 12:57:07'),
(48, 20, 'Correct', '{taken-fruits}/({input-parameters.duration}/{60})', 'Total fruits taken by minute.', 1, NULL, '2020-09-24 12:57:07'),
(49, 3, 'Wrong', '{taken-bees}/({input-parameters.duration}/{60})', 'Total bees taken by minute.', 1, NULL, '2020-09-24 12:57:07'),
(51, 5, 'Wrong', '{wrong}/({input-parameters.duration}/{60})', 'The wrong placed cans by minute.', 1, NULL, '2020-09-24 12:57:07'),
(53, 8, 'Wrong', '{taken-engines}/({input-parameters.duration}/{60})', 'Total engines taken by minute.', 1, NULL, '2020-09-24 12:57:07'),
(62, 18, 'Wrong', '{taken-wrong}/({input-parameters.duration}/{60})', 'The wrong taken bubbles by minute.', 1, NULL, '2020-09-24 12:57:07'),
(64, 20, 'Wrong', '{taken-distractors}/({input-parameters.duration}/{60})', 'Total distractors taken by minute.', 1, NULL, '2020-09-24 12:57:07'),
(75, 22, 'Score', '{final-score}', 'The score of the play.', 1, NULL, '2020-09-24 12:57:07'),
(76, 22, 'Accuracy', '({taken-flowers}/{total-flowers}/{2})+({total-bees}-{taken-bees}/{total-bees}/{2})', 'The average between the taken correct objects out of the total ones and the avoided wrong objects out of the total ones.', 1, NULL, '2020-09-24 12:57:07'),
(77, 22, 'Correct', '{taken-flowers}/({input-parameters.duration}/{60})', 'Total fish taken by minute.', 1, NULL, '2020-09-24 12:57:07'),
(78, 22, 'Wrong', '{taken-bees}/({input-parameters.duration}/{60})', 'Total jellyfish taken by minute.', 1, NULL, '2020-09-24 12:57:07'),
(83, 24, 'Score', '{final-score}', 'The score of the play.', 1, NULL, '2020-09-24 12:57:07'),
(84, 24, 'Accuracy', '({taken-flowers}/{total-flowers}/{2})+({total-bees}-{taken-bees}/{total-bees}/{2})', 'The average between the taken correct objects out of the total ones and the avoided wrong objects out of the total ones.', 1, NULL, '2020-09-24 12:57:07'),
(85, 24, 'Correct', '{taken-flowers}/({input-parameters.duration}/{60})', 'Total rockets taken by minute.', 1, NULL, '2020-09-24 12:57:07'),
(86, 24, 'Wrong', '{taken-bees}/({input-parameters.duration}/{60})', 'Total meteorites taken by minute.', 1, NULL, '2020-09-24 12:57:07'),
(87, 25, 'Accuracy', '({taken-flowers}/{total-flowers}/{2})+({total-bees}-{taken-bees}/{total-bees}/{2})', 'The average between the taken correct objects out of to the total ones and the avoided wrong objects out of the total ones.', 1, NULL, '2020-09-24 12:57:07'),
(88, 25, 'Score', '{final-score}', 'The score of the play.', 1, NULL, '2020-09-24 12:57:07'),
(89, 25, 'Correct', '{taken-flowers}/({input-parameters.duration}/{60})', 'Total rockets taken by minute.', 1, NULL, '2020-09-24 12:57:07'),
(90, 25, 'Wrong', '{taken-bees}/({input-parameters.duration}/{60})', 'Total meteorites taken by minute.', 1, NULL, '2020-09-24 12:57:07'),
(115, 32, 'Score', '{final-score}', 'The score of the play.', 1, NULL, '2020-09-24 12:57:07'),
(116, 32, 'Accuracy', '({taken-eggs}/{total-eggs}/{2})+({total-engines}-{taken-engines}/{total-engines}/{2})', 'The average between the taken correct objects out of the total ones and the avoided wrong objects out of the total ones.', 1, NULL, '2020-09-24 12:57:07'),
(117, 32, 'Correct', '{taken-eggs}/({input-parameters.duration}/{60})', 'Total debris taken by minute.', 1, NULL, '2020-09-24 12:57:07'),
(118, 32, 'Wrong', '{taken-engines}/({input-parameters.duration}/{60})', 'Total screws taken by minute.', 1, NULL, '2020-09-24 12:57:07'),
(135, 36, 'Score', '{final-score}', 'The score of the play.', 1, NULL, '2020-09-24 12:57:07'),
(136, 37, 'Score', '{final-score}', 'The score of the play.', 1, NULL, '2020-09-24 12:57:07'),
(137, 36, 'Correct', '{oranges}/({input-parameters.duration}/{60})', 'Total oranges squeezed by minute.', 1, NULL, '2020-09-24 12:57:07'),
(138, 37, 'Accuracy', '{correct}/({correct}+{wrong})', 'Correct placed fruits out of all placed fruits.', 1, NULL, '2020-09-24 12:57:07'),
(139, 37, 'Correct', '{correct}/({input-parameters.duration}/{60})', 'Correct placed fruits by minute.', 1, NULL, '2020-09-24 12:57:07'),
(140, 37, 'Wrong', '{wrong}/({input-parameters.duration}/{60})', 'Wrongly placed fruits by minute.', 1, NULL, '2020-09-24 12:57:07'),
(141, 39, 'Score', '{final-score}', 'The score of the play.', 1, NULL, '2020-09-24 12:57:07'),
(142, 39, 'Accuracy', '{correct}/({correct}+{wrong})', 'Correct thrown trash bag.', 1, NULL, '2020-09-24 12:57:07'),
(143, 39, 'Correct', '{correct}/({input-parameters.duration}/{60})', 'The correct thrown trash bag by minute.', 1, NULL, '2020-09-24 12:57:07'),
(144, 39, 'Wrong', '{wrong}/({input-parameters.duration}/{60})', 'The wrongly thrown trash bag by minute.', 1, NULL, '2020-09-24 12:57:07'),
(145, 40, 'Score', '{final-score}', 'The score of the play.', 1, NULL, '2020-09-24 12:57:07'),
(146, 40, 'Accuracy', '{correct}/({correct}+{wrong})', 'Correcly opened trash bin out of total trash bags.', 1, NULL, '2020-09-24 12:57:07'),
(147, 40, 'Correct', '{correct}/({input-parameters.duration}/{60})', 'Correcly opened trash bin by minute.', 1, NULL, '2020-09-24 12:57:07'),
(148, 40, 'Wrong', '{wrong}/({input-parameters.duration}/{60})', 'Missed trash bag by minute.', 1, NULL, '2020-09-24 12:57:07'),
(149, 41, 'Score', '{final-score}', 'The score of the play.', 1, NULL, '2020-09-24 12:57:07'),
(150, 41, 'Accuracy', '({taken-correct}/{total-correct}/{2})+({total-wrong}-{taken-wrong}/{total-wrong}/{2})', 'The average between the taken correct objects out of the total ones and the avoided wrong objects out of the total ones.', 1, NULL, '2020-09-24 12:57:07'),
(151, 41, 'Correct', '{taken-correct}/({input-parameters.duration}/{60})', 'The correctly taken moles by minute.', 1, NULL, '2020-09-24 12:57:07'),
(152, 41, 'Wrong', '{taken-wrong}/({input-parameters.duration}/{60})', 'The wrongly taken carrots by minute.', 1, NULL, '2020-09-24 12:57:07'),
(153, 42, 'Score', '{final-score}', 'The score of the play.', 1, NULL, '2020-09-24 12:57:07'),
(154, 42, 'Accuracy', '({correct-top}+{correct-bottom})/({correct-top}+{wrong-top}+{correct-bottom}+{wrong-bottom})', 'Correcly avoided obstacles out of total obstacles.', 1, NULL, '2020-09-24 12:57:07'),
(155, 42, 'Correct', '({correct-top}+{correct-bottom})/({input-parameters.duration}/{60})', 'The correctly avoided obstacles by minute.', 1, NULL, '2020-09-24 12:57:07'),
(156, 42, 'Wrong', '({wrong-top}+{wrong-bottom})/({input-parameters.duration}/{60})', 'The wrongly hit obstacles by minute.', 1, NULL, '2020-09-24 12:57:07'),
(182, 52, 'Score', '{final-score}', 'The score of the play.', 1, NULL, '2020-09-24 12:57:07'),
(183, 52, 'Accuracy', '{correct}/({correct}+{wrong})', 'Correct actions out of total ones.', 1, NULL, '2020-09-24 12:57:07'),
(184, 52, 'Correct', '{correct}/({input-parameters.duration}/{60})', 'Correct action by minute.', 1, NULL, '2020-09-24 12:57:07'),
(185, 52, 'Wrong', '{wrong}/({input-parameters.duration}/{60})', 'Wrong action by minute.', 1, NULL, '2020-09-24 12:57:07');


INSERT INTO `cb_usergroup` (`Id`, `Name`, `IdOwner`, `Public`, `CustomData`) VALUES
(1, 'All Users', 0, 1, '{}');


INSERT INTO `ima_plan_game` (`Plan_Game_ID`, `Plan_ID`, `Game_ID`, `Parameters`, `Plan_Order`, `Active`, `Last_Edit`) VALUES
(-2, 0, 2, '{}', -50, 1, '2015-05-13 14:01:20'),
(1, 0, 1, '{}', -200, 1, '2015-05-13 14:01:16'),
(2, 0, 2, '{}', -100, 1, '2015-05-13 14:01:20');
INSERT INTO `ima_language`(`Language_ID`, `Eng_Name`, `Lang_Name`, `Resource_URL`) VALUES 
('da','Danish','Dansk','./images/lang/DA.png'),
('de','German','Deutsch','./images/lang/DE.png'),
('el','Greek','ελληνικά','./images/lang/EL.png'),
('en','English','English','./images/lang/EN.png'),
('es','Spanish','español','./images/lang/ES.png'),
('fr','French','Français','./images/lang/FR.png'),
('it','Italian','Italiano','./images/lang/IT.png'),
('no','Norwegian','Norsk','./images/lang/NO.png'),
('pt','Portuguese','Português','./images/lang/PT.png'),
('sv','Swedish','Svenska','./images/lang/SV.png'),
('ro','Romanian','Română','./images/lang/RO.png'),
('zh-CN','Chinese (China)','中文（中国）','./images/lang/ZH-CN.png'),
('zh-TW','Chinese (Taiwan)','中文（台灣）','./images/lang/ZH-TW.png'),
('zh-HK','Chinese (Hong Kong)','中文（香港）','./images/lang/ZH-HK.png');


