-- http://www.phpmyadmin.net
--
-- Versione del server: 5.6.21




--
-- Database: `rehab`
--

--
-- Trigger `ima_log`
--
DROP TRIGGER IF EXISTS `Tokenize_ID_AdminAccont`;
DELIMITER //
CREATE TRIGGER `Tokenize_ID_AdminAccont` BEFORE INSERT ON `cb_adminaccount`
FOR EACH ROW BEGIN
	SET NEW.Id=CONV( SUBSTRING( CAST( MD5( CONCAT( NEW.Username,  '-', DATABASE( ) ) ) AS CHAR ) , 1, 6 ) , 16, 10 );
END
// DELIMITER ;

ALTER TABLE `cb_achievement_user` CHANGE Progress Progress Decimal(6,2);

ALTER TABLE `cb_account` CHANGE Username Username varchar(255);

ALTER TABLE `cb_account` CHANGE Password Password varchar(255);

--
-- Dump dei dati per la tabella `CB_AdminAccount`
--

INSERT INTO `cb_adminaccount` (`Id`, `Username`, `Password`) VALUES
(CONV( SUBSTRING( CAST( MD5( CONCAT(TO_BASE64(AES_ENCRYPT('IMAadmin','[CYPHER]')),  '-', DATABASE( ) ) ) AS CHAR ) , 1, 6 ) , 16, 10 ), TO_BASE64(AES_ENCRYPT('IMAadmin','[CYPHER]')), '991c9a827560a6982b5b8b7cf9beced3');

--
-- Dump dei dati per la tabella `CB_AdminAccount`
--

INSERT INTO `ima_admin_option` (`Admin_ID`, `Option_Key`, `Option_Value`) VALUES
(CONV( SUBSTRING( CAST( MD5( CONCAT( TO_BASE64(AES_ENCRYPT('IMAadmin','[CYPHER]')),  '-', DATABASE( ) ) ) AS CHAR ) , 1, 6 ) , 16, 10 ), 'type', TO_BASE64(AES_ENCRYPT('IMA','[CYPHER]')) ),
(CONV( SUBSTRING( CAST( MD5( CONCAT( TO_BASE64(AES_ENCRYPT('IMAadmin','[CYPHER]')),  '-', DATABASE( ) ) ) AS CHAR ) , 1, 6 ) , 16, 10 ), 'name', TO_BASE64(AES_ENCRYPT('imaginary','[CYPHER]'))),
(CONV( SUBSTRING( CAST( MD5( CONCAT( TO_BASE64(AES_ENCRYPT('IMAadmin','[CYPHER]')),  '-', DATABASE( ) ) ) AS CHAR ) , 1, 6 ) , 16, 10 ), 'surname', TO_BASE64(AES_ENCRYPT('root','[CYPHER]')));


--
-- Dump dei dati per la tabella `IMA_Chart_Game_Template`
--

INSERT INTO `ima_chart_game_template` (`Chart_Template_ID`, `Game_ID`) VALUES
(1, 3),
(1, 4),
(2, 3),
(2, 4),
(2, 5),
(3, 3),
(3, 4),
(3, 5),
(3, 8),
(4, 3),
(4, 4),
(4, 5),
(4, 8),
(5, 3),
(5, 4),
(6, 3),
(6, 4),
(7, 3),
(7, 4),
(7, 5),
(7, 8),
(9, 3),
(226, 4),
(10, 5),
(11, 5),
(13, 2),
(14, 2),
(15, 7),
(16, 7),
(17, 7),
(18, 7),
(19, 7),
(20, 7),
(21, 7),
(69, 10),
(70, 10),
(71, 10),
(16, 10),
(17, 10),
(18, 10),
(19, 10),
(20, 10),
(21, 10),
(22, 8),
(23, 8),
(24, 8),
(25, 8),
(27, 7),
(27, 10),
(28, 3),
(28, 4),
(30, 8),
(32, 0),
(33, 0),
(34, 0),
(35, 0),
(36, 0),
(37, 0),
(38, 0),
(39, 0),
(40, 0),
(41, 0),
(42, 3),
(42, 4),
(43, 3),
(43, 4),
(44, 3),
(44, 4),
(44, 5),
(44, 7),
(44, 10),
(44, 8),
(45, 3),
(45, 4),
(46, 3),
(46, 4),
(47, 3),
(47, 4),
(48, 5),
(49, 5),
(50, 5),
(51, 7),
(52, 7),
(72, 10),
(73, 10),
(74, 10),
(52, 10),
(53, 8),
(54, 8),
(55, 8),
(56, 8),
(57, 8),
(58, 2),
(59, 2),
(60, 7),
(60, 10),
(61, 0),
(62, 3),
(62, 4),
(63, 5),
(64, 7),
(64, 10),
(65, 8),
(66, 2),
(67, 2),
(68, 2),
(44,14),
(44,15),
(44,16),
(44,17),
(84,14),
(84,15),
(84,16),
(84,17),
(85,14),
(85,15),
(85,16),
(85,17),
(86,14),
(86,15),
(86,16),
(86,17),
(88,14),
(87,15),
(87,16),
(87,17),
(90,14),
(89,15),
(89,16),
(89,17),
(91,14),
(91,15),
(91,16),
(91,17),
(92,14),
(92,15),
(92,16),
(92,17),
(93,14),
(93,15),
(93,16),
(93,17),
(94,14),
(94,15),
(94,16),
(94,17),
(96,14),
(95,15),
(95,16),
(95,17),
(98,14),
(100,15),
(103,16),
(106,17),
(2,18),
(3,18),
(4,18),
(7,18),
(44,18),
(45,18),
(114,18),
(115,18),
(116,18),
(118,18),
(119,18),
(122,18),
(123,18),
(124,18),
(125,18),

(3,20),
(4,20),
(44,20),
(126,20),
(127,20),
(128,20),
(129,20),
(130,20),
(131,20),
(132,20),
(133,20),
(134,20),
(135,20),
(140,20),
(144,20),
(148,20),
(44,19),
(152,19),
(153,19),
(154,19),
(155,19),
(156,19),
(157,19),
(159,19),
(160,19),
(161,19),
(162,19),
(163,19),
(164,19),
(165,19),
(166,19),
(167,19),
(168,19),
(169,19),

(2, 21),
(3, 21),
(4, 21),
(7, 21),
(10, 21),
(11, 21),
(44, 21),
(48, 21),
(49, 21),
(50, 21),
(63, 21),
(1, 22),
(2, 22),
(3, 22),
(4, 22),
(5, 22),
(6, 22),
(7, 22),
(9, 22),
(28, 22),
(42, 22),
(43, 22),
(44, 22),
(45, 22),
(46, 22),
(47, 22),
(62, 22),
(1, 23),
(2, 23),
(3, 23),
(4, 23),
(5, 23),
(6, 23),
(7, 23),
(226, 23),
(28, 23),
(42, 23),
(43, 23),
(44, 23),
(45, 23),
(46, 23),
(47, 23),
(62, 23),
(1, 24),
(2, 24),
(3, 24),
(4, 24),
(5, 24),
(6, 24),
(7, 24),
(9, 24),
(28, 24),
(42, 24),
(43, 24),
(44, 24),
(45, 24),
(46, 24),
(47, 24),
(62, 24),
(1, 25),
(2, 25),
(3, 25),
(4, 25),
(5, 25),
(6, 25),
(7, 25),
(226, 25),
(28, 25),
(42, 25),
(43, 25),
(44, 25),
(45, 25),
(46, 25),
(47, 25),
(62, 25),
(15, 26),
(16, 26),
(17, 26),
(18, 26),
(19, 26),
(20, 26),
(21, 26),
(27, 26),
(44, 26),
(51, 26),
(52, 26),
(60, 26),
(64, 26),
(15, 28),
(16, 28),
(17, 28),
(18, 28),
(19, 28),
(20, 28),
(21, 28),
(27, 28),
(44, 28),
(51, 28),
(52, 28),
(60, 28),
(64, 28),
(2, 30),
(2, 31),
(2, 32),
(3, 30),
(3, 31),
(3, 32),
(4, 30),
(4, 31),
(4, 32),
(7, 30),
(7, 31),
(7, 32),
(10, 30),
(10, 31),
(11, 30),
(11, 31),
(44, 30),
(44, 31),
(44, 32),
(45, 30),
(45, 31),
(45, 32),
(48, 30),
(49, 30),
(50, 30),
(48, 31),
(49, 31),
(50, 31),
(63, 30),
(63, 31),
(22, 32),
(23, 32),
(30, 32),
(53, 32),
(54, 32),
(65, 32),
(171, 32),
(172, 32),
(173, 32),
(2,  33),
(3,  33),
(4,  33),
(7,  33),
(44, 33),
(45, 33),
(114,33),
(115,33),
(116,33),
(118,33),
(119,33),
(122,33),
(123,33),
(124,33),
(125,33),

(1,  34),
(2,  34),
(3,  34),
(4,  34),
(5,  34),
(6,  34),
(7,  34),
(9,  34),
(28, 34),
(42, 34),
(43, 34),
(44, 34),
(45, 34),
(46, 34),
(47, 34),
(62, 34),

(16, 35),
(18, 35),
(19, 35),
(20, 35),
(21, 35),
(44, 35),
(52, 35),
(64, 35),

(174, 35), 
(175, 35), 
(176, 35), 
(177, 35), 
(178, 35), 
(179, 35), 
(180, 35), 
(181, 35), 
(182, 35),

(44, 38),
(152,38),
(153,38),
(154,38),
(155,38),
(156,38),
(157,38),
(159,38),
(160,38),
(161,38),
(162,38),
(163,38),
(164,38),
(165,38),
(166,38),
(167,38),
(168,38),
(169,38),

(3,36),
(4,36),
(44,36),
(183,36),
(184,36),
(185,36),
(186,36),
(187,36),
(188,36),
(189,36),
(190,36),
(191,36),
(192,36),
(193,36),
(194,36),
(195,36),
(196,36),
(197,36),
(199,36),
(3,37),
(4,37),
(10,37),
(44,37),
(48,37),
(185,37),
(186,37),
(187,37),
(188,37),
(189,37),
(190,37),
(193,37),
(194,37),
(195,37),
(198,37),
(200,37),
(201, 3),
(201, 4),
(202, 3),
(202, 4),
(204, 3),
(204, 4),
(206, 3),
(206, 4),

(207, 3),
(207, 4),
(208, 3),
(208, 4),
(209, 3),
(209, 4),
(210, 3),
(210, 4),

(211, 3),
(211, 4),
(212, 3),
(212, 4),

(213,18),
(214,18),
(216,18),
(218,18),
(219,18),
(220,18),
(221,18),
(222,18),
(223,18),
(224,18),

(201, 22),
(202, 22),
(204, 22),
(206, 22),
(207, 22),
(208, 22),
(209, 22),
(210, 22),
(211, 22),
(212, 22),

(201, 23),
(202, 23),
(204, 23),
(206, 23),
(207, 23),
(208, 23),
(209, 23),
(210, 23),
(211, 23),
(212, 23),

(201, 24),
(202, 24),
(204, 24),
(206, 24),
(207, 24),
(208, 24),
(209, 24),
(210, 24),
(211, 24),
(212, 24),

(201, 25),
(202, 25),
(204, 25),
(206, 25),
(207, 25),
(208, 25),
(209, 25),
(210, 25),
(211, 25),
(212, 25),

(3, 39),
(4, 39),
(7, 39),
(44,39),
(3, 40),
(4, 40),
(7, 40),
(44,40),
(227,39),
(267,40),
(228,39),
(228,40),
(229,39),
(268,40),
(231,39),
(231,40),
(232,39),
(232,40),
(233,39),
(233,40),
(234,39),
(234,40),
(235,39),
(235,40),
(236,39),
(236,40),

(3, 41),
(4, 41),
(7, 41),
(44,41),

(237,41), 
(238,41),
(239,41),
(240,41),
(242,41),
(243,41),
(244,41),
(245,41),
(246,41),
(247,41),
(248,41),

(3, 42), 
(4, 42), 
(7, 42), 
(44,42),

(249,42),
(250,42),
(251,42), 
(252,42), 
(253,42), 
(254,42), 
(255,42), 
(256,42), 
(257,42), 
(258,42), 
(259,42),
(260,42),
(261, 2),
(262, 2),

(263, 2),
(264, 2),
(265, 2),
(266, 2),
(269, 3),
(269, 4),
(269, 5),
(269, 7),
(269, 8),
(269,10),
(269,14),
(269,15),
(269,16),
(269,17),
(269,18),
(269,19),
(269,20),
(269,21),
(269,22),
(269,23),
(269,24),
(269,25),
(269,26),
(269,28),
(269,30),
(269,31),
(269,32),
(269,33),
(269,34),
(269,35),
(269,36),
(269,37),
(269,38),
(269,39),
(269,40),
(269,41),
(269,42),

(270, 3),
(270, 4),
(270, 5),
(270, 7),
(270, 8),
(270,10),
(270,14),
(270,15),
(270,16),
(270,17),
(270,18),
(270,19),
(270,20),
(270,21),
(270,22),
(270,23),
(270,24),
(270,25),
(270,26),
(270,28),
(270,30),
(270,31),
(270,32),
(270,33),
(270,34),
(270,35),
(270,36),
(270,37),
(270,38),
(270,39),
(270,40),
(270,41),
(270,42),
(271,0),
(272,0),

(273,0),
(274,0),

(275, 3),
(275, 4),
(275, 5),
(275, 7),
(275, 8),
(275,10),
(275,14),
(275,15),
(275,16),
(275,17),
(275,18),
(275,19),
(275,20),
(275,21),
(275,22),
(275,23),
(275,24),
(275,25),
(275,26),
(275,28),
(275,30),
(275,31),
(275,32),
(275,33),
(275,34),
(275,35),
(275,36),
(275,37),
(275,38),
(275,39),
(275,40),
(275,41),
(275,42),

(276,3),
(276,4),
(276,22),
(276,23),
(276,24),
(276,25),
(276,34),

(277,5),
(277,21),
(277,30),
(277,31),
(277,37),
(277,39),
(277,40),

(278,7),
(278,26),
(278,28),

(279,8),
(279,32),

(280,10),
(280,35),

(281,14),
(281,15),
(281,16),
(281,17),

(282,18),
(282,33),
(282,41),

(283,19),
(283,38),

(284,20),
(285,42),


(286,3),
(286,4),
(286,22),
(286,23),
(286,24),
(286,25),
(286,34),

(287,5),
(287,21),
(287,30),
(287,31),
(287,37),
(287,39),
(287,40),

(288,7),
(288,26),
(288,28),

(289,8),
(289,32),

(290,10),
(290,35),

(291,14),
(291,15),
(291,16),
(291,17),

(292,18),
(292,33),
(292,41),

(293,19),
(293,38),

(294,20),

(295,42),

(296, 3),
(296, 4),
(296, 5),
(296, 7),
(296,10),
(296,14),
(296,15),
(296,16),
(296,17),
(296,18),
(296,19),
(296,20),
(296,21),
(296,22),
(296,23),
(296,24),
(296,25),
(296,26),
(296,28),
(296,30),
(296,31),
(296,33),
(296,34),
(296,35),
(296,38),

(297, 3),
(297, 4),
(297, 5),
(297, 7),
(297, 8),
(297,10),
(297,14),
(297,15),
(297,16),
(297,17),
(297,18),
(297,19),
(297,20),
(297,21),
(297,22),
(297,23),
(297,24),
(297,25),
(297,26),
(297,28),
(297,30),
(297,31),
(297,32),
(297,33),
(297,34),
(297,35),
(297,38),

(298, 3),
(298, 4),
(298, 5),
(298, 7),
(298, 8),
(298,10),
(298,14),
(298,15),
(298,16),
(298,17),
(298,18),
(298,19),
(298,20),
(298,21),
(298,22),
(298,23),
(298,24),
(298,25),
(298,26),
(298,28),
(298,30),
(298,31),
(298,32),
(298,33),
(298,34),
(298,35),
(298,38),
(298,39),
(298,40),
(298,41),
(298,42),

(299, 3),
(299, 4),
(299, 5),
(299, 7),
(299, 8),
(299,10),
(299,14),
(299,15),
(299,16),
(299,17),
(299,18),
(299,19),
(299,20),
(299,21),
(299,22),
(299,23),
(299,24),
(299,25),
(299,26),
(299,28),
(299,30),
(299,31),
(299,32),
(299,33),
(299,34),
(299,35),
(299,36),
(299,37),
(299,38),
(299,39),
(299,40),
(299,41),
(299,42),

(300, 3),
(300, 4),
(300, 5),
(300, 7),
(300, 8),
(300,10),
(300,14),
(300,15),
(300,16),
(300,17),
(300,18),
(300,19),
(300,20),
(300,21),
(300,22),
(300,23),
(300,24),
(300,25),
(300,26),
(300,28),
(300,30),
(300,31),
(300,32),
(300,33),
(300,34),
(300,35),
(300,36),
(300,37),
(300,38),
(300,39),
(300,40),
(300,41),

(301, 3),
(301, 4),
(301, 5),
(301, 7),
(301, 8),
(301,10),
(301,14),
(301,15),
(301,16),
(301,17),
(301,18),
(301,19),
(301,20),
(301,21),
(301,22),
(301,23),
(301,24),
(301,25),
(301,26),
(301,28),
(301,30),
(301,31),
(301,32),
(301,33),
(301,34),
(301,35),
(301,36),
(301,37),
(301,38),
(301,39),
(301,40),
(301,41),

(44, 43),
(44, 52),
(44, 53),

(3, 43),
(3, 52),
(3, 53),

(4, 43),
(4, 52),
(4, 53),

(302,43),
(303,43),

(304,52),
(304,53),

(305,52),
(305,53),

(306,52),
(306,53),

(307,52),
(307,53),

(308,52),
(308,53),

(309,52),
(309,53),
(44, 44),
(3, 44),
(4, 44),
(44, 54),
(3, 54),
(4, 54),
(310,44),
(310,54),
(312,44),

-- ima_chart_template 311 dentro a Cardio_new_games.sql
(311,54),
(313,44),
(313,54),
(314,44),

(315,44),
(315,54),
(316,54),
(317,44),

(318,43),
(319,52),
(319,53),
(320,52),
(320,53),

(321,52),
(321,53),

(322,52),
(322,53),
(323,44),
(323,54),

-- ima_chart_template 324 dentro a Cardio_new_games.sql
(324,54),
(325,44),

(326,44),
(326,54),

(327,43),
(328,52),
(328,53),
(329,44),
(330,54),

(269, 43),
(269, 44),
(269, 52),
(269, 53),
(269, 54),

(270, 43),
(270, 44),
(270, 52),
(270, 53),
(270, 54),

(275, 43),
(275, 44),
(275, 52),
(275, 53),
(275, 54),

(300, 43),
(300, 44),
(300, 52),
(300, 53),
(300, 54),

(301, 43),
(301, 44),
(301, 52),
(301, 53),
(301, 54),

(299, 44),
(299, 54),

(277,52),
(277,53),

(287,52),
(287,53),

(331,44),
(332,54),
(333,44),
(334,54);

INSERT INTO `ima_chart_template` (`Chart_Template_ID`, `Type_ID`, `Name`, `Title`, `Resource_URL`, `Description`, `Session_Bound`, `Optional`, `Display_Order`, `Active`, `Last_Edit`) VALUES
(1, 5, 'taken-flowers', 'Correct objects', NULL, 'This chart shows how many correct objects were taken and how many were missed in % and in absolute value in brackets.', 1, 0, 0, 1, CURRENT_TIMESTAMP),
(2, 10, 'areaChart', 'Score per quadrant', NULL, 'This chart shows the score collected in the 4 quadrants of the screen, considering that objects are distributed equally over space', 1, 1, 0, 1, CURRENT_TIMESTAMP),
(3, 2, 'scoreintime', 'Partial score', NULL, 'Score obtained every 5 seconds', 1, 0, 0, 0, CURRENT_TIMESTAMP),
(4, 2, 'scoreintimeacc', 'Score over time', NULL, 'This chart shows how the score changed over time ', 1, 0, 0, 0, CURRENT_TIMESTAMP),
(5, 3, 'taken-flowers-gauge', 'Correct objects ', NULL, '', 1, 0, 0, 0, CURRENT_TIMESTAMP),
(6, 5, 'avoided-bees', 'Wrong objects ', NULL, 'This chart shows how many wrong objects were avoided and how many were taken in % and in absolute value in brackets.', 1, 0, 0, 1, CURRENT_TIMESTAMP),
(7, 4, 'score', 'Score', NULL, 'This is the final score obtained in the game', 1, 0, 0, 0, CURRENT_TIMESTAMP),
(9, 10, 'takenflowers', 'Objects per quadrant', NULL, 'This chart shows how many correct and wrong objects were taken in % and in absolute value in every quandrant.', 1, 1, 0, 1, CURRENT_TIMESTAMP),
(10, 5, 'correct-cans', 'Placed objects', NULL, 'This chart shows how many correct and wrong objects were placed in % and in absolute value in brackets.', 1, 0, 0, 1, CURRENT_TIMESTAMP),
(11, 10, 'correctcans', 'Placed objects per quadrant', NULL, 'This chart shows how many correct and wrong objects were placed in absolute value in every quadrant', 1, 1, 0, 1, CURRENT_TIMESTAMP),
(13, 3, 'calib-verti-extent', 'Vertical extent', NULL, 'This chart shows the vertical extent of movement reached by the user in calibration phase with respect to maximum available (range 0-1)', 1, 0, 1, 1, CURRENT_TIMESTAMP),
(14, 3, 'calib-horz-extent', 'Horizontal extent', NULL, 'This chart shows horizontal extent of movement reached by the user in calibration phase with respect to maximum available (range 0-1)', 1, 0, 2, 1, CURRENT_TIMESTAMP),
(15, 5, 'correct-curves', 'Placed colour', NULL, 'This chart shows how many markers were placed by the user in the right coloured places in % and in absolute value in brackets.  ', 1, 0, 0, 1, CURRENT_TIMESTAMP),
(16, 4, 'out-of-curve', 'Total out of curve', NULL, 'This chart shows the number of times the user went out of the allowed area around the curve in the given time.', 1, 0, 0, 1, CURRENT_TIMESTAMP),
(17, 3, 'taken-stars', 'Taken stars', NULL, '', 1, 0, 0, 0, CURRENT_TIMESTAMP),
(18, 2, 'scoreincurve', 'Score per curve ', NULL, 'This chart shows the score per curve.', 1, 0, 0, 1, CURRENT_TIMESTAMP),
(19, 2, 'scoreincurve', 'Score by curve ', NULL, 'The chart shows how the final score was reached, adding the single scores gained with every curve played in this session', 1, 0, 0, 0, CURRENT_TIMESTAMP),
(20, 2, 'duration', 'Duration of curves', NULL, 'This chart shows the time spent to move along each of the curves played with in this session.', 1, 0, 0, 1, CURRENT_TIMESTAMP),
(21, 2, 'out of curve', 'Out of curve', NULL, 'This chart shows the number of times the user went out of the allowed area around the curve for each played curve.', 1, 0, 0, 1, CURRENT_TIMESTAMP),
(22, 5, 'taken-eggs', 'Correct objects', NULL, 'This chart shows how many correct objects were taken and how many were missed in % and in absolute value in brackets.', 1, 0, 0, 1, CURRENT_TIMESTAMP),
(23, 5, 'taken-gears', 'Wrong objects', NULL, 'This chart shows how many wrong objects were avoided and how many were taken in % and in absolute value in brackets.', 1, 0, 0, 1, CURRENT_TIMESTAMP),
(24, 10, 'scoretarget', 'Score per target zone', NULL, 'This chart shows the score collected in the 5 target zones.', 1, 1, 0, 1, CURRENT_TIMESTAMP),
(25, 10, 'takenEggsByTarget', 'Objects per target zone', NULL, 'This chart shows how many correct and wrong objects were taken by target zone.', 1, 1, 0, 1, CURRENT_TIMESTAMP),
(27, 7, 'takenstart', 'Dots by curve', NULL, 'This chart shows how many dots for each curve were taken and how many were missed.', 1, 0, 0, 1, CURRENT_TIMESTAMP),
(28, 7, 'takenflowers', 'Objects over time', NULL, 'This chart shows how many correct objects were taken and missed and how many wrong objects were taken and avoided every 5 seconds', 1, 0, 0, 1, CURRENT_TIMESTAMP),
(30, 7, 'caughteggs', 'Objects over time', NULL, 'This chart shows how many correct objects were taken and missed and how many wrong objects were taken and avoided every 5 seconds', 1, 0, 0, 1, CURRENT_TIMESTAMP),
(32, 4, 'totalscore', 'Cumulative score', NULL, 'This chart shows the total score of this session: it is the sum of the scores of all played games.', 1, 0, 3, 1, CURRENT_TIMESTAMP),
(33, 2, 'ScorebyGame', 'Score per game', NULL, 'This chart shows the score of each single game in this session.', 1, 0, 5, 1, CURRENT_TIMESTAMP),
(34, 1, 'statusgame', 'Played games', NULL, 'This chart shows how many games were played, not played, halted or abbandoned by the user in this session. ', 1, 0, 1, 1, CURRENT_TIMESTAMP),
(35, 4, 'painlevel ', 'Pain level', NULL, 'This chart shows the declared pain level in this session on a 5 point scale.', 1, 1, 2, 1, CURRENT_TIMESTAMP),
(36, 4, 'totaltime', 'Session total time in minutes', NULL, '', 1, 0, 4, 0, CURRENT_TIMESTAMP),
(37, 2, 'totalGameTimeD', 'Game duration in seconds', NULL, 'This chart shows the effective duration of each single game; in case adding the time the game was paused.', 1, 0, 4, 1, CURRENT_TIMESTAMP),
(38, 2, 'totalGameTime', 'Session time by game in minutes', NULL, '', 1, 0, 4, 0, CURRENT_TIMESTAMP),
(39, 2, 'totalscoreeverytime', 'Sessions scores', NULL, 'This chart shows a performance trend, indicating the total score accumulated in each session. To see the whole period it might be necessary to scroll the horizontal grey bar', 0, 0, 3, 1, CURRENT_TIMESTAMP),
(40, 2, 'globaltotaltime', 'Total sessions time in minutes', NULL, '', 0, 0, 4, 0, CURRENT_TIMESTAMP),
(41, 7, 'globalstatusgame', 'Played games per session ', NULL, 'This chart shows for each session how many games were played, not played, halted or abbandoned by the user.', 0, 0, 1, 1, CURRENT_TIMESTAMP),
(42, 7, 'globalavoided-bees', 'Wrong objects', NULL, 'This chart shows how many wrong objects were avoided and how many were taken per session.', 0, 0, 0, 1, CURRENT_TIMESTAMP),
(43, 7, 'globaltaken-flowers', 'Correct objects', NULL, 'This chart shows how many correct objects were taken and how many were missed per session.', 0, 0, 0, 1, CURRENT_TIMESTAMP),
(44, 2, 'globalscore', 'Score', NULL, 'This chart shows the total score per session.', 0, 0, 0, 1, CURRENT_TIMESTAMP),
(45, 7, 'globalareaChart', 'Score per quadrant', NULL, 'This chart shows the total score per quadrant per session.', 0, 1, 0, 1, CURRENT_TIMESTAMP),
(46, 7, 'globaltakenbees', 'Wrong objects per quadrant', NULL, 'This chart shows how many wrong objects were avoided and how many were taken per quadrant per session.', 0, 0, 0, 1, CURRENT_TIMESTAMP),
(47, 7, 'globaltakenflowers', 'Correct objects per quadrant', NULL, 'This chart shows how many correct objects were taken and how many were missed per quadrant per session.', 0, 0, 0, 1, CURRENT_TIMESTAMP),
(48, 7, 'globalcorrect-cans', 'Placed objects', NULL, 'This chart shows how many correct and wrong objects were placed per session.', 0, 0, 0, 1, CURRENT_TIMESTAMP),
(49, 7, 'globalcorrectcans', 'Correctly placed objects per quadrant', NULL, 'This chart shows how many correct objects were placed per quadrant per session.', 0, 1, 0, 1, CURRENT_TIMESTAMP),
(50, 7, 'globalwrongcans', 'Wrongly placed objects per quadrant', NULL, 'This chart shows how many wrong objects were placed per quadrant per session.', 0, 1, 0, 1, CURRENT_TIMESTAMP),
(51, 7, 'globalcorrect-curves', 'Placed colour', NULL, 'This chart shows how many markers were placed by the user in the right coloured places per session.', 0, 0, 0, 1, CURRENT_TIMESTAMP),
(52, 2, 'globalout-of-curve', 'Out of curve', NULL, 'This chart shows the number of times that the user went out of the allowed area around the curve per session.', 0, 0, 0, 1, CURRENT_TIMESTAMP),
(53, 7, 'global-taken-eggs', 'Correct objects', NULL, 'This chart shows how many correct objects were taken and how many were missed per session.', 0, 0, 0, 1, CURRENT_TIMESTAMP),
(54, 7, 'global-taken-gears', 'Wrong objects', NULL, 'This chart shows how many wrong objects were avoided and how many were taken per session.', 0, 0, 0, 1, CURRENT_TIMESTAMP),
(55, 7, 'global-scoretarget', 'Score per target zone', NULL, 'This chart shows the total score per target zone per session.', 0, 1, 0, 1, CURRENT_TIMESTAMP),
(56, 7, 'global-takenEggsByTarget', 'Correct objects per target zone', NULL, 'This chart shows how many correct objects were taken per target zone per session.', 0, 1, 0, 1, CURRENT_TIMESTAMP),
(57, 7, 'global-takenGearsByTarget', 'Wrong objects per target zone', NULL, 'This chart shows how many wrong objects were taken per target zone per session.', 0, 1, 0, 1, CURRENT_TIMESTAMP),
(58, 8, 'global-calib-right-verti-extent', 'Right hand vertical extent', NULL, 'This chart shows the vertical extent of movement reached by the user in calibration phase with respect to maximum available (value 1)', 0, 1, 0, 1, CURRENT_TIMESTAMP),
(59, 8, 'global-calib-right-horz-extent', 'Right hand horizontal extent', NULL, 'This chart shows the horizontal extent of movement reached by the user in calibration phase with respect to maximum available (value 1)', 0, 1, 0, 1, CURRENT_TIMESTAMP),
(60, 8, 'global-taken-stars', 'Stars', NULL, '', 0, 0, 0, 0, CURRENT_TIMESTAMP),
(61, 2, 'globalpainlevel ', 'Pain level', NULL, 'This chart shows the declared pain level per session on a 5 point scale.', 0, 1, 2, 1, CURRENT_TIMESTAMP),
(62, 11, 'global-parameters-game1', 'Configuration parameters changes', NULL, 'For each session, this chart shows  possible configuration parameters changes compared to previous session configuration.', 0, 0, 0, 1, CURRENT_TIMESTAMP),
(63, 11, 'global-parameters-game2', 'Configuration parameters changes', NULL, 'For each session, this chart shows  possible configuration parameters changes compared to previous session configuration.', 0, 0, 0, 1, CURRENT_TIMESTAMP),
(64, 11, 'global-parameters-game3', 'Configuration parameters changes', NULL, 'For each session, this chart shows  possible configuration parameters changes compared to previous session configuration.', 0, 0, 0, 1, CURRENT_TIMESTAMP),
(65, 11, 'global-parameters-game4', 'Configuration parameters changes', NULL, 'For each session, this chart shows  possible configuration parameters changes compared to previous session configuration.', 0, 0, 0, 1, CURRENT_TIMESTAMP),
(66, 8, 'global-calib-left-verti-extent', 'Left hand vertical extent', NULL, 'This chart shows the vertical extent of movement reached by the user in calibration phase with respect to maximum available (value 1)', 0, 1, 0, 1, CURRENT_TIMESTAMP),
(67, 8, 'global-calib-left-horz-extent', 'Left hand horizontal extent', NULL, 'This chart shows the horizontal extent of movement reached by the user in calibration phase with respect to maximum available (value 1)', 0, 1, 0, 1, CURRENT_TIMESTAMP),
(68, 4, 'calib-hand', 'Calibration hand', NULL, 'This chart shows the hand chosen in the plan configuration phase.', 1, 0, 0, 1, CURRENT_TIMESTAMP),
(69, 5, 'correct-shape-color-curves', 'Shape and colour', NULL, 'This chart shows how many correct shapes were placed on the right colour in % and in absolute value in brackets.', 1, 0, 0, 1, CURRENT_TIMESTAMP),
(70, 5, 'correct-shape-curves', 'Selected shape', NULL, 'This chart shows how many shapes were selected correctly in % and in absolute value in brackets.', 1, 0, 0, 1, CURRENT_TIMESTAMP),
(71, 5, 'correct-color-curves', 'Placed colour', NULL, 'This chart shows how many shapes were placed on the right colour in % and in absolute value in brackets.', 1, 0, 0, 1, CURRENT_TIMESTAMP),
(72, 7, 'globalcorrect-shape-color-curves', 'Shape and colour', NULL, 'This chart shows how many correct shapes were placed on the right colour.', 0, 0, 0, 1, CURRENT_TIMESTAMP),
(73, 7, 'globalcorrect-shape-curves', 'Selected shape', NULL, 'This chart shows how many shapes were selected correctly.', 0, 0, 0, 1, CURRENT_TIMESTAMP),
(74, 7, 'globalcorrect-color-curves', 'Placed colour', NULL, 'This chart shows how many shapes were placed on the right colour.', 0, 0, 0, 1, CURRENT_TIMESTAMP),
(84, 3, 'responseaccuracy', 'Average response accuracy', NULL, 'This chart shows the percentage of correct answers compared to the all provided ones.', 1, 0, 0, 1, CURRENT_TIMESTAMP),
(85, 8, 'globalresponseaccuracy', 'Average response accuracy', NULL, 'This chart shows the percentage of correct answers compared to the all provided ones per session.', 0, 0, 0, 1, CURRENT_TIMESTAMP),
(86, 4, 'average-time', 'Average time', NULL, 'This chart shows the average time spent to complete each stage.', 1, 0, 0, 1, CURRENT_TIMESTAMP),
(87, 5, 'correct-action', 'Action', NULL, 'This chart shows the correct and wrong actions among all stages in % and in absolute value in brackets.', 1, 1, 0, 1, CURRENT_TIMESTAMP),
(88, 1, 'correct-action+empty', 'Selected box', NULL, '', 1, 1, 0, 1, CURRENT_TIMESTAMP),
(89, 7, 'over-stages-correct-action', 'Action', NULL, 'This chart shows the number of correct and wrong actions per stage.', 1, 0, 0, 1, CURRENT_TIMESTAMP),
(90, 7, 'over-stages-correct-action+empty', 'Selected box', NULL, 'This chart shows how many boxes were selected per stage.', 1, 0, 0, 1, CURRENT_TIMESTAMP),
(91, 2, 'over-stages-time', 'Stage time', NULL, 'This chart shows how much time each stage lasts', 1, 0, 0, 1, CURRENT_TIMESTAMP),
(92, 2, 'over-stages-score', 'Stage score', NULL, 'This chart shows the score for each stage.', 1, 0, 0, 1, CURRENT_TIMESTAMP),
(93, 8, 'over-stages-response-accuracy', 'Stage response accuracy', NULL, 'This chart shows the amount of correct answers among all provided ones for each stage.', 1, 0, 0, 1, CURRENT_TIMESTAMP),
(94, 2, 'global-average-time', 'Average time', NULL, 'This chart shows the average time to complete each stage per session.', 0, 0, 0, 1, CURRENT_TIMESTAMP),
(95, 7, 'global-correct-action', 'Action', NULL, 'This chart shows the number of correct and wrong actions per session.', 0, 1, 0, 1, CURRENT_TIMESTAMP),
(96, 7, 'global-correct-action+empty', 'Selected box', NULL, 'This chart shows how many boxes were selected per stage per session.', 0, 1, 0, 1, CURRENT_TIMESTAMP),
(98, 11, 'global-parameters-findit', 'Configuration parameters changes', NULL, 'For each session, this chart shows  possible configuration parameters changes compared to previous session configuration.', 0, 0, 0, 1, CURRENT_TIMESTAMP),
(100, 11, 'global-parameters-matchit', 'Configuration parameters changes', NULL, 'For each session, this chart shows  possible configuration parameters changes compared to previous session configuration.', 0, 0, 0, 1, CURRENT_TIMESTAMP),
(103, 11, 'global-parameters-solveit', 'Configuration parameters changes', NULL, 'For each session, this chart shows  possible configuration parameters changes compared to previous session configuration.', 0, 0, 0, 1, CURRENT_TIMESTAMP),
(106, 11, 'global-parameters-completeit', 'Configuration parameters changes', NULL, 'For each session, this chart shows  possible configuration parameters changes compared to previous session configuration.', 0, 0, 0, 1, CURRENT_TIMESTAMP),
(114, 5, 'taken-correct', 'Correct objects', NULL, 'This chart shows how many correct objects were taken and how many were missed in % and in absolute value in brackets.', 1, 0, 0, 1, CURRENT_TIMESTAMP),
(115, 3, 'taken-correct-gauge', 'Correct objects ', NULL, '', 1, 0, 0, 0, CURRENT_TIMESTAMP),
(116, 5, 'avoided-wrong', 'Wrong objects ', NULL, 'This chart shows how many wrong objects were avoided and how many were taken in % and in absolute value in brackets.', 1, 0, 0, 1, CURRENT_TIMESTAMP),
(118, 10, 'takencorrect', 'Objects per quadrant', NULL, 'This chart shows how many correct and wrong objects were taken in every quadrant.', 1, 1, 0, 1, CURRENT_TIMESTAMP),
(119, 7, 'takencorrect', 'Objects over time', NULL, 'This chart shows how many correct objects were taken and missed and how many wrong objects were taken and avoided every 5 seconds', 1, 0, 0, 1, CURRENT_TIMESTAMP),
(122, 7, 'globaltaken-correct', 'Objects', NULL, 'This chart shows how many correct objects were taken and missed and how many wrong objects were taken and avoided per session.', 0, 0, 0, 1, CURRENT_TIMESTAMP),
(123, 7, 'globaltakenwrong', 'Wrong objects per quadrant', NULL, 'This chart shows how many wrong objects were avoided and how many were taken per quadrant per session.', 0, 0, 0, 1, CURRENT_TIMESTAMP),
(124, 7, 'globaltakencorrect', 'Correct objects per quadrant', NULL, 'This chart shows how many correct objects were taken and how many were missed per quadrant per session.', 0, 0, 0, 1, CURRENT_TIMESTAMP),
(125, 11, 'global-parameters-game-stagioni', 'Configuration parameters changes', NULL, 'For each session, this chart shows  possible configuration parameters changes compared to previous session configuration.', 0, 0, 0, 1, CURRENT_TIMESTAMP),
(126, 5, 'taken-fruits', 'Correct objects', NULL, 'This chart shows how many correct objects were taken and how many were missed in % and in absolute value in brackets.', 1, 0, 0, 1, CURRENT_TIMESTAMP),
(127, 3, 'taken-fruits-gauge', 'Correct objects ', NULL, '', 1, 0, 0, 0, CURRENT_TIMESTAMP),
(128, 5, 'avoided-distractors', 'Wrong objects ', NULL, 'This chart shows how many wrong objects were avoided and how many were taken in % and in absolute value in brackets.', 1, 0, 0, 1, CURRENT_TIMESTAMP),
(129, 7, 'takenfruits', 'Correct objects over time', NULL, 'This chart shows how many correct objects were taken and missed every 5 seconds', 1, 0, 0, 1, CURRENT_TIMESTAMP),
(130, 7, 'avoideddistractorstime', 'Wrong objects over time', NULL, 'This chart shows how many wrong objects were taken and avoided every 5 seconds', 1, 0, 0, 1, CURRENT_TIMESTAMP),
(131, 7, 'globalavoided-distractors', 'Wrong objects', NULL, 'This chart shows how many wrong objects were avoided and how many were taken.', 0, 0, 0, 1, CURRENT_TIMESTAMP),
(132, 7, 'globaltaken-fruits', 'Correct objects', NULL, 'This chart shows how many correct objects were taken and how many were missed.', 0, 0, 0, 1, CURRENT_TIMESTAMP),
(133, 10, 'areaChartSingleLine', 'Score by center distance', NULL, 'This chart shows the score for each zone.', 1, 1, 0, 1, CURRENT_TIMESTAMP),
(134, 7, 'globalareaChart', 'Score by center distance', NULL, 'This chart shows the score for each zone.', 0, 1, 0, 1, CURRENT_TIMESTAMP),
(135, 11, 'global-parameters-game6', 'Configuration parameters changes', NULL, 'For each session, this chart shows  possible configuration parameters changes compared to previous session configuration.', 0, 0, 0, 1, CURRENT_TIMESTAMP),
(140, 10, 'takenFruitsquad', 'Objects by center distance', NULL, 'This chart shows how many correct and wrong objects were taken in each zone.', 1, 0, 0, 1, CURRENT_TIMESTAMP),
(144, 7, 'globalavoidedDistractors', 'Wrong objects', NULL, 'This chart shows how many wrong objects were taken in each zone.', 0, 0, 0, 1, CURRENT_TIMESTAMP),
(148, 7, 'globaltakenFruits', 'Correct objects', NULL, 'This chart shows how many correct objects were taken in each zone.', 0, 0, 0, 1, CURRENT_TIMESTAMP),
(152, 4, 'correct-maze', 'Solved mazes', NULL, 'This chart shows the number of solved mazes.', 1, 0, 0, 1, CURRENT_TIMESTAMP),
(153, 5, 'mazevisited', 'Visited path', NULL, 'This chart shows in % how much of the visited path was correct and how much was wrong.', 1, 0, 0, 1, CURRENT_TIMESTAMP),
(154, 6, 'routefollowed', 'Path followed', NULL, 'The path is divided in dots. This chart shows how many dots were crossed correctly, how many were crossed wrongly, how many were repeated (correctly and wrongly).', 1, 1, 0, 1, CURRENT_TIMESTAMP),
(155, 5, 'routeTime', 'Time spent on right/wrong paths', NULL, 'This chart defines how much time the user spends in the correct path against the time wasted in a wrong path.', 1, 1, 0, 1, CURRENT_TIMESTAMP),
(156, 10, 'routeTimeQuadrants', 'Time spent on right/wrong paths per quadrant', NULL, 'This chart defines how much time the user spends in the correct path against the time wasted in a wrong path per quadrant.', 1, 1, 0, 1, CURRENT_TIMESTAMP),
(157, 10, 'routePathQuadrants', 'Followed path per quadrant', NULL, 'This chart defines how many path segments have been crossed correctly or wrongly per quadrant.', 1, 1, 0, 1, CURRENT_TIMESTAMP),
(159, 7, 'durationmaze', 'Time per maze', NULL, 'This chart shows how much time the user spent in the correct path against the time wasted in a wrong path for each maze.', 1, 1, 0, 1, CURRENT_TIMESTAMP),
(160, 7, 'pathbymaze', 'Path followed per maze', NULL, 'The path is divided in dots. This chart shows for each maze how many dots were crossed correctly, how many were repeated, how many were crossed wrongly compared to the total number of dots of the ideal path.', 1, 0, 0, 1, CURRENT_TIMESTAMP),
(161, 7, 'timebymazeQuadrants', 'Time per quadrant per maze', NULL, 'This chart shows how much time the user spent in each quadrants solving a maze.', 1, 0, 0, 1, CURRENT_TIMESTAMP),
(162, 7, 'pathbymazeQuadrants', 'Path per quadrant per maze', NULL, 'This chart shows, for each quadrant, how many correct/wrong paths were followed to solve a maze.', 1, 0, 0, 1, CURRENT_TIMESTAMP),
(163, 7, 'wrongpathmazequadrants', 'Visited wrong path per quadrant per maze', NULL, 'This chart shows, for each quadrant, how many wrong paths were followed to solve a maze.', 1, 0, 0, 1, CURRENT_TIMESTAMP),
(164, 2, 'globalcorrect-maze', 'Solved mazes', NULL, 'This chart shows the number of solved mazes per session.', 0, 0, 0, 1, CURRENT_TIMESTAMP),
(165, 7, 'globalvisitedpath-maze', 'Path followed', NULL, 'The path is divided in dots. For each session this chart shows how many dots were crossed correctly, how many were crossed wrongly, how many were repeated (correctly and wrongly).', 0, 0, 0, 1, CURRENT_TIMESTAMP),
(166, 7, 'globaltime-maze', 'Time spent on right/wrong paths', NULL, 'This chart defines how much time the user spent in the correct path against the time wasted in a wrong path per session.', 0, 0, 0, 1, CURRENT_TIMESTAMP),
(167, 7, 'globaltimebymazeQuadrants', 'Time spent on right/wrong paths per quadrant', NULL, 'This chart defines how much time the user spent in the correct path against the time wasted in a wrong path per quadrant for each session.', 0, 0, 0, 1, CURRENT_TIMESTAMP),
(168, 7, 'globalpathbymazeQuadrants', 'Followed path per quadrant', NULL, 'This chart defines how many path segments have been crossed correctly or wrongly per quadrant.', 0, 0, 0, 1, CURRENT_TIMESTAMP),
(169, 11, 'global-parameters-game5', 'Configuration parameters changes', NULL, 'For each session, this chart shows  possible configuration parameters changes compared to previous session configuration.', 0, 0, 0, 1, CURRENT_TIMESTAMP),
(171, 10, 'takendirt', 'Objects per quadrant', NULL, 'This chart shows how many correct and wrong objects were taken in every quadrant.', 1, 1, 0, 1, CURRENT_TIMESTAMP),
(172, 7, 'globaltakenscrew', 'Wrong objects per quadrant', NULL, 'This chart shows how many wrong objects were avoided and how many were taken per quadrant per session.', 0, 0, 0, 1, CURRENT_TIMESTAMP),
(173, 7, 'globaltakendirt', 'Correct objects per quadrant', NULL, 'This chart shows how many correct objects were taken and how many were missed per quadrant per session.', 0, 0, 0, 1, CURRENT_TIMESTAMP),
(174, 3, 'taken-runes', 'Taken runes', NULL, '', 1, 0, 0, 0, CURRENT_TIMESTAMP),
(175, 7, 'takenrunes', 'Runes per curve', NULL, 'This chart shows how many symbols were touched moving the objects toward the targets per curve.', 1, 0, 0, 1, CURRENT_TIMESTAMP),
(176, 8, 'global-taken-runes', 'Runes', NULL, '', 0, 0, 0, 0, CURRENT_TIMESTAMP),
(177, 5, 'correct-item-element-curves', 'Objects and targets', NULL, 'This chart shows the percentage (absolute value in brackets) of the correct/wrong objects selected and placed on correct/wrong targets by the user.', 1, 0, 0, 1, CURRENT_TIMESTAMP),
(178, 5, 'correct-item-curves', 'Selected objects', NULL, 'This chart shows the percentage (absolute value in brackets) of the correct/wrong objects selected by the user.', 1, 0, 0, 1, CURRENT_TIMESTAMP),
(179, 5, 'correct-element-curves', 'Chosen targets', NULL, 'This chart shows the percentage (absolute value in brackets) of the correct/wrong targets chosen by the user.', 1, 0, 0, 1, CURRENT_TIMESTAMP),
(180, 7, 'globalcorrect-item-element-curves', 'Objects and targets', NULL, 'This chart shows the number of correct/wrong objects chosen and placed on correct/wrong targets by the user per session.', 0, 0, 0, 1, CURRENT_TIMESTAMP),
(181, 7, 'globalcorrect-item-curves', 'Selected objects', NULL, 'This chart shows the number of the objects selected correctly/wrongly per session.', 0, 0, 0, 1, CURRENT_TIMESTAMP),
(182, 7, 'globalcorrect-element-curves', 'Chosen targets', NULL, 'This chart shows the number of the correct/wrong natural elements chosen by the user per session.', 0, 0, 0, 1, CURRENT_TIMESTAMP),
(183, 4, 'oranges-taken', 'Oranges squeezed', NULL, 'This chart shows the total number of oranges squeezed.', 1, 0, 0, 0, CURRENT_TIMESTAMP),
(184, 4, 'Shelves crossed', 'Levels crossed', NULL, 'This chart shows how many oranges were passed to one lower shelf', 1, 0, 0, 0, CURRENT_TIMESTAMP),
(185, 4, 'angle-average', 'Tilt angle average', NULL, '', 1, 0, 0, 0, CURRENT_TIMESTAMP),
(186, 6, 'angle-changes', 'Tilt (left-right direction) changes', NULL, 'This chart shows how often did the patient tilt right or left.', 1, 0, 0, 1, CURRENT_TIMESTAMP),
(187, 1, 'angle-times', 'Tilt (left-right direction) percentage', NULL, 'This chart shows how much time did the patient spend tilting to the right, to the left or staying centered.', 1, 0, 0, 1, CURRENT_TIMESTAMP),
(188, 7, 'angle-times-timed', 'Tilt (left-right direction) over time', NULL, 'This chart shows how much time did the patient spend tilting to the right, to the left or staying centered every 5 seconds', 1, 0, 0, 0, CURRENT_TIMESTAMP),
(189, 7, 'angle-changes-time', 'Tilt (left-right direction) changes over time', NULL, 'This chart shows how often did the user change tilt direction every 5 seconds.', 1, 0, 0, 0, CURRENT_TIMESTAMP),
(190, 2, 'angle-average-time', 'Tilt angle average', NULL, 'Tilt angle average every 5 seconds.', 1, 0, 0, 0, CURRENT_TIMESTAMP),
(191, 2, 'oranges-taken-time', 'Oranges squeezed', NULL, 'Total number of oranges squeezed every 5 seconds.', 1, 0, 0, 0, CURRENT_TIMESTAMP),
(192, 2, 'shelves-crossed', 'Shelves crossed', NULL, 'Shelves crossed every 5 seconds.', 1, 0, 0, 0, CURRENT_TIMESTAMP),
(193, 7, 'global-angle-times', 'Tilt (left-right direction) percentage', NULL, 'This chart shows how much time did the patient spend tilting to the right, to the left or staying centered per session.', 0, 0, 0, 1, CURRENT_TIMESTAMP),
(194, 2, 'global-angle-changes', 'Tilt (left-right direction) changes', NULL, 'This chart shows how often did the patient tilt right or left per session.', 0, 0, 0, 1, CURRENT_TIMESTAMP),
(195, 2, 'global-angle-average', 'Tilt angle average', NULL, '', 0, 0, 0, 0, CURRENT_TIMESTAMP),
(196, 2, 'global-oranges-taken', 'Oranges squeezed', NULL, 'This chart shows the number of oranges squeezed per session.', 0, 0, 0, 1, CURRENT_TIMESTAMP),
(197, 2, 'global-levels-crossed', 'Levels crossed', NULL, 'This chart shows how many oranges were passed to one lower shelf per session.', 0, 0, 0, 1, CURRENT_TIMESTAMP),
(198, 7, 'fruit-placed', 'Placed objects', NULL, 'This chart shows the total number of objects placed correctly/wrongly every 5 seconds.', 1, 0, 0, 1, CURRENT_TIMESTAMP),
(199, 11, 'global-parameters-game-postural', 'Configuration parameters changes', NULL, 'For each session, this chart shows  possible configuration parameters changes compared to previous session configuration.', 0, 0, 0, 1, CURRENT_TIMESTAMP),
(200, 11, 'global-parameters-game-postural-2', 'Configuration parameters changes', NULL, 'For each session, this chart shows  possible configuration parameters changes compared to previous session configuration.', 0, 0, 0, 1, CURRENT_TIMESTAMP),
(201, 1, 'both-taken-flowers', 'Correct objects per hand', NULL, 'This chart shows how many correct objects were taken per hand.', 1, 1, 0, 1, CURRENT_TIMESTAMP),
(202, 1, 'both-avoided-bees', 'Wrong objects per hand', NULL, 'This chart shows how many wrong objects were taken per hand.', 1, 1, 0, 1, CURRENT_TIMESTAMP),
(204, 10, 'both-takenflowers-right', 'Right hand objects per quadrant', NULL, 'This chart shows how many correct and wrong objects were taken with the right hand per quadrant.', 1, 1, 0, 1, CURRENT_TIMESTAMP),
(206, 10, 'both-takenflowers-left', 'Left hand objects per quadrant', NULL, 'This chart shows how many correct and wrong objects were taken with the left hand per quadrant.', 1, 1, 0, 1, CURRENT_TIMESTAMP),
(207, 7, 'both-takenflowers', 'Correct objects per hand over time', NULL, 'This chart shows how many correct objects were taken and missed per hand every 5 seconds.', 1, 1, 0, 1, CURRENT_TIMESTAMP),
(208, 7, 'both-avoidedbeestime', 'Wrong objects per hand over time', NULL, 'This chart shows how many wrong objects were taken and avoided per hand every 5 seconds.', 1, 1, 0, 1, CURRENT_TIMESTAMP),
(209, 7, 'both-globalavoided-bees', 'Wrong objects per hand', NULL, 'This chart shows how many wrong objects were taken per hand per session.', 0, 1, 0, 1, CURRENT_TIMESTAMP),
(210, 7, 'both-globaltaken-flowers', 'Correct objects per hand', NULL, 'This chart shows how many correct objects were taken per hand per session.', 0, 1, 0, 1, CURRENT_TIMESTAMP),
(211, 7, 'both-globaltakenbees', 'Wrong objects per quadrant per hand', NULL, 'This chart shows how many wrong objects were taken per quadrant per hand for each session.', 0, 1, 0, 1, CURRENT_TIMESTAMP),
(212, 7, 'both-globaltakenflowers', 'Correct objects per quadrant per hand', NULL, 'This chart shows how many correct objects were taken per quadrant per hand for each session.', 0, 1, 0, 1, CURRENT_TIMESTAMP),
(213, 1, 'both-taken-correct', 'Correct objects per hand', NULL, 'This chart shows how many correct objects were taken per hand.', 1, 1, 0, 1, CURRENT_TIMESTAMP),
(214, 1, 'both-avoided-wrong', 'Wrong objects per hand', NULL, 'This chart shows how many wrong objects were taken per hand.', 1, 1, 0, 1, CURRENT_TIMESTAMP),
(216, 10, 'both-takencorrect-left', 'Right hand objects per quadrant', NULL, 'This chart shows how many correct and wrong objects were taken with the right hand per quadrant.', 1, 1, 0, 1, CURRENT_TIMESTAMP),
(218, 10, 'both-takencorrect-left', 'Left hand objects per quadrant', NULL, 'This chart shows how many correct and wrong objects were taken with the left hand per quadrant.', 1, 1, 0, 1, CURRENT_TIMESTAMP),
(219, 7, 'both-takencorrect', 'Correct objects over time per hand', NULL, 'This chart shows how many correct objects were taken and missed per hand every 5 seconds.', 1, 1, 0, 1, CURRENT_TIMESTAMP),
(220, 7, 'both-avoidedwrongtime', 'Wrong objects over time per hand', NULL, 'This chart shows how many wrong objects were taken and avoided per hand every 5 seconds.', 1, 1, 0, 1, CURRENT_TIMESTAMP),
(221, 7, 'both-globalavoided-wrong', 'Wrong objects per hand', NULL, 'This chart shows how many wrong objects were taken per hand per session.', 0, 1, 0, 1, CURRENT_TIMESTAMP),
(222, 7, 'both-globaltaken-correct', 'Correct objects per hand', NULL, 'This chart shows how many correct objects were taken per hand per session.', 0, 1, 0, 1, CURRENT_TIMESTAMP),
(223, 7, 'both-globaltakenwrong', 'Wrong objects per quadrant per hand', NULL, 'This chart shows how many wrong objects were taken per quadrant per hand for each session.', 0, 1, 0, 1, CURRENT_TIMESTAMP),
(224, 7, 'both-globaltakencorrect', 'Correct objects per quadrant per hand', NULL, 'This chart shows how many correct objects were taken per quadrant per hand for each session.', 0, 1, 0, 1, CURRENT_TIMESTAMP),
(226, 10, 'takenflowers', 'Objects per quadrant', NULL, 'This chart shows how many correct and wrong objects were taken in every quadrant.', 1, 1, 0, 1, CURRENT_TIMESTAMP),
(227, 10, 'targetChart', 'Score per trash bin', NULL, 'This chart shows the score per trash bin.', 1, 1, 0, 1, CURRENT_TIMESTAMP),
(228, 5, 'correct-trash', 'Disposed trash bags', NULL, 'This chart shows how many trash bags were correctly and wrongly disposed in % and in absolute value in brackets.', 1, 0, 0, 1, CURRENT_TIMESTAMP),
(229, 10, 'correcttrash', 'Disposed trash bags per trash bin', NULL, 'This chart shows how many trash bags were correctly and wrongly disposed per trash bin in % and in absolute value in brackets.', 1, 1, 0, 1, CURRENT_TIMESTAMP),
(231, 7, 'globaltargetChart', 'Score per trash bin', NULL, 'This chart shows the score per trash bin per session.', 0, 1, 0, 1, CURRENT_TIMESTAMP),
(232, 7, 'globalcorrect-trash', 'Correctly disposed trash bags', NULL, 'This chart shows how many trash bags were correctly disposed per session.', 0, 0, 0, 1, CURRENT_TIMESTAMP),
(233, 7, 'globalcorrecttrash', 'Correctly disposed trash bags per trash bin', NULL, 'This chart shows how many trash bags were correctly disposed per trash bin per session.', 0, 1, 0, 1, CURRENT_TIMESTAMP),
(234, 7, 'globalwrongtrash', 'Wrongly disposed trash bags per trash bin', NULL, 'This chart shows how many trash bags were wrongly disposed per trash bin per session.', 0, 1, 0, 1, CURRENT_TIMESTAMP),
(235, 11, 'global-parameters-gamefeet', 'Configuration parameters changes', NULL, 'For each session, this chart shows  possible configuration parameters changes compared to previous session configuration.', 0, 1, 0, 1, CURRENT_TIMESTAMP),
(236, 2, 'trash-thrown', 'Trash bag thrown', NULL, 'This chart shows the number of trash bags disposed correctly/wrongly every 5 seconds.', 1, 0, 0, 1, CURRENT_TIMESTAMP),
(237, 10, 'holesChart', 'Score per hole', NULL, 'This chart shows the score per hole.', 1, 1, 0, 1, CURRENT_TIMESTAMP),
(238, 5, 'caughtMoles', 'Correct objects', NULL, 'This chart shows how many correct objects were caught and how many were missed.', 1, 0, 0, 1, CURRENT_TIMESTAMP),
(239, 5, 'avoidedCarrots', 'Wrong objects', NULL, 'This chart shows how many wrong objects were avoided and how many were caught.', 1, 0, 0, 1, CURRENT_TIMESTAMP),
(240, 10, 'caughtMolesByHole', 'Object per hole', NULL, 'This chart shows how many correct and wrong objects were caught per hole.', 1, 1, 0, 1, CURRENT_TIMESTAMP),
(242, 7, 'globalHolesChart', 'Score per hole', NULL, 'This chart shows the score per hole per session.', 0, 1, 0, 1, CURRENT_TIMESTAMP),
(243, 7, 'globalCaughtMoles', 'Correct objects', NULL, 'This chart shows how many correct objects were caught and how many were missed per session.', 0, 0, 0, 1, CURRENT_TIMESTAMP),
(244, 7, 'globalCaughtMolesByHole', 'Correct objects caught per hole', NULL, 'This chart shows how many correct objects were caught per hole per session.', 0, 1, 0, 1, CURRENT_TIMESTAMP),
(245, 7, 'globalCaughtCarrots', 'Wrong objects', NULL, 'This chart shows how many wrong objects were avoided and how many were caught per session.', 0, 0, 0, 1, CURRENT_TIMESTAMP),
(246, 7, 'globalCaughtCarrotsByHole', 'Wrong objects caught per hole', NULL, 'This chart shows how many wrong objects were caught per hole per session.', 0, 1, 0, 1, CURRENT_TIMESTAMP),
(247, 11, 'globalMolesCarrotsDifficulty', 'Configuration parameters changes', NULL, 'For each session, this chart shows  possible configuration parameters changes compared to previous session configuration.', 0, 1, 0, 1, CURRENT_TIMESTAMP),
(248, 7, 'caughtMolesCarrotsInTime', 'Correct and wrong objects over time.', NULL, 'This chart shows how many correct objects were taken/missed and wrong objects were avoided/taken every 5 seconds.', 1, 0, 0, 1, CURRENT_TIMESTAMP),
(249, 5, 'correct-obstacle', 'Obstacles', NULL, 'This chart shows how many obstacles were avoided and how many were hit -- Unit of measurement: Percentage (Number of obstacles in brackets)', 1, 0, 0, 1, CURRENT_TIMESTAMP),
(250, 10, 'correct-obstacle-topvsbottom', 'Avoided obstacles', NULL, 'This chart shows how many obstacles were avoided per obstacles position (top, bottom) -- Unit of measurement: Number of obstacles', 1, 0, 0, 1, CURRENT_TIMESTAMP),
(251, 7, 'globalcorrect-obstacles', 'Obstacles per position', NULL, 'This chart shows how many obstacles were avoided and how many were hit per obstacles position (top, bottom) per session -- Unit of measurement: Number of obstacles.', 0, 0, 0, 1, CURRENT_TIMESTAMP),
(252, 4, 'direction-changes', 'Position changes', NULL, 'This chart shows the number of position changes (sitting, standing) -- Unit of measurement: Number of position changes.', 1, 0, 0, 1, CURRENT_TIMESTAMP),
(253, 1, 'position-times', 'Position time', NULL, 'This chart shows how much time the user spent in sitting and standing position  -- Unit of measurement: Percentage (Seconds in brackets)', 1, 0, 0, 1, CURRENT_TIMESTAMP),
(254, 7, 'position-times-timed', 'Position time over time', NULL, 'This chart shows how much time the user spent in sitting and standing position every 5 seconds -- Unit of measurement: Seconds', 1, 0, 0, 1, CURRENT_TIMESTAMP),
(255, 2, 'direction-changes-timed', 'Position changes', NULL, 'This chart shows the number of position changes (sitting, standing) every 5 seconds -- Unit of measurement: Number of position changes.', 1, 0, 0, 1, CURRENT_TIMESTAMP),
(256, 7, 'global-position-times', 'Position time', NULL, 'This chart shows how much time the user spent in sitting and standing position per session -- Unit of measurement: Seconds', 0, 0, 0, 1, CURRENT_TIMESTAMP),
(257, 2, 'global-direction-changes', 'Position changes', NULL, 'This chart shows the number of position changes (sitting, standing) per session -- Unit of measurement: Number of position changes.', 0, 0, 0, 1, CURRENT_TIMESTAMP),
(258, 7, 'obstacles-time', 'Obstacles over time', NULL, 'This chart shows how many obstacles were avoided and how many were hit per obstacles position (top, bottom) every 5 seconds -- Unit of measurement: Number of obstacles.', 1, 0, 1, 1, CURRENT_TIMESTAMP),
(259, 11, 'global-parameters-game-postural-3', 'Configuration parameters changes', NULL, 'For each session, this chart shows  possible configuration parameters changes compared to previous session configuration.', 0, 0, 0, 1, CURRENT_TIMESTAMP),
(260, 2, 'globalcorrect-obstacles-line', 'Obstacles', NULL, 'This chart shows how many obstacles were avoided and how many were hit per session -- Unit of measurement: Number of obstacles.', 0, 0, 0, 1, CURRENT_TIMESTAMP),
(261, 3, 'nuitrack-calib-verti-extent', 'Vertical extent', NULL, 'Vertical extent of movement reached by the user in calibration phase with respect to maximum available (range 0-1)', 1, 0, 1, 1, CURRENT_TIMESTAMP),
(262, 3, 'nuitrack-calib-horz-extent', 'Horizontal extent', NULL, 'Horizontal extent of movement reached by the user in calibration phase with respect to maximum available (range 0-1)', 1, 0, 2, 1, CURRENT_TIMESTAMP),
(263, 8, 'global-calib-right-verti-extent', 'Right hand vertical extent', NULL, 'Vertical extent of movement reached by the user in calibration phase with respect to maximum available (range 0-1)', 0, 1, 0, 1, CURRENT_TIMESTAMP),
(264, 8, 'global-calib-right-horz-extent', 'Right hand horizontal extent', NULL, 'Horizontal extent of movement reached by the user in calibration phase with respect to maximum available (range 0-1)', 0, 1, 0, 1, CURRENT_TIMESTAMP),
(265, 8, 'global-calib-left-verti-extent', 'Left hand vertical extent', NULL, 'Vertical extent of movement reached by the user in calibration phase with respect to maximum available (range 0-1)', 0, 1, 0, 1, CURRENT_TIMESTAMP),
(266, 8, 'global-calib-left-horz-extent', 'Left hand horizontal extent', NULL, 'Horizontal extent of movement reached by the user in calibration phase with respect to maximum available (range 0-1)', 0, 1, 0, 1, CURRENT_TIMESTAMP),
(267, 10, 'targetChart', 'Score per trash bin', NULL, 'This chart shows the score per trash bin.', 1, 1, 0, 1, CURRENT_TIMESTAMP),
(268, 10, 'correcttrash', 'Disposed trash bag per trash bin', NULL, 'This chart shows how many trash bags were correctly disposed per trash bin -- Unit of measurement: Percentage (Number of trash bags in brackets)', 1, 1, 0, 1, CURRENT_TIMESTAMP),

(302, 10, 'clean-stains', 'Cleaned stained', NULL, 'This chart shows how many stains were cleaned in each position.', 1, 0, 0, 1, CURRENT_TIMESTAMP),
(303, 7, 'stains-by-feet', 'Cleaned stained by feet over time', NULL, 'This chart shows how many stains were cleaned per foot every 5 seconds.', 1, 1, 0, 1, CURRENT_TIMESTAMP),
(304, 1, 'result-by-feet', 'Events by limb', NULL, 'This chart shows correct/wrong actions performed by feet.', 1, 1, 0, 1, CURRENT_TIMESTAMP),
(305, 6, 'reaction-time', 'Reaction time', NULL, 'This chart shows the average reaction time betweeen the stimulus and the reaction of the patient.', 1, 1, 0, 1, CURRENT_TIMESTAMP),
(306, 1, 'position-time-left', 'Position of the left limb', NULL, 'This chart shows the amount of time the left limb is positioned up/down or moving.', 1, 1, 0, 1, CURRENT_TIMESTAMP),
(307, 1, 'position-time-right', 'Position of the right limb', NULL, 'This chart shows the amount of time the right limb is positioned up/down or moving.', 1, 1, 0, 1, CURRENT_TIMESTAMP),
(308, 10, 'score-by-limb', 'Score by limb', NULL, 'This chart shows the score by limb.', 1, 1, 0, 1, CURRENT_TIMESTAMP),
(309, 7, 'events-by-feet', 'Events by limb over time', NULL, 'This chart shows how many corret/wrong events per limb every 5 seconds.', 1, 1, 0, 1, CURRENT_TIMESTAMP),
(310, 5, 'correct-obj', 'Correct objects', NULL, 'This chart shows correct objects taken by the player.', 1, 1, 0, 1, CURRENT_TIMESTAMP),

-- ima_chart_template 311 dentro a Cardio_new_games.sql
-- (311, 5, 'wrong-obj', 'Obstacle', NULL, 'This chart shows how many obstacle were avoided by the player.', 1, 1, 0, 1, CURRENT_TIMESTAMP),

(312, 5, 'wrong-obj-k', 'Obstacle', NULL, 'This chart shows how many obstacle were avoided by the player.', 1, 1, 0, 1, CURRENT_TIMESTAMP),
(313, 10, 'correct-obj-pos', 'Correct objects by position', NULL, 'This chart shows how many correct objects were taken by the player by position.', 1, 1, 0, 1, CURRENT_TIMESTAMP),
(314, 10, 'wrong-obj-pos', 'Obstacle by position', NULL, 'This chart shows how many obstacle were avoided by the player by obstacle position.', 1, 1, 0, 1, CURRENT_TIMESTAMP),
(315, 1, 'position-player', 'Position', NULL, 'This chart shows the amount of time the user is positioned up, down, left or right.', 1, 1, 0, 1, CURRENT_TIMESTAMP),
(316, 7, 'correct-wrong', 'Objects over time', NULL, 'This chart shows how many correct objects were taken and missed and how many obstacles were taken and avoided every 5 seconds', 1, 0, 0, 1, CURRENT_TIMESTAMP),
(317, 7, 'correct-wrong-2', 'Objects over time', NULL, 'This chart shows how many correct objects were taken and missed and how many obstacles were taken and avoided every 5 seconds', 1, 0, 0, 1, CURRENT_TIMESTAMP),

(318, 7, 'clean-stains-global', 'Cleaned stained', NULL, 'This chart shows how many stains were cleaned in each position.', 0, 0, 0, 1, CURRENT_TIMESTAMP),
(319, 7, 'result-by-feet-global', 'Events by limb', NULL, 'This chart shows correct/wrong actions performed by feet.', 0, 1, 0, 1, CURRENT_TIMESTAMP),
(320, 2, 'reaction-time-global', 'Reaction time', NULL, 'This chart shows the average reaction time betweeen the stimulus and the reaction of the patient.', 0, 1, 0, 1, CURRENT_TIMESTAMP),
(321, 7, 'position-time-left-global', 'Position of the left limb', NULL, 'This chart shows the amount of time the left limb is positioned up/down or moving.', 0, 1, 0, 1, CURRENT_TIMESTAMP),
(322, 7, 'position-time-right-global', 'Position of the right limb', NULL, 'This chart shows the amount of time the right limb is positioned up/down or moving.', 0, 1, 0, 1, CURRENT_TIMESTAMP),

(323, 7, 'correct-obj-global', 'Correct objects', NULL, 'This chart shows correct objects taken by the player.', 0, 1, 0, 1, CURRENT_TIMESTAMP),

-- ima_chart_template 324 dentro a Cardio_new_games.sql
-- (324, 7, 'wrong-obj-global', 'Obstacle', NULL, 'This chart shows how many obstacle were avoided by the player.', 0, 1, 0, 1, CURRENT_TIMESTAMP),
(325, 7, 'wrong-obj-k-global', 'Obstacle', NULL, 'This chart shows how many obstacle were avoided by the player.', 0, 1, 0, 1, CURRENT_TIMESTAMP),
(326, 7, 'position-player-global', 'Position', NULL, 'This chart shows the amount of time the user is positioned up, down, left or right.', 0, 1, 0, 1, CURRENT_TIMESTAMP),

(327, 11, 'globalSlippersDifficulty', 'Configuration parameters changes', NULL, 'For each session, this chart shows  possible configuration parameters changes compared to previous session configuration.', 0, 1, 0, 1, CURRENT_TIMESTAMP),
(328, 11, 'globalShoeshineRaiseDifficulty', 'Configuration parameters changes', NULL, 'For each session, this chart shows  possible configuration parameters changes compared to previous session configuration.', 0, 1, 0, 1, CURRENT_TIMESTAMP),
(329, 11, 'globalChipmunkDifficulty', 'Configuration parameters changes', NULL, 'For each session, this chart shows  possible configuration parameters changes compared to previous session configuration.', 0, 1, 0, 1, CURRENT_TIMESTAMP),
(330, 11, 'globalSkifallDifficulty', 'Configuration parameters changes', NULL, 'For each session, this chart shows  possible configuration parameters changes compared to previous session configuration.', 0, 1, 0, 1, CURRENT_TIMESTAMP);

INSERT INTO `ima_chart_template` (`Chart_Template_ID`, `Type_ID`, `Name`, `Title`, `Resource_URL`, `Description`, `Session_Bound`, `User_Bound`, `Optional`, `Display_Order`, `Active`, `Last_Edit`) VALUES
(269, 7, 'playedGames', 'Played games daily', NULL, '', 0, 0, 1, 0, 1, CURRENT_TIMESTAMP),
(270, 7, 'playedGamesMonthly', 'Played games monthly', NULL, '', 0, 0, 1, 0, 1, CURRENT_TIMESTAMP),
(271, 7, 'playedSessions', 'Played sessions daily', NULL, '', 0, 0, 1, 0, 1, CURRENT_TIMESTAMP),
(272, 7, 'playedSessionsMonthly', 'Played sessions monthly', NULL, '', 0, 0, 1, 0, 1, CURRENT_TIMESTAMP),

(273, 1, 'playedSessionsTotal', 'Played sessions total', NULL, '', 0, 0, 1, 0, 1, CURRENT_TIMESTAMP),
(274, 6, 'playedGamesTotal', 'Played games total', NULL, '', 0, 0, 1, 0, 1, CURRENT_TIMESTAMP),
(275, 6, 'playedGameTotal', 'Played game total', NULL, '', 0, 0, 1, 0, 1, CURRENT_TIMESTAMP),

(276, 1, 'accuracygame1', 'Accuracy', NULL, '', 0, 0, 1, 0, 1, CURRENT_TIMESTAMP),
(277, 1, 'accuracygame2', 'Accuracy', NULL, '', 0, 0, 1, 0, 1, CURRENT_TIMESTAMP),
(278, 1, 'accuracygame3', 'Accuracy', NULL, '', 0, 0, 1, 0, 1, CURRENT_TIMESTAMP),
(279, 1, 'accuracygame4', 'Accuracy', NULL, '', 0, 0, 1, 0, 1, CURRENT_TIMESTAMP),
(280, 1, 'accuracygame3b', 'Accuracy', NULL, '', 0, 0, 1, 0, 1, CURRENT_TIMESTAMP),
(281, 1, 'accuracygamecog', 'Accuracy', NULL, '', 0, 0, 1, 0, 1, CURRENT_TIMESTAMP),
(282, 1, 'accuracygames', 'Accuracy', NULL, '', 0, 0, 1, 0, 1, CURRENT_TIMESTAMP),
(283, 1, 'accuracygame5', 'Accuracy', NULL, '', 0, 0, 1, 0, 1, CURRENT_TIMESTAMP),
(284, 1, 'accuracygame6', 'Accuracy', NULL, '', 0, 0, 1, 0, 1, CURRENT_TIMESTAMP),
(285, 1, 'accuracygameb', 'Accuracy', NULL, '', 0, 0, 1, 0, 1, CURRENT_TIMESTAMP),

(286, 7, 'monthlyaccuracygame1', 'Accuracy monthly', NULL, '', 0, 0, 1, 0, 1, CURRENT_TIMESTAMP),
(287, 7, 'monthlyaccuracygame2', 'Accuracy monthly', NULL, '', 0, 0, 1, 0, 1, CURRENT_TIMESTAMP),
(288, 7, 'monthlyaccuracygame3', 'Accuracy monthly', NULL, '', 0, 0, 1, 0, 1, CURRENT_TIMESTAMP),
(289, 7, 'monthlyaccuracygame4', 'Accuracy monthly', NULL, '', 0, 0, 1, 0, 1, CURRENT_TIMESTAMP),
(290, 7, 'monthlyaccuracygame3b', 'Accuracy monthly', NULL, '', 0, 0, 1, 0, 1, CURRENT_TIMESTAMP),
(291, 7, 'monthlyaccuracygamecog', 'Accuracy monthly', NULL, '', 0, 0, 1, 0, 1, CURRENT_TIMESTAMP),
(292, 7, 'monthlyaccuracygames', 'Accuracy monthly', NULL, '', 0, 0, 1, 0, 1, CURRENT_TIMESTAMP),
(293, 7, 'monthlyaccuracygame5', 'Accuracy monthly', NULL, '', 0, 0, 1, 0, 1, CURRENT_TIMESTAMP),
(294, 7, 'monthlyaccuracygame6', 'Accuracy monthly', NULL, '', 0, 0, 1, 0, 1, CURRENT_TIMESTAMP),
(295, 7, 'monthlyaccuracygameb', 'Accuracy monthly', NULL, '', 0, 0, 1, 0, 1, CURRENT_TIMESTAMP),

(296, 1, 'check.elbow', 'Elbow checks', NULL, 'This chart shows how much time the patient kept his arm extended or flexed during the play.', 1, 1, 1, 0, 1, CURRENT_TIMESTAMP),
(297, 1, 'check.hand', 'Hand opening checks', NULL, 'This chart shows how much time the patient kept his hand opened or closed during the play.', 1, 1, 1, 0, 1, CURRENT_TIMESTAMP),
(298, 1, 'check.spine', 'Spine checks', NULL, 'This chart shows how much time the patient kept his torso flexed to the left or to the right during the play.', 1, 1, 1, 0, 1, CURRENT_TIMESTAMP),
(299, 1, 'check.shoulder', 'Shoulders checks', NULL, 'This chart shows how much time the patient kept his shoulders crooked during the play.', 1, 1, 1, 0, 1, CURRENT_TIMESTAMP),
(300, 1, 'check.position.standing', 'Position standing checks', NULL, 'This chart shows how much time the patient kept the standing position during the play.', 1, 1, 1, 0, 1, CURRENT_TIMESTAMP),
(301, 1, 'check.position.sitting', 'Position sitting checks', NULL, 'This chart shows how much time the patient kept the sitting position during the play.', 1, 1, 1, 0, 1, CURRENT_TIMESTAMP),

(331, 1, 'accuracygamep4', 'Accuracy', NULL, '', 0, 0, 1, 0, 1, CURRENT_TIMESTAMP),
(332, 1, 'accuracygamep5', 'Accuracy', NULL, '', 0, 0, 1, 0, 1, CURRENT_TIMESTAMP),
(333, 7, 'monthlyaccuracygamep4', 'Accuracy monthly', NULL, '', 0, 0, 1, 0, 1, CURRENT_TIMESTAMP),
(334, 7, 'monthlyaccuracygamep5', 'Accuracy monthly', NULL, '', 0, 0, 1, 0, 1, CURRENT_TIMESTAMP);



--
-- Dump dei dati per la tabella `ima_chart_template_data`
--

INSERT INTO `ima_chart_template_data` (`Chart_Template_ID`, `Name`, `Source`, `Data_Order`, `Active`, `Last_Edit`) VALUES
(1, 'Missed', '{total-flowers}-{taken-flowers}', 2, 1, CURRENT_TIMESTAMP),
(1, 'Taken', '{taken-flowers}', 1, 1, CURRENT_TIMESTAMP),
(2, 'Bottom left', '{spatial-feedback.BottomLeft.score}+{spatial-feedback.Bottom.score}+{spatial-feedback.Left.score}', 1, 1, CURRENT_TIMESTAMP),
(2, 'Bottom right', '{spatial-feedback.BottomRight.score}+{spatial-feedback.Right.score}', 2, 1, CURRENT_TIMESTAMP),
(2, 'Top left', '{spatial-feedback.TopLeft.score}+{spatial-feedback.Left.score}', 3, 1, CURRENT_TIMESTAMP),
(2, 'Top right', '{spatial-feedback.TopRight.score}', 4, 1, CURRENT_TIMESTAMP),
(3, 'Score', '{feedback-over-time.score}', 1, 1, CURRENT_TIMESTAMP),
(4, 'Score', '{feedback-over-time.score}+{ACC}', 1, 1, CURRENT_TIMESTAMP),
(5, 'total', '{total-flowers}', 0, 1, CURRENT_TIMESTAMP),
(5, 'value', '{taken-flowers}', 0, 1, CURRENT_TIMESTAMP),
(6, 'Avoided', '{total-bees}-{taken-bees}', 2, 1, CURRENT_TIMESTAMP),
(6, 'Taken', '{taken-bees}', 2, 1, CURRENT_TIMESTAMP),
(7, 'score', '{final-score}', 0, 1, CURRENT_TIMESTAMP),
(9, 'Correct Bottom left', '{spatial-feedback.BottomLeft.taken-flowers}+{spatial-feedback.Bottom.taken-flowers}+{spatial-feedback.Left.taken-flowers}', 1, 1, CURRENT_TIMESTAMP),
(9, 'Correct Bottom right', '{spatial-feedback.BottomRight.taken-flowers}+{spatial-feedback.Right.taken-flowers}', 2, 1, CURRENT_TIMESTAMP),
(9, 'Correct Top left', '{spatial-feedback.TopLeft.taken-flowers}+{spatial-feedback.Top.taken-flowers}', 3, 1, CURRENT_TIMESTAMP),
(9, 'Correct Top right', '{spatial-feedback.TopRight.taken-flowers}', 4, 1, CURRENT_TIMESTAMP),
(9, 'Wrong Bottom left', '{spatial-feedback.BottomLeft.taken-bees}+{spatial-feedback.Bottom.taken-bees}+{spatial-feedback.Left.taken-bees}', 5, 1, CURRENT_TIMESTAMP),
(9, 'Wrong Bottom right', '{spatial-feedback.BottomRight.taken-bees}+{spatial-feedback.Right.taken-bees}', 6, 1, CURRENT_TIMESTAMP),
(9, 'Wrong Top left', '{spatial-feedback.TopLeft.taken-bees}+{spatial-feedback.Top.taken-bees}', 7, 1, CURRENT_TIMESTAMP),
(9, 'Wrong Top right', '{spatial-feedback.TopRight.taken-bees}', 8, 1, CURRENT_TIMESTAMP),
(10, 'Correct', '{correct}', 1, 1, CURRENT_TIMESTAMP),
(10, 'Wrong', '{wrong}', 2, 1, CURRENT_TIMESTAMP),
(11, 'Correct Bottom left', '{spatial-feedback.BottomLeft.correct}+{spatial-feedback.Bottom.correct}+{spatial-feedback.Left.correct}', 1, 1, CURRENT_TIMESTAMP),
(11, 'Correct Bottom right', '{spatial-feedback.BottomRight.correct}+{spatial-feedback.Right.correct}', 2, 1, CURRENT_TIMESTAMP),
(11, 'Correct Top Left', '{spatial-feedback.TopLeft.correct}+{spatial-feedback.Top.correct}', 3, 1, CURRENT_TIMESTAMP),
(11, 'Correct Top Right', '{spatial-feedback.TopRight.correct}', 4, 1, CURRENT_TIMESTAMP),
(11, 'Wrong Bottom left', '{spatial-feedback.BottomLeft.wrong}+{spatial-feedback.Left.wrong}+{spatial-feedback.Bottom.wrong}', 5, 1, CURRENT_TIMESTAMP),
(11, 'Wrong Bottom right', '{spatial-feedback.BottomRight.wrong}+{spatial-feedback.Right.wrong}', 6, 1, CURRENT_TIMESTAMP),
(11, 'Wrong Top left', '{spatial-feedback.TopLeft.wrong}+{spatial-feedback.Top.wrong}', 7, 1, CURRENT_TIMESTAMP),
(11, 'Wrong Top right', '{spatial-feedback.TopRight.wrong}', 8, 1, CURRENT_TIMESTAMP),
(13, 'total', '{1.0}', 0, 1, CURRENT_TIMESTAMP),
(13, 'value', '{width}/{1.8}', 1, 1, CURRENT_TIMESTAMP),
(14, 'total', '{1.0}', 0, 1, CURRENT_TIMESTAMP),
(14, 'value', '{height}/{1.8}', 1, 1, CURRENT_TIMESTAMP),
(15, 'Correct', '{correct-curves}', 1, 1, CURRENT_TIMESTAMP),
(15, 'Wrong', '{wrong-curves}', 2, 1, CURRENT_TIMESTAMP),
(16, 'out', '{out-of-curve}', 1, 1, CURRENT_TIMESTAMP),
(17, 'total', '{total-stars}', 0, 1, CURRENT_TIMESTAMP),
(17, 'value', '{taken-stars}', 1, 1, CURRENT_TIMESTAMP),
(18, 'Score', '{feedback-by-curve.score}', 1, 1, CURRENT_TIMESTAMP),
(19, 'Score', '{feedback-by-curve.score}+{ACC}', 1, 1, CURRENT_TIMESTAMP),
(20, 'Time', '{feedback-by-curve.time-taken}', 1, 1, CURRENT_TIMESTAMP),
(21, 'Out of Curve', '{feedback-by-curve.out-of-curve}', 1, 1, CURRENT_TIMESTAMP),
(22, 'Missed', '{total-eggs}-{taken-eggs}', 2, 1, CURRENT_TIMESTAMP),
(22, 'Taken', '{taken-eggs}', 1, 1, CURRENT_TIMESTAMP),
(23, 'Avoided', '{total-engines}-{taken-engines}', 1, 1, CURRENT_TIMESTAMP),
(23, 'Taken', '{taken-engines}', 2, 1, CURRENT_TIMESTAMP),
(24, 'Center', '{feedback-by-target.center.score}', 3, 1, CURRENT_TIMESTAMP),
(24, 'Far left', '{feedback-by-target.farLeft.score}', 4, 1, CURRENT_TIMESTAMP),
(24, 'Far right', '{feedback-by-target.farRight.score}', 5, 1, CURRENT_TIMESTAMP),
(24, 'Near left', '{feedback-by-target.nearLeft.score}', 1, 1, CURRENT_TIMESTAMP),
(24, 'Near right', '{feedback-by-target.nearRight.score}', 2, 1, CURRENT_TIMESTAMP),
(25, 'Correct Center', '{feedback-by-target.center.taken-eggs}', 5, 1, CURRENT_TIMESTAMP),
(25, 'Correct Far left', '{feedback-by-target.farLeft.taken-eggs}', 7, 1, CURRENT_TIMESTAMP),
(25, 'Correct Far right', '{feedback-by-target.farRight.taken-eggs}', 9, 1, CURRENT_TIMESTAMP),
(25, 'Correct Near left', '{feedback-by-target.nearLeft.taken-eggs}', 1, 1, CURRENT_TIMESTAMP),
(25, 'Correct Near right', '{feedback-by-target.nearRight.taken-eggs}', 3, 1, CURRENT_TIMESTAMP),
(25, 'Wrong Center', '{feedback-by-target.center.taken-engines}', 15, 1, CURRENT_TIMESTAMP),
(25, 'Wrong Far left', '{feedback-by-target.farLeft.taken-engines}', 17, 1, CURRENT_TIMESTAMP),
(25, 'Wrong Far right', '{feedback-by-target.farRight.taken-engines}', 19, 1, CURRENT_TIMESTAMP),
(25, 'Wrong Near left', '{feedback-by-target.nearLeft.taken-engines}', 11, 1, CURRENT_TIMESTAMP),
(25, 'Wrong Near right', '{feedback-by-target.nearRight.taken-engines}', 13, 1, CURRENT_TIMESTAMP),
(25, '[diff]Correct Center', '{feedback-by-target.center.total-eggs}-{feedback-by-target.center.taken-eggs}', 6, 1, CURRENT_TIMESTAMP),
(25, '[diff]Correct Far left', '{feedback-by-target.farLeft.total-eggs}-{feedback-by-target.farLeft.taken-eggs}', 8, 1, CURRENT_TIMESTAMP),
(25, '[diff]Correct Far right', '{feedback-by-target.farRight.total-eggs}-{feedback-by-target.farRight.taken-eggs}', 10, 1, CURRENT_TIMESTAMP),
(25, '[diff]Correct Near left', '{feedback-by-target.nearLeft.total-eggs}-{feedback-by-target.nearLeft.taken-eggs}', 2, 1, CURRENT_TIMESTAMP),
(25, '[diff]Correct Near right', '{feedback-by-target.nearRight.total-eggs}-{feedback-by-target.nearRight.taken-eggs}', 4, 1, CURRENT_TIMESTAMP),
(25, '[diff]Wrong Center', '{feedback-by-target.center.total-engines}-{feedback-by-target.center.taken-engines}', 16, 1, CURRENT_TIMESTAMP),
(25, '[diff]Wrong Far left', '{feedback-by-target.farLeft.total-engines}-{feedback-by-target.farLeft.taken-engines}', 18, 1, CURRENT_TIMESTAMP),
(25, '[diff]Wrong Far right', '{feedback-by-target.farRight.total-engines}-{feedback-by-target.farRight.taken-engines}', 20, 1, CURRENT_TIMESTAMP),
(25, '[diff]Wrong Near left', '{feedback-by-target.nearLeft.total-engines}-{feedback-by-target.nearLeft.taken-engines}', 12, 1, CURRENT_TIMESTAMP),
(25, '[diff]Wrong Near right', '{feedback-by-target.nearRight.total-engines}-{feedback-by-target.nearRight.taken-engines}', 14, 1, CURRENT_TIMESTAMP),
(27, 'Missed', '{feedback-by-curve.total-stars}-{feedback-by-curve.taken-stars}', 2, 1, CURRENT_TIMESTAMP),
(27, 'Taken', '{feedback-by-curve.taken-stars}', 1, 1, CURRENT_TIMESTAMP),
(28, 'Correct Missed', '{feedback-over-time.total-flowers}-{feedback-over-time.taken-flowers}', 2, 1, CURRENT_TIMESTAMP),
(28, 'Correct Taken', '{feedback-over-time.taken-flowers}', 1, 1, CURRENT_TIMESTAMP),
(28, 'Wrong Avoided', '{feedback-over-time.total-bees}-{feedback-over-time.taken-bees}', 4, 1, CURRENT_TIMESTAMP),
(28, 'Wrong Taken', '{feedback-over-time.taken-bees}', 3, 1, CURRENT_TIMESTAMP),
(30, 'Correct Missed', '{feedback-over-time.total-eggs}-{feedback-over-time.taken-eggs}', 2, 1, CURRENT_TIMESTAMP),
(30, 'Correct Taken', '{feedback-over-time.taken-eggs}', 1, 1, CURRENT_TIMESTAMP),
(30, 'Wrong Avoided', '{feedback-over-time.total-engines}-{feedback-over-time.taken-engines}', 4, 1, CURRENT_TIMESTAMP),
(30, 'Wrong Taken', '{feedback-over-time.taken-engines}', 3, 1, CURRENT_TIMESTAMP),
(32, 'Total score', '{games.Score}+{SUM}', 0, 1, CURRENT_TIMESTAMP),
(33, 'Score', '{games.Score}', 1, 1, CURRENT_TIMESTAMP),
(33, 'x_axis', '{games.Name}', 1, 1, CURRENT_TIMESTAMP),
(34, 'Completed', '{games.Status}={\"complete\"}+{SUM}', 0, 1, CURRENT_TIMESTAMP),
(34, 'Halted', '{games.Status}={\"halt\"}+{SUM}', 0, 1, CURRENT_TIMESTAMP),
(34, 'Not played', '{games.Status}={\"toplay\"}+{SUM}', 0, 1, CURRENT_TIMESTAMP),
(34, 'User exit', '{games.Status}={\"userexit\"}+{SUM}', 0, 1, CURRENT_TIMESTAMP),
(35, 'Pain', '({Results.pain-level}={\"No\"})+({Results.pain-level}={\"Mild\"}*{2})+({Results.pain-level}={\"Moderate\"}*{3})+({Results.pain-level}={\"Severe\"}*{4})+({Results.pain-level}={\"Worst\"}*{5})', 2, 1, CURRENT_TIMESTAMP),
(36, 'Time', '{Session_End}-{Session_Start}/{60}', 1, 1, CURRENT_TIMESTAMP),
(37, 'Time', '{games.Game_End}-{games.Game_Start}', 1, 1, CURRENT_TIMESTAMP),
(37, 'x_axis', '{games.Name}', 1, 1, CURRENT_TIMESTAMP),
(38, 'Game ends', '{games.Game_End}-{Session_Start}/{60}', 2, 1, CURRENT_TIMESTAMP),
(38, 'Game starts', '{games.Game_Start}-{Session_Start}/{60}', 1, 1, CURRENT_TIMESTAMP),
(38, 'x_axis', '{games.Name}', 1, 1, CURRENT_TIMESTAMP),
(39, 'Total score', '{games.Score}+{SUM}', 1, 1, CURRENT_TIMESTAMP),
(39, 'x_axis', 'AUTO', 0, 1, CURRENT_TIMESTAMP),
(40, 'Time', '{Session_End}-{Session_Start}/{60}', 1, 1, CURRENT_TIMESTAMP),
(40, 'x_axis', 'AUTO', 0, 1, CURRENT_TIMESTAMP),
(41, 'Complete', '{games.Status}={\"complete\"}+{SUM}', 1, 1, CURRENT_TIMESTAMP),
(41, 'Halted', '{games.Status}={\"halt\"}+{SUM}', 4, 1, CURRENT_TIMESTAMP),
(41, 'Not played', '{games.Status}={\"toplay\"}+{SUM}', 3, 1, CURRENT_TIMESTAMP),
(41, 'User exit', '{games.Status}={\"userexit\"}+{SUM}', 2, 1, CURRENT_TIMESTAMP),
(41, 'x_axis', 'AUTO', 0, 1, CURRENT_TIMESTAMP),
(42, 'Avoided', '{total-bees}-{taken-bees}', 1, 1, CURRENT_TIMESTAMP),
(42, 'Taken', '{taken-bees}', 2, 1, CURRENT_TIMESTAMP),
(42, 'x_axis', 'AUTO', 0, 1, CURRENT_TIMESTAMP),
(43, 'Missed', '{total-flowers}-{taken-flowers}', 2, 1, CURRENT_TIMESTAMP),
(43, 'Taken', '{taken-flowers}', 1, 1, CURRENT_TIMESTAMP),
(43, 'x_axis', 'AUTO', 0, 1, CURRENT_TIMESTAMP),
(44, 'score', '{final-score}', 0, 1, CURRENT_TIMESTAMP),
(44, 'x_axis', 'AUTO', 0, 1, CURRENT_TIMESTAMP),
(45, 'Bottom left', '{spatial-feedback.BottomLeft.score}+{spatial-feedback.Bottom.score}+{spatial-feedback.Left.score}', 1, 1, CURRENT_TIMESTAMP),
(45, 'Bottom right', '{spatial-feedback.BottomRight.score}+{spatial-feedback.Right.score}', 2, 1, CURRENT_TIMESTAMP),
(45, 'Top left', '{spatial-feedback.TopLeft.score}+{spatial-feedback.Top.score}', 3, 1, CURRENT_TIMESTAMP),
(45, 'Top right', '{spatial-feedback.TopRight.score}', 4, 1, CURRENT_TIMESTAMP),
(45, 'x_axis', 'AUTO', 0, 1, CURRENT_TIMESTAMP),
(46, 'Bottom left', '{spatial-feedback.BottomLeft.taken-bees}', 1, 1, CURRENT_TIMESTAMP),
(46, 'Bottom right', '{spatial-feedback.BottomRight.taken-bees}', 2, 1, CURRENT_TIMESTAMP),
(46, 'Top left', '{spatial-feedback.TopLeft.taken-bees}', 3, 1, CURRENT_TIMESTAMP),
(46, 'Top right', '{spatial-feedback.TopRight.taken-bees}', 4, 1, CURRENT_TIMESTAMP),
(46, 'x_axis', 'AUTO', 0, 1, CURRENT_TIMESTAMP),
(47, 'Bottom left', '{spatial-feedback.BottomLeft.taken-flowers}', 1, 1, CURRENT_TIMESTAMP),
(47, 'Bottom right', '{spatial-feedback.BottomRight.taken-flowers}', 2, 1, CURRENT_TIMESTAMP),
(47, 'Top left', '{spatial-feedback.TopLeft.taken-flowers}', 3, 1, CURRENT_TIMESTAMP),
(47, 'Top right', '{spatial-feedback.TopRight.taken-flowers}', 4, 1, CURRENT_TIMESTAMP),
(47, 'x_axis', 'AUTO', 0, 1, CURRENT_TIMESTAMP),
(48, 'Correct', '{correct}', 1, 1, CURRENT_TIMESTAMP),
(48, 'Wrong', '{wrong}', 2, 1, CURRENT_TIMESTAMP),
(48, 'x_axis', 'AUTO', 0, 1, CURRENT_TIMESTAMP),
(49, 'Bottom left', '{spatial-feedback.BottomLeft.correct}+{spatial-feedback.Bottom.correct}+{spatial-feedback.Left.correct}', 1, 1, CURRENT_TIMESTAMP),
(49, 'Bottom right', '{spatial-feedback.BottomRight.correct}+{spatial-feedback.Right.correct}', 2, 1, CURRENT_TIMESTAMP),
(49, 'Top left', '{spatial-feedback.TopLeft.correct}+{spatial-feedback.Top.correct}', 3, 1, CURRENT_TIMESTAMP),
(49, 'Top right', '{spatial-feedback.TopRight.correct}', 4, 1, CURRENT_TIMESTAMP),
(49, 'x_axis', 'AUTO', 0, 1, CURRENT_TIMESTAMP),
(50, 'Bottom left', '{spatial-feedback.BottomLeft.wrong}+{spatial-feedback.Bottom.wrong}+{spatial-feedback.Left.wrong}', 1, 1, CURRENT_TIMESTAMP),
(50, 'Bottom right', '{spatial-feedback.BottomRight.wrong}+{spatial-feedback.Right.wrong}', 2, 1, CURRENT_TIMESTAMP),
(50, 'Top left', '{spatial-feedback.TopLeft.wrong}+{spatial-feedback.Top.wrong}', 3, 1, CURRENT_TIMESTAMP),
(50, 'Top right', '{spatial-feedback.TopRight.wrong}', 4, 1, CURRENT_TIMESTAMP),
(50, 'x_axis', 'AUTO', 0, 1, CURRENT_TIMESTAMP),
(51, 'Correct', '{correct-curves}', 1, 1, CURRENT_TIMESTAMP),
(51, 'Wrong', '{wrong-curves}', 22, 1, CURRENT_TIMESTAMP),
(51, 'x_axis', 'AUTO', 0, 1, CURRENT_TIMESTAMP),
(52, 'out', '{out-of-curve}', 1, 1, CURRENT_TIMESTAMP),
(52, 'x_axis', 'AUTO', 0, 1, CURRENT_TIMESTAMP),
(53, 'Missed', '{total-eggs}-{taken-eggs}', 2, 1, CURRENT_TIMESTAMP),
(53, 'Taken', '{taken-eggs}', 1, 1, CURRENT_TIMESTAMP),
(53, 'x_axis', 'AUTO', 0, 1, CURRENT_TIMESTAMP),
(54, 'Avoided', '{total-engines}-{taken-engines}', 1, 1, CURRENT_TIMESTAMP),
(54, 'Taken', '{taken-engines}', 2, 1, CURRENT_TIMESTAMP),
(54, 'x_axis', 'AUTO', 0, 1, CURRENT_TIMESTAMP),
(55, 'Center', '{feedback-by-target.center.score}', 3, 1, CURRENT_TIMESTAMP),
(55, 'Far left', '{feedback-by-target.farLeft.score}', 1, 1, CURRENT_TIMESTAMP),
(55, 'Far right', '{feedback-by-target.farRight.score}', 2, 1, CURRENT_TIMESTAMP),
(55, 'Near left', '{feedback-by-target.nearLeft.score}', 4, 1, CURRENT_TIMESTAMP),
(55, 'Near right', '{feedback-by-target.nearRight.score}', 5, 1, CURRENT_TIMESTAMP),
(55, 'x_axis', 'AUTO', 0, 1, CURRENT_TIMESTAMP),
(56, 'Center', '{feedback-by-target.center.taken-eggs}', 3, 1, CURRENT_TIMESTAMP),
(56, 'Far left', '{feedback-by-target.farLeft.taken-eggs}', 1, 1, CURRENT_TIMESTAMP),
(56, 'Far right', '{feedback-by-target.farRight.taken-eggs}', 2, 1, CURRENT_TIMESTAMP),
(56, 'Near left', '{feedback-by-target.nearLeft.taken-eggs}', 4, 1, CURRENT_TIMESTAMP),
(56, 'Near right', '{feedback-by-target.nearRight.taken-eggs}', 5, 1, CURRENT_TIMESTAMP),
(56, 'x_axis', 'AUTO', 0, 1, CURRENT_TIMESTAMP),
(57, 'Center', '{feedback-by-target.center.taken-engines}', 3, 1, CURRENT_TIMESTAMP),
(57, 'Far left', '{feedback-by-target.farLeft.taken-engines}', 1, 1, CURRENT_TIMESTAMP),
(57, 'Far right', '{feedback-by-target.farRight.taken-engines}', 2, 1, CURRENT_TIMESTAMP),
(57, 'Near left', '{feedback-by-target.nearLeft.taken-engines}', 4, 1, CURRENT_TIMESTAMP),
(57, 'Near right', '{feedback-by-target.nearRight.taken-engines}', 5, 1, CURRENT_TIMESTAMP),
(57, 'x_axis', 'AUTO', 0, 1, CURRENT_TIMESTAMP),
(58, 'value', '{hand}={\"right\"}*{CHECK}+{width}/{1.8}', 1, 1, CURRENT_TIMESTAMP),
(58, 'x_axis', 'AUTO', 0, 1, CURRENT_TIMESTAMP),
(59, 'value', '{hand}={\"right\"}*{CHECK}+{height}/{1.8}', 1, 1, CURRENT_TIMESTAMP),
(59, 'x_axis', 'AUTO', 0, 1, CURRENT_TIMESTAMP),
(60, 'value', '{taken-stars}/{total-stars}', 1, 1, CURRENT_TIMESTAMP),
(60, 'x_axis', 'AUTO', 0, 1, CURRENT_TIMESTAMP),
(61, 'Pain level', '({Results.pain-level}={\"No\"})+({Results.pain-level}={\"Mild\"}*{2})+({Results.pain-level}={\"Moderate\"}*{3})+({Results.pain-level}={\"Severe\"}*{4})+({Results.pain-level}={\"Worst\"}*{5})', 0, 1, CURRENT_TIMESTAMP),
(61, 'x_axis', 'AUTO', 0, 1, CURRENT_TIMESTAMP),
(62, 'Density', '{input-parameters.density}', 1, 1, CURRENT_TIMESTAMP),
(62, 'Duration', '{input-parameters.duration}', 1, 1, CURRENT_TIMESTAMP),
(62, 'Proportion', '{input-parameters.proportion}', 1, 1, CURRENT_TIMESTAMP),
(62, 'Velocity', '{input-parameters.velocity}', 1, 1, CURRENT_TIMESTAMP),
(62, 'x_axis', 'AUTO', 0, 1, CURRENT_TIMESTAMP),
(63, 'Duration', '{input-parameters.duration}', 1, 1, CURRENT_TIMESTAMP),
(63, 'Number of camps', '{input-parameters.numbers}', 1, 1, CURRENT_TIMESTAMP),
(63, 'Precision', '{input-parameters.precision}', 1, 1, CURRENT_TIMESTAMP),
(63, 'x_axis', 'AUTO', 0, 1, CURRENT_TIMESTAMP),
(64, 'Delta', '{input-parameters.delta}', 1, 1, CURRENT_TIMESTAMP),
(64, 'Duration', '{input-parameters.duration}', 1, 1, CURRENT_TIMESTAMP),
(64, 'x_axis', 'AUTO', 0, 1, CURRENT_TIMESTAMP),
(65, 'Density', '{input-parameters.density}', 1, 1, CURRENT_TIMESTAMP),
(65, 'Distribution', '{input-parameters.distribution}', 1, 1, CURRENT_TIMESTAMP),
(65, 'Duration', '{input-parameters.duration}', 1, 1, CURRENT_TIMESTAMP),
(65, 'Proportion', '{input-parameters.proportion}', 1, 1, CURRENT_TIMESTAMP),
(65, 'Size', '{input-parameters.size}', 1, 1, CURRENT_TIMESTAMP),
(65, 'Velocity', '{input-parameters.velocity}', 1, 1, CURRENT_TIMESTAMP),
(65, 'x_axis', 'AUTO', 0, 1, CURRENT_TIMESTAMP),
(66, 'value', '{hand}={\"left\"}*{CHECK}+{width}/{1.8}', 1, 1, CURRENT_TIMESTAMP),
(66, 'x_axis', 'AUTO', 0, 1, CURRENT_TIMESTAMP),
(67, 'value', '{hand}={\"left\"}*{CHECK}+{height}/{1.8}', 1, 1, CURRENT_TIMESTAMP),
(67, 'x_axis', 'AUTO', 0, 1, CURRENT_TIMESTAMP),
(68, 'Hand', '{hand}={\"right\"}', 0, 1, CURRENT_TIMESTAMP),
(69, 'Correct', '{correct-curves}', 1, 1, CURRENT_TIMESTAMP),
(69, 'Wrong', '{wrong-curves}', 2, 1, CURRENT_TIMESTAMP),
(70, 'Correct', '{correct-shape-curves}', 1, 1, CURRENT_TIMESTAMP),
(70, 'Wrong', '{wrong-shape-curves}', 2, 1, CURRENT_TIMESTAMP),
(71, 'Correct', '{correct-color-curves}', 1, 1, CURRENT_TIMESTAMP),
(71, 'Wrong', '{wrong-color-curves}', 2, 1, CURRENT_TIMESTAMP),
(72, 'Correct', '{correct-curves}', 1, 1, CURRENT_TIMESTAMP),
(72, 'Wrong', '{wrong-curves}', 1, 1, CURRENT_TIMESTAMP),
(72, 'x_axis', 'AUTO', 0, 1, CURRENT_TIMESTAMP),
(73, 'Correct', '{correct-shape-curves}', 1, 1, CURRENT_TIMESTAMP),
(73, 'Wrong', '{wrong-shape-curves}', 2, 1, CURRENT_TIMESTAMP),
(73, 'x_axis', 'AUTO', 0, 1, CURRENT_TIMESTAMP),
(74, 'Correct', '{correct-color-curves}', 1, 1, CURRENT_TIMESTAMP),
(74, 'Wrong', '{wrong-color-curves}', 2, 1, CURRENT_TIMESTAMP),
(74, 'x_axis', 'AUTO', 0, 1, CURRENT_TIMESTAMP),
(84, 'total', '{1.0}', 1, 1, CURRENT_TIMESTAMP),
(84, 'value', '{response-accuracy}', 1, 1, CURRENT_TIMESTAMP),
(85, 'value', '{response-accuracy}', 1, 1, CURRENT_TIMESTAMP),
(85, 'x_axis', 'AUTO', 0, 1, CURRENT_TIMESTAMP),
(86, 'time', '{average-time}', 1, 1, CURRENT_TIMESTAMP),
(87, 'Correct', '{correct}', 1, 1, CURRENT_TIMESTAMP),
(87, 'Wrong', '{wrong}', 2, 1, CURRENT_TIMESTAMP),
(88, 'Correct', '{correct}', 1, 1, CURRENT_TIMESTAMP),
(88, 'Empty', '{empty}', 3, 1, CURRENT_TIMESTAMP),
(88, 'Wrong', '{wrong}', 2, 1, CURRENT_TIMESTAMP),
(89, 'Correct', '{score-over-stage.correct}', 1, 1, CURRENT_TIMESTAMP),
(89, 'Wrong', '{score-over-stage.wrong}', 2, 1, CURRENT_TIMESTAMP),
(89, 'x_axis', 'AUTO', 0, 1, CURRENT_TIMESTAMP),
(90, 'Correct', '{score-over-stage.correct}', 1, 1, CURRENT_TIMESTAMP),
(90, 'Empty', '{score-over-stage.empty}', 3, 1, CURRENT_TIMESTAMP),
(90, 'Wrong', '{score-over-stage.wrong}', 2, 1, CURRENT_TIMESTAMP),
(90, 'x_axis', 'AUTO', 0, 1, CURRENT_TIMESTAMP),
(91, 'Time', '{score-over-stage.time}', 1, 1, CURRENT_TIMESTAMP),
(91, 'x_axis', 'AUTO', 0, 1, CURRENT_TIMESTAMP),
(92, 'Score', '{score-over-stage.score}', 1, 1, CURRENT_TIMESTAMP),
(92, 'x_axis', 'AUTO', 0, 1, CURRENT_TIMESTAMP),
(93, 'Response accuracy', '{score-over-stage.response-accuracy}', 1, 1, CURRENT_TIMESTAMP),
(93, 'x_axis', 'AUTO', 0, 1, CURRENT_TIMESTAMP),
(94, 'Time', '{average-time}', 1, 1, CURRENT_TIMESTAMP),
(94, 'x_axis', 'AUTO', 0, 1, CURRENT_TIMESTAMP),
(95, 'Correct', '{correct}', 1, 1, CURRENT_TIMESTAMP),
(95, 'Wrong', '{wrong}', 2, 1, CURRENT_TIMESTAMP),
(95, 'x_axis', 'AUTO', 0, 1, CURRENT_TIMESTAMP),
(96, 'Correct', '{correct}', 1, 1, CURRENT_TIMESTAMP),
(96, 'Empty', '{empty}', 3, 1, CURRENT_TIMESTAMP),
(96, 'Wrong', '{wrong}', 2, 1, CURRENT_TIMESTAMP),
(96, 'x_axis', 'AUTO', 0, 1, CURRENT_TIMESTAMP),
(98, 'Central area', '{input-parameters.target_position}', 1, 1, CURRENT_TIMESTAMP),
(98, 'Distractors count', '{input-parameters.distractor_count}', 1, 1, CURRENT_TIMESTAMP),
(98, 'Similarity', '{input-parameters.similarity}', 1, 1, CURRENT_TIMESTAMP),
(98, 'Stages', '{input-parameters.stages}', 1, 1, CURRENT_TIMESTAMP),
(98, 'Target category', '{input-parameters.target_category}', 4, 1, CURRENT_TIMESTAMP),
(98, 'Target count', '{input-parameters.target_count}', 1, 1, CURRENT_TIMESTAMP),
(98, 'Target types', '{input-parameters.target_type}', 1, 1, CURRENT_TIMESTAMP),
(98, 'x_axis', 'AUTO', 0, 1, CURRENT_TIMESTAMP),
(100, 'Card to match', '{input-parameters.repetition}', 1, 1, CURRENT_TIMESTAMP),
(100, 'Category', '{input-parameters.category}', 4, 1, CURRENT_TIMESTAMP),
(100, 'Exposition time', '{input-parameters.exposition_time}', 1, 1, CURRENT_TIMESTAMP),
(100, 'Pair/triplets count', '{input-parameters.pair_count}', 1, 1, CURRENT_TIMESTAMP),
(100, 'Retention time', '{input-parameters.retention_time}', 2, 1, CURRENT_TIMESTAMP),
(100, 'Similarity', '{input-parameters.similarity}', 2, 1, CURRENT_TIMESTAMP),
(100, 'Stages', '{input-parameters.stages}', 1, 1, CURRENT_TIMESTAMP),
(100, 'x_axis', 'AUTO', 0, 1, CURRENT_TIMESTAMP),
(103, 'Difficulty', '{input-parameters.difficulty}', 1, 1, CURRENT_TIMESTAMP),
(103, 'Distractors range', '{input-parameters.distractors_range}', 1, 1, CURRENT_TIMESTAMP),
(103, 'Operand count', '{input-parameters.operators}', 1, 1, CURRENT_TIMESTAMP),
(103, 'Operation', '{input-parameters.operations}', 1, 1, CURRENT_TIMESTAMP),
(103, 'Stages', '{input-parameters.stages}', 1, 1, CURRENT_TIMESTAMP),
(103, 'x_axis', 'AUTO', 0, 1, CURRENT_TIMESTAMP),
(106, 'Distractor pieces', '{input-parameters.distractors_count}', 2, 1, CURRENT_TIMESTAMP),
(106, 'Rotated pieces', '{input-parameters.rotated_pieces}', 1, 1, CURRENT_TIMESTAMP),
(106, 'Stages', '{input-parameters.stages}', 1, 1, CURRENT_TIMESTAMP),
(106, 'Target pieces', '{input-parameters.targets_count}', 1, 1, CURRENT_TIMESTAMP),
(106, 'x_axis', 'AUTO', 0, 1, CURRENT_TIMESTAMP),
(114, 'Missed', '{total-correct}-{taken-correct}', 2, 1, CURRENT_TIMESTAMP),
(114, 'Taken', '{taken-correct}', 1, 1, CURRENT_TIMESTAMP),
(115, 'total', '{total-correct}', 0, 1, CURRENT_TIMESTAMP),
(115, 'value', '{taken-correct}', 0, 1, CURRENT_TIMESTAMP),
(116, 'Avoided', '{total-wrong}-{taken-wrong}', 1, 1, CURRENT_TIMESTAMP),
(116, 'Taken', '{taken-wrong}', 2, 1, CURRENT_TIMESTAMP),
(118, 'Correct Bottom left', '{spatial-feedback.BottomLeft.taken-correct}+{spatial-feedback.Bottom.taken-correct}+{spatial-feedback.Left.taken-correct}', 1, 1, CURRENT_TIMESTAMP),
(118, 'Correct Bottom right', '{spatial-feedback.BottomRight.taken-correct}+{spatial-feedback.Right.taken-correct}', 2, 1, CURRENT_TIMESTAMP),
(118, 'Correct Top left', '{spatial-feedback.TopLeft.taken-correct}+{spatial-feedback.Top.taken-correct}', 3, 1, CURRENT_TIMESTAMP),
(118, 'Correct Top right', '{spatial-feedback.TopRight.taken-correct}', 4, 1, CURRENT_TIMESTAMP),
(118, 'Wrong Bottom left', '{spatial-feedback.BottomLeft.taken-wrong}+{spatial-feedback.Bottom.taken-wrong}+{spatial-feedback.Left.taken-wrong}', 5, 1, CURRENT_TIMESTAMP),
(118, 'Wrong Bottom right', '{spatial-feedback.BottomRight.taken-wrong}+{spatial-feedback.Right.taken-wrong}', 6, 1, CURRENT_TIMESTAMP),
(118, 'Wrong Top left', '{spatial-feedback.TopLeft.taken-wrong}+{spatial-feedback.Top.taken-wrong}', 7, 1, CURRENT_TIMESTAMP),
(118, 'Wrong Top right', '{spatial-feedback.TopRight.taken-wrong}', 8, 1, CURRENT_TIMESTAMP),
(119, 'Correct Missed', '{feedback-over-time.total-correct}-{feedback-over-time.taken-correct}', 2, 1, CURRENT_TIMESTAMP),
(119, 'Correct Taken', '{feedback-over-time.taken-correct}', 1, 1, CURRENT_TIMESTAMP),
(119, 'Wrong Avoided', '{feedback-over-time.total-wrong}-{feedback-over-time.taken-wrong}', 4, 1, CURRENT_TIMESTAMP),
(119, 'Wrong Taken', '{feedback-over-time.taken-wrong}', 3, 1, CURRENT_TIMESTAMP),
(122, 'Correct Missed', '{total-correct}-{taken-correct}', 2, 1, CURRENT_TIMESTAMP),
(122, 'Correct Taken', '{taken-correct}', 1, 1, CURRENT_TIMESTAMP),
(122, 'Wrong Avoided', '{total-wrong}-{taken-wrong}', 4, 1, CURRENT_TIMESTAMP),
(122, 'Wrong Taken', '{taken-wrong}', 3, 1, CURRENT_TIMESTAMP),
(122, 'x_axis', 'AUTO', 0, 1, CURRENT_TIMESTAMP),
(123, 'Bottom left', '{spatial-feedback.BottomLeft.taken-wrong}', 1, 1, CURRENT_TIMESTAMP),
(123, 'Bottom right', '{spatial-feedback.BottomRight.taken-wrong}', 2, 1, CURRENT_TIMESTAMP),
(123, 'Top left', '{spatial-feedback.TopLeft.taken-wrong}', 3, 1, CURRENT_TIMESTAMP),
(123, 'Top right', '{spatial-feedback.TopRight.taken-wrong}', 4, 1, CURRENT_TIMESTAMP),
(123, 'x_axis', 'AUTO', 0, 1, CURRENT_TIMESTAMP),
(124, 'Bottom left', '{spatial-feedback.BottomLeft.taken-correct}', 1, 1, CURRENT_TIMESTAMP),
(124, 'Bottom right', '{spatial-feedback.BottomRight.taken-correct}', 2, 1, CURRENT_TIMESTAMP),
(124, 'Top left', '{spatial-feedback.TopLeft.taken-correct}', 3, 1, CURRENT_TIMESTAMP),
(124, 'Top right', '{spatial-feedback.TopRight.taken-correct}', 4, 1, CURRENT_TIMESTAMP),
(124, 'x_axis', 'AUTO', 0, 1, CURRENT_TIMESTAMP),
(125, 'Density', '{input-parameters.density}', 1, 1, CURRENT_TIMESTAMP),
(125, 'Distractors', '{input-parameters.distractors}', 1, 1, CURRENT_TIMESTAMP),
(125, 'Duration', '{input-parameters.duration}', 1, 1, CURRENT_TIMESTAMP),
(125, 'Velocity', '{input-parameters.velocity}', 1, 1, CURRENT_TIMESTAMP),
(125, 'x_axis', 'AUTO', 0, 1, CURRENT_TIMESTAMP),
(126, 'Missed', '{total-fruits}-{taken-fruits}', 2, 1, CURRENT_TIMESTAMP),
(126, 'Taken', '{taken-fruits}', 1, 1, CURRENT_TIMESTAMP),
(127, 'total', '{total-fruits}', 0, 1, CURRENT_TIMESTAMP),
(127, 'value', '{taken-fruits}', 0, 1, CURRENT_TIMESTAMP),
(128, 'Avoided', '{total-distractors}-{taken-distractors}', 1, 1, CURRENT_TIMESTAMP),
(128, 'Taken', '{taken-distractors}', 2, 1, CURRENT_TIMESTAMP),
(129, 'Missed', '{feedback-over-time.total-fruits}-{feedback-over-time.taken-fruits}', 2, 1, CURRENT_TIMESTAMP),
(129, 'Taken', '{feedback-over-time.taken-fruits}', 1, 1, CURRENT_TIMESTAMP),
(130, 'Avoided', '{feedback-over-time.total-distractors}-{feedback-over-time.taken-distractors}', 1, 1, CURRENT_TIMESTAMP),
(130, 'Taken', '{feedback-over-time.taken-distractors}', 2, 1, CURRENT_TIMESTAMP),
(131, 'Avoided', '{total-distractors}-{taken-distractors}', 1, 1, CURRENT_TIMESTAMP),
(131, 'Taken', '{taken-distractors}', 2, 1, CURRENT_TIMESTAMP),
(131, 'x_axis', 'AUTO', 0, 1, CURRENT_TIMESTAMP),
(132, 'Missed', '{total-fruits}-{taken-fruits}', 2, 1, CURRENT_TIMESTAMP),
(132, 'Taken', '{taken-fruits}', 1, 1, CURRENT_TIMESTAMP),
(132, 'x_axis', 'AUTO', 0, 1, CURRENT_TIMESTAMP),
(133, 'Inner left', '{spatial-feedback.CenterLeft.score}', 2, 1, CURRENT_TIMESTAMP),
(133, 'Inner right', '{spatial-feedback.CenterRight.score}', 3, 1, CURRENT_TIMESTAMP),
(133, 'Outer left', '{spatial-feedback.Left.score}', 1, 1, CURRENT_TIMESTAMP),
(133, 'Outer right', '{spatial-feedback.Right.score}', 4, 1, CURRENT_TIMESTAMP),
(134, 'Inner left', '{spatial-feedback.CenterLeft.score}', 2, 1, CURRENT_TIMESTAMP),
(134, 'Inner right', '{spatial-feedback.CenterRight.score}', 3, 1, CURRENT_TIMESTAMP),
(134, 'Outer left', '{spatial-feedback.Left.score}', 1, 1, CURRENT_TIMESTAMP),
(134, 'Outer right', '{spatial-feedback.Right.score}', 4, 1, CURRENT_TIMESTAMP),
(134, 'x_axis', 'AUTO', 0, 1, CURRENT_TIMESTAMP),
(135, 'Density', '{input-parameters.density}', 1, 1, CURRENT_TIMESTAMP),
(135, 'Duration', '{input-parameters.duration}', 1, 1, CURRENT_TIMESTAMP),
(135, 'Proportion', '{input-parameters.proportion}', 1, 1, CURRENT_TIMESTAMP),
(135, 'Size', '{input-parameters.size}', 1, 1, CURRENT_TIMESTAMP),
(135, 'Velocity', '{input-parameters.velocity}', 1, 1, CURRENT_TIMESTAMP),
(135, 'x_axis', 'AUTO', 0, 1, CURRENT_TIMESTAMP),
(140, 'Correct Inner left', '{spatial-feedback.CenterLeft.taken-fruits}', 3, 1, CURRENT_TIMESTAMP),
(140, 'Correct Inner right', '{spatial-feedback.CenterRight.taken-fruits}', 5, 1, CURRENT_TIMESTAMP),
(140, 'Correct Outer left', '{spatial-feedback.Left.taken-fruits}', 1, 1, CURRENT_TIMESTAMP),
(140, 'Correct Outer right', '{spatial-feedback.Right.taken-fruits}', 7, 1, CURRENT_TIMESTAMP),
(140, 'Wrong Inner left', '{spatial-feedback.CenterLeft.taken-distractors}', 11, 1, CURRENT_TIMESTAMP),
(140, 'Wrong Inner right', '{spatial-feedback.CenterRight.taken-distractors}', 13, 1, CURRENT_TIMESTAMP),
(140, 'Wrong Outer left', '{spatial-feedback.Left.taken-distractors}', 9, 1, CURRENT_TIMESTAMP),
(140, 'Wrong Outer right', '{spatial-feedback.Right.taken-distractors}', 15, 1, CURRENT_TIMESTAMP),
(140, '[diff]Correct Inner left', '{spatial-feedback.CenterLeft.missed-fruits}', 4, 1, CURRENT_TIMESTAMP),
(140, '[diff]Correct Inner right', '{spatial-feedback.CenterRight.missed-fruits}', 6, 1, CURRENT_TIMESTAMP),
(140, '[diff]Correct Outer left', '{spatial-feedback.Left.missed-fruits}', 2, 1, CURRENT_TIMESTAMP),
(140, '[diff]Correct Outer right', '{spatial-feedback.Right.missed-fruits}', 8, 1, CURRENT_TIMESTAMP),
(140, '[diff]Wrong Inner left', '{spatial-feedback.CenterLeft.avoided-distractors}', 12, 1, CURRENT_TIMESTAMP),
(140, '[diff]Wrong Inner right', '{spatial-feedback.CenterRight.avoided-distractors}', 14, 1, CURRENT_TIMESTAMP),
(140, '[diff]Wrong Outer left', '{spatial-feedback.Left.avoided-distractors}', 10, 1, CURRENT_TIMESTAMP),
(140, '[diff]Wrong Outer right', '{spatial-feedback.Right.avoided-distractors}', 16, 1, CURRENT_TIMESTAMP),
(144, 'Inner left', '{spatial-feedback.CenterLeft.taken-distractors}', 2, 1, CURRENT_TIMESTAMP),
(144, 'Inner right', '{spatial-feedback.CenterRight.taken-distractors}', 2, 1, CURRENT_TIMESTAMP),
(144, 'Outer left', '{spatial-feedback.Left.taken-distractors}', 2, 1, CURRENT_TIMESTAMP),
(144, 'Outer right', '{spatial-feedback.Right.taken-distractors}', 2, 1, CURRENT_TIMESTAMP),
(144, 'x_axis', 'AUTO', 0, 1, CURRENT_TIMESTAMP),
(148, 'Inner left', '{spatial-feedback.CenterLeft.taken-fruits}', 1, 1, CURRENT_TIMESTAMP),
(148, 'Inner right', '{spatial-feedback.CenterRight.taken-fruits}', 1, 1, CURRENT_TIMESTAMP),
(148, 'Outer left', '{spatial-feedback.Left.taken-fruits}', 1, 1, CURRENT_TIMESTAMP),
(148, 'Outer right', '{spatial-feedback.Right.taken-fruits}', 1, 1, CURRENT_TIMESTAMP),
(148, 'x_axis', 'AUTO', 0, 1, CURRENT_TIMESTAMP),
(152, 'Mazes', '{correct-maze}', 1, 1, CURRENT_TIMESTAMP),
(153, 'Correct', '{visited-right}', 1, 1, CURRENT_TIMESTAMP),
(153, 'Wrong', '{visited-wrong}', 2, 1, CURRENT_TIMESTAMP),
(154, 'Correct path', '{visited-right}', 1, 1, CURRENT_TIMESTAMP),
(154, 'Correct path repetition', '{counter-right}-{visited-right}', 2, 1, CURRENT_TIMESTAMP),
(154, 'Wrong path', '{visited-wrong}', 3, 1, CURRENT_TIMESTAMP),
(154, 'Wrong path repetition', '{counter-wrong}-{visited-wrong}', 4, 1, CURRENT_TIMESTAMP),
(155, 'Correct', '{time-right}', 1, 1, CURRENT_TIMESTAMP),
(155, 'Wrong', '{time-wrong}', 2, 1, CURRENT_TIMESTAMP),
(156, 'Correct bottom left', '{spatial-feedback.BottomLeft.time-right}', 1, 1, CURRENT_TIMESTAMP),
(156, 'Correct bottom right', '{spatial-feedback.BottomRight.time-right}', 2, 1, CURRENT_TIMESTAMP),
(156, 'Correct top left', '{spatial-feedback.TopLeft.time-right}', 3, 1, CURRENT_TIMESTAMP),
(156, 'Correct top right', '{spatial-feedback.TopRight.time-right}', 4, 1, CURRENT_TIMESTAMP),
(156, 'Wrong bottom left', '{spatial-feedback.BottomLeft.time-wrong}', 5, 1, CURRENT_TIMESTAMP),
(156, 'Wrong bottom right', '{spatial-feedback.BottomRight.time-wrong}', 6, 1, CURRENT_TIMESTAMP),
(156, 'Wrong top left', '{spatial-feedback.TopLeft.time-wrong}', 7, 1, CURRENT_TIMESTAMP),
(156, 'Wrong top right', '{spatial-feedback.TopRight.time-wrong}', 8, 1, CURRENT_TIMESTAMP),
(157, 'Correct Bottom left', '{spatial-feedback.BottomLeft.visited-right}', 1, 1, CURRENT_TIMESTAMP),
(157, 'Correct Bottom right', '{spatial-feedback.BottomRight.visited-right}', 3, 1, CURRENT_TIMESTAMP),
(157, 'Correct Top left', '{spatial-feedback.TopLeft.visited-right}', 5, 1, CURRENT_TIMESTAMP),
(157, 'Correct Top right', '{spatial-feedback.TopRight.visited-right}', 7, 1, CURRENT_TIMESTAMP),
(157, 'Wrong Bottom left', '{spatial-feedback.BottomLeft.visited-wrong}', 9, 1, CURRENT_TIMESTAMP),
(157, 'Wrong Bottom right', '{spatial-feedback.BottomRight.visited-wrong}', 11, 1, CURRENT_TIMESTAMP),
(157, 'Wrong Top left', '{spatial-feedback.TopLeft.visited-wrong}', 13, 1, CURRENT_TIMESTAMP),
(157, 'Wrong Top right', '{spatial-feedback.TopRight.visited-wrong}', 15, 1, CURRENT_TIMESTAMP),
(157, '[diff]Correct Bottom left', '{spatial-feedback.BottomLeft.counter-right}-{spatial-feedback.BottomLeft.visited-right}', 2, 1, CURRENT_TIMESTAMP),
(157, '[diff]Correct Bottom right', '{spatial-feedback.BottomRight.counter-right}-{spatial-feedback.BottomRight.visited-right}', 4, 1, CURRENT_TIMESTAMP),
(157, '[diff]Correct Top left', '{spatial-feedback.TopLeft.counter-right}-{spatial-feedback.TopLeft.visited-right}', 6, 1, CURRENT_TIMESTAMP),
(157, '[diff]Correct Top right', '{spatial-feedback.TopRight.counter-right}-{spatial-feedback.TopRight.visited-right}', 8, 1, CURRENT_TIMESTAMP),
(157, '[diff]Wrong Bottom left', '{spatial-feedback.BottomLeft.counter-wrong}-{spatial-feedback.BottomLeft.visited-wrong}', 10, 1, CURRENT_TIMESTAMP),
(157, '[diff]Wrong Bottom right', '{spatial-feedback.BottomRight.counter-wrong}-{spatial-feedback.BottomRight.visited-wrong}', 12, 1, CURRENT_TIMESTAMP),
(157, '[diff]Wrong Top left', '{spatial-feedback.TopLeft.counter-wrong}-{spatial-feedback.TopLeft.visited-wrong}', 14, 1, CURRENT_TIMESTAMP),
(157, '[diff]Wrong Top right', '{spatial-feedback.TopRight.counter-wrong}-{spatial-feedback.TopRight.visited-wrong}', 16, 1, CURRENT_TIMESTAMP),
(159, 'Time before start', '{feedback-by-maze.time-inactive}', 4, 1, CURRENT_TIMESTAMP),
(159, 'Time in correct path', '{feedback-by-maze.time-right}', 2, 1, CURRENT_TIMESTAMP),
(159, 'Time in wrong path', '{feedback-by-maze.time-wrong}', 3, 1, CURRENT_TIMESTAMP),
(160, 'Correct path', '{feedback-by-maze.visited-right}', 1, 1, CURRENT_TIMESTAMP),
(160, 'Correct path repetition', '{feedback-by-maze.counter-right}-{feedback-by-maze.visited-right}', 2, 1, CURRENT_TIMESTAMP),
(160, 'Wrong path', '{feedback-by-maze.visited-wrong}', 3, 1, CURRENT_TIMESTAMP),
(160, 'Wrong path repetition', '{feedback-by-maze.counter-wrong}-{feedback-by-maze.visited-wrong}', 4, 1, CURRENT_TIMESTAMP),
(161, 'Correct bottom left', '{feedback-by-maze.spatial-feedback.BottomLeft.time-right}', 1, 1, CURRENT_TIMESTAMP),
(161, 'Correct bottom right', '{feedback-by-maze.spatial-feedback.BottomRight.time-right}', 2, 1, CURRENT_TIMESTAMP),
(161, 'Correct top left', '{feedback-by-maze.spatial-feedback.TopLeft.time-right}', 3, 1, CURRENT_TIMESTAMP),
(161, 'Correct top right', '{feedback-by-maze.spatial-feedback.TopRight.time-right}', 4, 1, CURRENT_TIMESTAMP),
(161, 'Wrong bottom left', '{feedback-by-maze.spatial-feedback.BottomLeft.time-wrong}', 5, 1, CURRENT_TIMESTAMP),
(161, 'Wrong bottom right', '{feedback-by-maze.spatial-feedback.BottomRight.time-wrong}', 6, 1, CURRENT_TIMESTAMP),
(161, 'Wrong top left', '{feedback-by-maze.spatial-feedback.TopLeft.time-wrong}', 7, 1, CURRENT_TIMESTAMP),
(161, 'Wrong top right', '{feedback-by-maze.spatial-feedback.TopRight.time-wrong}', 8, 1, CURRENT_TIMESTAMP),
(162, 'Correct bottom left', '{feedback-by-maze.spatial-feedback.BottomLeft.visited-right}', 1, 1, CURRENT_TIMESTAMP),
(162, 'Correct bottom right', '{feedback-by-maze.spatial-feedback.BottomRight.visited-right}', 2, 1, CURRENT_TIMESTAMP),
(162, 'Correct top left', '{feedback-by-maze.spatial-feedback.TopLeft.visited-right}', 3, 1, CURRENT_TIMESTAMP),
(162, 'Correct top right', '{feedback-by-maze.spatial-feedback.TopRight.visited-right}', 4, 1, CURRENT_TIMESTAMP),
(162, 'Exceeding bottom left', '{feedback-by-maze.spatial-feedback.BottomLeft.counter-right}+{feedback-by-maze.spatial-feedback.BottomLeft.counter-wrong}-{feedback-by-maze.spatial-feedback.BottomLeft.visited-right}', 5, 1, CURRENT_TIMESTAMP),
(162, 'Exceeding bottom right', '{feedback-by-maze.spatial-feedback.BottomRight.counter-right}+{feedback-by-maze.spatial-feedback.BottomRight.counter-wrong}-{feedback-by-maze.spatial-feedback.BottomRight.visited-right}', 6, 1, CURRENT_TIMESTAMP),
(162, 'Exceeding top left', '{feedback-by-maze.spatial-feedback.TopLeft.counter-right}+{feedback-by-maze.spatial-feedback.TopLeft.counter-wrong}-{feedback-by-maze.spatial-feedback.TopLeft.visited-right}', 7, 1, CURRENT_TIMESTAMP),
(162, 'Exceeding top right', '{feedback-by-maze.spatial-feedback.TopRight.counter-right}+{feedback-by-maze.spatial-feedback.TopRight.counter-wrong}-{feedback-by-maze.spatial-feedback.TopRight.visited-right}', 8, 1, CURRENT_TIMESTAMP),
(163, 'Bottom left', '{feedback-by-maze.spatial-feedback.BottomLeft.visited-wrong}', 1, 1, CURRENT_TIMESTAMP),
(163, 'Bottom right', '{feedback-by-maze.spatial-feedback.BottomRight.visited-wrong}', 2, 1, CURRENT_TIMESTAMP),
(163, 'Top left', '{feedback-by-maze.spatial-feedback.TopLeft.visited-wrong}', 3, 1, CURRENT_TIMESTAMP),
(163, 'Top right', '{feedback-by-maze.spatial-feedback.TopRight.visited-wrong}', 4, 1, CURRENT_TIMESTAMP),
(164, 'Solved', '{correct-maze}', 1, 1, CURRENT_TIMESTAMP),
(164, 'x_axis', 'AUTO', 0, 1, CURRENT_TIMESTAMP),
(165, 'Correct path', '{visited-right}', 1, 1, CURRENT_TIMESTAMP),
(165, 'Correct path repetition', '{counter-right}-{visited-right}', 2, 1, CURRENT_TIMESTAMP),
(165, 'Wrong path', '{visited-wrong}', 3, 1, CURRENT_TIMESTAMP),
(165, 'Wrong path repetition', '{counter-wrong}-{visited-wrong}', 4, 1, CURRENT_TIMESTAMP),
(165, 'x_axis', 'AUTO', 0, 1, CURRENT_TIMESTAMP),
(166, 'Correct', '{time-right}', 1, 1, CURRENT_TIMESTAMP),
(166, 'Wrong', '{time-wrong}', 2, 1, CURRENT_TIMESTAMP),
(166, 'x_axis', 'AUTO', 0, 1, CURRENT_TIMESTAMP),
(167, 'Correct bottom left', '{spatial-feedback.BottomLeft.time-right}', 1, 1, CURRENT_TIMESTAMP),
(167, 'Correct bottom right', '{spatial-feedback.BottomRight.time-right}', 2, 1, CURRENT_TIMESTAMP),
(167, 'Correct top left', '{spatial-feedback.TopLeft.time-right}', 3, 1, CURRENT_TIMESTAMP),
(167, 'Correct top right', '{spatial-feedback.TopRight.time-right}', 4, 1, CURRENT_TIMESTAMP),
(167, 'Wrong bottom left', '{spatial-feedback.BottomLeft.time-wrong}', 5, 1, CURRENT_TIMESTAMP),
(167, 'Wrong bottom right', '{spatial-feedback.BottomRight.time-wrong}', 6, 1, CURRENT_TIMESTAMP),
(167, 'Wrong top left', '{spatial-feedback.TopLeft.time-wrong}', 7, 1, CURRENT_TIMESTAMP),
(167, 'Wrong top right', '{spatial-feedback.TopRight.time-wrong}', 8, 1, CURRENT_TIMESTAMP),
(167, 'x_axis', 'AUTO', 0, 1, CURRENT_TIMESTAMP),
(168, 'Correct bottom left', '{spatial-feedback.BottomLeft.visited-right}', 1, 1, CURRENT_TIMESTAMP),
(168, 'Correct bottom right', '{spatial-feedback.BottomRight.visited-right}', 2, 1, CURRENT_TIMESTAMP),
(168, 'Correct top left', '{spatial-feedback.TopLeft.visited-right}', 3, 1, CURRENT_TIMESTAMP),
(168, 'Correct top right', '{spatial-feedback.TopRight.visited-right}', 4, 1, CURRENT_TIMESTAMP),
(168, 'Exceeding bottom left', '{spatial-feedback.BottomLeft.counter-right}+{spatial-feedback.BottomLeft.counter-wrong}-{spatial-feedback.BottomLeft.visited-right}', 5, 1, CURRENT_TIMESTAMP),
(168, 'Exceeding bottom right', '{spatial-feedback.BottomRight.counter-right}+{spatial-feedback.BottomRight.counter-wrong}-{spatial-feedback.BottomRight.visited-right}', 6, 1, CURRENT_TIMESTAMP),
(168, 'Exceeding top left', '{spatial-feedback.TopLeft.counter-right}+{spatial-feedback.TopLeft.counter-wrong}-{spatial-feedback.TopLeft.visited-right}', 7, 1, CURRENT_TIMESTAMP),
(168, 'Exceeding top right', '{spatial-feedback.TopRight.counter-right}+{spatial-feedback.TopRight.counter-wrong}-{spatial-feedback.TopRight.visited-right}', 8, 1, CURRENT_TIMESTAMP),
(168, 'x_axis', 'AUTO', 0, 1, CURRENT_TIMESTAMP),
(169, 'Complexity', '{input-parameters.complexity}', 1, 1, CURRENT_TIMESTAMP),
(169, 'Duration', '{input-parameters.duration}', 1, 1, CURRENT_TIMESTAMP),
(169, 'x_axis', 'AUTO', 0, 1, CURRENT_TIMESTAMP),
(171, 'Correct Bottom left', '{spatial-feedback.BottomLeft.taken-eggs}+{spatial-feedback.Bottom.taken-eggs}+{spatial-feedback.Left.taken-eggs}', 1, 1, CURRENT_TIMESTAMP),
(171, 'Correct Bottom right', '{spatial-feedback.BottomRight.taken-eggs}+{spatial-feedback.Right.taken-eggs}', 2, 1, CURRENT_TIMESTAMP),
(171, 'Correct Top left', '{spatial-feedback.TopLeft.taken-eggs}+{spatial-feedback.Top.taken-eggs}', 3, 1, CURRENT_TIMESTAMP),
(171, 'Correct Top right', '{spatial-feedback.TopRight.taken-eggs}', 4, 1, CURRENT_TIMESTAMP),
(171, 'Wrong Bottom left', '{spatial-feedback.BottomLeft.taken-engines}+{spatial-feedback.Bottom.taken-engines}+{spatial-feedback.Left.taken-engines}', 5, 1, CURRENT_TIMESTAMP),
(171, 'Wrong Bottom right', '{spatial-feedback.BottomRight.taken-engines}+{spatial-feedback.Right.taken-engines}', 6, 1, CURRENT_TIMESTAMP),
(171, 'Wrong Top left', '{spatial-feedback.TopLeft.taken-engines}+{spatial-feedback.Top.taken-engines}', 7, 1, CURRENT_TIMESTAMP),
(171, 'Wrong Top right', '{spatial-feedback.TopRight.taken-engines}', 8, 1, CURRENT_TIMESTAMP),
(172, 'Bottom left', '{spatial-feedback.BottomLeft.taken-engines}', 1, 1, CURRENT_TIMESTAMP),
(172, 'Bottom right', '{spatial-feedback.BottomRight.taken-engines}', 2, 1, CURRENT_TIMESTAMP),
(172, 'Top left', '{spatial-feedback.TopLeft.taken-engines}', 3, 1, CURRENT_TIMESTAMP),
(172, 'Top right', '{spatial-feedback.TopRight.taken-engines}', 4, 1, CURRENT_TIMESTAMP),
(172, 'x_axis', 'AUTO', 0, 1, CURRENT_TIMESTAMP),
(173, 'Bottom left', '{spatial-feedback.BottomLeft.taken-eggs}', 1, 1, CURRENT_TIMESTAMP),
(173, 'Bottom right', '{spatial-feedback.BottomRight.taken-eggs}', 2, 1, CURRENT_TIMESTAMP),
(173, 'Top left', '{spatial-feedback.TopLeft.taken-eggs}', 3, 1, CURRENT_TIMESTAMP),
(173, 'Top right', '{spatial-feedback.TopRight.taken-eggs}', 4, 1, CURRENT_TIMESTAMP),
(173, 'x_axis', 'AUTO', 0, 1, CURRENT_TIMESTAMP),
(174, 'total', '{total-stars}', 0, 1, CURRENT_TIMESTAMP),
(174, 'value', '{taken-stars}', 1, 1, CURRENT_TIMESTAMP),
(175, 'Missed', '{feedback-by-curve.total-stars}-{feedback-by-curve.taken-stars}', 2, 1, CURRENT_TIMESTAMP),
(175, 'Taken', '{feedback-by-curve.taken-stars}', 1, 1, CURRENT_TIMESTAMP),
(176, 'value', '{taken-stars}/{total-stars}', 1, 1, CURRENT_TIMESTAMP),
(176, 'x_axis', 'AUTO', 0, 1, CURRENT_TIMESTAMP),
(177, 'Correct', '{correct-curves}', 1, 1, CURRENT_TIMESTAMP),
(177, 'Wrong', '{wrong-curves}', 2, 1, CURRENT_TIMESTAMP),
(178, 'Correct', '{correct-shape-curves}', 1, 1, CURRENT_TIMESTAMP),
(178, 'Wrong', '{wrong-shape-curves}', 2, 1, CURRENT_TIMESTAMP),
(179, 'Correct', '{correct-color-curves}', 1, 1, CURRENT_TIMESTAMP),
(179, 'Wrong', '{wrong-color-curves}', 2, 1, CURRENT_TIMESTAMP),
(180, 'Correct', '{correct-curves}', 1, 1, CURRENT_TIMESTAMP),
(180, 'Wrong', '{wrong-curves}', 2, 1, CURRENT_TIMESTAMP),
(180, 'x_axis', 'AUTO', 0, 1, CURRENT_TIMESTAMP),
(181, 'Correct', '{correct-shape-curves}', 1, 1, CURRENT_TIMESTAMP),
(181, 'Wrong', '{wrong-shape-curves}', 2, 1, CURRENT_TIMESTAMP),
(181, 'x_axis', 'AUTO', 0, 1, CURRENT_TIMESTAMP),
(182, 'Correct', '{correct-color-curves}', 1, 1, CURRENT_TIMESTAMP),
(182, 'Wrong', '{wrong-color-curves}', 2, 1, CURRENT_TIMESTAMP),
(182, 'x_axis', 'AUTO', 0, 1, CURRENT_TIMESTAMP),
(183, 'Oranges', '{oranges}', 0, 1, CURRENT_TIMESTAMP),
(184, 'Levels', '{levels}', 0, 1, CURRENT_TIMESTAMP),
(185, 'Average', '{angle}', 0, 1, CURRENT_TIMESTAMP),
(186, 'center', '{changes-center}', 2, 1, CURRENT_TIMESTAMP),
(186, 'left', '{changes-left}', 1, 1, CURRENT_TIMESTAMP),
(186, 'right', '{changes-right}', 3, 1, CURRENT_TIMESTAMP),
(187, 'center', '{time-center}', 2, 1, CURRENT_TIMESTAMP),
(187, 'left', '{time-left}', 1, 1, CURRENT_TIMESTAMP),
(187, 'right', '{time-right}', 3, 1, CURRENT_TIMESTAMP),
(188, 'center', '{feedback-over-time.time-center}', 2, 1, CURRENT_TIMESTAMP),
(188, 'left', '{feedback-over-time.time-left}', 1, 1, CURRENT_TIMESTAMP),
(188, 'right', '{feedback-over-time.time-right}', 3, 1, CURRENT_TIMESTAMP),
(189, 'center', '{feedback-over-time.changes-center}', 2, 1, CURRENT_TIMESTAMP),
(189, 'left', '{feedback-over-time.changes-left}', 1, 1, CURRENT_TIMESTAMP),
(189, 'right', '{feedback-over-time.changes-right}', 3, 1, CURRENT_TIMESTAMP),
(190, 'angle', '{feedback-over-time.angle}', 1, 1, CURRENT_TIMESTAMP),
(191, 'oranges', '{feedback-over-time.oranges}', 1, 1, CURRENT_TIMESTAMP),
(192, 'levels', '{feedback-over-time.levels}', 1, 1, CURRENT_TIMESTAMP),
(193, 'center', '{time-center}', 2, 1, CURRENT_TIMESTAMP),
(193, 'left', '{time-left}', 1, 1, CURRENT_TIMESTAMP),
(193, 'right', '{time-right}', 3, 1, CURRENT_TIMESTAMP),
(193, 'x_axis', 'AUTO', 0, 1, CURRENT_TIMESTAMP),
(194, 'center', '{changes-center}', 2, 1, CURRENT_TIMESTAMP),
(194, 'left', '{changes-left}', 1, 1, CURRENT_TIMESTAMP),
(194, 'right', '{changes-right}', 3, 1, CURRENT_TIMESTAMP),
(194, 'x_axis', 'AUTO', 0, 1, CURRENT_TIMESTAMP),
(195, 'angle', '{angle}', 1, 1, CURRENT_TIMESTAMP),
(195, 'x_axis', 'AUTO', 0, 1, CURRENT_TIMESTAMP),
(196, 'oranges', '{oranges}', 1, 1, CURRENT_TIMESTAMP),
(196, 'x_axis', 'AUTO', 0, 1, CURRENT_TIMESTAMP),
(197, 'levels', '{levels}', 1, 1, CURRENT_TIMESTAMP),
(197, 'x_axis', 'AUTO', 0, 1, CURRENT_TIMESTAMP),
(198, 'correct', '{feedback-over-time.correct}', 1, 1, CURRENT_TIMESTAMP),
(198, 'wrong', '{feedback-over-time.wrong}', 2, 1, CURRENT_TIMESTAMP),
(199, 'Duration', '{input-parameters.duration}', 1, 1, CURRENT_TIMESTAMP),
(199, 'Holes size', '{input-parameters.size}', 1, 1, CURRENT_TIMESTAMP),
(199, 'Oranges count', '{input-parameters.quantity}', 1, 1, CURRENT_TIMESTAMP),
(199, 'Shelves count', '{input-parameters.shelves}', 1, 1, CURRENT_TIMESTAMP),
(199, 'Spawning speed', '{input-parameters.speed}', 1, 1, CURRENT_TIMESTAMP),
(199, 'x_axis', 'AUTO', 0, 1, CURRENT_TIMESTAMP),
(200, 'Duration', '{input-parameters.duration}', 1, 1, CURRENT_TIMESTAMP),
(200, 'Fridge shelves', '{input-parameters.layers}', 1, 1, CURRENT_TIMESTAMP),
(200, 'Gravity', '{input-parameters.gravity}', 1, 1, CURRENT_TIMESTAMP),
(200, 'Size of fridge shelves', '{input-parameters.size}', 1, 1, CURRENT_TIMESTAMP),
(200, 'Types of fruit', '{input-parameters.types}', 1, 1, CURRENT_TIMESTAMP),
(200, 'x_axis', 'AUTO', 0, 1, CURRENT_TIMESTAMP),
(201, 'Left', '{left-taken-flowers}', 1, 1, CURRENT_TIMESTAMP),
(201, 'Missed', '{total-flowers}-{left-taken-flowers}-{right-taken-flowers}', 3, 1, CURRENT_TIMESTAMP),
(201, 'Right', '{right-taken-flowers}', 2, 1, CURRENT_TIMESTAMP),
(202, 'Avoided', '{total-bees}-{right-taken-bees}-{left-taken-bees}', 1, 1, CURRENT_TIMESTAMP),
(202, 'Left', '{left-taken-bees}', 2, 1, CURRENT_TIMESTAMP),
(202, 'Right', '{right-taken-bees}', 3, 1, CURRENT_TIMESTAMP),
(204, 'Correct Bottom left', '{spatial-feedback.BottomLeft.right-taken-flowers}+{spatial-feedback.Bottom.right-taken-flowers}+{spatial-feedback.Left.right-taken-flowers}', 1, 1, CURRENT_TIMESTAMP),
(204, 'Correct Bottom right', '{spatial-feedback.BottomRight.right-taken-flowers}+{spatial-feedback.Right.right-taken-flowers}', 3, 1, CURRENT_TIMESTAMP),
(204, 'Correct Top left', '{spatial-feedback.TopLeft.right-taken-flowers}+{spatial-feedback.Top.right-taken-flowers}', 5, 1, CURRENT_TIMESTAMP),
(204, 'Correct Top right', '{spatial-feedback.TopRight.right-taken-flowers}', 7, 1, CURRENT_TIMESTAMP),
(204, 'Wrong Bottom left', '{spatial-feedback.BottomLeft.right-taken-bees}+{spatial-feedback.Bottom.right-taken-bees}+{spatial-feedback.Left.right-taken-bees}', 9, 1, CURRENT_TIMESTAMP),
(204, 'Wrong Bottom right', '{spatial-feedback.BottomRight.right-taken-bees}+{spatial-feedback.Right.right-taken-bees}', 11, 1, CURRENT_TIMESTAMP),
(204, 'Wrong Top left', '{spatial-feedback.TopLeft.right-taken-bees}+{spatial-feedback.Top.right-taken-bees}', 13, 1, CURRENT_TIMESTAMP),
(204, 'Wrong Top right', '{spatial-feedback.TopRight.right-taken-bees}', 15, 1, CURRENT_TIMESTAMP),
(204, '[diff]Correct Bottom left', '{spatial-feedback.BottomLeft.left-taken-flowers}+{spatial-feedback.Bottom.left-taken-flowers}+{spatial-feedback.Left.left-taken-flowers}', 2, 1, CURRENT_TIMESTAMP),
(204, '[diff]Correct Bottom right', '{spatial-feedback.BottomRight.left-taken-flowers}+{spatial-feedback.Right.left-taken-flowers}', 4, 1, CURRENT_TIMESTAMP),
(204, '[diff]Correct Top left', '{spatial-feedback.TopLeft.left-taken-flowers}+{spatial-feedback.Top.left-taken-flowers}', 6, 1, CURRENT_TIMESTAMP),
(204, '[diff]Correct Top right', '{spatial-feedback.TopRight.left-taken-flowers}', 8, 1, CURRENT_TIMESTAMP),
(204, '[diff]Wrong Bottom left', '{spatial-feedback.BottomLeft.left-taken-bees}+{spatial-feedback.Bottom.left-taken-bees}+{spatial-feedback.Left.left-taken-bees}', 10, 1, CURRENT_TIMESTAMP),
(204, '[diff]Wrong Bottom right', '{spatial-feedback.BottomRight.left-taken-bees}+{spatial-feedback.Right.left-taken-bees}', 12, 1, CURRENT_TIMESTAMP),
(204, '[diff]Wrong Top left', '{spatial-feedback.TopLeft.left-taken-bees}+{spatial-feedback.Top.left-taken-bees}', 14, 1, CURRENT_TIMESTAMP),
(204, '[diff]Wrong Top right', '{spatial-feedback.TopRight.left-taken-bees}', 16, 1, CURRENT_TIMESTAMP),
(206, 'Correct Bottom left', '{spatial-feedback.BottomLeft.left-taken-flowers}+{spatial-feedback.Bottom.left-taken-flowers}+{spatial-feedback.Left.left-taken-flowers}', 1, 1, CURRENT_TIMESTAMP),
(206, 'Correct Bottom right', '{spatial-feedback.BottomRight.left-taken-flowers}+{spatial-feedback.Right.left-taken-flowers}', 3, 1, CURRENT_TIMESTAMP),
(206, 'Correct Top left', '{spatial-feedback.TopLeft.left-taken-flowers}+{spatial-feedback.Top.left-taken-flowers}', 5, 1, CURRENT_TIMESTAMP),
(206, 'Correct Top right', '{spatial-feedback.TopRight.left-taken-flowers}', 7, 1, CURRENT_TIMESTAMP),
(206, 'Wrong Bottom left', '{spatial-feedback.BottomLeft.left-taken-bees}+{spatial-feedback.Bottom.left-taken-bees}+{spatial-feedback.Left.left-taken-bees}', 9, 1, CURRENT_TIMESTAMP),
(206, 'Wrong Bottom right', '{spatial-feedback.BottomRight.left-taken-bees}+{spatial-feedback.Right.left-taken-bees}', 11, 1, CURRENT_TIMESTAMP),
(206, 'Wrong Top left', '{spatial-feedback.TopLeft.left-taken-bees}+{spatial-feedback.Top.left-taken-bees}', 13, 1, CURRENT_TIMESTAMP),
(206, 'Wrong Top right', '{spatial-feedback.TopRight.left-taken-bees}', 15, 1, CURRENT_TIMESTAMP),
(206, '[diff]Correct Bottom left', '{spatial-feedback.BottomLeft.right-taken-flowers}+{spatial-feedback.Bottom.right-taken-flowers}+{spatial-feedback.Left.right-taken-flowers}', 2, 1, CURRENT_TIMESTAMP),
(206, '[diff]Correct Bottom right', '{spatial-feedback.BottomRight.right-taken-flowers}+{spatial-feedback.Right.right-taken-flowers}', 4, 1, CURRENT_TIMESTAMP),
(206, '[diff]Correct Top left', '{spatial-feedback.TopLeft.right-taken-flowers}+{spatial-feedback.Top.right-taken-flowers}', 6, 1, CURRENT_TIMESTAMP),
(206, '[diff]Correct Top right', '{spatial-feedback.TopRight.right-taken-flowers}', 8, 1, CURRENT_TIMESTAMP),
(206, '[diff]Wrong Bottom left', '{spatial-feedback.BottomLeft.right-taken-bees}+{spatial-feedback.Bottom.right-taken-bees}+{spatial-feedback.Left.right-taken-bees}', 10, 1, CURRENT_TIMESTAMP),
(206, '[diff]Wrong Bottom right', '{spatial-feedback.BottomRight.right-taken-bees}+{spatial-feedback.Right.right-taken-bees}', 12, 1, CURRENT_TIMESTAMP),
(206, '[diff]Wrong Top left', '{spatial-feedback.TopLeft.right-taken-bees}+{spatial-feedback.Top.right-taken-bees}', 14, 1, CURRENT_TIMESTAMP),
(206, '[diff]Wrong Top right', '{spatial-feedback.TopRight.right-taken-bees}', 16, 1, CURRENT_TIMESTAMP),
(207, 'Left', '{feedback-over-time.left-taken-flowers}', 1, 1, CURRENT_TIMESTAMP),
(207, 'Missed', '{feedback-over-time.total-flowers}-{feedback-over-time.left-taken-flowers}-{feedback-over-time.right-taken-flowers}', 3, 1, CURRENT_TIMESTAMP),
(207, 'Right', '{feedback-over-time.right-taken-flowers}', 2, 1, CURRENT_TIMESTAMP),
(208, 'Avoided', '{feedback-over-time.total-bees}-{feedback-over-time.left-taken-bees}-{feedback-over-time.right-taken-bees}', 1, 1, CURRENT_TIMESTAMP),
(208, 'Left', '{feedback-over-time.left-taken-bees}', 2, 1, CURRENT_TIMESTAMP),
(208, 'Right', '{feedback-over-time.right-taken-bees}', 3, 1, CURRENT_TIMESTAMP),
(209, 'Avoided', '{total-bees}-{left-taken-bees}-{right-taken-bees}', 1, 1, CURRENT_TIMESTAMP),
(209, 'Left', '{left-taken-bees}', 2, 1, CURRENT_TIMESTAMP),
(209, 'Right', '{right-taken-bees}', 3, 1, CURRENT_TIMESTAMP),
(209, 'x_axis', 'AUTO', 0, 1, CURRENT_TIMESTAMP),
(210, 'Left', '{left-taken-flowers}', 1, 1, CURRENT_TIMESTAMP),
(210, 'Missed', '{total-flowers}-{left-taken-flowers}-{right-taken-flowers}', 3, 1, CURRENT_TIMESTAMP),
(210, 'Right', '{right-taken-flowers}', 2, 1, CURRENT_TIMESTAMP),
(210, 'x_axis', 'AUTO', 0, 1, CURRENT_TIMESTAMP),
(211, 'Bottom left (left hand)', '{spatial-feedback.BottomLeft.left-taken-bees}', 1, 1, CURRENT_TIMESTAMP),
(211, 'Bottom left (right hand)', '{spatial-feedback.BottomLeft.right-taken-bees}', 1, 1, CURRENT_TIMESTAMP),
(211, 'Bottom right (left hand)', '{spatial-feedback.BottomRight.left-taken-bees}', 2, 1, CURRENT_TIMESTAMP),
(211, 'Bottom right (right hand)', '{spatial-feedback.BottomRight.right-taken-bees}', 2, 1, CURRENT_TIMESTAMP),
(211, 'Top left (left hand)', '{spatial-feedback.TopLeft.left-taken-bees}', 3, 1, CURRENT_TIMESTAMP),
(211, 'Top left (right hand)', '{spatial-feedback.TopLeft.right-taken-bees}', 3, 1, CURRENT_TIMESTAMP),
(211, 'Top right (left hand)', '{spatial-feedback.TopRight.left-taken-bees}', 4, 1, CURRENT_TIMESTAMP),
(211, 'Top right (right hand)', '{spatial-feedback.TopRight.right-taken-bees}', 4, 1, CURRENT_TIMESTAMP),
(211, 'x_axis', 'AUTO', 0, 1, CURRENT_TIMESTAMP),
(212, 'Bottom left (left hand)', '{spatial-feedback.BottomLeft.left-taken-flowers}', 1, 1, CURRENT_TIMESTAMP),
(212, 'Bottom left (right hand)', '{spatial-feedback.BottomLeft.right-taken-flowers}', 1, 1, CURRENT_TIMESTAMP),
(212, 'Bottom right (left hand)', '{spatial-feedback.BottomRight.left-taken-flowers}', 2, 1, CURRENT_TIMESTAMP),
(212, 'Bottom right (right hand)', '{spatial-feedback.BottomRight.right-taken-flowers}', 2, 1, CURRENT_TIMESTAMP),
(212, 'Top left (left hand)', '{spatial-feedback.TopLeft.left-taken-flowers}', 3, 1, CURRENT_TIMESTAMP),
(212, 'Top left (right hand)', '{spatial-feedback.TopLeft.right-taken-flowers}', 3, 1, CURRENT_TIMESTAMP),
(212, 'Top right (left hand)', '{spatial-feedback.TopRight.left-taken-flowers}', 4, 1, CURRENT_TIMESTAMP),
(212, 'Top right (right hand)', '{spatial-feedback.TopRight.right-taken-flowers}', 4, 1, CURRENT_TIMESTAMP),
(212, 'x_axis', 'AUTO', 0, 1, CURRENT_TIMESTAMP),
(213, 'Left', '{left-taken-correct}', 1, 1, CURRENT_TIMESTAMP),
(213, 'Missed', '{total-correct}-{left-taken-correct}-{right-taken-correct}', 3, 1, CURRENT_TIMESTAMP),
(213, 'Right', '{right-taken-correct}', 2, 1, CURRENT_TIMESTAMP),
(214, 'Avoided', '{total-wrong}-{left-taken-wrong}-{right-taken-wrong}', 1, 1, CURRENT_TIMESTAMP),
(214, 'Left', '{left-taken-wrong}', 2, 1, CURRENT_TIMESTAMP),
(214, 'Right', '{right-taken-wrong}', 3, 1, CURRENT_TIMESTAMP),
(216, 'Correct Bottom left', '{spatial-feedback.BottomLeft.right-taken-correct}+{spatial-feedback.Bottom.right-taken-correct}+{spatial-feedback.Left.right-taken-correct}', 1, 1, CURRENT_TIMESTAMP),
(216, 'Correct Bottom right', '{spatial-feedback.BottomRight.right-taken-correct}+{spatial-feedback.Right.right-taken-correct}', 3, 1, CURRENT_TIMESTAMP),
(216, 'Correct Top left', '{spatial-feedback.TopLeft.right-taken-correct}+{spatial-feedback.Top.right-taken-correct}', 5, 1, CURRENT_TIMESTAMP),
(216, 'Correct Top right', '{spatial-feedback.TopRight.right-taken-correct}', 7, 1, CURRENT_TIMESTAMP),
(216, 'Wrong Bottom left', '{spatial-feedback.BottomLeft.right-taken-wrong}+{spatial-feedback.Bottom.right-taken-wrong}+{spatial-feedback.Left.right-taken-wrong}', 9, 1, CURRENT_TIMESTAMP),
(216, 'Wrong Bottom right', '{spatial-feedback.BottomRight.right-taken-wrong}+{spatial-feedback.Right.right-taken-wrong}', 11, 1, CURRENT_TIMESTAMP),
(216, 'Wrong Top left', '{spatial-feedback.TopLeft.right-taken-wrong}+{spatial-feedback.Top.right-taken-wrong}', 13, 1, CURRENT_TIMESTAMP),
(216, 'Wrong Top right', '{spatial-feedback.TopRight.right-taken-wrong}', 15, 1, CURRENT_TIMESTAMP),
(216, '[diff]Correct Bottom left', '{spatial-feedback.BottomLeft.left-taken-correct}+{spatial-feedback.Bottom.left-taken-correct}+{spatial-feedback.Left.left-taken-correct}', 2, 1, CURRENT_TIMESTAMP),
(216, '[diff]Correct Bottom right', '{spatial-feedback.BottomRight.left-taken-correct}+{spatial-feedback.Right.left-taken-correct}', 4, 1, CURRENT_TIMESTAMP),
(216, '[diff]Correct Top left', '{spatial-feedback.TopLeft.left-taken-correct}+{spatial-feedback.Top.left-taken-correct}', 6, 1, CURRENT_TIMESTAMP),
(216, '[diff]Correct Top right', '{spatial-feedback.TopRight.left-taken-correct}', 8, 1, CURRENT_TIMESTAMP),
(216, '[diff]Wrong Bottom left', '{spatial-feedback.BottomLeft.left-taken-wrong}+{spatial-feedback.Bottom.left-taken-wrong}+{spatial-feedback.Left.left-taken-wrong}', 10, 1, CURRENT_TIMESTAMP),
(216, '[diff]Wrong Bottom right', '{spatial-feedback.BottomRight.left-taken-wrong}+{spatial-feedback.Right.left-taken-wrong}', 12, 1, CURRENT_TIMESTAMP),
(216, '[diff]Wrong Top left', '{spatial-feedback.TopLeft.left-taken-wrong}+{spatial-feedback.Top.left-taken-wrong}', 14, 1, CURRENT_TIMESTAMP),
(216, '[diff]Wrong Top right', '{spatial-feedback.TopRight.left-taken-wrong}', 16, 1, CURRENT_TIMESTAMP),
(218, 'Correct Bottom left', '{spatial-feedback.BottomLeft.left-taken-correct}+{spatial-feedback.Bottom.left-taken-correct}+{spatial-feedback.Left.left-taken-correct}', 1, 1, CURRENT_TIMESTAMP),
(218, 'Correct Bottom right', '{spatial-feedback.BottomRight.left-taken-correct}+{spatial-feedback.Right.left-taken-correct}', 3, 1, CURRENT_TIMESTAMP),
(218, 'Correct Top left', '{spatial-feedback.TopLeft.left-taken-correct}+{spatial-feedback.Top.left-taken-correct}', 5, 1, CURRENT_TIMESTAMP),
(218, 'Correct Top right', '{spatial-feedback.TopRight.left-taken-correct}', 7, 1, CURRENT_TIMESTAMP),
(218, 'Wrong Bottom left', '{spatial-feedback.BottomLeft.left-taken-wrong}+{spatial-feedback.Bottom.left-taken-wrong}+{spatial-feedback.Left.left-taken-wrong}', 9, 1, CURRENT_TIMESTAMP),
(218, 'Wrong Bottom right', '{spatial-feedback.BottomRight.left-taken-wrong}+{spatial-feedback.Right.left-taken-wrong}', 11, 1, CURRENT_TIMESTAMP),
(218, 'Wrong Top left', '{spatial-feedback.TopLeft.left-taken-wrong}+{spatial-feedback.Top.left-taken-wrong}', 13, 1, CURRENT_TIMESTAMP),
(218, 'Wrong Top right', '{spatial-feedback.TopRight.left-taken-wrong}', 15, 1, CURRENT_TIMESTAMP),
(218, '[diff]Correct Bottom left', '{spatial-feedback.BottomLeft.right-taken-correct}+{spatial-feedback.Bottom.right-taken-correct}+{spatial-feedback.Left.right-taken-correct}', 2, 1, CURRENT_TIMESTAMP),
(218, '[diff]Correct Bottom right', '{spatial-feedback.BottomRight.right-taken-correct}+{spatial-feedback.Right.right-taken-correct}', 4, 1, CURRENT_TIMESTAMP),
(218, '[diff]Correct Top left', '{spatial-feedback.TopLeft.right-taken-correct}+{spatial-feedback.Top.right-taken-correct}', 6, 1, CURRENT_TIMESTAMP),
(218, '[diff]Correct Top right', '{spatial-feedback.TopRight.right-taken-correct}', 8, 1, CURRENT_TIMESTAMP),
(218, '[diff]Wrong Bottom left', '{spatial-feedback.BottomLeft.right-taken-wrong}+{spatial-feedback.Bottom.right-taken-wrong}+{spatial-feedback.Left.right-taken-wrong}', 10, 1, CURRENT_TIMESTAMP),
(218, '[diff]Wrong Bottom right', '{spatial-feedback.BottomRight.right-taken-wrong}+{spatial-feedback.Right.right-taken-wrong}', 12, 1, CURRENT_TIMESTAMP),
(218, '[diff]Wrong Top left', '{spatial-feedback.TopLeft.right-taken-wrong}+{spatial-feedback.Top.right-taken-wrong}', 14, 1, CURRENT_TIMESTAMP),
(218, '[diff]Wrong Top right', '{spatial-feedback.TopRight.right-taken-wrong}', 16, 1, CURRENT_TIMESTAMP),
(219, 'Left', '{feedback-over-time.left-taken-correct}', 1, 1, CURRENT_TIMESTAMP),
(219, 'Missed', '{feedback-over-time.total-correct}-{feedback-over-time.right-taken-correct}-{feedback-over-time.left-taken-correct}', 3, 1, CURRENT_TIMESTAMP),
(219, 'Right', '{feedback-over-time.right-taken-correct}', 2, 1, CURRENT_TIMESTAMP),
(220, 'Avoided', '{feedback-over-time.total-wrong}-{feedback-over-time.left-taken-wrong}-{feedback-over-time.right-taken-wrong}', 1, 1, CURRENT_TIMESTAMP),
(220, 'Left', '{feedback-over-time.left-taken-wrong}', 2, 1, CURRENT_TIMESTAMP),
(220, 'Right', '{feedback-over-time.right-taken-wrong}', 3, 1, CURRENT_TIMESTAMP),
(221, 'Avoided', '{total-wrong}-{left-taken-wrong}-{right-taken-wrong}', 1, 1, CURRENT_TIMESTAMP),
(221, 'Left', '{left-taken-wrong}', 2, 1, CURRENT_TIMESTAMP),
(221, 'Right', '{right-taken-wrong}', 3, 1, CURRENT_TIMESTAMP),
(221, 'x_axis', 'AUTO', 0, 1, CURRENT_TIMESTAMP),
(222, 'Left', '{left-taken-correct}', 1, 1, CURRENT_TIMESTAMP),
(222, 'Missed', '{total-correct}-{left-taken-correct}-{right-taken-correct}', 3, 1, CURRENT_TIMESTAMP),
(222, 'Right', '{right-taken-correct}', 2, 1, CURRENT_TIMESTAMP),
(222, 'x_axis', 'AUTO', 0, 1, CURRENT_TIMESTAMP),
(223, 'Bottom left (left hand)', '{spatial-feedback.BottomLeft.left-taken-wrong}', 1, 1, CURRENT_TIMESTAMP),
(223, 'Bottom left (right hand)', '{spatial-feedback.BottomLeft.right-taken-wrong}', 1, 1, CURRENT_TIMESTAMP),
(223, 'Bottom right (left hand)', '{spatial-feedback.BottomRight.left-taken-wrong}', 2, 1, CURRENT_TIMESTAMP),
(223, 'Bottom right (right hand)', '{spatial-feedback.BottomRight.right-taken-wrong}', 2, 1, CURRENT_TIMESTAMP),
(223, 'Top left (left hand)', '{spatial-feedback.TopLeft.left-taken-wrong}', 3, 1, CURRENT_TIMESTAMP),
(223, 'Top left (right hand)', '{spatial-feedback.TopLeft.right-taken-wrong}', 3, 1, CURRENT_TIMESTAMP),
(223, 'Top right (left hand)', '{spatial-feedback.TopRight.left-taken-wrong}', 4, 1, CURRENT_TIMESTAMP),
(223, 'Top right (right hand)', '{spatial-feedback.TopRight.right-taken-wrong}', 4, 1, CURRENT_TIMESTAMP),
(223, 'x_axis', 'AUTO', 0, 1, CURRENT_TIMESTAMP),
(224, 'Bottom left (left hand)', '{spatial-feedback.BottomLeft.left-taken-correct}', 1, 1, CURRENT_TIMESTAMP),
(224, 'Bottom left (right hand)', '{spatial-feedback.BottomLeft.right-taken-correct}', 1, 1, CURRENT_TIMESTAMP),
(224, 'Bottom right (left hand)', '{spatial-feedback.BottomRight.left-taken-correct}', 2, 1, CURRENT_TIMESTAMP),
(224, 'Bottom right (right hand)', '{spatial-feedback.BottomRight.right-taken-correct}', 2, 1, CURRENT_TIMESTAMP),
(224, 'Top left (left hand)', '{spatial-feedback.TopLeft.left-taken-correct}', 3, 1, CURRENT_TIMESTAMP),
(224, 'Top left (right hand)', '{spatial-feedback.TopLeft.right-taken-correct}', 3, 1, CURRENT_TIMESTAMP),
(224, 'Top right (left hand)', '{spatial-feedback.TopRight.left-taken-correct}', 4, 1, CURRENT_TIMESTAMP),
(224, 'Top right (right hand)', '{spatial-feedback.TopRight.right-taken-correct}', 4, 1, CURRENT_TIMESTAMP),
(224, 'x_axis', 'AUTO', 0, 1, CURRENT_TIMESTAMP),
(226, 'Correct Bottom left', '{spatial-feedback.BottomLeft.taken-flowers}+{spatial-feedback.Bottom.taken-flowers}+{spatial-feedback.Left.taken-flowers}', 1, 1, CURRENT_TIMESTAMP),
(226, 'Correct Bottom right', '{spatial-feedback.BottomRight.taken-flowers}+{spatial-feedback.Right.taken-flowers}', 3, 1, CURRENT_TIMESTAMP),
(226, 'Correct Top left', '{spatial-feedback.TopLeft.taken-flowers}+{spatial-feedback.Top.taken-flowers}', 5, 1, CURRENT_TIMESTAMP),
(226, 'Correct Top right', '{spatial-feedback.TopRight.taken-flowers}', 7, 1, CURRENT_TIMESTAMP),
(226, 'Wrong Bottom left', '{spatial-feedback.BottomLeft.taken-bees}+{spatial-feedback.Bottom.taken-bees}+{spatial-feedback.Left.taken-bees}', 9, 1, CURRENT_TIMESTAMP),
(226, 'Wrong Bottom right', '{spatial-feedback.BottomRight.taken-bees}+{spatial-feedback.Right.taken-bees}', 11, 1, CURRENT_TIMESTAMP),
(226, 'Wrong Top left', '{spatial-feedback.TopLeft.taken-bees}+{spatial-feedback.Top.taken-bees}', 13, 1, CURRENT_TIMESTAMP),
(226, 'Wrong Top right', '{spatial-feedback.TopRight.taken-bees}', 15, 1, CURRENT_TIMESTAMP),
(226, '[diff]Correct Bottom left', '{spatial-feedback.BottomLeft.total-flowers}+{spatial-feedback.Bottom.total-flowers}+{spatial-feedback.Left.total-flowers}-{spatial-feedback.BottomLeft.taken-flowers}-{spatial-feedback.Bottom.taken-flowers}-{spatial-feedback.Left.taken-flowers}', 2, 1, CURRENT_TIMESTAMP),
(226, '[diff]Correct Bottom right', '{spatial-feedback.BottomRight.total-flowers}+{spatial-feedback.Right.total-flowers}-{spatial-feedback.BottomRight.taken-flowers}-{spatial-feedback.Right.taken-flowers}', 4, 1, CURRENT_TIMESTAMP),
(226, '[diff]Correct Top left', '{spatial-feedback.TopLeft.total-flowers}+{spatial-feedback.Top.total-flowers}-{spatial-feedback.TopLeft.taken-flowers}-{spatial-feedback.Top.taken-flowers}', 6, 1, CURRENT_TIMESTAMP),
(226, '[diff]Correct Top right', '{spatial-feedback.TopRight.total-flowers}-{spatial-feedback.TopRight.taken-flowers}', 8, 1, CURRENT_TIMESTAMP),
(226, '[diff]Wrong Bottom left', '{spatial-feedback.BottomLeft.total-bees}+{spatial-feedback.Bottom.total-bees}+{spatial-feedback.Left.total-bees}-{spatial-feedback.BottomLeft.taken-bees}-{spatial-feedback.Bottom.taken-bees}-{spatial-feedback.Left.taken-bees}', 10, 1, CURRENT_TIMESTAMP),
(226, '[diff]Wrong Bottom right', '{spatial-feedback.BottomRight.total-bees}+{spatial-feedback.Right.total-bees}-{spatial-feedback.BottomRight.taken-bees}-{spatial-feedback.Right.taken-bees}', 12, 1, CURRENT_TIMESTAMP),
(226, '[diff]Wrong Top left', '{spatial-feedback.TopLeft.total-bees}+{spatial-feedback.Top.total-bees}-{spatial-feedback.TopLeft.taken-bees}-{spatial-feedback.Top.taken-bees}', 14, 1, CURRENT_TIMESTAMP),
(226, '[diff]Wrong Top right', '{spatial-feedback.TopRight.total-bees}-{spatial-feedback.TopRight.taken-bees}', 16, 1, CURRENT_TIMESTAMP),
(227, 'Left front', '{feedback-by-target.left-front.score}', 3, 1, CURRENT_TIMESTAMP),
(227, 'Left lateral', '{feedback-by-target.left-lateral.score}', 1, 1, CURRENT_TIMESTAMP),
(227, 'Left middle', '{feedback-by-target.left-middle.score}', 2, 1, CURRENT_TIMESTAMP),
(227, 'Right front', '{feedback-by-target.right-front.score}', 4, 1, CURRENT_TIMESTAMP),
(227, 'Right lateral', '{feedback-by-target.right-lateral.score}', 6, 1, CURRENT_TIMESTAMP),
(227, 'Right middle', '{feedback-by-target.right-middle.score}', 5, 1, CURRENT_TIMESTAMP),
(228, 'Correct', '{correct}', 1, 1, CURRENT_TIMESTAMP),
(228, 'Wrong', '{wrong}', 2, 1, CURRENT_TIMESTAMP),
(229, 'Correct Left front', '{feedback-by-target.left-front.correct}', 5, 1, CURRENT_TIMESTAMP),
(229, 'Correct Left lateral', '{feedback-by-target.left-lateral.correct}', 1, 1, CURRENT_TIMESTAMP),
(229, 'Correct Left middle', '{feedback-by-target.left-middle.correct}', 3, 1, CURRENT_TIMESTAMP),
(229, 'Correct Right front', '{feedback-by-target.right-front.correct}', 7, 1, CURRENT_TIMESTAMP),
(229, 'Correct Right lateral', '{feedback-by-target.right-lateral.correct}', 11, 1, CURRENT_TIMESTAMP),
(229, 'Correct Right middle', '{feedback-by-target.right-middle.correct}', 9, 1, CURRENT_TIMESTAMP),
(229, 'Wrong Left front', '{feedback-by-target.left-front.wrong}', 15, 1, CURRENT_TIMESTAMP),
(229, 'Wrong Left lateral', '{feedback-by-target.left-lateral.wrong}', 13, 1, CURRENT_TIMESTAMP),
(229, 'Wrong Left middle', '{feedback-by-target.left-middle.wrong}', 14, 1, CURRENT_TIMESTAMP),
(229, 'Wrong Right front', '{feedback-by-target.right-front.wrong}', 16, 1, CURRENT_TIMESTAMP),
(229, 'Wrong Right lateral', '{feedback-by-target.right-lateral.wrong}', 18, 1, CURRENT_TIMESTAMP),
(229, 'Wrong Right middle', '{feedback-by-target.right-middle.wrong}', 17, 1, CURRENT_TIMESTAMP),
(229, '[diff]Correct Left front', '{feedback-by-target.left-front.total}-{feedback-by-target.left-front.correct}', 6, 1, CURRENT_TIMESTAMP),
(229, '[diff]Correct Left lateral', '{feedback-by-target.left-lateral.total}-{feedback-by-target.left-lateral.correct}', 2, 1, CURRENT_TIMESTAMP),
(229, '[diff]Correct Left middle', '{feedback-by-target.left-middle.total}-{feedback-by-target.left-middle.correct}', 4, 1, CURRENT_TIMESTAMP),
(229, '[diff]Correct Right front', '{feedback-by-target.right-front.total}-{feedback-by-target.right-front.correct}', 8, 1, CURRENT_TIMESTAMP),
(229, '[diff]Correct Right lateral', '{feedback-by-target.right-lateral.total}-{feedback-by-target.right-lateral.correct}', 12, 1, CURRENT_TIMESTAMP),
(229, '[diff]Correct Right middle', '{feedback-by-target.right-middle.total}-{feedback-by-target.right-middle.correct}', 10, 1, CURRENT_TIMESTAMP),
(231, 'Left front', '{feedback-by-target.left-front.score}', 3, 1, CURRENT_TIMESTAMP),
(231, 'Left lateral', '{feedback-by-target.left-lateral.score}', 1, 1, CURRENT_TIMESTAMP),
(231, 'Left middle', '{feedback-by-target.left-middle.score}', 2, 1, CURRENT_TIMESTAMP),
(231, 'Right front', '{feedback-by-target.right-front.score}', 4, 1, CURRENT_TIMESTAMP),
(231, 'Right lateral', '{feedback-by-target.right-lateral.score}', 6, 1, CURRENT_TIMESTAMP),
(231, 'Right middle', '{feedback-by-target.right-middle.score}', 5, 1, CURRENT_TIMESTAMP),
(231, 'x_axis', 'AUTO', 0, 1, CURRENT_TIMESTAMP),
(232, 'Correct', '{correct}', 1, 1, CURRENT_TIMESTAMP),
(232, 'Wrong', '{wrong}', 2, 1, CURRENT_TIMESTAMP),
(232, 'x_axis', 'AUTO', 0, 1, CURRENT_TIMESTAMP),
(233, 'Left front', '{feedback-by-target.left-front.correct}', 3, 1, CURRENT_TIMESTAMP),
(233, 'Left lateral', '{feedback-by-target.left-lateral.correct}', 1, 1, CURRENT_TIMESTAMP),
(233, 'Left middle', '{feedback-by-target.left-middle.correct}', 2, 1, CURRENT_TIMESTAMP),
(233, 'Right front', '{feedback-by-target.right-front.correct}', 4, 1, CURRENT_TIMESTAMP),
(233, 'Right lateral', '{feedback-by-target.right-lateral.correct}', 6, 1, CURRENT_TIMESTAMP),
(233, 'Right middle', '{feedback-by-target.right-middle.correct}', 5, 1, CURRENT_TIMESTAMP),
(233, 'x_axis', 'AUTO', 0, 1, CURRENT_TIMESTAMP),
(234, 'Left front', '{feedback-by-target.left-front.correct}', 3, 1, CURRENT_TIMESTAMP),
(234, 'Left lateral', '{feedback-by-target.left-lateral.correct}', 1, 1, CURRENT_TIMESTAMP),
(234, 'Left middle', '{feedback-by-target.left-middle.correct}', 2, 1, CURRENT_TIMESTAMP),
(234, 'Right front', '{feedback-by-target.right-front.correct}', 4, 1, CURRENT_TIMESTAMP),
(234, 'Right lateral', '{feedback-by-target.right-lateral.correct}', 6, 1, CURRENT_TIMESTAMP),
(234, 'Right middle', '{feedback-by-target.right-middle.correct}', 5, 1, CURRENT_TIMESTAMP),
(234, 'x_axis', 'AUTO', 0, 1, CURRENT_TIMESTAMP),
(235, 'Disposition', '{input-parameters.disposition}', 1, 1, CURRENT_TIMESTAMP),
(235, 'Duration', '{input-parameters.duration}', 1, 1, CURRENT_TIMESTAMP),
(235, 'Movement', '{input-parameters.movement}', 1, 1, CURRENT_TIMESTAMP),
(235, 'Size', '{input-parameters.size}', 1, 1, CURRENT_TIMESTAMP),
(235, 'Speed', '{input-parameters.speed}', 1, 1, CURRENT_TIMESTAMP),
(235, 'x_axis', 'AUTO', 0, 1, CURRENT_TIMESTAMP),
(236, 'correct', '{feedback-over-time.correct}', 1, 1, CURRENT_TIMESTAMP),
(236, 'wrong', '{feedback-over-time.wrong}', 2, 1, CURRENT_TIMESTAMP),
(237, 'Back Left', '{feedback-by-target.back-left.score}', 2, 1, CURRENT_TIMESTAMP),
(237, 'Back Left Corner', '{feedback-by-target.back-left-corner.score}', 1, 1, CURRENT_TIMESTAMP),
(237, 'Back Right', '{feedback-by-target.back-right.score}', 3, 1, CURRENT_TIMESTAMP),
(237, 'Back Right Corner', '{feedback-by-target.back-right-corner.score}', 4, 1, CURRENT_TIMESTAMP),
(237, 'Front Left', '{feedback-by-target.front-left.score}', 8, 1, CURRENT_TIMESTAMP),
(237, 'Front Left Corner', '{feedback-by-target.front-left-corner.score}', 7, 1, CURRENT_TIMESTAMP),
(237, 'Front Right', '{feedback-by-target.front-right.score}', 9, 1, CURRENT_TIMESTAMP),
(237, 'Front Right Corner', '{feedback-by-target.front-right-corner.score}', 10, 1, CURRENT_TIMESTAMP),
(237, 'Left', '{feedback-by-target.left.score}', 5, 1, CURRENT_TIMESTAMP),
(237, 'Right', '{feedback-by-target.right.score}', 6, 1, CURRENT_TIMESTAMP),
(238, 'Caught', '{taken-correct}', 1, 1, CURRENT_TIMESTAMP),
(238, 'Missed', '{total-correct}-{taken-correct}', 2, 1, CURRENT_TIMESTAMP),
(239, 'Avoided', '{total-distractor}-{taken-distractor}', 1, 1, CURRENT_TIMESTAMP),
(239, 'Caught', '{taken-distractor}', 2, 1, CURRENT_TIMESTAMP),
(240, 'Correct Back Left', '{feedback-by-target.back-left.taken-correct}', 3, 1, CURRENT_TIMESTAMP),
(240, 'Correct Back Left Corner', '{feedback-by-target.back-left-corner.taken-correct}', 1, 1, CURRENT_TIMESTAMP),
(240, 'Correct Back Right', '{feedback-by-target.back-right.taken-correct}', 5, 1, CURRENT_TIMESTAMP),
(240, 'Correct Back Right Corner', '{feedback-by-target.back-right-corner.taken-correct}', 7, 1, CURRENT_TIMESTAMP),
(240, 'Correct Front Left', '{feedback-by-target.front-left.taken-correct}', 15, 1, CURRENT_TIMESTAMP),
(240, 'Correct Front Left Corner', '{feedback-by-target.front-left-corner.taken-correct}', 13, 1, CURRENT_TIMESTAMP),
(240, 'Correct Front Right', '{feedback-by-target.front-right.taken-correct}', 17, 1, CURRENT_TIMESTAMP),
(240, 'Correct Front Right Corner', '{feedback-by-target.front-right-corner.taken-correct}', 19, 1, CURRENT_TIMESTAMP),
(240, 'Correct Left', '{feedback-by-target.left.taken-correct}', 9, 1, CURRENT_TIMESTAMP),
(240, 'Correct Right', '{feedback-by-target.right.taken-correct}', 11, 1, CURRENT_TIMESTAMP),
(240, 'Wrong Back Left', '{feedback-by-target.back-left.taken-distractor}', 23, 1, CURRENT_TIMESTAMP),
(240, 'Wrong Back Left Corner', '{feedback-by-target.back-left-corner.taken-distractor}', 21, 1, CURRENT_TIMESTAMP),
(240, 'Wrong Back Right', '{feedback-by-target.back-right.taken-distractor}', 25, 1, CURRENT_TIMESTAMP),
(240, 'Wrong Back Right Corner', '{feedback-by-target.back-right-corner.taken-distractor}', 27, 1, CURRENT_TIMESTAMP),
(240, 'Wrong Front Left', '{feedback-by-target.front-left.taken-distractor}', 35, 1, CURRENT_TIMESTAMP),
(240, 'Wrong Front Left Corner', '{feedback-by-target.front-left-corner.taken-distractor}', 33, 1, CURRENT_TIMESTAMP),
(240, 'Wrong Front Right', '{feedback-by-target.front-right.taken-distractor}', 37, 1, CURRENT_TIMESTAMP),
(240, 'Wrong Front Right Corner', '{feedback-by-target.front-right-corner.taken-distractor}', 39, 1, CURRENT_TIMESTAMP),
(240, 'Wrong Left', '{feedback-by-target.left.taken-distractor}', 29, 1, CURRENT_TIMESTAMP),
(240, 'Wrong Right', '{feedback-by-target.right.taken-distractor}', 31, 1, CURRENT_TIMESTAMP),
(240, '[diff]Correct Back Left', '{feedback-by-target.back-left.total-correct}-{feedback-by-target.back-left.taken-correct}', 4, 1, CURRENT_TIMESTAMP),
(240, '[diff]Correct Back Left Corner', '{feedback-by-target.back-left-corner.total-correct}-{feedback-by-target.back-left-corner.taken-correct}', 2, 1, CURRENT_TIMESTAMP),
(240, '[diff]Correct Back Right', '{feedback-by-target.back-right.total-correct}-{feedback-by-target.back-right.taken-correct}', 6, 1, CURRENT_TIMESTAMP),
(240, '[diff]Correct Back Right Corner', '{feedback-by-target.back-right-corner.total-correct}-{feedback-by-target.back-right-corner.taken-correct}', 8, 1, CURRENT_TIMESTAMP),
(240, '[diff]Correct Front Left', '{feedback-by-target.front-left.total-correct}-{feedback-by-target.front-left.taken-correct}', 16, 1, CURRENT_TIMESTAMP),
(240, '[diff]Correct Front Left Corner', '{feedback-by-target.front-left-corner.total-correct}-{feedback-by-target.front-left-corner.taken-correct}', 14, 1, CURRENT_TIMESTAMP),
(240, '[diff]Correct Front Right', '{feedback-by-target.front-right.total-correct}-{feedback-by-target.front-right.taken-correct}', 18, 1, CURRENT_TIMESTAMP),
(240, '[diff]Correct Front Right Corner', '{feedback-by-target.front-right-corner.total-correct}-{feedback-by-target.front-right-corner.taken-correct}', 20, 1, CURRENT_TIMESTAMP),
(240, '[diff]Correct Left', '{feedback-by-target.left.total-correct}-{feedback-by-target.left.taken-correct}', 10, 1, CURRENT_TIMESTAMP),
(240, '[diff]Correct Right', '{feedback-by-target.right.total-correct}-{feedback-by-target.right.taken-correct}', 12, 1, CURRENT_TIMESTAMP),
(240, '[diff]Wrong Back Left', '{feedback-by-target.back-left.total-distractor}-{feedback-by-target.back-left.taken-distractor}', 24, 1, CURRENT_TIMESTAMP),
(240, '[diff]Wrong Back Left Corner', '{feedback-by-target.back-left-corner.total-distractor}-{feedback-by-target.back-left-corner.taken-distractor}', 22, 1, CURRENT_TIMESTAMP),
(240, '[diff]Wrong Back Right', '{feedback-by-target.back-right.total-distractor}-{feedback-by-target.back-right.taken-distractor}', 26, 1, CURRENT_TIMESTAMP),
(240, '[diff]Wrong Back Right Corner', '{feedback-by-target.back-right-corner.total-distractor}-{feedback-by-target.back-right-corner.taken-distractor}', 28, 1, CURRENT_TIMESTAMP),
(240, '[diff]Wrong Front Left', '{feedback-by-target.front-left.total-distractor}-{feedback-by-target.front-left.taken-distractor}', 36, 1, CURRENT_TIMESTAMP),
(240, '[diff]Wrong Front Left Corner', '{feedback-by-target.front-left-corner.total-distractor}-{feedback-by-target.front-left-corner.taken-distractor}', 34, 1, CURRENT_TIMESTAMP),
(240, '[diff]Wrong Front Right', '{feedback-by-target.front-right.total-distractor}-{feedback-by-target.front-right.taken-distractor}', 38, 1, CURRENT_TIMESTAMP),
(240, '[diff]Wrong Front Right Corner', '{feedback-by-target.front-right-corner.total-distractor}-{feedback-by-target.front-right-corner.taken-distractor}', 40, 1, CURRENT_TIMESTAMP),
(240, '[diff]Wrong Left', '{feedback-by-target.left.total-distractor}-{feedback-by-target.left.taken-distractor}', 30, 1, CURRENT_TIMESTAMP),
(240, '[diff]Wrong Right', '{feedback-by-target.right.total-distractor}-{feedback-by-target.right.taken-distractor}', 32, 1, CURRENT_TIMESTAMP),
(242, 'Back Left', '{feedback-by-target.back-left.score}', 2, 1, CURRENT_TIMESTAMP),
(242, 'Back Left Corner', '{feedback-by-target.back-left-corner.score}', 1, 1, CURRENT_TIMESTAMP),
(242, 'Back Right', '{feedback-by-target.back-right.score}', 3, 1, CURRENT_TIMESTAMP),
(242, 'Back Right Corner', '{feedback-by-target.back-right-corner.score}', 4, 1, CURRENT_TIMESTAMP),
(242, 'Front Left', '{feedback-by-target.front-left.score}', 8, 1, CURRENT_TIMESTAMP),
(242, 'Front Left Corner', '{feedback-by-target.front-left-corner.score}', 7, 1, CURRENT_TIMESTAMP),
(242, 'Front Right', '{feedback-by-target.front-right.score}', 9, 1, CURRENT_TIMESTAMP),
(242, 'Front Right Corner', '{feedback-by-target.front-right-corner.score}', 10, 1, CURRENT_TIMESTAMP),
(242, 'Left', '{feedback-by-target.left.score}', 5, 1, CURRENT_TIMESTAMP),
(242, 'Right', '{feedback-by-target.right.score}', 6, 1, CURRENT_TIMESTAMP),
(242, 'x_axis', 'AUTO', 0, 1, CURRENT_TIMESTAMP),
(243, 'Caught', '{taken-correct}', 1, 1, CURRENT_TIMESTAMP),
(243, 'Missed', '{total-correct}-{taken-correct}', 2, 1, CURRENT_TIMESTAMP),
(243, 'x_axis', 'AUTO', 0, 1, CURRENT_TIMESTAMP),
(244, 'Back Left', '{feedback-by-target.back-left.taken-correct}', 4, 1, CURRENT_TIMESTAMP),
(244, 'Back Left Corner', '{feedback-by-target.back-left-corner.taken-correct}', 5, 1, CURRENT_TIMESTAMP),
(244, 'Back Right', '{feedback-by-target.back-right.taken-correct}', 3, 1, CURRENT_TIMESTAMP),
(244, 'Back Right Corner', '{feedback-by-target.back-right-corner.taken-correct}', 2, 1, CURRENT_TIMESTAMP),
(244, 'Front Left', '{feedback-by-target.front-left.taken-correct}', 8, 1, CURRENT_TIMESTAMP),
(244, 'Front Left Corner', '{feedback-by-target.front-left-corner.taken-correct}', 7, 1, CURRENT_TIMESTAMP),
(244, 'Front Right', '{feedback-by-target.front-right.taken-correct}', 9, 1, CURRENT_TIMESTAMP),
(244, 'Front Right Corner', '{feedback-by-target.front-right-corner.taken-correct}', 10, 1, CURRENT_TIMESTAMP),
(244, 'Left', '{feedback-by-target.left.taken-correct}', 6, 1, CURRENT_TIMESTAMP),
(244, 'Right', '{feedback-by-target.right.taken-correct}', 1, 1, CURRENT_TIMESTAMP),
(244, 'x_axis', 'AUTO', 0, 1, CURRENT_TIMESTAMP),
(245, 'Avoided', '{total-distractor}-{taken-distractor}', 1, 1, CURRENT_TIMESTAMP),
(245, 'Caught', '{taken-distractor}', 2, 1, CURRENT_TIMESTAMP),
(245, 'x_axis', 'AUTO', 0, 1, CURRENT_TIMESTAMP),
(246, 'Back Left', '{feedback-by-target.back-left.taken-distractor}', 4, 1, CURRENT_TIMESTAMP),
(246, 'Back Left Corner', '{feedback-by-target.back-left-corner.taken-distractor}', 5, 1, CURRENT_TIMESTAMP),
(246, 'Back Right', '{feedback-by-target.back-right.taken-distractor}', 3, 1, CURRENT_TIMESTAMP),
(246, 'Back Right Corner', '{feedback-by-target.back-right-corner.taken-distractor}', 2, 1, CURRENT_TIMESTAMP),
(246, 'Front Left', '{feedback-by-target.front-left.taken-distractor}', 8, 1, CURRENT_TIMESTAMP),
(246, 'Front Left Corner', '{feedback-by-target.front-left-corner.taken-distractor}', 7, 1, CURRENT_TIMESTAMP),
(246, 'Front Right', '{feedback-by-target.front-right.taken-distractor}', 9, 1, CURRENT_TIMESTAMP),
(246, 'Front Right Corner', '{feedback-by-target.front-right-corner.taken-distractor}', 10, 1, CURRENT_TIMESTAMP),
(246, 'Left', '{feedback-by-target.left.taken-distractor}', 6, 1, CURRENT_TIMESTAMP),
(246, 'Right', '{feedback-by-target.right.taken-distractor}', 1, 1, CURRENT_TIMESTAMP),
(246, 'x_axis', 'AUTO', 0, 1, CURRENT_TIMESTAMP),
(247, 'Density', '{input-parameters.density}', 6, 1, CURRENT_TIMESTAMP),
(247, 'Disposition', '{input-parameters.disposition}', 2, 1, CURRENT_TIMESTAMP),
(247, 'Distractors', '{input-parameters.distractor}', 3, 1, CURRENT_TIMESTAMP),
(247, 'Duration', '{input-parameters.duration}', 1, 1, CURRENT_TIMESTAMP),
(247, 'Movement', '{input-parameters.movement}', 7, 1, CURRENT_TIMESTAMP),
(247, 'Persistency', '{input-parameters.persistency}', 4, 1, CURRENT_TIMESTAMP),
(247, 'Size', '{input-parameters.size}', 5, 1, CURRENT_TIMESTAMP),
(247, 'x_axis', 'AUTO', 0, 1, CURRENT_TIMESTAMP),
(248, 'Correct missed', '{feedback-over-time.total-correct}-{feedback-over-time.taken-correct}', 2, 1, CURRENT_TIMESTAMP),
(248, 'Correct taken', '{feedback-over-time.taken-correct}', 1, 1, CURRENT_TIMESTAMP),
(248, 'Wrong avoided', '{feedback-over-time.total-distractor}-{feedback-over-time.taken-distractor}', 4, 1, CURRENT_TIMESTAMP),
(248, 'Wrong taken', '{feedback-over-time.taken-distractor}', 3, 1, CURRENT_TIMESTAMP),
(249, 'Avoided', '{correct-top}+{correct-bottom}', 1, 1, CURRENT_TIMESTAMP),
(249, 'Hit', '{wrong-top}+{wrong-bottom}', 2, 1, CURRENT_TIMESTAMP),
(250, 'Bottom', '{correct-bottom}', 3, 1, CURRENT_TIMESTAMP),
(250, 'Top', '{correct-top}', 1, 1, CURRENT_TIMESTAMP),
(250, '[diff]Bottom', '{wrong-bottom}', 4, 1, CURRENT_TIMESTAMP),
(250, '[diff]Top', '{wrong-top}', 2, 1, CURRENT_TIMESTAMP),
(251, 'Correct bottom', '{correct-bottom}', 2, 1, CURRENT_TIMESTAMP),
(251, 'Correct top', '{correct-top}', 1, 1, CURRENT_TIMESTAMP),
(251, 'Wrong bottom', '{wrong-bottom}', 4, 1, CURRENT_TIMESTAMP),
(251, 'Wrong top', '{wrong-top}', 3, 1, CURRENT_TIMESTAMP),
(251, 'x_axis', 'AUTO', 0, 1, CURRENT_TIMESTAMP),
(252, 'Changes', '{changes}', 1, 1, CURRENT_TIMESTAMP),
(253, 'Sitting', '{time-bottom}', 2, 1, CURRENT_TIMESTAMP),
(253, 'Standing', '{time-top}', 1, 1, CURRENT_TIMESTAMP),
(254, 'Sitting', '{feedback-over-time.time-bottom}', 2, 1, CURRENT_TIMESTAMP),
(254, 'Standing', '{feedback-over-time.time-top}', 1, 1, CURRENT_TIMESTAMP),
(255, 'Changes', '{feedback-over-time.changes}', 1, 1, CURRENT_TIMESTAMP),
(256, 'Sitting', '{time-bottom}', 2, 1, CURRENT_TIMESTAMP),
(256, 'Standing', '{time-top}', 1, 1, CURRENT_TIMESTAMP),
(256, 'x_axis', 'AUTO', 0, 1, CURRENT_TIMESTAMP),
(257, 'changes', '{changes}', 1, 1, CURRENT_TIMESTAMP),
(257, 'x_axis', 'AUTO', 0, 1, CURRENT_TIMESTAMP),
(258, 'correct bottom', '{feedback-over-time.correct-bottom}', 2, 1, CURRENT_TIMESTAMP),
(258, 'correct top', '{feedback-over-time.correct-top}', 1, 1, CURRENT_TIMESTAMP),
(258, 'wrong bottom', '{feedback-over-time.wrong-bottom}', 4, 1, CURRENT_TIMESTAMP),
(258, 'wrong top', '{feedback-over-time.wrong-top}', 3, 1, CURRENT_TIMESTAMP),
(259, 'density of obstacles in game', '{input-parameters.density}', 1, 1, CURRENT_TIMESTAMP),
(259, 'Duration', '{input-parameters.duration}', 1, 1, CURRENT_TIMESTAMP),
(259, 'Speed of travel in game', '{input-parameters.speed}', 1, 1, CURRENT_TIMESTAMP),
(259, 'x_axis', 'AUTO', 0, 1, CURRENT_TIMESTAMP),
(260, 'Correct', '{correct-top}+{correct-bottom}', 1, 1, CURRENT_TIMESTAMP),
(260, 'Wrong', '{wrong-top}+{wrong-bottom}', 2, 1, CURRENT_TIMESTAMP),
(260, 'x_axis', 'AUTO', 0, 1, CURRENT_TIMESTAMP),
(261, 'total', '{1.0}', 0, 1, CURRENT_TIMESTAMP),
(261, 'value', '{width}', 1, 1, CURRENT_TIMESTAMP),
(262, 'total', '{1.0}', 0, 1, CURRENT_TIMESTAMP),
(262, 'value', '{height}', 1, 1, CURRENT_TIMESTAMP),
(263, 'value', '{hand}={\"right\"}*{CHECK}+{width}', 1, 1, CURRENT_TIMESTAMP),
(263, 'x_axis', 'AUTO', 0, 1, CURRENT_TIMESTAMP),
(264, 'value', '{hand}={\"right\"}*{CHECK}+{height}', 1, 1, CURRENT_TIMESTAMP),
(264, 'x_axis', 'AUTO', 0, 1, CURRENT_TIMESTAMP),
(265, 'value', '{hand}={\"left\"}*{CHECK}+{width}', 1, 1, CURRENT_TIMESTAMP),
(265, 'x_axis', 'AUTO', 0, 1, CURRENT_TIMESTAMP),
(266, 'value', '{hand}={\"left\"}*{CHECK}+{height}', 1, 1, CURRENT_TIMESTAMP),
(266, 'x_axis', 'AUTO', 0, 1, CURRENT_TIMESTAMP),
(267, 'Left front', '{feedback-by-target.left-front.score}', 3, 1, CURRENT_TIMESTAMP),
(267, 'Left lateral', '{feedback-by-target.left-lateral.score}', 1, 1, CURRENT_TIMESTAMP),
(267, 'Left middle', '{feedback-by-target.left-middle.score}', 2, 1, CURRENT_TIMESTAMP),
(267, 'Right front', '{feedback-by-target.right-front.score}', 4, 1, CURRENT_TIMESTAMP),
(267, 'Right lateral', '{feedback-by-target.right-lateral.score}', 6, 1, CURRENT_TIMESTAMP),
(267, 'Right middle', '{feedback-by-target.right-middle.score}', 5, 1, CURRENT_TIMESTAMP),
(268, 'Correct Left front', '{feedback-by-target.left-front.correct}', 5, 1, CURRENT_TIMESTAMP),
(268, 'Correct Left lateral', '{feedback-by-target.left-lateral.correct}', 1, 1, CURRENT_TIMESTAMP),
(268, 'Correct Left middle', '{feedback-by-target.left-middle.correct}', 3, 1, CURRENT_TIMESTAMP),
(268, 'Correct Right front', '{feedback-by-target.right-front.correct}', 7, 1, CURRENT_TIMESTAMP),
(268, 'Correct Right lateral', '{feedback-by-target.right-lateral.correct}', 11, 1, CURRENT_TIMESTAMP),
(268, 'Correct Right middle', '{feedback-by-target.right-middle.correct}', 9, 1, CURRENT_TIMESTAMP),
(268, '[diff]Correct Left front', '{feedback-by-target.left-front.total}-{feedback-by-target.left-front.correct}', 6, 1, CURRENT_TIMESTAMP),
(268, '[diff]Correct Left lateral', '{feedback-by-target.left-lateral.total}-{feedback-by-target.left-lateral.correct}', 2, 1, CURRENT_TIMESTAMP),
(268, '[diff]Correct Left middle', '{feedback-by-target.left-middle.total}-{feedback-by-target.left-middle.correct}', 4, 1, CURRENT_TIMESTAMP),
(268, '[diff]Correct Right front', '{feedback-by-target.right-front.total}-{feedback-by-target.right-front.correct}', 8, 1, CURRENT_TIMESTAMP),
(268, '[diff]Correct Right lateral', '{feedback-by-target.right-lateral.total}-{feedback-by-target.right-lateral.correct}', 12, 1, CURRENT_TIMESTAMP),
(268, '[diff]Correct Right middle', '{feedback-by-target.right-middle.total}-{feedback-by-target.right-middle.correct}', 10, 1, CURRENT_TIMESTAMP),
(269, 'Played', '{OLD}+({status}={\"complete\"})', 1, 1, CURRENT_TIMESTAMP),
(269, 'User exit', '{OLD}+({status}={\"userexit\"})', 2, 1, CURRENT_TIMESTAMP),
(269, 'x_axis', 'DAILY', 3, 1, CURRENT_TIMESTAMP),
(270, 'Played', '{OLD}+({status}={\"complete\"})', 1, 1, CURRENT_TIMESTAMP),
(270, 'User exit', '{OLD}+({status}={\"userexit\"})', 2, 1, CURRENT_TIMESTAMP),
(270, 'x_axis', 'MONTHLY', 3, 1, CURRENT_TIMESTAMP),

(271, 'Completed', '({games.Status}={"complete"}+{SUM}>{0})*({games.Status}={"userexit"}+{SUM}={0})*({games.Status}={"toplay"}+{SUM}={0})+{OLD}', 1, 1, CURRENT_TIMESTAMP),
(271, 'Almost completed', '({games.Status}={"userexit"}+{SUM}>{0})*({games.Status}={"toplay"}+{SUM}={0})+{OLD}', 2, 1, CURRENT_TIMESTAMP),
(271, 'Partially played', '({games.Status}={"complete"}+{SUM})+({games.Status}={"userexit"}+{SUM})>{0}*({games.Status}={"toplay"}+{SUM}>{0})+{OLD}', 3, 1, CURRENT_TIMESTAMP),
(271, 'x_axis', 'DAILY', 4, 1, CURRENT_TIMESTAMP),

(272, 'Completed', '({games.Status}={"complete"}+{SUM}>{0})*({games.Status}={"userexit"}+{SUM}={0})*({games.Status}={"toplay"}+{SUM}={0})+{OLD}', 1, 1, CURRENT_TIMESTAMP),
(272, 'Almost completed', '({games.Status}={"userexit"}+{SUM}>{0})*({games.Status}={"toplay"}+{SUM}={0})+{OLD}', 2, 1, CURRENT_TIMESTAMP),
(272, 'Partially played', '({games.Status}={"complete"}+{SUM})+({games.Status}={"userexit"}+{SUM})>{0}*({games.Status}={"toplay"}+{SUM}>{0})+{OLD}', 3, 1, CURRENT_TIMESTAMP),
(272, 'x_axis', 'MONTHLY', 4, 1, CURRENT_TIMESTAMP),


(273, 'Completed', '({games.Status}={"complete"}+{SUM}>{0})*({games.Status}={"userexit"}+{SUM}={0})*({games.Status}={"toplay"}+{SUM}={0})+{OLD}', 1, 1, CURRENT_TIMESTAMP),
(273, 'Almost completed', '({games.Status}={"userexit"}+{SUM}>{0})*({games.Status}={"toplay"}+{SUM}={0})+{OLD}', 2, 1, CURRENT_TIMESTAMP),
(273, 'Partially played', '({games.Status}={"complete"}+{SUM})+({games.Status}={"userexit"}+{SUM})>{0}*({games.Status}={"toplay"}+{SUM}>{0})+{OLD}', 2, 1, CURRENT_TIMESTAMP),

(274, 'Complete', '{OLD}+({games.Status}={"complete"}+{SUM})', 1, 1, CURRENT_TIMESTAMP),
(274, 'User exit', '{OLD}+({games.Status}={"userexit"}+{SUM})', 2, 1, CURRENT_TIMESTAMP),

(275, 'Complete', '{OLD}+({status}={"complete"})', 1, 1, CURRENT_TIMESTAMP),
(275, 'User exit', '{OLD}+({status}={"userexit"})', 2, 1, CURRENT_TIMESTAMP),

(276, '80%-100%', '({taken-flowers}/{total-flowers}/{2})+({total-bees}-{taken-bees}/{total-bees}/{2})>{0.8}+{OLD}', 1, 1, CURRENT_TIMESTAMP),
(276, '60%-80%', '(({taken-flowers}/{total-flowers}/{2})+({total-bees}-{taken-bees}/{total-bees}/{2})<{0.8})*(({taken-flowers}/{total-flowers}/{2})+({total-bees}-{taken-bees}/{total-bees}/{2})>{0.6})+{OLD}', 2, 1, CURRENT_TIMESTAMP),
(276, '40%-60%', '(({taken-flowers}/{total-flowers}/{2})+({total-bees}-{taken-bees}/{total-bees}/{2})<{0.6})*(({taken-flowers}/{total-flowers}/{2})+({total-bees}-{taken-bees}/{total-bees}/{2})>{0.4})+{OLD}', 3, 1, CURRENT_TIMESTAMP),
(276, '20%-40%', '(({taken-flowers}/{total-flowers}/{2})+({total-bees}-{taken-bees}/{total-bees}/{2})<{0.4})*(({taken-flowers}/{total-flowers}/{2})+({total-bees}-{taken-bees}/{total-bees}/{2})>{0.2})+{OLD}', 4, 1, CURRENT_TIMESTAMP),
(276, '0%-20%', '({taken-flowers}/{total-flowers}/{2})+({total-bees}-{taken-bees}/{total-bees}/{2})<{0.2}+{OLD}', 5, 1, CURRENT_TIMESTAMP),

(277, '80%-100%', '{correct}/({correct}+{wrong})>{0.8}+{OLD}', 1, 1, CURRENT_TIMESTAMP),
(277, '60%-80%', '({correct}/({correct}+{wrong})<{0.8})*({correct}/({correct}+{wrong})>{0.6})+{OLD}', 2, 1, CURRENT_TIMESTAMP),
(277, '40%-60%', '({correct}/({correct}+{wrong})<{0.6})*({correct}/({correct}+{wrong})>{0.4})+{OLD}', 3, 1, CURRENT_TIMESTAMP),
(277, '20%-40%', '({correct}/({correct}+{wrong})<{0.4})*({correct}/({correct}+{wrong})>{0.2})+{OLD}', 4, 1, CURRENT_TIMESTAMP),
(277, '0%-20%', '{correct}/({correct}+{wrong})<{0.2}', 5, 1, CURRENT_TIMESTAMP),

(278, '80%-100%', '({correct-curves}/({correct-curves}+{wrong-curves})/{2})+({taken-stars}-{out-of-curve}/{total-stars}/{2})>{0.8}+{OLD}', 1, 1, CURRENT_TIMESTAMP),
(278, '60%-80%', '(({correct-curves}/({correct-curves}+{wrong-curves})/{2})+({taken-stars}-{out-of-curve}/{total-stars}/{2})<{0.8})*(({correct-curves}/({correct-curves}+{wrong-curves})/{2})+({taken-stars}-{out-of-curve}/{total-stars}/{2})>{0.6})+{OLD}', 2, 1, CURRENT_TIMESTAMP),
(278, '40%-60%', '(({correct-curves}/({correct-curves}+{wrong-curves})/{2})+({taken-stars}-{out-of-curve}/{total-stars}/{2})<{0.6})*(({correct-curves}/({correct-curves}+{wrong-curves})/{2})+({taken-stars}-{out-of-curve}/{total-stars}/{2})>{0.4})+{OLD}', 3, 1, CURRENT_TIMESTAMP),
(278, '20%-40%', '(({correct-curves}/({correct-curves}+{wrong-curves})/{2})+({taken-stars}-{out-of-curve}/{total-stars}/{2})<{0.4})*(({correct-curves}/({correct-curves}+{wrong-curves})/{2})+({taken-stars}-{out-of-curve}/{total-stars}/{2})>{0.2})+{OLD}', 4, 1, CURRENT_TIMESTAMP),
(278, '0%-20%', '({correct-curves}/({correct-curves}+{wrong-curves})/{2})+({taken-stars}-{out-of-curve}/{total-stars}/{2})<{0.2}', 5, 1, CURRENT_TIMESTAMP),

(279, '80%-100%', '({taken-eggs}/{total-eggs}/{2})+({total-engines}-{taken-engines}/{total-engines}/{2})>{0.8}+{OLD}', 1, 1, CURRENT_TIMESTAMP),
(279, '60%-80%', '(({taken-eggs}/{total-eggs}/{2})+({total-engines}-{taken-engines}/{total-engines}/{2})<{0.8})*(({taken-eggs}/{total-eggs}/{2})+({total-engines}-{taken-engines}/{total-engines}/{2})>{0.6})+{OLD}', 2, 1, CURRENT_TIMESTAMP),
(279, '40%-60%', '(({taken-eggs}/{total-eggs}/{2})+({total-engines}-{taken-engines}/{total-engines}/{2})<{0.6})*(({taken-eggs}/{total-eggs}/{2})+({total-engines}-{taken-engines}/{total-engines}/{2})>{0.4})+{OLD}', 3, 1, CURRENT_TIMESTAMP),
(279, '20%-40%', '(({taken-eggs}/{total-eggs}/{2})+({total-engines}-{taken-engines}/{total-engines}/{2})<{0.4})*(({taken-eggs}/{total-eggs}/{2})+({total-engines}-{taken-engines}/{total-engines}/{2})>{0.2})+{OLD}', 4, 1, CURRENT_TIMESTAMP),
(279, '0%-20%', '({taken-eggs}/{total-eggs}/{2})+({total-engines}-{taken-engines}/{total-engines}/{2})<{0.2}+{OLD}', 5, 1, CURRENT_TIMESTAMP),

(280, '80%-100%', '({correct-shape-curves}/({correct-shape-curves}+{wrong-shape-curves})/{3})+({correct-color-curves}/({correct-color-curves}+{wrong-color-curves})/{3})+({taken-stars}-{out-of-curve}/{total-stars}/{3})>{0.8}+{OLD}', 1, 1, CURRENT_TIMESTAMP),
(280, '60%-80%', '(({correct-shape-curves}/({correct-shape-curves}+{wrong-shape-curves})/{3})+({correct-color-curves}/({correct-color-curves}+{wrong-color-curves})/{3})+({taken-stars}-{out-of-curve}/{total-stars}/{3})<{0.8})*(({correct-shape-curves}/({correct-shape-curves}+{wrong-shape-curves})/{3})+({correct-color-curves}/({correct-color-curves}+{wrong-color-curves})/{3})+({taken-stars}-{out-of-curve}/{total-stars}/{3})>{0.6})+{OLD}', 2, 1, CURRENT_TIMESTAMP),
(280, '40%-60%', '(({correct-shape-curves}/({correct-shape-curves}+{wrong-shape-curves})/{3})+({correct-color-curves}/({correct-color-curves}+{wrong-color-curves})/{3})+({taken-stars}-{out-of-curve}/{total-stars}/{3})<{0.6})*(({correct-shape-curves}/({correct-shape-curves}+{wrong-shape-curves})/{3})+({correct-color-curves}/({correct-color-curves}+{wrong-color-curves})/{3})+({taken-stars}-{out-of-curve}/{total-stars}/{3})>{0.4})+{OLD}', 3, 1, CURRENT_TIMESTAMP),
(280, '20%-40%', '(({correct-shape-curves}/({correct-shape-curves}+{wrong-shape-curves})/{3})+({correct-color-curves}/({correct-color-curves}+{wrong-color-curves})/{3})+({taken-stars}-{out-of-curve}/{total-stars}/{3})<{0.4})*(({correct-shape-curves}/({correct-shape-curves}+{wrong-shape-curves})/{3})+({correct-color-curves}/({correct-color-curves}+{wrong-color-curves})/{3})+({taken-stars}-{out-of-curve}/{total-stars}/{3})>{0.2})+{OLD}', 4, 1, CURRENT_TIMESTAMP),
(280, '0%-20%', '({correct-shape-curves}/({correct-shape-curves}+{wrong-shape-curves})/{3})+({correct-color-curves}/({correct-color-curves}+{wrong-color-curves})/{3})+({taken-stars}-{out-of-curve}/{total-stars}/{3})<{0.2}+{OLD}', 5, 1, CURRENT_TIMESTAMP),

(281, '80%-100%', '{response-accuracy}>{0.8}+{OLD}', 1, 1, CURRENT_TIMESTAMP),
(281, '60%-80%', '({response-accuracy}<{0.8})*({response-accuracy}>{0.6})+{OLD}', 2, 1, CURRENT_TIMESTAMP),
(281, '40%-60%', '({response-accuracy}<{0.6})*({response-accuracy}>{0.4})+{OLD}', 3, 1, CURRENT_TIMESTAMP),
(281, '20%-40%', '({response-accuracy}<{0.4})*({response-accuracy}>{0.2})+{OLD}', 4, 1, CURRENT_TIMESTAMP),
(281, '0%-20%', '{response-accuracy}<{0.2}+{OLD}', 5, 1, CURRENT_TIMESTAMP),

(282, '80%-100%', '({taken-correct}/{total-correct}/{2})+({total-wrong}-{taken-wrong}/{total-wrong}/{2})>{0.8}+{OLD}', 1, 1, CURRENT_TIMESTAMP),
(282, '60%-80%', '(({taken-correct}/{total-correct}/{2})+({total-wrong}-{taken-wrong}/{total-wrong}/{2})<{0.8})*(({taken-correct}/{total-correct}/{2})+({total-wrong}-{taken-wrong}/{total-wrong}/{2})>{0.6})+{OLD}', 2, 1, CURRENT_TIMESTAMP),
(282, '40%-60%', '(({taken-correct}/{total-correct}/{2})+({total-wrong}-{taken-wrong}/{total-wrong}/{2})<{0.6})*(({taken-correct}/{total-correct}/{2})+({total-wrong}-{taken-wrong}/{total-wrong}/{2})>{0.4})+{OLD}', 3, 1, CURRENT_TIMESTAMP),
(282, '20%-40%', '(({taken-correct}/{total-correct}/{2})+({total-wrong}-{taken-wrong}/{total-wrong}/{2})<{0.4})*(({taken-correct}/{total-correct}/{2})+({total-wrong}-{taken-wrong}/{total-wrong}/{2})>{0.2})+{OLD}', 4, 1, CURRENT_TIMESTAMP),
(282, '0%-20%', '({taken-correct}/{total-correct}/{2})+({total-wrong}-{taken-wrong}/{total-wrong}/{2})<{0.2}+{OLD}', 5, 1, CURRENT_TIMESTAMP),

(283, '80%-100%', '{visited-right}/({counter-right}+{counter-wrong})>{0.8}+{OLD}', 1, 1, CURRENT_TIMESTAMP),
(283, '60%-80%', '({visited-right}/({counter-right}+{counter-wrong})<{0.8})*({visited-right}/({counter-right}+{counter-wrong})>{0.6})+{OLD}', 2, 1, CURRENT_TIMESTAMP),
(283, '40%-60%', '({visited-right}/({counter-right}+{counter-wrong})<{0.6})*({visited-right}/({counter-right}+{counter-wrong})>{0.4})+{OLD}', 3, 1, CURRENT_TIMESTAMP),
(283, '20%-40%', '({visited-right}/({counter-right}+{counter-wrong})<{0.4})*({visited-right}/({counter-right}+{counter-wrong})>{0.2})+{OLD}', 4, 1, CURRENT_TIMESTAMP),
(283, '0%-20%', '{visited-right}/({counter-right}+{counter-wrong})<{0.2}+{OLD}', 5, 1, CURRENT_TIMESTAMP),

(284, '80%-100%', '({taken-fruits}/{total-fruits}/{2})+({total-distractors}-{taken-distractors}/{total-distractors}/{2})>{0.8}+{OLD}', 1, 1, CURRENT_TIMESTAMP),
(284, '60%-80%', '(({taken-fruits}/{total-fruits}/{2})+({total-distractors}-{taken-distractors}/{total-distractors}/{2})<{0.8})*(({taken-fruits}/{total-fruits}/{2})+({total-distractors}-{taken-distractors}/{total-distractors}/{2})>{0.6})+{OLD}', 2, 1, CURRENT_TIMESTAMP),
(284, '40%-60%', '(({taken-fruits}/{total-fruits}/{2})+({total-distractors}-{taken-distractors}/{total-distractors}/{2})<{0.6})*(({taken-fruits}/{total-fruits}/{2})+({total-distractors}-{taken-distractors}/{total-distractors}/{2})>{0.4})+{OLD}', 3, 1, CURRENT_TIMESTAMP),
(284, '20%-40%', '(({taken-fruits}/{total-fruits}/{2})+({total-distractors}-{taken-distractors}/{total-distractors}/{2})<{0.4})*(({taken-fruits}/{total-fruits}/{2})+({total-distractors}-{taken-distractors}/{total-distractors}/{2})>{0.2})+{OLD}', 4, 1, CURRENT_TIMESTAMP),
(284, '0%-20%', '({taken-fruits}/{total-fruits}/{2})+({total-distractors}-{taken-distractors}/{total-distractors}/{2})<{0.2}+{OLD}', 5, 1, CURRENT_TIMESTAMP),

(285, '80%-100%', '({correct-top}+{correct-bottom})/({correct-top}+{wrong-top}+{correct-bottom}+{wrong-bottom})>{0.8}+{OLD}', 1, 1, CURRENT_TIMESTAMP),
(285, '60%-80%', '(({correct-top}+{correct-bottom})/({correct-top}+{wrong-top}+{correct-bottom}+{wrong-bottom})<{0.8})*(({correct-top}+{correct-bottom})/({correct-top}+{wrong-top}+{correct-bottom}+{wrong-bottom})>{0.6})+{OLD}', 2, 1, CURRENT_TIMESTAMP),
(285, '40%-60%', '(({correct-top}+{correct-bottom})/({correct-top}+{wrong-top}+{correct-bottom}+{wrong-bottom})<{0.6})*(({correct-top}+{correct-bottom})/({correct-top}+{wrong-top}+{correct-bottom}+{wrong-bottom})>{0.4})+{OLD}', 3, 1, CURRENT_TIMESTAMP),
(285, '20%-40%', '(({correct-top}+{correct-bottom})/({correct-top}+{wrong-top}+{correct-bottom}+{wrong-bottom})<{0.4})*(({correct-top}+{correct-bottom})/({correct-top}+{wrong-top}+{correct-bottom}+{wrong-bottom})>{0.2})+{OLD}', 4, 1, CURRENT_TIMESTAMP),
(285, '0%-20%', '({correct-top}+{correct-bottom})/({correct-top}+{wrong-top}+{correct-bottom}+{wrong-bottom})<{0.2}+{OLD}', 5, 1, CURRENT_TIMESTAMP),


(286, '80%-100%', '({taken-flowers}/{total-flowers}/{2})+({total-bees}-{taken-bees}/{total-bees}/{2})>{0.8}+{OLD}', 1, 1, CURRENT_TIMESTAMP),
(286, '60%-80%', '(({taken-flowers}/{total-flowers}/{2})+({total-bees}-{taken-bees}/{total-bees}/{2})<{0.8})*(({taken-flowers}/{total-flowers}/{2})+({total-bees}-{taken-bees}/{total-bees}/{2})>{0.6})+{OLD}', 2, 1, CURRENT_TIMESTAMP),
(286, '40%-60%', '(({taken-flowers}/{total-flowers}/{2})+({total-bees}-{taken-bees}/{total-bees}/{2})<{0.6})*(({taken-flowers}/{total-flowers}/{2})+({total-bees}-{taken-bees}/{total-bees}/{2})>{0.4})+{OLD}', 3, 1, CURRENT_TIMESTAMP),
(286, '20%-40%', '(({taken-flowers}/{total-flowers}/{2})+({total-bees}-{taken-bees}/{total-bees}/{2})<{0.4})*(({taken-flowers}/{total-flowers}/{2})+({total-bees}-{taken-bees}/{total-bees}/{2})>{0.2})+{OLD}', 4, 1, CURRENT_TIMESTAMP),
(286, '0%-20%', '({taken-flowers}/{total-flowers}/{2})+({total-bees}-{taken-bees}/{total-bees}/{2})<{0.2}+{OLD}', 5, 1, CURRENT_TIMESTAMP),
(286, 'x_axis', 'MONTHLY', 0, 1, CURRENT_TIMESTAMP),
 
(287, '80%-100%', '{correct}/({correct}+{wrong})>{0.8}+{OLD}', 1, 1, CURRENT_TIMESTAMP),
(287, '60%-80%', '({correct}/({correct}+{wrong})<{0.8})*({correct}/({correct}+{wrong})>{0.6})+{OLD}', 2, 1, CURRENT_TIMESTAMP),
(287, '40%-60%', '({correct}/({correct}+{wrong})<{0.6})*({correct}/({correct}+{wrong})>{0.4})+{OLD}', 3, 1, CURRENT_TIMESTAMP),
(287, '20%-40%', '({correct}/({correct}+{wrong})<{0.4})*({correct}/({correct}+{wrong})>{0.2})+{OLD}', 4, 1, CURRENT_TIMESTAMP),
(287, '0%-20%', '{correct}/({correct}+{wrong})<{0.2}', 5, 1, CURRENT_TIMESTAMP),
(287, 'x_axis', 'MONTHLY', 0, 1, CURRENT_TIMESTAMP),
  
(288, '80%-100%', '({correct-curves}/({correct-curves}+{wrong-curves})/{2})+({taken-stars}-{out-of-curve}/{total-stars}/{2})>{0.8}+{OLD}', 1, 1, CURRENT_TIMESTAMP),
(288, '60%-80%', '(({correct-curves}/({correct-curves}+{wrong-curves})/{2})+({taken-stars}-{out-of-curve}/{total-stars}/{2})<{0.8})*(({correct-curves}/({correct-curves}+{wrong-curves})/{2})+({taken-stars}-{out-of-curve}/{total-stars}/{2})>{0.6})+{OLD}', 2, 1, CURRENT_TIMESTAMP),
(288, '40%-60%', '(({correct-curves}/({correct-curves}+{wrong-curves})/{2})+({taken-stars}-{out-of-curve}/{total-stars}/{2})<{0.6})*(({correct-curves}/({correct-curves}+{wrong-curves})/{2})+({taken-stars}-{out-of-curve}/{total-stars}/{2})>{0.4})+{OLD}', 3, 1, CURRENT_TIMESTAMP),
(288, '20%-40%', '(({correct-curves}/({correct-curves}+{wrong-curves})/{2})+({taken-stars}-{out-of-curve}/{total-stars}/{2})<{0.4})*(({correct-curves}/({correct-curves}+{wrong-curves})/{2})+({taken-stars}-{out-of-curve}/{total-stars}/{2})>{0.2})+{OLD}', 4, 1, CURRENT_TIMESTAMP),
(288, '0%-20%', '({correct-curves}/({correct-curves}+{wrong-curves})/{2})+({taken-stars}-{out-of-curve}/{total-stars}/{2})<{0.2}', 5, 1, CURRENT_TIMESTAMP),
(288, 'x_axis', 'MONTHLY', 0, 1, CURRENT_TIMESTAMP),
   
(289, '80%-100%', '({taken-eggs}/{total-eggs}/{2})+({total-engines}-{taken-engines}/{total-engines}/{2})>{0.8}+{OLD}', 1, 1, CURRENT_TIMESTAMP),
(289, '60%-80%', '(({taken-eggs}/{total-eggs}/{2})+({total-engines}-{taken-engines}/{total-engines}/{2})<{0.8})*(({taken-eggs}/{total-eggs}/{2})+({total-engines}-{taken-engines}/{total-engines}/{2})>{0.6})+{OLD}', 2, 1, CURRENT_TIMESTAMP),
(289, '40%-60%', '(({taken-eggs}/{total-eggs}/{2})+({total-engines}-{taken-engines}/{total-engines}/{2})<{0.6})*(({taken-eggs}/{total-eggs}/{2})+({total-engines}-{taken-engines}/{total-engines}/{2})>{0.4})+{OLD}', 3, 1, CURRENT_TIMESTAMP),
(289, '20%-40%', '(({taken-eggs}/{total-eggs}/{2})+({total-engines}-{taken-engines}/{total-engines}/{2})<{0.4})*(({taken-eggs}/{total-eggs}/{2})+({total-engines}-{taken-engines}/{total-engines}/{2})>{0.2})+{OLD}', 4, 1, CURRENT_TIMESTAMP),
(289, '0%-20%', '({taken-eggs}/{total-eggs}/{2})+({total-engines}-{taken-engines}/{total-engines}/{2})<{0.2}+{OLD}', 5, 1, CURRENT_TIMESTAMP),
(289, 'x_axis', 'MONTHLY', 0, 1, CURRENT_TIMESTAMP),
 
(290, '80%-100%', '({correct-shape-curves}/({correct-shape-curves}+{wrong-shape-curves})/{3})+({correct-color-curves}/({correct-color-curves}+{wrong-color-curves})/{3})+({taken-stars}-{out-of-curve}/{total-stars}/{3})>{0.8}+{OLD}', 1, 1, CURRENT_TIMESTAMP),
(290, '60%-80%', '(({correct-shape-curves}/({correct-shape-curves}+{wrong-shape-curves})/{3})+({correct-color-curves}/({correct-color-curves}+{wrong-color-curves})/{3})+({taken-stars}-{out-of-curve}/{total-stars}/{3})<{0.8})*(({correct-shape-curves}/({correct-shape-curves}+{wrong-shape-curves})/{3})+({correct-color-curves}/({correct-color-curves}+{wrong-color-curves})/{3})+({taken-stars}-{out-of-curve}/{total-stars}/{3})>{0.6})+{OLD}', 2, 1, CURRENT_TIMESTAMP),
(290, '40%-60%', '(({correct-shape-curves}/({correct-shape-curves}+{wrong-shape-curves})/{3})+({correct-color-curves}/({correct-color-curves}+{wrong-color-curves})/{3})+({taken-stars}-{out-of-curve}/{total-stars}/{3})<{0.6})*(({correct-shape-curves}/({correct-shape-curves}+{wrong-shape-curves})/{3})+({correct-color-curves}/({correct-color-curves}+{wrong-color-curves})/{3})+({taken-stars}-{out-of-curve}/{total-stars}/{3})>{0.4})+{OLD}', 3, 1, CURRENT_TIMESTAMP),
(290, '20%-40%', '(({correct-shape-curves}/({correct-shape-curves}+{wrong-shape-curves})/{3})+({correct-color-curves}/({correct-color-curves}+{wrong-color-curves})/{3})+({taken-stars}-{out-of-curve}/{total-stars}/{3})<{0.4})*(({correct-shape-curves}/({correct-shape-curves}+{wrong-shape-curves})/{3})+({correct-color-curves}/({correct-color-curves}+{wrong-color-curves})/{3})+({taken-stars}-{out-of-curve}/{total-stars}/{3})>{0.2})+{OLD}', 4, 1, CURRENT_TIMESTAMP),
(290, '0%-20%', '({correct-shape-curves}/({correct-shape-curves}+{wrong-shape-curves})/{3})+({correct-color-curves}/({correct-color-curves}+{wrong-color-curves})/{3})+({taken-stars}-{out-of-curve}/{total-stars}/{3})<{0.2}+{OLD}', 5, 1, CURRENT_TIMESTAMP),
(290, 'x_axis', 'MONTHLY', 0, 1, CURRENT_TIMESTAMP),
  
(291, '80%-100%', '{response-accuracy}>{0.8}+{OLD}', 1, 1, CURRENT_TIMESTAMP),
(291, '60%-80%', '({response-accuracy}<{0.8})*({response-accuracy}>{0.6})+{OLD}', 2, 1, CURRENT_TIMESTAMP),
(291, '40%-60%', '({response-accuracy}<{0.6})*({response-accuracy}>{0.4})+{OLD}', 3, 1, CURRENT_TIMESTAMP),
(291, '20%-40%', '({response-accuracy}<{0.4})*({response-accuracy}>{0.2})+{OLD}', 4, 1, CURRENT_TIMESTAMP),
(291, '0%-20%', '{response-accuracy}<{0.2}+{OLD}', 5, 1, CURRENT_TIMESTAMP),
(291, 'x_axis', 'MONTHLY', 0, 1, CURRENT_TIMESTAMP),
  
(292, '80%-100%', '({taken-correct}/{total-correct}/{2})+({total-wrong}-{taken-wrong}/{total-wrong}/{2})>{0.8}+{OLD}', 1, 1, CURRENT_TIMESTAMP),
(292, '60%-80%', '(({taken-correct}/{total-correct}/{2})+({total-wrong}-{taken-wrong}/{total-wrong}/{2})<{0.8})*(({taken-correct}/{total-correct}/{2})+({total-wrong}-{taken-wrong}/{total-wrong}/{2})>{0.6})+{OLD}', 2, 1, CURRENT_TIMESTAMP),
(292, '40%-60%', '(({taken-correct}/{total-correct}/{2})+({total-wrong}-{taken-wrong}/{total-wrong}/{2})<{0.6})*(({taken-correct}/{total-correct}/{2})+({total-wrong}-{taken-wrong}/{total-wrong}/{2})>{0.4})+{OLD}', 3, 1, CURRENT_TIMESTAMP),
(292, '20%-40%', '(({taken-correct}/{total-correct}/{2})+({total-wrong}-{taken-wrong}/{total-wrong}/{2})<{0.4})*(({taken-correct}/{total-correct}/{2})+({total-wrong}-{taken-wrong}/{total-wrong}/{2})>{0.2})+{OLD}', 4, 1, CURRENT_TIMESTAMP),
(292, '0%-20%', '({taken-correct}/{total-correct}/{2})+({total-wrong}-{taken-wrong}/{total-wrong}/{2})<{0.2}+{OLD}', 5, 1, CURRENT_TIMESTAMP),
(292, 'x_axis', 'MONTHLY', 0, 1, CURRENT_TIMESTAMP),
   
(293, '80%-100%', '{visited-right}/({counter-right}+{counter-wrong})>{0.8}+{OLD}', 1, 1, CURRENT_TIMESTAMP),
(293, '60%-80%', '({visited-right}/({counter-right}+{counter-wrong})<{0.8})*({visited-right}/({counter-right}+{counter-wrong})>{0.6})+{OLD}', 2, 1, CURRENT_TIMESTAMP),
(293, '40%-60%', '({visited-right}/({counter-right}+{counter-wrong})<{0.6})*({visited-right}/({counter-right}+{counter-wrong})>{0.4})+{OLD}', 3, 1, CURRENT_TIMESTAMP),
(293, '20%-40%', '({visited-right}/({counter-right}+{counter-wrong})<{0.4})*({visited-right}/({counter-right}+{counter-wrong})>{0.2})+{OLD}', 4, 1, CURRENT_TIMESTAMP),
(293, '0%-20%', '{visited-right}/({counter-right}+{counter-wrong})<{0.2}+{OLD}', 5, 1, CURRENT_TIMESTAMP),
(293, 'x_axis', 'MONTHLY', 0, 1, CURRENT_TIMESTAMP),
   
(294, '80%-100%', '({taken-fruits}/{total-fruits}/{2})+({total-distractors}-{taken-distractors}/{total-distractors}/{2})>{0.8}+{OLD}', 1, 1, CURRENT_TIMESTAMP),
(294, '60%-80%', '(({taken-fruits}/{total-fruits}/{2})+({total-distractors}-{taken-distractors}/{total-distractors}/{2})<{0.8})*(({taken-fruits}/{total-fruits}/{2})+({total-distractors}-{taken-distractors}/{total-distractors}/{2})>{0.6})+{OLD}', 2, 1, CURRENT_TIMESTAMP),
(294, '40%-60%', '(({taken-fruits}/{total-fruits}/{2})+({total-distractors}-{taken-distractors}/{total-distractors}/{2})<{0.6})*(({taken-fruits}/{total-fruits}/{2})+({total-distractors}-{taken-distractors}/{total-distractors}/{2})>{0.4})+{OLD}', 3, 1, CURRENT_TIMESTAMP),
(294, '20%-40%', '(({taken-fruits}/{total-fruits}/{2})+({total-distractors}-{taken-distractors}/{total-distractors}/{2})<{0.4})*(({taken-fruits}/{total-fruits}/{2})+({total-distractors}-{taken-distractors}/{total-distractors}/{2})>{0.2})+{OLD}', 4, 1, CURRENT_TIMESTAMP),
(294, '0%-20%', '({taken-fruits}/{total-fruits}/{2})+({total-distractors}-{taken-distractors}/{total-distractors}/{2})<{0.2}+{OLD}', 5, 1, CURRENT_TIMESTAMP),
(294, 'x_axis', 'MONTHLY', 0, 1, CURRENT_TIMESTAMP),
   
(295, '80%-100%', '({correct-top}+{correct-bottom})/({correct-top}+{wrong-top}+{correct-bottom}+{wrong-bottom})>{0.8}+{OLD}', 1, 1, CURRENT_TIMESTAMP),
(295, '60%-80%', '(({correct-top}+{correct-bottom})/({correct-top}+{wrong-top}+{correct-bottom}+{wrong-bottom})<{0.8})*(({correct-top}+{correct-bottom})/({correct-top}+{wrong-top}+{correct-bottom}+{wrong-bottom})>{0.6})+{OLD}', 2, 1, CURRENT_TIMESTAMP),
(295, '40%-60%', '(({correct-top}+{correct-bottom})/({correct-top}+{wrong-top}+{correct-bottom}+{wrong-bottom})<{0.6})*(({correct-top}+{correct-bottom})/({correct-top}+{wrong-top}+{correct-bottom}+{wrong-bottom})>{0.4})+{OLD}', 3, 1, CURRENT_TIMESTAMP),
(295, '20%-40%', '(({correct-top}+{correct-bottom})/({correct-top}+{wrong-top}+{correct-bottom}+{wrong-bottom})<{0.4})*(({correct-top}+{correct-bottom})/({correct-top}+{wrong-top}+{correct-bottom}+{wrong-bottom})>{0.2})+{OLD}', 4, 1, CURRENT_TIMESTAMP),
(295, '0%-20%', '({correct-top}+{correct-bottom})/({correct-top}+{wrong-top}+{correct-bottom}+{wrong-bottom})<{0.2}+{OLD}', 5, 1, CURRENT_TIMESTAMP),
(295, 'x_axis', 'MONTHLY', 0, 1, CURRENT_TIMESTAMP),

(296, 'extended', '{checks.elbow.pos}', 1, 1, CURRENT_TIMESTAMP),
(296, 'flexed', '{checks.elbow.neg}', 2, 1, CURRENT_TIMESTAMP),

(297, 'opened', '{checks.hand.pos}', 1, 1, CURRENT_TIMESTAMP),
(297, 'closed', '{checks.hand.neg}', 2, 1, CURRENT_TIMESTAMP),

(298, 'straight', '{checks.spine.right.pos}-{checks.spine.left.neg}', 1, 1, CURRENT_TIMESTAMP),
(298, 'pending right', '{checks.spine.right.neg}', 2, 1, CURRENT_TIMESTAMP),
(298, 'pending left', '{checks.spine.left.neg}', 3, 1, CURRENT_TIMESTAMP),

(299, 'straight', '{checks.shoulder.right.pos}-{checks.shoulder.left.neg}', 1, 1, CURRENT_TIMESTAMP),
(299, 'crooked right', '{checks.shoulder.right.neg}', 2, 1, CURRENT_TIMESTAMP),
(299, 'crooked left', '{checks.shoulder.left.neg}', 3, 1, CURRENT_TIMESTAMP),

(300, 'standing', '{checks.position.standing.pos}', 1, 1, CURRENT_TIMESTAMP),
(300, 'sitting', '{checks.position.standing.neg}', 2, 1, CURRENT_TIMESTAMP),

(301, 'standing', '{checks.position.sitting.neg}', 2, 1, CURRENT_TIMESTAMP),
(301, 'sitting', '{checks.position.sitting.pos}', 1, 1, CURRENT_TIMESTAMP),

(302, 'Near left', '{spatial-feedback.BottomLeft.correct}', 1, 1, CURRENT_TIMESTAMP),
(302, 'Near right', '{spatial-feedback.BottomRight.correct}', 2, 1, CURRENT_TIMESTAMP),
(302, 'Center left', '{spatial-feedback.CenterLeft.correct}', 3, 1, CURRENT_TIMESTAMP),
(302, 'Center right', '{spatial-feedback.CenterRight.correct}', 4, 1, CURRENT_TIMESTAMP),
(302, 'Far left', '{spatial-feedback.TopLeft.correct}', 5, 1, CURRENT_TIMESTAMP),
(302, 'Far right', '{spatial-feedback.TopRight.correct}', 6, 1, CURRENT_TIMESTAMP),
(303, 'Left', '{feedback-over-time.left}', 1, 1, CURRENT_TIMESTAMP),
(303, 'Right', '{feedback-over-time.right}', 2, 1, CURRENT_TIMESTAMP),

(304, 'Correct Left', '{spatial-feedback.Left.correct}', 1, 1, CURRENT_TIMESTAMP),
(304, 'Wrong Left', '{spatial-feedback.Left.wrong}', 3, 1, CURRENT_TIMESTAMP),
(304, 'Correct Right', '{spatial-feedback.Right.correct}', 2, 1, CURRENT_TIMESTAMP),
(304, 'Wrong Right', '{spatial-feedback.Right.wrong}', 4, 1, CURRENT_TIMESTAMP),

(305, 'All', '{reaction-time}', 1, 1, CURRENT_TIMESTAMP),
(305, 'Left', '{spatial-feedback.Left.reaction-time}', 2, 1, CURRENT_TIMESTAMP),
(305, 'Right', '{spatial-feedback.Right.reaction-time}',3, 1, CURRENT_TIMESTAMP),

(306, 'down', '{spatial-feedback.Left.time-down}', 1, 1, CURRENT_TIMESTAMP),
(306, 'up', '{spatial-feedback.Left.time-up}', 2, 1, CURRENT_TIMESTAMP),
(306, 'moving', '{spatial-feedback.Left.time-moving}',3, 1, CURRENT_TIMESTAMP),

(307, 'down', '{spatial-feedback.Right.time-down}', 1, 1, CURRENT_TIMESTAMP),
(307, 'up', '{spatial-feedback.Right.time-up}', 2, 1, CURRENT_TIMESTAMP),
(307, 'moving', '{spatial-feedback.Right.time-moving}',3, 1, CURRENT_TIMESTAMP),

(308, 'Left', '{spatial-feedback.Left.score}', 1, 1, CURRENT_TIMESTAMP),
(308, 'Right', '{spatial-feedback.Right.score}',2, 1, CURRENT_TIMESTAMP),

(309, 'Correct Left', '{feedback-over-time.left.correct}', 1, 1, CURRENT_TIMESTAMP),
(309, 'Correct Right ', '{feedback-over-time.right.correct}', 2, 1, CURRENT_TIMESTAMP),
(309, 'Wrong Left', '{feedback-over-time.left.wrong}', 3, 1, CURRENT_TIMESTAMP),
(309, 'Wrong Right ', '{feedback-over-time.right.wrong}', 4, 1, CURRENT_TIMESTAMP),

(310, 'Correct', '{correct}+{correct-left}+{correct-right}', 1, 1, CURRENT_TIMESTAMP),
(310, 'Missed', '{missed-correct}+{missed-correct-left}+{missed-correct-right}', 2, 1, CURRENT_TIMESTAMP),

-- ima_chart_template 311 dentro a Cardio_new_games.sql
-- (311, 'Avoided obstacle', '{avoided-wrong}', 1, 1, CURRENT_TIMESTAMP),
-- (311, 'Collided obstacle', '{wrong}', 2, 1, CURRENT_TIMESTAMP),

(312, 'Avoided obstacle', '{avoided-wrong}+{avoided-wrong-left}+{avoided-wrong-right}+{avoided-wrong-center}', 1, 1, CURRENT_TIMESTAMP),
(312, 'Collided obstacle', '{wrong}+{wrong-left}+{wrong-right}+{wrong-center}', 2, 1, CURRENT_TIMESTAMP),

(313, 'Correct Center', '{correct}', 3, 1, CURRENT_TIMESTAMP),
(313, '[diff]Correct Center', '{missed-correct}', 4, 1, CURRENT_TIMESTAMP),
(313, 'Correct Left', '{correct-left}', 1, 1, CURRENT_TIMESTAMP),
(313, '[diff]Correct Left', '{missed-correct-left}', 2, 1, CURRENT_TIMESTAMP),
(313, 'Correct Right', '{correct-right}', 5, 1, CURRENT_TIMESTAMP),
(313, '[diff]Correct Right', '{missed-correct-right}', 6, 1, CURRENT_TIMESTAMP),

(314, '[diff]Collided top obstacle', '{avoided-wrong}', 4, 1, CURRENT_TIMESTAMP),
(314, '[diff]Collided left obstacle', '{avoided-wrong-left}', 2, 1, CURRENT_TIMESTAMP),
(314, '[diff]Collided right obstacle', '{avoided-wrong-right}', 8, 1, CURRENT_TIMESTAMP),
(314, '[diff]Collided center obstacle', '{avoided-wrong-center}', 6, 1, CURRENT_TIMESTAMP),
(314, 'Collided top obstacle', '{wrong}', 3, 1, CURRENT_TIMESTAMP),
(314, 'Collided left obstacle', '{wrong-left}', 1, 1, CURRENT_TIMESTAMP),
(314, 'Collided right obstacle', '{wrong-right}',7, 1, CURRENT_TIMESTAMP),
(314, 'Collided center obstacle', '{wrong-center}', 5, 1, CURRENT_TIMESTAMP),

(315, 'down', '{time-down}', 1, 1, CURRENT_TIMESTAMP),
(315, 'up', '{time-up}', 2, 1, CURRENT_TIMESTAMP),
(315, 'left', '{time-left}',3, 1, CURRENT_TIMESTAMP),
(315, 'right', '{time-right}',4, 1, CURRENT_TIMESTAMP),

(316, 'Correct Missed', '{feedback-over-time.missed-correct}+{feedback-over-time.missed-correct-left}+{feedback-over-time.missed-correct-right}', 2, 1, CURRENT_TIMESTAMP),
(316, 'Correct Taken', '{feedback-over-time.correct}+{feedback-over-time.correct-left}+{feedback-over-time.correct-right}', 1, 1, CURRENT_TIMESTAMP),
(316, 'Wrong Avoided', '{feedback-over-time.avoided-wrong}', 4, 1, CURRENT_TIMESTAMP),
(316, 'Wrong Taken', '{feedback-over-time.wrong}', 3, 1, CURRENT_TIMESTAMP),

(317, 'Correct Missed', '{feedback-over-time.missed-correct}+{feedback-over-time.missed-correct-left}+{feedback-over-time.missed-correct-right}', 2, 1, CURRENT_TIMESTAMP),
(317, 'Correct Taken', '{feedback-over-time.correct}+{feedback-over-time.correct-left}+{feedback-over-time.correct-right}', 1, 1, CURRENT_TIMESTAMP),
(317, 'Wrong Avoided', '{feedback-over-time.avoided-wrong}+{feedback-over-time.avoided-wrong-left}+{feedback-over-time.avoided-wrong-right}+{feedback-over-time.avoided-wrong-center}', 4, 1, CURRENT_TIMESTAMP),
(317, 'Wrong Taken', '{feedback-over-time.wrong}+{feedback-over-time.wrong-left}+{feedback-over-time.wrong-right}+{feedback-over-time.wrong-center}', 3, 1, CURRENT_TIMESTAMP),

(318, 'Near left', '{spatial-feedback.BottomLeft.correct}', 1, 1, CURRENT_TIMESTAMP),
(318, 'Near right', '{spatial-feedback.BottomRight.correct}', 4, 1, CURRENT_TIMESTAMP),
(318, 'Center left', '{spatial-feedback.CenterLeft.correct}', 2, 1, CURRENT_TIMESTAMP),
(318, 'Center right', '{spatial-feedback.CenterRight.correct}', 5, 1, CURRENT_TIMESTAMP),
(318, 'Far left', '{spatial-feedback.TopLeft.correct}', 3, 1, CURRENT_TIMESTAMP),
(318, 'Far right', '{spatial-feedback.TopRight.correct}', 6, 1, CURRENT_TIMESTAMP),
(318, 'x_axis', 'AUTO', 0, 1, CURRENT_TIMESTAMP),

(319, 'Correct Left', '{spatial-feedback.Left.correct}', 1, 1, CURRENT_TIMESTAMP),
(319, 'Wrong Left', '{spatial-feedback.Left.wrong}', 3, 1, CURRENT_TIMESTAMP),
(319, 'Correct Right', '{spatial-feedback.Right.correct}', 2, 1, CURRENT_TIMESTAMP),
(319, 'Wrong Right', '{spatial-feedback.Right.wrong}', 4, 1, CURRENT_TIMESTAMP),
(319, 'x_axis', 'AUTO', 0, 1, CURRENT_TIMESTAMP),

(320, 'All', '{reaction-time}', 1, 1, CURRENT_TIMESTAMP),
(320, 'Left', '{spatial-feedback.Left.reaction-time}', 2, 1, CURRENT_TIMESTAMP),
(320, 'Right', '{spatial-feedback.Right.reaction-time}',3, 1, CURRENT_TIMESTAMP),
(320, 'x_axis', 'AUTO', 0, 1, CURRENT_TIMESTAMP),

(321, 'down', '{spatial-feedback.Left.time-down}', 1, 1, CURRENT_TIMESTAMP),
(321, 'up', '{spatial-feedback.Left.time-up}', 2, 1, CURRENT_TIMESTAMP),
(321, 'moving', '{spatial-feedback.Left.time-moving}',3, 1, CURRENT_TIMESTAMP),
(321, 'x_axis', 'AUTO', 0, 1, CURRENT_TIMESTAMP),

(322, 'down', '{spatial-feedback.Right.time-down}', 1, 1, CURRENT_TIMESTAMP),
(322, 'up', '{spatial-feedback.Right.time-up}', 2, 1, CURRENT_TIMESTAMP),
(322, 'moving', '{spatial-feedback.Right.time-moving}',3, 1, CURRENT_TIMESTAMP),
(322, 'x_axis', 'AUTO', 0, 1, CURRENT_TIMESTAMP),

(323, 'Correct', '{correct}+{correct-left}+{correct-right}', 1, 1, CURRENT_TIMESTAMP),
(323, 'Missed', '{missed-correct}+{missed-correct-left}+{missed-correct-right}', 2, 1, CURRENT_TIMESTAMP),
(323, 'x_axis', 'AUTO', 0, 1, CURRENT_TIMESTAMP),

-- ima_chart_template 324 dentro a Cardio_new_games.sql
-- (324, 'Avoided obstacle', '{avoided-wrong}', 1, 1, CURRENT_TIMESTAMP),
-- (324, 'Collided obstacle', '{wrong}', 2, 1, CURRENT_TIMESTAMP),
-- (324, 'x_axis', 'AUTO', 0, 1, CURRENT_TIMESTAMP),

(325, 'Avoided obstacle', '{avoided-wrong}+{avoided-wrong-left}+{avoided-wrong-right}+{avoided-wrong-center}', 1, 1, CURRENT_TIMESTAMP),
(325, 'Collided obstacle', '{wrong}+{wrong-left}+{wrong-right}+{wrong-center}', 2, 1, CURRENT_TIMESTAMP),
(325, 'x_axis', 'AUTO', 0, 1, CURRENT_TIMESTAMP),

(326, 'down', '{time-down}', 1, 1, CURRENT_TIMESTAMP),
(326, 'up', '{time-up}', 2, 1, CURRENT_TIMESTAMP),
(326, 'left', '{time-left}',3, 1, CURRENT_TIMESTAMP),
(326, 'right', '{time-right}',4, 1, CURRENT_TIMESTAMP),
(326, 'x_axis', 'AUTO', 0, 1, CURRENT_TIMESTAMP),

(327, 'Foot', '{input-parameters.foot}', 2, 1, CURRENT_TIMESTAMP),
(327, 'Permanence', '{input-parameters.permanence}', 3, 1, CURRENT_TIMESTAMP),
(327, 'Duration', '{input-parameters.duration}', 1, 1, CURRENT_TIMESTAMP),
(327, 'Movement', '{input-parameters.movement}', 7, 1, CURRENT_TIMESTAMP),
(327, 'Size', '{input-parameters.size}', 5, 1, CURRENT_TIMESTAMP),
(327, 'x_axis', 'AUTO', 0, 1, CURRENT_TIMESTAMP),

(328, 'Foot', '{input-parameters.foot}', 2, 1, CURRENT_TIMESTAMP),
(328, 'Permanence', '{input-parameters.permanence}', 3, 1, CURRENT_TIMESTAMP),
(328, 'Duration', '{input-parameters.duration}', 1, 1, CURRENT_TIMESTAMP),
(328, 'Movement', '{input-parameters.movement}', 7, 1, CURRENT_TIMESTAMP),
(328, 'Speed', '{input-parameters.speed}', 5, 1, CURRENT_TIMESTAMP),
(328, 'x_axis', 'AUTO', 0, 1, CURRENT_TIMESTAMP),

(329, 'Distractors', '{input-parameters.distractors}', 2, 1, CURRENT_TIMESTAMP),
(329, 'Laterals', '{input-parameters.laterals}', 3, 1, CURRENT_TIMESTAMP),
(329, 'Duration', '{input-parameters.duration}', 1, 1, CURRENT_TIMESTAMP),
(329, 'Density', '{input-parameters.density}', 7, 1, CURRENT_TIMESTAMP),
(329, 'Speed', '{input-parameters.speed}', 5, 1, CURRENT_TIMESTAMP),
(329, 'x_axis', 'AUTO', 0, 1, CURRENT_TIMESTAMP),

(330, 'Distractors', '{input-parameters.distractors}', 2, 1, CURRENT_TIMESTAMP),
(330, 'Laterals', '{input-parameters.laterals}', 3, 1, CURRENT_TIMESTAMP),
(330, 'Duration', '{input-parameters.duration}', 1, 1, CURRENT_TIMESTAMP),
(330, 'Density', '{input-parameters.density}', 7, 1, CURRENT_TIMESTAMP),
(330, 'Speed', '{input-parameters.speed}', 5, 1, CURRENT_TIMESTAMP),
(330, 'Replication', '{input-parameters.replication}', 5, 1, CURRENT_TIMESTAMP),
(330, 'x_axis', 'AUTO', 0, 1, CURRENT_TIMESTAMP),

(331, '80%-100%', '({correct}+{correct-left}+{correct-right}/({correct}+{correct-left}+{correct-right}+{missed-correct}+{missed-correct-left}+{missed-correct-right})/{2})+({avoided-wrong}+{avoided-wrong-left}+{avoided-wrong-right}+{avoided-wrong-center}/({avoided-wrong}+{avoided-wrong-left}+{avoided-wrong-right}+{avoided-wrong-center}+{wrong}+{wrong-left}+{wrong-right}+{wrong-center})/{2})>{0.8}+{OLD}', 1, 1, CURRENT_TIMESTAMP),
(331, '60%-80%', '(({correct}+{correct-left}+{correct-right}/({correct}+{correct-left}+{correct-right}+{missed-correct}+{missed-correct-left}+{missed-correct-right})/{2})+({avoided-wrong}+{avoided-wrong-left}+{avoided-wrong-right}+{avoided-wrong-center}/({avoided-wrong}+{avoided-wrong-left}+{avoided-wrong-right}+{avoided-wrong-center}+{wrong}+{wrong-left}+{wrong-right}+{wrong-center})/{2})<{0.8})*(({correct}+{correct-left}+{correct-right}/({correct}+{correct-left}+{correct-right}+{missed-correct}+{missed-correct-left}+{missed-correct-right})/{2})+({avoided-wrong}+{avoided-wrong-left}+{avoided-wrong-right}+{avoided-wrong-center}/({avoided-wrong}+{avoided-wrong-left}+{avoided-wrong-right}+{avoided-wrong-center}+{wrong}+{wrong-left}+{wrong-right}+{wrong-center})/{2})>{0.6})+{OLD}', 2, 1, CURRENT_TIMESTAMP),
(331, '40%-60%', '(({correct}+{correct-left}+{correct-right}/({correct}+{correct-left}+{correct-right}+{missed-correct}+{missed-correct-left}+{missed-correct-right})/{2})+({avoided-wrong}+{avoided-wrong-left}+{avoided-wrong-right}+{avoided-wrong-center}/({avoided-wrong}+{avoided-wrong-left}+{avoided-wrong-right}+{avoided-wrong-center}+{wrong}+{wrong-left}+{wrong-right}+{wrong-center})/{2})<{0.6})*(({correct}+{correct-left}+{correct-right}/({correct}+{correct-left}+{correct-right}+{missed-correct}+{missed-correct-left}+{missed-correct-right})/{2})+({avoided-wrong}+{avoided-wrong-left}+{avoided-wrong-right}+{avoided-wrong-center}/({avoided-wrong}+{avoided-wrong-left}+{avoided-wrong-right}+{avoided-wrong-center}+{wrong}+{wrong-left}+{wrong-right}+{wrong-center})/{2})>{0.4})+{OLD}', 3, 1, CURRENT_TIMESTAMP),
(331, '20%-40%', '(({correct}+{correct-left}+{correct-right}/({correct}+{correct-left}+{correct-right}+{missed-correct}+{missed-correct-left}+{missed-correct-right})/{2})+({avoided-wrong}+{avoided-wrong-left}+{avoided-wrong-right}+{avoided-wrong-center}/({avoided-wrong}+{avoided-wrong-left}+{avoided-wrong-right}+{avoided-wrong-center}+{wrong}+{wrong-left}+{wrong-right}+{wrong-center})/{2})<{0.4})*(({correct}+{correct-left}+{correct-right}/({correct}+{correct-left}+{correct-right}+{missed-correct}+{missed-correct-left}+{missed-correct-right})/{2})+({avoided-wrong}+{avoided-wrong-left}+{avoided-wrong-right}+{avoided-wrong-center}/({avoided-wrong}+{avoided-wrong-left}+{avoided-wrong-right}+{avoided-wrong-center}+{wrong}+{wrong-left}+{wrong-right}+{wrong-center})/{2})>{0.2})+{OLD}', 4, 1, CURRENT_TIMESTAMP),
(331, '0%-20%', '({correct}+{correct-left}+{correct-right}/({correct}+{correct-left}+{correct-right}+{missed-correct}+{missed-correct-left}+{missed-correct-right})/{2})+({avoided-wrong}+{avoided-wrong-left}+{avoided-wrong-right}+{avoided-wrong-center}/({avoided-wrong}+{avoided-wrong-left}+{avoided-wrong-right}+{avoided-wrong-center}+{wrong}+{wrong-left}+{wrong-right}+{wrong-center})/{2})<{0.2}', 5, 1, CURRENT_TIMESTAMP),

(332, '80%-100%', '({correct}+{correct-left}+{correct-right}/({correct}+{correct-left}+{correct-right}+{missed-correct}+{missed-correct-left}+{missed-correct-right})/{2})+({avoided-wrong}/({avoided-wrong}+{wrong})/{2})>{0.8}+{OLD}', 1, 1, CURRENT_TIMESTAMP),
(332, '60%-80%', '(({correct}+{correct-left}+{correct-right}/({correct}+{correct-left}+{correct-right}+{missed-correct}+{missed-correct-left}+{missed-correct-right})/{2})+({avoided-wrong}/({avoided-wrong}+{wrong})/{2})<{0.8})*(({correct}+{correct-left}+{correct-right}/({correct}+{correct-left}+{correct-right}+{missed-correct}+{missed-correct-left}+{missed-correct-right})/{2})+({avoided-wrong}/({avoided-wrong}+{wrong})/{2})>{0.6})+{OLD}', 2, 1, CURRENT_TIMESTAMP),
(332, '40%-60%', '(({correct}+{correct-left}+{correct-right}/({correct}+{correct-left}+{correct-right}+{missed-correct}+{missed-correct-left}+{missed-correct-right})/{2})+({avoided-wrong}/({avoided-wrong}+{wrong})/{2})<{0.6})*(({correct}+{correct-left}+{correct-right}/({correct}+{correct-left}+{correct-right}+{missed-correct}+{missed-correct-left}+{missed-correct-right})/{2})+({avoided-wrong}/({avoided-wrong}+{wrong})/{2})>{0.4})+{OLD}', 3, 1, CURRENT_TIMESTAMP),
(332, '20%-40%', '(({correct}+{correct-left}+{correct-right}/({correct}+{correct-left}+{correct-right}+{missed-correct}+{missed-correct-left}+{missed-correct-right})/{2})+({avoided-wrong}/({avoided-wrong}+{wrong})/{2})<{0.4})*(({correct}+{correct-left}+{correct-right}/({correct}+{correct-left}+{correct-right}+{missed-correct}+{missed-correct-left}+{missed-correct-right})/{2})+({avoided-wrong}/({avoided-wrong}+{wrong})/{2})>{0.2})+{OLD}', 4, 1, CURRENT_TIMESTAMP),
(332, '0%-20%', '({correct}+{correct-left}+{correct-right}/({correct}+{correct-left}+{correct-right}+{missed-correct}+{missed-correct-left}+{missed-correct-right})/{2})+({avoided-wrong}/({avoided-wrong}+{wrong})/{2})<{0.2}', 5, 1, CURRENT_TIMESTAMP),

(333, '80%-100%', '({correct}+{correct-left}+{correct-right}/({correct}+{correct-left}+{correct-right}+{missed-correct}+{missed-correct-left}+{missed-correct-right})/{2})+({avoided-wrong}+{avoided-wrong-left}+{avoided-wrong-right}+{avoided-wrong-center}/({avoided-wrong}+{avoided-wrong-left}+{avoided-wrong-right}+{avoided-wrong-center}+{wrong}+{wrong-left}+{wrong-right}+{wrong-center})/{2})>{0.8}+{OLD}', 1, 1, CURRENT_TIMESTAMP),
(333, '60%-80%', '(({correct}+{correct-left}+{correct-right}/({correct}+{correct-left}+{correct-right}+{missed-correct}+{missed-correct-left}+{missed-correct-right})/{2})+({avoided-wrong}+{avoided-wrong-left}+{avoided-wrong-right}+{avoided-wrong-center}/({avoided-wrong}+{avoided-wrong-left}+{avoided-wrong-right}+{avoided-wrong-center}+{wrong}+{wrong-left}+{wrong-right}+{wrong-center})/{2})<{0.8})*(({correct}+{correct-left}+{correct-right}/({correct}+{correct-left}+{correct-right}+{missed-correct}+{missed-correct-left}+{missed-correct-right})/{2})+({avoided-wrong}+{avoided-wrong-left}+{avoided-wrong-right}+{avoided-wrong-center}/({avoided-wrong}+{avoided-wrong-left}+{avoided-wrong-right}+{avoided-wrong-center}+{wrong}+{wrong-left}+{wrong-right}+{wrong-center})/{2})>{0.6})+{OLD}', 2, 1, CURRENT_TIMESTAMP),
(333, '40%-60%', '(({correct}+{correct-left}+{correct-right}/({correct}+{correct-left}+{correct-right}+{missed-correct}+{missed-correct-left}+{missed-correct-right})/{2})+({avoided-wrong}+{avoided-wrong-left}+{avoided-wrong-right}+{avoided-wrong-center}/({avoided-wrong}+{avoided-wrong-left}+{avoided-wrong-right}+{avoided-wrong-center}+{wrong}+{wrong-left}+{wrong-right}+{wrong-center})/{2}))<{0.6})*(({correct}+{correct-left}+{correct-right}/({correct}+{correct-left}+{correct-right}+{missed-correct}+{missed-correct-left}+{missed-correct-right})/{2})+({avoided-wrong}+{avoided-wrong-left}+{avoided-wrong-right}+{avoided-wrong-center}/({avoided-wrong}+{avoided-wrong-left}+{avoided-wrong-right}+{avoided-wrong-center}+{wrong}+{wrong-left}+{wrong-right}+{wrong-center})/{2})>{0.4})+{OLD}', 3, 1, CURRENT_TIMESTAMP),
(333, '20%-40%', '(({correct}+{correct-left}+{correct-right}/({correct}+{correct-left}+{correct-right}+{missed-correct}+{missed-correct-left}+{missed-correct-right})/{2})+({avoided-wrong}+{avoided-wrong-left}+{avoided-wrong-right}+{avoided-wrong-center}/({avoided-wrong}+{avoided-wrong-left}+{avoided-wrong-right}+{avoided-wrong-center}+{wrong}+{wrong-left}+{wrong-right}+{wrong-center})/{2}))<{0.4})*(({correct}+{correct-left}+{correct-right}/({correct}+{correct-left}+{correct-right}+{missed-correct}+{missed-correct-left}+{missed-correct-right})/{2})+({avoided-wrong}+{avoided-wrong-left}+{avoided-wrong-right}+{avoided-wrong-center}/({avoided-wrong}+{avoided-wrong-left}+{avoided-wrong-right}+{avoided-wrong-center}+{wrong}+{wrong-left}+{wrong-right}+{wrong-center})/{2})>{0.2})+{OLD}', 4, 1, CURRENT_TIMESTAMP),
(333, '0%-20%', '({correct}+{correct-left}+{correct-right}/({correct}+{correct-left}+{correct-right}+{missed-correct}+{missed-correct-left}+{missed-correct-right})/{2})+({avoided-wrong}+{avoided-wrong-left}+{avoided-wrong-right}+{avoided-wrong-center}/({avoided-wrong}+{avoided-wrong-left}+{avoided-wrong-right}+{avoided-wrong-center}+{wrong}+{wrong-left}+{wrong-right}+{wrong-center})/{2})<{0.2}', 5, 1, CURRENT_TIMESTAMP),
(333, 'x_axis', 'MONTHLY', 0, 1, CURRENT_TIMESTAMP),
  
(334, '80%-100%', '({correct}+{correct-left}+{correct-right}/({correct}+{correct-left}+{correct-right}+{missed-correct}+{missed-correct-left}+{missed-correct-right})/{2})+({avoided-wrong}/({avoided-wrong}+{wrong})/{2})>{0.8}+{OLD}', 1, 1, CURRENT_TIMESTAMP),
(334, '60%-80%', '(({correct}+{correct-left}+{correct-right}/({correct}+{correct-left}+{correct-right}+{missed-correct}+{missed-correct-left}+{missed-correct-right})/{2})+({avoided-wrong}/({avoided-wrong}+{wrong})/{2})<{0.8})*(({correct}+{correct-left}+{correct-right}/({correct}+{correct-left}+{correct-right}+{missed-correct}+{missed-correct-left}+{missed-correct-right})/{2})+({avoided-wrong}/({avoided-wrong}+{wrong})/{2})>{0.6})+{OLD}', 2, 1, CURRENT_TIMESTAMP),
(334, '40%-60%', '(({correct}+{correct-left}+{correct-right}/({correct}+{correct-left}+{correct-right}+{missed-correct}+{missed-correct-left}+{missed-correct-right})/{2})+({avoided-wrong}/({avoided-wrong}+{wrong})/{2})<{0.6})*(({correct}+{correct-left}+{correct-right}/({correct}+{correct-left}+{correct-right}+{missed-correct}+{missed-correct-left}+{missed-correct-right})/{2})+({avoided-wrong}/({avoided-wrong}+{wrong})/{2})>{0.4})+{OLD}', 3, 1, CURRENT_TIMESTAMP),
(334, '20%-40%', '(({correct}+{correct-left}+{correct-right}/({correct}+{correct-left}+{correct-right}+{missed-correct}+{missed-correct-left}+{missed-correct-right})/{2})+({avoided-wrong}/({avoided-wrong}+{wrong})/{2})<{0.4})*(({correct}+{correct-left}+{correct-right}/({correct}+{correct-left}+{correct-right}+{missed-correct}+{missed-correct-left}+{missed-correct-right})/{2})+({avoided-wrong}/({avoided-wrong}+{wrong})/{2})>{0.2})+{OLD}', 4, 1, CURRENT_TIMESTAMP),
(334, '0%-20%', '({correct}+{correct-left}+{correct-right}/({correct}+{correct-left}+{correct-right}+{missed-correct}+{missed-correct-left}+{missed-correct-right})/{2})+({avoided-wrong}/({avoided-wrong}+{wrong})/{2})<{0.2}', 5, 1, CURRENT_TIMESTAMP),
(334, 'x_axis', 'MONTHLY', 0, 1, CURRENT_TIMESTAMP);


--
-- Dump dei dati per la tabella `ima_chart_template_option`
--

INSERT INTO `ima_chart_template_option` (`Chart_Template_ID`, `Name`, `Value`, `Active`, `Last_Edit`) VALUES
(2, 'measure-unit', 'pt', 1, CURRENT_TIMESTAMP),
(3, 'time-interval', '5', 1, CURRENT_TIMESTAMP),
(4, 'measure-unit', 'pt', 1, CURRENT_TIMESTAMP),
(4, 'time-interval', '5', 1, CURRENT_TIMESTAMP),
(4, 'y-axis-label', 'score', 1, CURRENT_TIMESTAMP),
(9, 'color-schema', 'quadrants', 1, CURRENT_TIMESTAMP),
(9, 'type', 'double', 1, CURRENT_TIMESTAMP),
(11, 'color-schema', 'quadrants', 1, CURRENT_TIMESTAMP),
(11, 'type', 'double', 1, CURRENT_TIMESTAMP),
(13, 'device', '1', 1, CURRENT_TIMESTAMP),
(14, 'device', '1', 1, CURRENT_TIMESTAMP),
(18, 'measure-unit', 'pt', 1, CURRENT_TIMESTAMP),
(18, 'x-axis-label', 'curve', 1, CURRENT_TIMESTAMP),
(18, 'y-axis-label', 'score', 1, CURRENT_TIMESTAMP),
(20, 'measure-unit', 's', 1, CURRENT_TIMESTAMP),
(20, 'x-axis-label', 'curve', 1, CURRENT_TIMESTAMP),
(20, 'y-axis-label', 'sec', 1, CURRENT_TIMESTAMP),
(21, 'x-axis-label', 'curve', 1, CURRENT_TIMESTAMP),
(24, 'measure-unit', 'pt', 1, CURRENT_TIMESTAMP),
(24, 'type', 'five', 1, CURRENT_TIMESTAMP),
(25, 'color-schema', 'five_diff', 1, CURRENT_TIMESTAMP),
(25, 'type', 'five_diff', 1, CURRENT_TIMESTAMP),
(27, 'color-schema', 'dual', 1, CURRENT_TIMESTAMP),
(27, 'x-axis-label', 'curve', 1, CURRENT_TIMESTAMP),
(27, 'y-axis-label', 'dots', 1, CURRENT_TIMESTAMP),
(28, 'color-schema', 'diff', 1, CURRENT_TIMESTAMP),
(28, 'groupby', '2', 1, CURRENT_TIMESTAMP),
(28, 'time-interval', '5', 1, CURRENT_TIMESTAMP),
(30, 'color-schema', 'diff', 1, CURRENT_TIMESTAMP),
(30, 'groupby', '2', 1, CURRENT_TIMESTAMP),
(30, 'time-interval', '5', 1, CURRENT_TIMESTAMP),
(32, 'measure-unit', 'pt', 1, CURRENT_TIMESTAMP),
(33, 'measure-unit', 'pt', 1, CURRENT_TIMESTAMP),
(33, 'y-axis-label', 'score', 1, CURRENT_TIMESTAMP),
(34, 'color-schema', 'dual', 1, CURRENT_TIMESTAMP),
(35, 'device', '1,6', 1, CURRENT_TIMESTAMP),
(35, 'min', '1', 1, CURRENT_TIMESTAMP),
(35, 'y-axis', '[\"No info\",\"No\",\"Mild\",\"Moderate\",\"Severe\",\"Worst\"]', 1, CURRENT_TIMESTAMP),
(37, 'measure-unit', 's', 1, CURRENT_TIMESTAMP),
(37, 'y-axis-label', 'sec', 1, CURRENT_TIMESTAMP),
(39, 'measure-unit', 'pt', 1, CURRENT_TIMESTAMP),
(39, 'y-axis-label', 'score', 1, CURRENT_TIMESTAMP),
(41, 'color-schema', 'dual', 1, CURRENT_TIMESTAMP),
(41, 'y-axis-label', 'games', 1, CURRENT_TIMESTAMP),
(42, 'color-schema', 'dual', 1, CURRENT_TIMESTAMP),
(43, 'color-schema', 'dual', 1, CURRENT_TIMESTAMP),
(44, 'measure-unit', 'pt', 1, CURRENT_TIMESTAMP),
(44, 'y-axis-label', 'score', 1, CURRENT_TIMESTAMP),
(45, 'measure-unit', 'pt', 1, CURRENT_TIMESTAMP),
(45, 'y-axis-label', 'score', 1, CURRENT_TIMESTAMP),
(46, 'color-schema', 'negative', 1, CURRENT_TIMESTAMP),
(47, 'color-schema', 'positive', 1, CURRENT_TIMESTAMP),
(48, 'color-schema', 'dual', 1, CURRENT_TIMESTAMP),
(49, 'color-schema', 'positive', 1, CURRENT_TIMESTAMP),
(50, 'color-schema', 'negative', 1, CURRENT_TIMESTAMP),
(51, 'color-schema', 'dual', 1, CURRENT_TIMESTAMP),
(53, 'color-schema', 'dual', 1, CURRENT_TIMESTAMP),
(54, 'color-schema', 'dual', 1, CURRENT_TIMESTAMP),
(55, 'measure-unit', 'pt', 1, CURRENT_TIMESTAMP),
(55, 'y-axis-label', 'score', 1, CURRENT_TIMESTAMP),
(56, 'color-schema', 'positive', 1, CURRENT_TIMESTAMP),
(57, 'color-schema', 'negative', 1, CURRENT_TIMESTAMP),
(58, 'device', '1', 1, CURRENT_TIMESTAMP),
(59, 'device', '1', 1, CURRENT_TIMESTAMP),
(61, 'device', '1,6', 1, CURRENT_TIMESTAMP),
(61, 'min', '1', 1, CURRENT_TIMESTAMP),
(61, 'y-axis', '[\"No info\",\"No\",\"Mild\",\"Moderate\",\"Severe\",\"Worst\"]', 1, CURRENT_TIMESTAMP),
(62, 'y-axis-label', 'variations', 1, CURRENT_TIMESTAMP),
(63, 'y-axis-label', 'variations', 1, CURRENT_TIMESTAMP),
(64, 'y-axis-label', 'variations', 1, CURRENT_TIMESTAMP),
(65, 'y-axis-label', 'variations', 1, CURRENT_TIMESTAMP),
(66, 'device', '1', 1, CURRENT_TIMESTAMP),
(67, 'device', '1', 1, CURRENT_TIMESTAMP),
(68, 'y-axis', '[\"Left\",\"Right\"]', 1, CURRENT_TIMESTAMP),
(72, 'y-axis-label', 'curves', 1, CURRENT_TIMESTAMP),
(73, 'color-schema', 'dual', 1, CURRENT_TIMESTAMP),
(73, 'y-axis-label', 'curves', 1, CURRENT_TIMESTAMP),
(74, 'color-schema', 'dual', 1, CURRENT_TIMESTAMP),
(74, 'y-axis-label', 'curves', 1, CURRENT_TIMESTAMP),
(86, 'measure-unit', 's', 1, CURRENT_TIMESTAMP),
(88, 'color-schema', 'dual', 1, CURRENT_TIMESTAMP),
(89, 'color-schema', 'dual', 1, CURRENT_TIMESTAMP),
(89, 'x-axis-label', 'stage', 1, CURRENT_TIMESTAMP),
(90, 'color-schema', 'dual', 1, CURRENT_TIMESTAMP),
(90, 'x-axis-label', 'stage', 1, CURRENT_TIMESTAMP),
(91, 'measure-unit', 's', 1, CURRENT_TIMESTAMP),
(91, 'x-axis-label', 'stage', 1, CURRENT_TIMESTAMP),
(91, 'y-axis-label', 'sec', 1, CURRENT_TIMESTAMP),
(92, 'measure-unit', 'pt', 1, CURRENT_TIMESTAMP),
(92, 'x-axis-label', 'stage', 1, CURRENT_TIMESTAMP),
(92, 'y-axis-label', 'score', 1, CURRENT_TIMESTAMP),
(93, 'x-axis-label', 'stage', 1, CURRENT_TIMESTAMP),
(93, 'y-axis-label', 'accuracy', 1, CURRENT_TIMESTAMP),
(94, 'measure-unit', 's', 1, CURRENT_TIMESTAMP),
(94, 'y-axis-label', 'sec', 1, CURRENT_TIMESTAMP),
(95, 'color-schema', 'dual', 1, CURRENT_TIMESTAMP),
(96, 'color-schema', 'dual', 1, CURRENT_TIMESTAMP),
(98, 'y-axis-label', 'variations', 1, CURRENT_TIMESTAMP),
(100, 'y-axis-label', 'variations', 1, CURRENT_TIMESTAMP),
(103, 'y-axis-label', 'variations', 1, CURRENT_TIMESTAMP),
(106, 'y-axis-label', 'variations', 1, CURRENT_TIMESTAMP),
(118, 'color-schema', 'quadrants', 1, CURRENT_TIMESTAMP),
(118, 'type', 'double', 1, CURRENT_TIMESTAMP),
(119, 'color-schema', 'diff', 1, CURRENT_TIMESTAMP),
(119, 'groupby', '2', 1, CURRENT_TIMESTAMP),
(119, 'time-interval', '5', 1, CURRENT_TIMESTAMP),
(122, 'color-schema', 'diff', 1, CURRENT_TIMESTAMP),
(122, 'groupby', '2', 1, CURRENT_TIMESTAMP),
(123, 'color-schema', 'negative', 1, CURRENT_TIMESTAMP),
(124, 'color-schema', 'positive', 1, CURRENT_TIMESTAMP),
(125, 'y-axis-label', 'variations', 1, CURRENT_TIMESTAMP),
(129, 'color-schema', 'dual', 1, CURRENT_TIMESTAMP),
(129, 'time-interval', '5', 1, CURRENT_TIMESTAMP),
(130, 'color-schema', 'dual', 1, CURRENT_TIMESTAMP),
(130, 'time-interval', '5', 1, CURRENT_TIMESTAMP),
(131, 'color-schema', 'dual', 1, CURRENT_TIMESTAMP),
(132, 'color-schema', 'dual', 1, CURRENT_TIMESTAMP),
(133, 'measure-unit', 'pt', 1, CURRENT_TIMESTAMP),
(133, 'type', 'linear_quad', 1, CURRENT_TIMESTAMP),
(134, 'measure-unit', 'pt', 1, CURRENT_TIMESTAMP),
(134, 'y-axis-label', 'score', 1, CURRENT_TIMESTAMP),
(135, 'y-axis-label', 'variations', 1, CURRENT_TIMESTAMP),
(140, 'color-schema', 'quadrants_diff', 1, CURRENT_TIMESTAMP),
(140, 'type', 'linear_quad_diff', 1, CURRENT_TIMESTAMP),
(144, 'color-schema', 'negative', 1, CURRENT_TIMESTAMP),
(148, 'color-schema', 'positive', 1, CURRENT_TIMESTAMP),
(154, 'color-schema', 'double_dual', 1, CURRENT_TIMESTAMP),
(155, 'measure-unit', 's', 1, CURRENT_TIMESTAMP),
(156, 'color-schema', 'quadrants', 1, CURRENT_TIMESTAMP),
(156, 'measure-unit', 's', 1, CURRENT_TIMESTAMP),
(156, 'type', 'double', 1, CURRENT_TIMESTAMP),
(157, 'color-schema', 'quadrants_diff', 1, CURRENT_TIMESTAMP),
(157, 'type', 'double_diff', 1, CURRENT_TIMESTAMP),
(159, 'color-schema', 'dual', 1, CURRENT_TIMESTAMP),
(159, 'measure-unit', 's', 1, CURRENT_TIMESTAMP),
(159, 'x-axis-label', 'maze', 1, CURRENT_TIMESTAMP),
(159, 'y-axis-label', 'sec', 1, CURRENT_TIMESTAMP),
(160, 'color-schema', 'double_dual', 1, CURRENT_TIMESTAMP),
(160, 'x-axis-label', 'maze', 1, CURRENT_TIMESTAMP),
(161, 'color-schema', 'quad_dual', 1, CURRENT_TIMESTAMP),
(161, 'measure-unit', 's', 1, CURRENT_TIMESTAMP),
(161, 'x-axis-label', 'maze', 1, CURRENT_TIMESTAMP),
(161, 'y-axis-label', 'sec', 1, CURRENT_TIMESTAMP),
(162, 'color-schema', 'quad_dual', 1, CURRENT_TIMESTAMP),
(162, 'x-axis-label', 'maze', 1, CURRENT_TIMESTAMP),
(163, 'color-schema', 'negative', 1, CURRENT_TIMESTAMP),
(163, 'x-axis-label', 'maze', 1, CURRENT_TIMESTAMP),
(164, 'y-axis-label', 'mazes', 1, CURRENT_TIMESTAMP),
(165, 'color-schema', 'double_dual', 1, CURRENT_TIMESTAMP),
(166, 'color-schema', 'dual', 1, CURRENT_TIMESTAMP),
(166, 'measure-unit', 's', 1, CURRENT_TIMESTAMP),
(166, 'y-axis-label', 'sec', 1, CURRENT_TIMESTAMP),
(167, 'color-schema', 'quad_dual', 1, CURRENT_TIMESTAMP),
(167, 'measure-unit', 's', 1, CURRENT_TIMESTAMP),
(167, 'y-axis-label', 'sec', 1, CURRENT_TIMESTAMP),
(168, 'color-schema', 'quad_dual', 1, CURRENT_TIMESTAMP),
(169, 'y-axis-label', 'variations', 1, CURRENT_TIMESTAMP),
(171, 'color-schema', 'quadrants', 1, CURRENT_TIMESTAMP),
(171, 'type', 'double', 1, CURRENT_TIMESTAMP),
(172, 'color-schema', 'negative', 1, CURRENT_TIMESTAMP),
(173, 'color-schema', 'positive', 1, CURRENT_TIMESTAMP),
(175, 'color-schema', 'dual', 1, CURRENT_TIMESTAMP),
(180, 'color-schema', 'dual', 1, CURRENT_TIMESTAMP),
(181, 'color-schema', 'dual', 1, CURRENT_TIMESTAMP),
(182, 'color-schema', 'dual', 1, CURRENT_TIMESTAMP),
(187, 'measure-unit', 's', 1, CURRENT_TIMESTAMP),
(188, 'time-interval', '5', 1, CURRENT_TIMESTAMP),
(189, 'time-interval', '5', 1, CURRENT_TIMESTAMP),
(190, 'time-interval', '5', 1, CURRENT_TIMESTAMP),
(191, 'time-interval', '5', 1, CURRENT_TIMESTAMP),
(192, 'time-interval', '5', 1, CURRENT_TIMESTAMP),
(198, 'color-schema', 'dual', 1, CURRENT_TIMESTAMP),
(198, 'time-interval', '5', 1, CURRENT_TIMESTAMP),
(199, 'y-axis-label', 'variations', 1, CURRENT_TIMESTAMP),
(200, 'y-axis-label', 'variations', 1, CURRENT_TIMESTAMP),
(201, 'check', '{input-parameters.hand}={\"both\"}', 1, CURRENT_TIMESTAMP),
(201, 'color-schema', 'double_dual', 1, CURRENT_TIMESTAMP),
(201, 'device', '1,6', 1, CURRENT_TIMESTAMP),
(202, 'check', '{input-parameters.hand}={\"both\"}', 1, CURRENT_TIMESTAMP),
(202, 'color-schema', 'double_dual_neg', 1, CURRENT_TIMESTAMP),
(202, 'device', '1,6', 1, CURRENT_TIMESTAMP),
(204, 'check', '{input-parameters.hand}={\"both\"}', 1, CURRENT_TIMESTAMP),
(204, 'color-schema', 'quadrants_diff', 1, CURRENT_TIMESTAMP),
(204, 'device', '1,6', 1, CURRENT_TIMESTAMP),
(204, 'type', 'double_diff', 1, CURRENT_TIMESTAMP),
(206, 'check', '{input-parameters.hand}={\"both\"}', 1, CURRENT_TIMESTAMP),
(206, 'color-schema', 'quadrants_diff', 1, CURRENT_TIMESTAMP),
(206, 'device', '1,6', 1, CURRENT_TIMESTAMP),
(206, 'type', 'double_diff', 1, CURRENT_TIMESTAMP),
(207, 'check', '{input-parameters.hand}={\"both\"}', 1, CURRENT_TIMESTAMP),
(207, 'color-schema', 'double_dual', 1, CURRENT_TIMESTAMP),
(207, 'device', '1,6', 1, CURRENT_TIMESTAMP),
(207, 'time-interval', '5', 1, CURRENT_TIMESTAMP),
(208, 'check', '{input-parameters.hand}={\"both\"}', 1, CURRENT_TIMESTAMP),
(208, 'color-schema', 'double_dual_neg', 1, CURRENT_TIMESTAMP),
(208, 'device', '1,6', 1, CURRENT_TIMESTAMP),
(208, 'time-interval', '5', 1, CURRENT_TIMESTAMP),
(209, 'check', '{input-parameters.hand}={\"both\"}', 1, CURRENT_TIMESTAMP),
(209, 'color-schema', 'double_dual_neg', 1, CURRENT_TIMESTAMP),
(209, 'device', '1,6', 1, CURRENT_TIMESTAMP),
(210, 'check', '{input-parameters.hand}={\"both\"}', 1, CURRENT_TIMESTAMP),
(210, 'color-schema', 'double_dual', 1, CURRENT_TIMESTAMP),
(210, 'device', '1,6', 1, CURRENT_TIMESTAMP),
(211, 'check', '{input-parameters.hand}={\"both\"}', 1, CURRENT_TIMESTAMP),
(211, 'color-schema', 'negative', 1, CURRENT_TIMESTAMP),
(211, 'device', '1,6', 1, CURRENT_TIMESTAMP),
(212, 'check', '{input-parameters.hand}={\"both\"}', 1, CURRENT_TIMESTAMP),
(212, 'color-schema', 'positive', 1, CURRENT_TIMESTAMP),
(212, 'device', '1,6', 1, CURRENT_TIMESTAMP),
(213, 'check', '{input-parameters.hand}={\"both\"}', 1, CURRENT_TIMESTAMP),
(213, 'color-schema', 'double_dual', 1, CURRENT_TIMESTAMP),
(213, 'device', '1,6', 1, CURRENT_TIMESTAMP),
(214, 'check', '{input-parameters.hand}={\"both\"}', 1, CURRENT_TIMESTAMP),
(214, 'color-schema', 'double_dual_neg', 1, CURRENT_TIMESTAMP),
(214, 'device', '1,6', 1, CURRENT_TIMESTAMP),
(216, 'check', '{input-parameters.hand}={\"both\"}', 1, CURRENT_TIMESTAMP),
(216, 'color-schema', 'quadrants_diff', 1, CURRENT_TIMESTAMP),
(216, 'device', '1,6', 1, CURRENT_TIMESTAMP),
(216, 'type', 'double_diff', 1, CURRENT_TIMESTAMP),
(218, 'check', '{input-parameters.hand}={\"both\"}', 1, CURRENT_TIMESTAMP),
(218, 'color-schema', 'quadrants_diff', 1, CURRENT_TIMESTAMP),
(218, 'device', '1,6', 1, CURRENT_TIMESTAMP),
(218, 'type', 'double_diff', 1, CURRENT_TIMESTAMP),
(219, 'check', '{input-parameters.hand}={\"both\"}', 1, CURRENT_TIMESTAMP),
(219, 'color-schema', 'double_dual', 1, CURRENT_TIMESTAMP),
(219, 'device', '1,6', 1, CURRENT_TIMESTAMP),
(219, 'time-interval', '5', 1, CURRENT_TIMESTAMP),
(220, 'check', '{input-parameters.hand}={\"both\"}', 1, CURRENT_TIMESTAMP),
(220, 'color-schema', 'double_dual_neg', 1, CURRENT_TIMESTAMP),
(220, 'device', '1,6', 1, CURRENT_TIMESTAMP),
(220, 'time-interval', '5', 1, CURRENT_TIMESTAMP),
(221, 'check', '{input-parameters.hand}={\"both\"}', 1, CURRENT_TIMESTAMP),
(221, 'color-schema', 'double_dual_neg', 1, CURRENT_TIMESTAMP),
(221, 'device', '1,6', 1, CURRENT_TIMESTAMP),
(222, 'check', '{input-parameters.hand}={\"both\"}', 1, CURRENT_TIMESTAMP),
(222, 'color-schema', 'double_dual', 1, CURRENT_TIMESTAMP),
(222, 'device', '1,6', 1, CURRENT_TIMESTAMP),
(223, 'check', '{input-parameters.hand}={\"both\"}', 1, CURRENT_TIMESTAMP),
(223, 'color-schema', 'negative', 1, CURRENT_TIMESTAMP),
(223, 'device', '1,6', 1, CURRENT_TIMESTAMP),
(224, 'check', '{input-parameters.hand}={\"both\"}', 1, CURRENT_TIMESTAMP),
(224, 'color-schema', 'positive', 1, CURRENT_TIMESTAMP),
(224, 'device', '1,6', 1, CURRENT_TIMESTAMP),
(226, 'color-schema', 'quadrants_diff', 1, CURRENT_TIMESTAMP),
(226, 'type', 'double_diff', 1, CURRENT_TIMESTAMP),
(227, 'measure-unit', 'pt', 1, CURRENT_TIMESTAMP),
(227, 'type', 'polar', 1, CURRENT_TIMESTAMP),
(229, 'color-schema', 'six_diff', 1, CURRENT_TIMESTAMP),
(229, 'type', 'polar_double', 1, CURRENT_TIMESTAMP),
(231, 'measure-unit', 'pt', 1, CURRENT_TIMESTAMP),
(231, 'y-axis-label', 'score', 1, CURRENT_TIMESTAMP),
(232, 'color-schema', 'dual', 1, CURRENT_TIMESTAMP),
(233, 'color-schema', 'positive', 1, CURRENT_TIMESTAMP),
(234, 'color-schema', 'negative', 1, CURRENT_TIMESTAMP),
(235, 'y-axis-label', 'variations', 1, CURRENT_TIMESTAMP),
(236, 'color-schema', 'dual', 1, CURRENT_TIMESTAMP),
(236, 'time-interval', '5', 1, CURRENT_TIMESTAMP),
(237, 'measure-unit', 'pt', 1, CURRENT_TIMESTAMP),
(237, 'type', 'around', 1, CURRENT_TIMESTAMP),
(240, 'color-schema', 'around_diff', 1, CURRENT_TIMESTAMP),
(240, 'type', 'around_diff', 1, CURRENT_TIMESTAMP),
(242, 'measure-unit', 'pt', 1, CURRENT_TIMESTAMP),
(242, 'y-axis-label', 'score', 1, CURRENT_TIMESTAMP),
(243, 'color-schema', 'dual', 1, CURRENT_TIMESTAMP),
(244, 'color-schema', 'positive', 1, CURRENT_TIMESTAMP),
(245, 'color-schema', 'dual', 1, CURRENT_TIMESTAMP),
(246, 'color-schema', 'negative', 1, CURRENT_TIMESTAMP),
(247, 'y-axis-label', 'variations', 1, CURRENT_TIMESTAMP),
(248, 'color-schema', 'diff', 1, CURRENT_TIMESTAMP),
(248, 'groupby', '2', 1, CURRENT_TIMESTAMP),
(248, 'time-interval', '5', 1, CURRENT_TIMESTAMP),
(250, 'color-schema', 'quadrants_diff', 1, CURRENT_TIMESTAMP),
(250, 'type', 'topbottom', 1, CURRENT_TIMESTAMP),
(253, 'measure-unit', 's', 1, CURRENT_TIMESTAMP),
(254, 'measure-unit', 's', 1, CURRENT_TIMESTAMP),
(254, 'time-interval', '5', 1, CURRENT_TIMESTAMP),
(254, 'y-axis-label', 'sec', 1, CURRENT_TIMESTAMP),
(255, 'time-interval', '5', 1, CURRENT_TIMESTAMP),
(256, 'measure-unit', 's', 1, CURRENT_TIMESTAMP),
(256, 'y-axis-label', 'sec', 1, CURRENT_TIMESTAMP),
(258, 'time-interval', '5', 1, CURRENT_TIMESTAMP),
(259, 'y-axis-label', 'variations', 1, CURRENT_TIMESTAMP),
(260, 'color-schema', 'dual', 1, CURRENT_TIMESTAMP),
(261, 'device', '6', 1, CURRENT_TIMESTAMP),
(262, 'device', '6', 1, CURRENT_TIMESTAMP),
(263, 'device', '6', 1, CURRENT_TIMESTAMP),
(264, 'device', '6', 1, CURRENT_TIMESTAMP),
(265, 'device', '6', 1, CURRENT_TIMESTAMP),
(266, 'device', '6', 1, CURRENT_TIMESTAMP),
(267, 'measure-unit', 'pt', 1, CURRENT_TIMESTAMP),
(267, 'type', 'linear', 1, CURRENT_TIMESTAMP),
(268, 'color-schema', 'six_diff', 1, CURRENT_TIMESTAMP),
(268, 'type', 'linear_diff', 1, CURRENT_TIMESTAMP),

(271, 'color-schema', 'double_dual', 1, CURRENT_TIMESTAMP),
(272, 'color-schema', 'double_dual', 1, CURRENT_TIMESTAMP),
(273, 'color-schema', 'double_dual', 1, CURRENT_TIMESTAMP),
(276, 'color-schema', 'stair', 1, CURRENT_TIMESTAMP),
(277, 'color-schema', 'stair', 1, CURRENT_TIMESTAMP),
(278, 'color-schema', 'stair', 1, CURRENT_TIMESTAMP),
(279, 'color-schema', 'stair', 1, CURRENT_TIMESTAMP),
(280, 'color-schema', 'stair', 1, CURRENT_TIMESTAMP),
(281, 'color-schema', 'stair', 1, CURRENT_TIMESTAMP),
(282, 'color-schema', 'stair', 1, CURRENT_TIMESTAMP),
(283, 'color-schema', 'stair', 1, CURRENT_TIMESTAMP),
(284, 'color-schema', 'stair', 1, CURRENT_TIMESTAMP),
(285, 'color-schema', 'stair', 1, CURRENT_TIMESTAMP),

(286, 'color-schema', 'stair', 1, CURRENT_TIMESTAMP),
(287, 'color-schema', 'stair', 1, CURRENT_TIMESTAMP),
(288, 'color-schema', 'stair', 1, CURRENT_TIMESTAMP),
(289, 'color-schema', 'stair', 1, CURRENT_TIMESTAMP),
(290, 'color-schema', 'stair', 1, CURRENT_TIMESTAMP),
(291, 'color-schema', 'stair', 1, CURRENT_TIMESTAMP),
(292, 'color-schema', 'stair', 1, CURRENT_TIMESTAMP),
(293, 'color-schema', 'stair', 1, CURRENT_TIMESTAMP),
(294, 'color-schema', 'stair', 1, CURRENT_TIMESTAMP),
(295, 'color-schema', 'stair', 1, CURRENT_TIMESTAMP),

(296, 'color-schema', 'dual', 1, CURRENT_TIMESTAMP),
(297, 'color-schema', 'dual', 1, CURRENT_TIMESTAMP),
(298, 'color-schema', 'double_dual_neg', 1, CURRENT_TIMESTAMP),
(299, 'color-schema', 'double_dual_neg', 1, CURRENT_TIMESTAMP),
(300, 'color-schema', 'dual', 1, CURRENT_TIMESTAMP),
(301, 'color-schema', 'dual', 1, CURRENT_TIMESTAMP),

(296, 'measure-unit', 's', 1, CURRENT_TIMESTAMP),
(297, 'measure-unit', 's', 1, CURRENT_TIMESTAMP),
(298, 'measure-unit', 's', 1, CURRENT_TIMESTAMP),
(299, 'measure-unit', 's', 1, CURRENT_TIMESTAMP),
(300, 'measure-unit', 's', 1, CURRENT_TIMESTAMP),
(301, 'measure-unit', 's', 1, CURRENT_TIMESTAMP),

(296, 'check', '{checks.elbow.pos}+{checks.elbow.neg}>{0}', 1, CURRENT_TIMESTAMP),
(297, 'check', '{checks.hand.pos}+{checks.hand.neg}>{0}', 1, CURRENT_TIMESTAMP),
(298, 'check', '{checks.spine.right.pos}+{checks.spine.right.neg}>{0}', 1, CURRENT_TIMESTAMP),
(299, 'check', '{checks.shoulder.right.pos}+{checks.shoulder.right.neg}>{0}', 1, CURRENT_TIMESTAMP),
(300, 'check', '{checks.position.standing.pos}+{checks.position.standing.neg}>{0}', 1, CURRENT_TIMESTAMP),
(301, 'check', '{checks.position.sitting.pos}+{checks.position.sitting.neg}>{0}', 1, CURRENT_TIMESTAMP),
(302, 'type', 'six', 1, CURRENT_TIMESTAMP),
(302, 'color-schema', 'positive', 1, CURRENT_TIMESTAMP),
(303, 'color-schema', 'positive', 1, CURRENT_TIMESTAMP),
(303, 'time-interval', '5', 1, CURRENT_TIMESTAMP),

(304, 'color-schema', 'double_dual', 1, CURRENT_TIMESTAMP),

(305, 'color-schema', 'positive', 1, CURRENT_TIMESTAMP),
(305, 'measure-unit', 's', 1, CURRENT_TIMESTAMP),

(306, 'color-schema', 'positive', 1, CURRENT_TIMESTAMP),
(306, 'measure-unit', 's', 1, CURRENT_TIMESTAMP),
(307, 'color-schema', 'positive', 1, CURRENT_TIMESTAMP),
(307, 'measure-unit', 's', 1, CURRENT_TIMESTAMP),

(308, 'type', 'two', 1, CURRENT_TIMESTAMP),
(309, 'color-schema', 'double_dual', 1, CURRENT_TIMESTAMP),
(309, 'time-interval', '5', 1, CURRENT_TIMESTAMP),
(313, 'type', 'triple_diff', 1, CURRENT_TIMESTAMP),
(313, 'color-schema', 'five_diff', 1, CURRENT_TIMESTAMP),

(314, 'type', 'rhombus_diff', 1, CURRENT_TIMESTAMP),
(314, 'color-schema', 'negative_diff', 1, CURRENT_TIMESTAMP),

(315, 'color-schema', 'positive', 1, CURRENT_TIMESTAMP),
(315, 'measure-unit', 's', 1, CURRENT_TIMESTAMP),

(316, 'color-schema', 'diff', 1, CURRENT_TIMESTAMP),
(316, 'groupby', '2', 1, CURRENT_TIMESTAMP),
(316, 'time-interval', '5', 1, CURRENT_TIMESTAMP),

(317, 'color-schema', 'diff', 1, CURRENT_TIMESTAMP),
(317, 'groupby', '2', 1, CURRENT_TIMESTAMP),
(317, 'time-interval', '5', 1, CURRENT_TIMESTAMP),

(318, 'groupby', '3', 1, CURRENT_TIMESTAMP),
(318, 'color-schema', 'positive', 1, CURRENT_TIMESTAMP),
(319, 'groupby', '2', 1, CURRENT_TIMESTAMP),
(319, 'color-schema', 'double_dual', 1, CURRENT_TIMESTAMP),

(320, 'color-schema', 'positive', 1, CURRENT_TIMESTAMP),
(320, 'measure-unit', 's', 1, CURRENT_TIMESTAMP),

(321, 'color-schema', 'positive', 1, CURRENT_TIMESTAMP),
(321, 'measure-unit', 's', 1, CURRENT_TIMESTAMP),
(322, 'color-schema', 'positive', 1, CURRENT_TIMESTAMP),
(322, 'measure-unit', 's', 1, CURRENT_TIMESTAMP),

(323, 'color-schema', 'dual', 1, CURRENT_TIMESTAMP),

-- ima_chart_template 324 dentro a Cardio_new_games.sql
-- (324, 'color-schema', 'dual', 1, CURRENT_TIMESTAMP),
(325, 'color-schema', 'dual', 1, CURRENT_TIMESTAMP),

(326, 'color-schema', 'positive', 1, CURRENT_TIMESTAMP),
(326, 'measure-unit', 's', 1, CURRENT_TIMESTAMP),

(327, 'y-axis-label', 'variations', 1, CURRENT_TIMESTAMP),
(328, 'y-axis-label', 'variations', 1, CURRENT_TIMESTAMP),
(329, 'y-axis-label', 'variations', 1, CURRENT_TIMESTAMP),
(330, 'y-axis-label', 'variations', 1, CURRENT_TIMESTAMP),
(331, 'color-schema', 'stair', 1, CURRENT_TIMESTAMP),
(332, 'color-schema', 'stair', 1, CURRENT_TIMESTAMP),
(333, 'color-schema', 'stair', 1, CURRENT_TIMESTAMP),
(334, 'color-schema', 'stair', 1, CURRENT_TIMESTAMP);

--
-- Dump dei dati per la tabella `ima_chart_type`
--

INSERT INTO `ima_chart_type` (`Type_ID`, `Name`, `Resource_URL`, `Description`, `Interpreter`, `Active`, `Last_Edit`) VALUES
(1, 'pie', NULL, NULL, 'IMA_SimplePieInterpreter', 1, '2015-05-06 14:21:09'),
(2, 'line', NULL, NULL, 'IMA_SimplePieInterpreter', 1, '2015-05-06 14:21:06'),
(3, 'gauge', NULL, NULL, 'IMA_SimplePieInterpreter', 1, '2015-05-06 14:21:06'),
(4, 'single-value', NULL, NULL, 'IMA_SimplePieInterpreter', 1, '2015-05-14 13:55:52'),
(5, 'duel', NULL, NULL, 'IMA_SimplePieInterpreter', 1, '2015-05-06 14:21:09'),
(6, 'ist', NULL, NULL, 'IMA_SimplePieInterpreter', 1, '2015-05-06 14:21:09'),
(7, 'hyperpie', NULL, NULL, 'IMA_SimplePieInterpreter', 1, '2015-05-14 16:05:12'),
(8, 'simpleline', NULL, NULL, 'IMA_SimplePieInterpreter', 1, '2015-05-14 16:05:12'),
(9, 'istdiff', NULL, NULL, 'IMA_SimplePieInterpreter', 1, '2015-05-14 16:05:12'),
(10, 'bubble', NULL, NULL, 'IMA_SimplePieInterpreter', 1, '2019-09-27 13:15:34'),
(11, 'difficulty', NULL, NULL, 'IMA_SimplePieInterpreter', 1, '2019-09-27 13:15:34');

--
-- Dump dei dati per la tabella `ima_game`
--

INSERT INTO `ima_game` (`Game_ID`, `Name`, `Resource_URL`, `Executable`, `Description`,`Version`,  `Display_Order`, `Active`, `Last_Edit`) VALUES
(2,  'Calibration', '/images/games/calibration.png', 'Kinect Calibration', 'Users are asked to try to reach the four targets placed in the corners of the screen, one by one. The system records the closest position reached by the patient for each target, and then adjusts the game area based on these parameters. In this way the patient can play full screen without restrictions.',12, 0, 0, '2015-08-25 09:43:03'),
(3,  'Bees and flowers', '/images/games/game1.png', 'Game1', 'Users are asked to touch correct items (flowers) and avoid the distractors (bees). Objects descend from the top of the screen.',16, 1, 1, '2015-08-25 09:43:41'),
(4,  'Popping flowers', '/images/games/game1b.png', 'Game1B', 'Users are asked to touch correct items (flowers) and avoid distractors (bees). Objects appear randomly in different parts of the screen.',17, 2, 1, '2015-08-25 09:44:19'),
(5,  'Coloured cans', '/images/games/game2.png', 'Game2A', 'Users are asked to drag the cans to arrange them on the correct shelves according to their colours.',16,3,1, '2015-08-25 09:46:37'),
(7,  'Red dots', '/images/games/game3.png', 'Game3', 'Users are asked to drag the shapes to the matching coloured area following the path within the dotted area and collect as many red dots as possible.',16, 4, 1, '2015-08-25 09:46:37'),
(8,  'Mad fridge', '/images/games/game4.png', 'Game4', 'Users are asked to drag the basket on the targets and collect the largest number of correct items (eggs) whilst avoiding the distractors (gears).',14, 5, 1, '2015-08-25 09:46:37'),
(10, 'Shapes and colours', '/images/games/game3b.png', 'Game3B', 'Users are asked to select the requested shape and drag it to the matching coloured area following the path within the dotted area and collect as many red dots as possible.',16, 4, 1, '2015-08-25 09:46:37'),
(14, 'Find it', '/images/games/cognitivegame1.png', 'CognitiveGamesOnly1', 'Users are asked to read the challenge and choose the correct items from the matrix of objects.',13,11, 1, CURRENT_TIMESTAMP),
(15, 'Match it', '/images/games/cognitivegame2.png', 'CognitiveGamesOnly2', 'Users are asked to turn the cards over and try to match all the pairs.',13, 11, 1, CURRENT_TIMESTAMP),
(16, 'Solve it', '/images/games/cognitivegame3.png', 'CognitiveGamesOnly3', 'Users are asked to choose the correct answer to a maths problem from 4 alternative answers displayed.',13, 11, 1, CURRENT_TIMESTAMP),
(17, 'Complete it', '/images/games/cognitivegame4.png', 'CognitiveGamesOnly4', 'Users are asked to complete the image by correctly filling the empty spaces using the clips at the bottom of the screen and rotating them into the right position.',13,11, 1, CURRENT_TIMESTAMP),
(18, 'Four seasons', '/images/games/gameSeasons.png', 'GameStagioni', 'Users are asked to touch only the bubbles which contain elements about the season shown in the background.',16,1, 1, CURRENT_TIMESTAMP),
(19, 'Magnetic maze', '/images/games/game5.png', 'Game5', 'Users are asked to move the ball towards the exit.',16,6, 1, CURRENT_TIMESTAMP),
(20, 'Shopping bag', '/images/games/game6.png', 'Game6', 'Users are asked to move the bag to catch the correct items (fruit) and avoid the distractors (balls).',14,7, 1, CURRENT_TIMESTAMP),
(22, 'Fish and jellyfish', '/images/games/game1v2.png', 'Game1v2', 'Users are asked to touch correct items (fish) and avoid the distractors (jellyfish). Objects descend from the top of the screen.',16, 1, 1, '2015-08-25 09:43:41'),
(23, 'Deep blue', '/images/games/game1bv2.png', 'Game1Bv2', 'Users are asked to touch correct items (fish) and avoid distractors (jellyfish). Objects appear randomly in different parts of the screen.',17, 2, 1, '2015-08-25 09:44:19'),
(24, 'Rockets and meteorites', '/images/games/game1v3.png', 'Game1v3', 'Users are asked to touch correct items (rockets) and avoid the distractors (meteorites). Objects descend from the top of the screen.',16, 1, 1, '2015-08-25 09:43:41'),
(25, 'Galactic space', '/images/games/game1bv3.png', 'Game1Bv3', 'Users are asked to touch correct items (rockets) and avoid distractors (meteorites). Objects appear randomly in different parts of the screen.',17, 2, 1, '2015-08-25 09:44:19'),
(26, 'Guess the match', '/images/games/game3v2.png', 'Game3v2', 'Users are asked to drag the chosen object to the corresponding object following the path within the dotted area and collect as many red dots as possible.',16,4, 1, '2015-08-25 09:46:37'),
(28, 'Driving license', '/images/games/game3v3.png', 'Game3v3', 'Users are asked to drag the chosen vehicle to its corresponding steering control, follow the path within the dotted area and collect as many red dots on the path as possible.',16,4, 1, '2015-08-25 09:46:37'),
(30, 'Masterchef', '/images/games/game2v2.png', 'Game2v2', 'Users are asked to drag the food to arrange them on the correct pan according to the same type of food.',1,3, 1, CURRENT_TIMESTAMP),
(31, 'Moveat', '/images/games/game2v3.png', 'Game2v3', 'Users are asked to drag the food to arrange them on the correct container according to the same type of food.',1,3, 1, CURRENT_TIMESTAMP),
(32, 'Breadbuster', '/images/games/game4v2.png', 'Game4v2', 'Users are asked to drag the hoover and collect the largest number of correct items (crumbs) whilst avoiding the distractors (screws).',1,5, 1, CURRENT_TIMESTAMP),
(36, 'The squeezer', '/images/games/gamePostural1.png', 'GamePostural1', 'Users are asked to tilt their torso to the left and right to drop the oranges into the juicer.',1,9, 1, CURRENT_TIMESTAMP),
(37, 'Tilting food', '/images/games/gamePostural2.png', 'GamePostural2', 'Users are asked to tilt their torso to the left and right to drop the food into the correct drawer.',1,9, 1, CURRENT_TIMESTAMP),
(39, 'Recycling', '/images/games/gamefeet1.png', 'GameFeet1', 'Users are asked to select the trash bin with the same colour as the trash bag in the centre.',1,8, 1, CURRENT_TIMESTAMP),
(40, 'Pedal bin', '/images/games/gamefeet2.png', 'GameFeet2', 'Users are asked to open the trash bin corresponding to the falling trash bag.',1,8, 1, CURRENT_TIMESTAMP),
(41, 'Catch-a-Mole', '/images/games/gamefeet3.png', 'GameFeet3', 'Users are asked to catch appearing moles and avoid carrots with their feet.',1,8, 1, CURRENT_TIMESTAMP),
(42, 'Hot air balloon', '/images/games/GamePostural3.png', 'GamePostural3', 'Users are asked to avoid dangerous elements vertically by standing or sitting.',1,9, 1, CURRENT_TIMESTAMP),
(43, 'Swiping the floor', '/images/games/gamefeet4.png', 'GameFeet4', 'Users are asked to slide the foot (without lifting it off the ground) and remove the stains on the floor.',1,8, 1, CURRENT_TIMESTAMP),  
(52, 'Feet up', '/images/games/gamefeet5.png', 'GameFeet5', 'Users are asked to raise the foot keeping leg straight and let the vacuum cleaner through.',1,8, 1, CURRENT_TIMESTAMP),  
(53, 'Brush your shoes', '/images/games/gamefeet6.png', 'GameFeet6', 'Users are asked to raise the knee, put the foot under the brushes and polish their shoe.',1,8, 1, CURRENT_TIMESTAMP),  
(54, 'Skipass', '/images/games/gamepostural5.png', 'GamePostural5', 'Users are asked to get down to avoid obstacles and lean to the right or left to take the coins.',1,9,1, CURRENT_TIMESTAMP);

/*INSERT INTO `ima_game` (`Game_ID`, `Name`, `Resource_URL`, `Executable`, `Description`,`Version`, `Active`, `Last_Edit`) VALUES
(21, 'Diamonds', '/images/games/game2K.png', 'Game2AKids', 'Users are asked to pick the gem and move it to the right container.',10, 0, CURRENT_TIMESTAMP),
(33, 'Season machine', '/images/games/gameSeasonsK.png', 'GameStagioniKids', 'Users are asked to touch only the bubbles which contain elements about the season shown in the background.',1, 0, CURRENT_TIMESTAMP),
(34, 'Sky battle', '/images/games/game1K.png', 'Game1Kids', 'Users are asked to destroy correct items (meteorites) and avoid distractors (satellites). Objects descend from the top of the screen.',1, 0, CURRENT_TIMESTAMP),
(35, 'Enigma', '/images/games/game3BK.png', 'Game3BKids', 'Users are asked to drag the talisman to the correct natural element following the path within the dotted area and collect as many symbols as possible.',1, 0, CURRENT_TIMESTAMP),
(38, 'Fish the duck', '/images/games/game5K.png', 'Game5Kids', 'Users are asked to move the duck to the drain.',1, 0, CURRENT_TIMESTAMP),
(44, 'Skiing holidays', '/images/games/gamepostural4.png', 'GamePostural4', 'Users are asked to get down to avoid obstacles and lean to the right or left to take the carrots.',1, 0, CURRENT_TIMESTAMP);*/

--
-- Dump dei dati per la tabella `ima_game_parameter`
-- 

INSERT INTO `ima_game_parameter` (`Parameter_ID`, `Device_ID`, `Name`, `Label`, `Description`, `Default`, `Order`, `Levelable`, `Active`) VALUES
(1, NULL, 'duration', 'duration', 'Defines how long a game lasts.', 0, 0, 0, 1),
(2, NULL, 'velocity', 'speed', 'Defines how long (average) the objects (flowers and bees) take to cross the screen.', 0, 0, 1, 1),
(3, NULL, 'density', 'density', 'Defines the maximum number of objects that can be active on screen at any instant and defines, together with velocity, the minimum time between each spawning of a new object.', 0, 0, 1, 1),
(4, NULL, 'proportion', 'percentage proportion of distractors', 'Defines the percentage of distractors (bees) there should be of all objects spawned.', 0, 0, 1, 1),
(5, NULL, 'numbers', 'number colours of cans and positioning', 'Defines the number of colors of cans and their positioning.', 0, 0, 1, 1),
(6, NULL, 'precision', 'precision', 'Defines the number of useable shelves.', 0, 0, 1, 1),
(7, NULL, 'delta', 'trajectory dimension', 'Defines the width of the dotted area.', 0, 0, 1, 1),
(8, NULL, 'distribution', 'target distribution', 'Defines how many targets should be active and in which part of the table.', 0, 0, 1, 1),
(9, NULL, 'size', 'basket size', 'Defines the size of the basket.', 0, 0, 1, 1),
(10, NULL, 'velocity', 'speed', 'Defines how rapidly the objects are thrown from the fridge towards the table.', 0, 0, 1, 1),
(11, NULL, 'proportion', 'percentage proportion of distractors', 'Defines the percentage of distractors (gears).', 0, 0, 1, 1),
(12, 1, 'hand', 'hand to use', 'Defines which hand has to be used by the user in order to play this game.', 0, 0, 0, 1),
(13, 1, 'position', 'body position', 'Defines which body position the user should assume in order to play this game correctly.', 0, 0, 0, 1),
(23, NULL, 'stages', 'number of repetitions', 'Defines how many times the game should be played at the same difficulty level.', 0, 0, 0, 1),
(24, NULL, 'target_type', 'target types', 'How many different type of target should be included in the game.', 0, 0, 1, 1),
(25, NULL, 'target_count', 'target quantity', 'How many targets should be placed by type.', 0, 0, 1, 1),
(26, NULL, 'target_category', 'target category', 'Defines which category the target should be taken from.', 0, 0, 1, 1),
(27, NULL, 'target_position', 'target position', 'Defines where the target should be placed in the grid.', 0, 0, 1, 1),
(28, NULL, 'distractor_count', 'number of distractors', 'How many distractors should be placed.', 0, 0, 1, 1),
(29, NULL, 'similarity', 'distractors similarity', 'Defines how similar the population of distractors should be to the targets.', 0, 0, 1, 1),
(30, NULL, 'pair_count', 'pairs/triplets count', 'Defines how many pairs/triplets of cards should be generated.', 0, 0, 1, 1),
(31, NULL, 'repetition', 'card repetition', 'Defines if the game consists of pairs or triplets of equal numbers of cards.', 0, 0, 1, 1),
(32, NULL, 'exposition_time', 'exposition time', 'Defines how long the cards should be shown at the beginning of the game.', 0, 0, 1, 1),
(33, NULL, 'retention_time', 'retention time', 'Defines how long the cards should be hidden before the player can actually start to play the game.', 0, 0, 1, 1),
(34, NULL, 'similarity', 'cards similarity', 'Defines how similar the population of cards should be.', 0, 0, 1, 1),
(35, NULL, 'category', 'cards category', 'Defines which category of objects should be represented in the cards.', 0, 0, 1, 1),
(36, NULL, 'operations', 'operator', 'Defines which maths operation should be used in the challenge.', 0, 0, 1, 1),
(37, NULL, 'operators', 'operand quantity', 'Defines how many operands should have the chosen maths operation.', 0, 0, 1, 1),
(38, NULL, 'difficulty', 'operation difficulty', 'Defines how difficult the proposed operation should be in terms of the number of operand digits.', 0, 0, 1, 1),
(39, NULL, 'distractors_range', 'difference between results', 'Defines the range of proximity between right and wrong answers suggested.', 0, 0, 1, 1),
(40, NULL, 'targets_count', 'targets quantity', 'Defines how many targets there should be in the game.', 0, 0, 1, 1),
(41, NULL, 'distractors_count', 'distractors quantity', 'Defines how many wrong pieces of the puzzle should be shown in the game.', 0, 0, 1, 1),
(42, NULL, 'rotated_pieces', 'rotated pieces', 'Defines what percentage of objects should be rotated with respect to their original orientation.', 0, 0, 1, 1),
(43, NULL, 'distractors', 'percentage proportion of distractors', 'Defines the percentage of distractors there should be in proportion to the total number of objects.', 0, 0, 1, 1),
(44, NULL, 'season', 'season', 'Defines which season should be selected in the game.', 0, 0, 1, 1),
(45, NULL, 'rotation', 'rotation', 'Defines if bubbles should be rotated or fixed as they pass through the screen.', 0, 0, 1, 1),
(46, NULL, 'velocity', 'speed', 'Defines how long an object (flowers or bees) stays on the screen.', 0, 0, 1, 1),
(47, NULL, 'density', 'density', 'Defines the maximum number of objects (eggs and gears) active at the same time on the screen.', 0, 0, 1, 1),
(48, 1, 'grab', 'grab to interact', 'Define if the user should grab the target in order to interact.', 0, 0, 0, 1),
(49, NULL, 'complexity', 'complexity of the maze', 'Define how many rows and columns should be used to create the maze.', 0, 0, 1, 1),
(50, NULL, 'density', 'density', 'Defines the maximum number of objects (fruits and balls) active at the same time on the screen.', 0, 0, 1, 1),
(51, NULL, 'velocity', 'speed', 'Defines how rapidly the objects are thrown from the supermarket checkouts towards the floor.', 0, 0, 1, 1),
(52, NULL, 'size', 'shopping bag size', 'Defines the size of the shopping bag.', 0, 0, 1, 1),
(53, NULL, 'proportion', 'percentage proportion of distractors', 'Defines the percentage of distractors (balls).', 0, 0, 1, 1),
(54, NULL, 'direction', 'direction of the maze', 'Where should be the starting point of the maze with respect of the ending point.', 0, 0, 0, 1),
(55, 3, 'grab', 'click to interact', 'Defines if the user should click on the target in order to interact.', 0, 0, 0, 1),
(56, NULL, 'colors', 'number of colors', 'Defines how many are the possible colors.', 0, 0, 1, 1),
(57, NULL, 'shapes', 'number of shapes', 'Defines how many are the possible shapes.', 0, 0, 1, 1),
(58, NULL, 'numbers', 'number colours of gems and positioning', 'Defines the number of colors of gems and their positioning.', 0, 0, 1, 1),
(59, NULL, 'precision', 'precision', 'Defines the number of useable gem containers.', 0, 0, 1, 1),
(60, NULL, 'velocity', 'speed', 'Defines how long (average) the objects (jellyfish and fish) take to cross the screen.', 0, 0, 1, 1),
(61, NULL, 'proportion', 'percentage proportion of distractors', 'Defines the percentage of distractors (jellyfish) there should be of all objects spawned.', 0, 0, 1, 1),
(62, NULL, 'velocity', 'speed', 'Defines how long an object (jellyfish and fish) stays on the screen.', 0, 0, 1, 1),
(63, NULL, 'velocity', 'speed', 'Defines how long (average) the objects (meteorites and rockets) take to cross the screen.', 0, 0, 1, 1),
(64, NULL, 'proportion', 'percentage proportion of distractors', 'Defines the percentage of distractors (meteorites) there should be of all objects spawned.', 0, 0, 1, 1),
(65, NULL, 'velocity', 'speed', 'Defines how long an object (meteorites and rockets) stays on the screen.', 0, 0, 1, 1),
(66, NULL, 'colors', 'number of matches', 'Defines how many are the possible types of objects to match.', 0, 0, 1, 1),
(67, NULL, 'numbers', 'number of food types and positioning', 'Defines the number of food types and their positioning.', 0, 0, 1, 1),
(68, NULL, 'precision', 'precision', 'Defines how big the food containers/pans will be.', 0, 0, 1, 1),
(69, NULL, 'distribution', 'target distribution', 'Defines in which part of the table targets will appear.', 0, 0, 1, 1),
(70, NULL, 'size', 'suction area', 'Defines the size of the dustbusters suction area.', 0, 0, 1, 1),
(71, NULL, 'velocity', 'speed', 'Defines how frequently the objects appears on the table and how long they last before they disappear.', 0, 0, 1, 1),
(72, NULL, 'density', 'density', 'Defines the maximum number of objects (dirt and screws) active at the same time on the screen.', 0, 0, 1, 1),
(73, NULL, 'colors', 'number of elements', 'Defines how many are the possible magic elements.', 0, 0, 1, 1),
(74, NULL, 'shapes', 'number of object types', 'Defines how many are the possible magic objects types.', 0, 0, 1, 1),

(75, NULL, 'shelves', 'number of levels', 'Defines how many level the oranges'' squeezer is composed.', 0, 0, 1, 1),
(76, NULL, 'quantity', 'number of oranges', 'Defines how many oranges are spawned contemporary.', 0, 0, 1, 1),
(77, NULL, 'size', 'size of the holes', 'Defines how big are the holes between levels of the oranges'' squeezer.', 0, 0, 1, 1),
(78, NULL, 'speed', 'spawning speed', 'Defines how frequently a new orange is spawned.', 0, 0, 1, 1),

(79, NULL, 'layers', 'number of layers', 'Defines how many fridge shelves'' layers there are.', 0, 0, 1, 1),
(80, NULL, 'types', 'types of fruits', 'Defines how many types of fruit are to be divided.', 0, 0, 1, 1),
(81, NULL, 'size', 'size of fridge shelves', 'Defines how big are the fridge shelves.', 0, 0, 1, 1),
(82, NULL, 'gravity', 'gravity', 'Defines how high is the gravity (the speed at which fruits falls).', 0, 0, 1, 1),

(83, NULL, 'direction', 'direction of the movement', 'Defines if the game has to be played from right to left or the other way around.', 0, 0, 0, 1),
(84, 1, 'tilt', 'tilt to interact', 'Defines that the user shall tilt his torso to interact.', 0, 0, 0, 1),

(85, 6, 'hand', 'hand to use', 'Defines which hand has to be used by the user in order to play this game.', 0, 0, 0, 1),
(86, 6, 'position', 'body position', 'Defines which body position the user should assume in order to play this game correctly.', 0, 0, 0, 1),
(87, 6, 'grab', 'grab to interact', 'Define if the user should grab the target in order to interact.', 0, 0, 0, 1),
(88, 6, 'tilt', 'tilt to interact', 'Defines that the user shall tilt his torso to interact.', 0, 0, 0, 1),
(89, 1, 'hand', 'hand to use', 'Defines which hands has to be used by the user in order to play this game.', 0, 0, 0, 1),
(90, 6, 'hand', 'hand to use', 'Defines which hands has to be used by the user in order to play this game.', 0, 0, 0, 1),
(91, NULL, 'disposition', 'disposition of the trash bins', 'Defines the disposition of the trash bins around the patient.', 0, 0, 1, 1),
(92, NULL, 'speed', 'trash bag speed', 'Speed that define how much time the trash bin have to stay open to put the trash bag inside.', 0, 0, 1, 1),
(93, NULL, 'size', 'size of the trigger', 'Size of the pedal bin activation area', 0, 0, 1, 1),
(94, 1, 'movement', 'amplitude of feet movement', 'Defines how much the feet movement of the patient shall be wide.', 0, 0, 0, 1),
(95, 6, 'movement', 'amplitude of feet movement', 'Defines how much the feet movement of the patient shall be wide.', 0, 0, 0, 1),

(96, 1, 'foot', 'foot to use', 'Defines with which foot the patient shall play the game.', 0, 0, 0, 1),
(97, 6, 'foot', 'foot to use', 'Defines with which foot the patient shall play the game.', 0, 0, 0, 1),
(98, NULL, 'speed', 'trash bag speed', 'Speed of the falling trash bag.', 0, 0, 1, 1),

(99, NULL, 'disposition', 'disposition of the available holes', 'How many holes are available and where they are placed.', 0, 0, 1, 1),
(100, NULL, 'distractor', 'percentage proportion of distractors', 'Defines the percentage of distractors there should be in proportion to the total number of objects.', 0, 0, 1, 1),
(101, NULL, 'persistency', 'persistency of objects on screen', 'Defines the amount of time in which an object is displayed and is enabled before disappear.', 0, 0, 1, 1),
(102, NULL, 'size', 'size of the trigger', 'Size of the object activation area', 0, 0, 1, 1),
(103, NULL, 'density', 'density of objects in game', 'Value of occupied positions by active objects', 0, 0, 1, 1),
(104, NULL, 'speed', 'speed of travel in game', 'Speed of the main body moving in the environment.', 0, 0, 1, 1),
(105, NULL, 'density', 'density of obstacles in game', 'Value of obstacles in the environment.', 0, 0, 1, 1),
(106, NULL, 'permanence', 'foot permanence', 'Time of permanence over the object to get it.', 0, 0, 1, 1),
(107, NULL, 'position', 'squatting', 'Defines that the patient shall change his position from sitting to standing and vice versa to interact.', 0, 0, 0, 1),

(108, 1, 'check.shoulder', 'shoulders', 'Check if one shoulder is higher than the other one', 0, 0, 0, 1),
(109, 1, 'check.spine', 'spine', 'Check if the spine is straight', 0, 0, 0, 1),
(110, 1, 'check.position', 'sitting/standing', 'Check if the body position is coherent with the position set', 0, 0, 0, 1),
(111, 1, 'check.hand', 'hand opening', 'Check if the hand is open', 0, 0, 0, 1),
(112, 1, 'check.elbow', 'elbow flexion', 'Check if the elbow is completely extended', 0, 0, 0, 1),

(113, 6, 'check.shoulder', 'shoulders', 'Check if one shoulder is higher than the other one', 0, 0, 0, 1),
(114, 6, 'check.spine', 'spine', 'Check if the spine is straight', 0, 0, 0, 1),
(115, 6, 'check.position', 'sitting/standing', 'Check if the body position is coherent with the position set', 0, 0, 0, 1),
(116, 6, 'check.hand', 'hand opening', 'Check if the hand is open', 0, 0, 0, 1),
(117, 6, 'check.elbow', 'elbow flexion', 'Check if the elbow is completely extended', 0, 0, 0, 1),

(118, NULL, 'distractors', 'percentage proportion of distractors', 'Defines the percentage of distractors against the total number of objects in the skiing lane.', 0, 0, 1, 1),
(119, NULL, 'laterals', 'percentage proportion of lateral elements', 'Defines the percentage of lateral elements, if none, no lateral movement will be done.', 0, 0, 1, 1),
(120, NULL, 'speed', 'vacuum cleaner speed', 'Speed of the vacuum cleaner: the quicker the speed, the quicker the leg needs to be pulled up.', 0, 0, 1, 1),
(121, NULL, 'speed', 'appearance of stains on shoe', 'Speed of appearance of dirt on the shoe.', 0, 0, 1, 1),
(122, NULL, 'replication', 'target repetition', 'Defines how often the same element is repeated consecutively (during this sequence, the skier will need to stay in the same position).', 0, 0, 1, 1),
(123, NULL, 'shuffle', 'change colors in shelves', 'Change the colors of cans in the shelves.', 0, 0, 1, 1),
(124, NULL, 'hidecolor', 'color hide', 'Hide the color of the current can after some time.', 0, 0, 1, 1),
(125, NULL, 'correctPathOnly', 'show only correct path', 'If enabled the maze displays only the correct path.', 0, 0, 1, 1),
(126, NULL, 'permanence', 'permanence time', 'Defines how much time the handheld vacuum cleaner shall stay upon a pile of crumbs to take it.', 0, 0, 1, 1),
(127, NULL, 'hidecolor', 'trash color hide', 'Hide the color of the bag after some time.', 0, 0, 1, 1),
(128, NULL, 'legenda', 'show legenda', 'Show the legenda before game start.', 0, 0, 1, 1),
(129, NULL,  'instalock', 'instant can lock', 'Instantly lock the can.', 0, 0, 1, 1),
(130, NULL, 'hidetarget', 'hide target', 'Hide the target after some time.', 0, 0, 1, 1),
(131, NULL, 'size', 'size of the target', 'Size of the target area (stain).', 0, 0, 1, 1),
(132, NULL, 'permanence', 'foot permanence', 'Duration of permanence over the object (to clean the stain).', 0, 0, 1, 1),
(133, NULL, 'permanence', 'time to clean the stain', 'Duration of permanence with leg pulled up, until the stain disappears.', 0, 0, 1, 1),
(134, NULL, 'permanence', 'time to clean the shoe', 'Duration of permanence with leg pulled up until the shoe is clean.', 0, 0, 1, 1),
(135, NULL, 'speed', 'skiing speed', 'Speed of the body moving in the environment.', 0, 0, 1, 1),
(136, NULL, 'density', 'density of obstacles in game', 'Density of obstacles in the skiing lane.', 0, 0, 1, 1),
(137, 1, 'movement', 'amplitude of leg movement', 'Defines how much the patient needs to pull up the leg to let the vacuum cleaner through.', 0, 0, 0, 1),
(138, 6, 'movement', 'amplitude of leg movement', 'Defines how much the patient needs to pull up the leg to let the vacuum cleaner through', 0, 0, 0, 1),

(139, 1, 'movement', 'amplitude of feet movement', 'Defines how much the patient needs to pull up the foot to clean the shoe.', 0, 0, 0, 1),
(140, 6, 'movement', 'amplitude of feet movement', 'Defines how much the patient needs to pull up the foot to clean the shoe.', 0, 0, 0, 1);



-- new parameters for new game icons
INSERT INTO `ima_game_parameter` (`Parameter_ID`, `Device_ID`, `Name`, `Label`, `Description`, `Default`, `Order`, `Levelable`, `Active`) VALUES

-- (160, 1, 'arms rising', 'raise arms to interact', 'Defines that the user shall raise arms up and down.', 0, 0, 0, 1),
-- (161, 6, 'arms rising', 'raise arms to interact', 'Defines that the user shall raise arms up and down.', 0, 0, 0, 1),
-- (162, 1, 'climbing', 'climber movement to interact', 'Defines that the user shall do a climbing movement.', 0, 0, 0, 1),
-- (163, 6, 'climbing', 'climber movement to interact', 'Defines that the user shall do a climbing movement.', 0, 0, 0, 1),

-- (168, 1, 'sawing full', 'sawing full movement to interact', 'Defines that the user shall move arm like sawing full.', 0, 0, 0, 1),
-- (169, 6, 'sawing full', 'sawing full movement to interact', 'Defines that the user shall move arm like sawing full.', 0, 0, 0, 1),
-- (170, 1, 'sawing half', 'sawing half movement to interact', 'Defines that the user shall move arm like sawing half.', 0, 0, 0, 1),
-- (171, 6, 'sawing half', 'sawing half movement to interact', 'Defines that the user shall move arm like sawing half.', 0, 0, 0, 1),


(164, 1, 'jumping jack', 'jumping jack movement to interact', 'Defines that the user shall do a jumping jack movement.', 0, 0, 0, 1),
(165, 6, 'jumping jack', 'jumping jack movement to interact', 'Defines that the user shall do a jumping jack movement.', 0, 0, 0, 1),
(166, 1, 'knee raising', 'raise knees to interact', 'Defines that the user shall raise knees up and down.', 0, 0, 0, 1),
(167, 6, 'knee raising', 'raise knees to interact', 'Defines that the user shall raise knees up and down.', 0, 0, 0, 1);


INSERT INTO `ima_game_parameter_value` (`Parameter_ID`, `Value`, `Label`, `Description`, `Active`, `Last_Edit`, `Default`, `Order`) VALUES
(160, 'yes', 'yes', NULL, 1, CURRENT_TIMESTAMP, 1, 10),
(161, 'yes', 'yes', NULL, 1, CURRENT_TIMESTAMP, 1, 10),
(162, 'yes', 'yes', NULL, 1, CURRENT_TIMESTAMP, 1, 10),
(163, 'yes', 'yes', NULL, 1, CURRENT_TIMESTAMP, 1, 10),
(164, 'yes', 'yes', NULL, 1, CURRENT_TIMESTAMP, 1, 10),
(165, 'yes', 'yes', NULL, 1, CURRENT_TIMESTAMP, 1, 10),
(166, 'yes', 'yes', NULL, 1, CURRENT_TIMESTAMP, 1, 10),
(167, 'yes', 'yes', NULL, 1, CURRENT_TIMESTAMP, 1, 10),
(168, 'yes', 'yes', NULL, 1, CURRENT_TIMESTAMP, 1, 10),
(169, 'yes', 'yes', NULL, 1, CURRENT_TIMESTAMP, 1, 10);


INSERT INTO `ima_game_parameter_association` (`Game_ID`, `Parameter_ID`, `Optional_Parameter`, `Active`, `Last_Edit`) VALUES
(57, 164, 0, 1, CURRENT_TIMESTAMP),
(57, 165, 0, 1, CURRENT_TIMESTAMP),
(58, 166, 0, 1, CURRENT_TIMESTAMP),
(58, 167, 0, 1, CURRENT_TIMESTAMP);








--
-- Dump dei dati per la tabella `ima_game_parameter_association`
--



INSERT INTO `ima_game_parameter_association` (`Game_ID`, `Parameter_ID`, `Optional_Parameter`, `Active`, `Last_Edit`) VALUES
(3, 1, 0,1, CURRENT_TIMESTAMP),
(3, 2, 0,1, CURRENT_TIMESTAMP),
(3, 3, 0,1, CURRENT_TIMESTAMP),
(3, 4, 0,1, CURRENT_TIMESTAMP),
(4, 1, 0,1, CURRENT_TIMESTAMP),
(4, 46, 0,1, CURRENT_TIMESTAMP),
(4, 3, 0,1, CURRENT_TIMESTAMP),
(4, 4, 0,1, CURRENT_TIMESTAMP),
(5, 1, 0,1, CURRENT_TIMESTAMP),
(5, 5, 0,1, CURRENT_TIMESTAMP),
(5, 6, 0,1, CURRENT_TIMESTAMP),
(7, 1, 0,1, CURRENT_TIMESTAMP),
(7, 7, 0,1, CURRENT_TIMESTAMP),
(8, 1, 0,1, CURRENT_TIMESTAMP),
(8, 8, 0,1, CURRENT_TIMESTAMP),
(8, 9, 0,1, CURRENT_TIMESTAMP),
(8, 10,0,1, CURRENT_TIMESTAMP),
(8, 11,0,1, CURRENT_TIMESTAMP),
(8, 47, 0,1, CURRENT_TIMESTAMP),
(3, 89,0,1, CURRENT_TIMESTAMP),
(3, 13,0,1, CURRENT_TIMESTAMP),
(4, 89,0,1, CURRENT_TIMESTAMP),
(4, 13,0,1, CURRENT_TIMESTAMP),
(5, 12,0,1, CURRENT_TIMESTAMP),
(5, 13,0,1, CURRENT_TIMESTAMP),

(7, 12,0,1, CURRENT_TIMESTAMP),
(7, 13,0,1, CURRENT_TIMESTAMP),
(8, 12,0,1, CURRENT_TIMESTAMP),
(8, 13,0,1, CURRENT_TIMESTAMP),
(10, 1,0,1, CURRENT_TIMESTAMP),
(10, 7,0,1, CURRENT_TIMESTAMP),
(10,12,0,1, CURRENT_TIMESTAMP),
(10,13,0,1, CURRENT_TIMESTAMP),

(14, 23, 0,1, CURRENT_TIMESTAMP),
(15, 23, 0,1, CURRENT_TIMESTAMP),
(16, 23, 0,1, CURRENT_TIMESTAMP),
(17, 23, 0,1, CURRENT_TIMESTAMP),

(14, 24, 0,1, CURRENT_TIMESTAMP),
(14, 25, 0,1, CURRENT_TIMESTAMP),
(14, 26, 0,1, CURRENT_TIMESTAMP),
(14, 27, 0,1, CURRENT_TIMESTAMP),
(14, 28, 0,1, CURRENT_TIMESTAMP),
(14, 29, 0,1, CURRENT_TIMESTAMP),

(15, 30, 0,1, CURRENT_TIMESTAMP),
(15, 31, 0,1, CURRENT_TIMESTAMP),
(15, 32, 0,1, CURRENT_TIMESTAMP),
(15, 33, 0,1, CURRENT_TIMESTAMP),
(15, 34, 0,1, CURRENT_TIMESTAMP),
(15, 35, 0,1, CURRENT_TIMESTAMP),

(16, 36, 0,1, CURRENT_TIMESTAMP),
(16, 37, 0,1, CURRENT_TIMESTAMP),
(16, 38, 0,1, CURRENT_TIMESTAMP),
(16, 39, 0,1, CURRENT_TIMESTAMP),

(17, 40, 0,1, CURRENT_TIMESTAMP),
(17, 41, 0,1, CURRENT_TIMESTAMP),
(17, 42, 0,1, CURRENT_TIMESTAMP),
(18, 1, 0,1, CURRENT_TIMESTAMP),
(18, 2, 0,1, CURRENT_TIMESTAMP),
(18, 3, 0,1, CURRENT_TIMESTAMP),
(18, 43, 0,1, CURRENT_TIMESTAMP),
(18, 44, 0,1, CURRENT_TIMESTAMP),
(18, 45, 0,1, CURRENT_TIMESTAMP),
(18, 89, 0,1, CURRENT_TIMESTAMP),
(18, 13, 0,1, CURRENT_TIMESTAMP),
(3, 48, 0, 1,CURRENT_TIMESTAMP),
(5, 48, 0, 1,CURRENT_TIMESTAMP),
(4, 48, 0, 1,CURRENT_TIMESTAMP),
(7, 48, 0, 1,CURRENT_TIMESTAMP),
(10, 48, 0, 1,CURRENT_TIMESTAMP),
(3, 55, 0, 1,CURRENT_TIMESTAMP),
(5, 55, 0, 1,CURRENT_TIMESTAMP),
(4, 55, 0, 1,CURRENT_TIMESTAMP),
(7, 55, 0, 1,CURRENT_TIMESTAMP),
(10, 55, 0, 1,CURRENT_TIMESTAMP),
(19, 1, 0, 1,CURRENT_TIMESTAMP),
(19, 48, 0, 1,CURRENT_TIMESTAMP),
(19, 55, 0, 1,CURRENT_TIMESTAMP),
(19, 49, 0, 1,CURRENT_TIMESTAMP),
(19, 54, 0, 1,CURRENT_TIMESTAMP),
(20, 1, 0, 1,CURRENT_TIMESTAMP),
(20, 48, 0, 1,CURRENT_TIMESTAMP),
(20, 55, 0, 1,CURRENT_TIMESTAMP),
(20, 50, 0, 1,CURRENT_TIMESTAMP),
(20, 51, 0, 1,CURRENT_TIMESTAMP),
(20, 52, 0, 1,CURRENT_TIMESTAMP),
(20, 53, 0, 1,CURRENT_TIMESTAMP),
(19, 12,0,1, CURRENT_TIMESTAMP),
(19, 13,0,1, CURRENT_TIMESTAMP),
(20, 12,0,1, CURRENT_TIMESTAMP),
(20, 13,0,1, CURRENT_TIMESTAMP),

(7, 56,0,1, CURRENT_TIMESTAMP),
(10, 56,0,1, CURRENT_TIMESTAMP),
(10, 57,0,1, CURRENT_TIMESTAMP),

(21, 1, 0,1, CURRENT_TIMESTAMP),
(21, 58, 0,1, CURRENT_TIMESTAMP),
(21, 59, 0,1, CURRENT_TIMESTAMP),
(21, 12,0,1, CURRENT_TIMESTAMP),
(21, 13,0,1, CURRENT_TIMESTAMP),
(21, 48, 0, 1,CURRENT_TIMESTAMP),
(21, 55, 0, 1,CURRENT_TIMESTAMP),

(22, 1, 0,1, CURRENT_TIMESTAMP),
(22, 60, 0,1, CURRENT_TIMESTAMP),
(22, 3, 0,1, CURRENT_TIMESTAMP),
(22, 61, 0,1, CURRENT_TIMESTAMP),
(22, 89,0,1, CURRENT_TIMESTAMP),
(22, 13,0,1, CURRENT_TIMESTAMP),
(22, 48, 0, 1,CURRENT_TIMESTAMP),
(22, 55, 0, 1,CURRENT_TIMESTAMP),

(23, 1, 0,1, CURRENT_TIMESTAMP),
(23, 62, 0,1, CURRENT_TIMESTAMP),
(23, 3, 0,1, CURRENT_TIMESTAMP),
(23, 61, 0,1, CURRENT_TIMESTAMP),
(23, 89,0,1, CURRENT_TIMESTAMP),
(23, 13,0,1, CURRENT_TIMESTAMP),
(23, 48, 0, 1,CURRENT_TIMESTAMP),
(23, 55, 0, 1,CURRENT_TIMESTAMP),

(24, 1, 0,1, CURRENT_TIMESTAMP),
(24, 63, 0,1, CURRENT_TIMESTAMP),
(24, 3, 0,1, CURRENT_TIMESTAMP),
(24, 64, 0,1, CURRENT_TIMESTAMP),
(24, 89,0,1, CURRENT_TIMESTAMP),
(24, 13,0,1, CURRENT_TIMESTAMP),
(24, 48, 0, 1,CURRENT_TIMESTAMP),
(24, 55, 0, 1,CURRENT_TIMESTAMP),

(25, 1, 0,1, CURRENT_TIMESTAMP),
(25, 65, 0,1, CURRENT_TIMESTAMP),
(25, 3, 0,1, CURRENT_TIMESTAMP),
(25, 64, 0,1, CURRENT_TIMESTAMP),
(25, 89,0,1, CURRENT_TIMESTAMP),
(25, 13,0,1, CURRENT_TIMESTAMP),
(25, 48, 0, 1,CURRENT_TIMESTAMP),
(25, 55, 0, 1,CURRENT_TIMESTAMP),

(26, 1, 0,1, CURRENT_TIMESTAMP),
(26, 7, 0,1, CURRENT_TIMESTAMP),
(26, 12,0,1, CURRENT_TIMESTAMP),
(26, 13,0,1, CURRENT_TIMESTAMP),
(26, 48, 0, 1,CURRENT_TIMESTAMP),
(26, 55, 0, 1,CURRENT_TIMESTAMP),
(26, 66,0,1, CURRENT_TIMESTAMP),

(28, 1, 0,1, CURRENT_TIMESTAMP),
(28, 7, 0,1, CURRENT_TIMESTAMP),
(28, 12,0,1, CURRENT_TIMESTAMP),
(28, 13,0,1, CURRENT_TIMESTAMP),
(28, 48, 0, 1,CURRENT_TIMESTAMP),
(28, 55, 0, 1,CURRENT_TIMESTAMP),
(28, 66,0,1, CURRENT_TIMESTAMP),

(30, 1, 0,1, CURRENT_TIMESTAMP),
(31, 1, 0,1, CURRENT_TIMESTAMP),
(32, 1, 0,1, CURRENT_TIMESTAMP),
(30, 12, 0,1, CURRENT_TIMESTAMP),
(31, 12, 0,1, CURRENT_TIMESTAMP),
(32, 12, 0,1, CURRENT_TIMESTAMP),
(30, 13, 0,1, CURRENT_TIMESTAMP),
(31, 13, 0,1, CURRENT_TIMESTAMP),
(32, 13, 0,1, CURRENT_TIMESTAMP),
(30, 48, 0,1, CURRENT_TIMESTAMP),
(31, 48, 0,1, CURRENT_TIMESTAMP),
(30, 55, 0,1, CURRENT_TIMESTAMP),
(31, 55, 0,1, CURRENT_TIMESTAMP),
(30, 67, 0,1, CURRENT_TIMESTAMP),
(31, 67, 0,1, CURRENT_TIMESTAMP),
(30, 68, 0,1, CURRENT_TIMESTAMP),
(31, 68, 0,1, CURRENT_TIMESTAMP),
(32, 69, 0,1, CURRENT_TIMESTAMP),
(32, 70, 0,1, CURRENT_TIMESTAMP),
(32, 71, 0,1, CURRENT_TIMESTAMP),
(32, 11, 0,1, CURRENT_TIMESTAMP),
(32, 72, 0,1, CURRENT_TIMESTAMP),
(33, 1, 0,1, CURRENT_TIMESTAMP),
(33, 2, 0,1, CURRENT_TIMESTAMP),
(33, 3, 0,1, CURRENT_TIMESTAMP),
(33, 43, 0,1, CURRENT_TIMESTAMP),
(33, 44, 0,1, CURRENT_TIMESTAMP),
(33, 45, 0,1, CURRENT_TIMESTAMP),
(33, 12, 0,1, CURRENT_TIMESTAMP),
(33, 13, 0,1, CURRENT_TIMESTAMP),
(34, 1, 0,1, CURRENT_TIMESTAMP),
(34, 2, 0,1, CURRENT_TIMESTAMP),
(34, 3, 0,1, CURRENT_TIMESTAMP),
(34, 4, 0,1, CURRENT_TIMESTAMP),
(34, 12,0,1, CURRENT_TIMESTAMP),
(34, 13,0,1, CURRENT_TIMESTAMP),
(34, 48, 0, 1,CURRENT_TIMESTAMP),
(34, 55, 0, 1,CURRENT_TIMESTAMP),
(35, 1,0,1, CURRENT_TIMESTAMP),
(35, 7,0,1, CURRENT_TIMESTAMP),
(35, 12,0,1, CURRENT_TIMESTAMP),
(35, 13,0,1, CURRENT_TIMESTAMP),
(35, 48, 0, 1,CURRENT_TIMESTAMP),
(35, 55, 0, 1,CURRENT_TIMESTAMP),
(35, 73,0,1, CURRENT_TIMESTAMP), 
(35, 74,0,1, CURRENT_TIMESTAMP),
(38, 1, 0, 1,CURRENT_TIMESTAMP),
(38, 12, 0, 1,CURRENT_TIMESTAMP),
(38, 13, 0, 1,CURRENT_TIMESTAMP),
(38, 48, 0, 1,CURRENT_TIMESTAMP),
(38, 55, 0, 1,CURRENT_TIMESTAMP),
(38, 49, 0, 1,CURRENT_TIMESTAMP),
(38, 54, 0, 1,CURRENT_TIMESTAMP),

(36, 1, 0, 1,CURRENT_TIMESTAMP),
(36, 75, 0, 1,CURRENT_TIMESTAMP),
(36, 76, 0, 1,CURRENT_TIMESTAMP),
(36, 77, 0, 1,CURRENT_TIMESTAMP),
(36, 78, 0, 1,CURRENT_TIMESTAMP),
(36, 13,0,1, CURRENT_TIMESTAMP),
(37, 1, 0, 1,CURRENT_TIMESTAMP),
(37, 79, 0, 1,CURRENT_TIMESTAMP),
(37, 80, 0, 1,CURRENT_TIMESTAMP),
(37, 81, 0, 1,CURRENT_TIMESTAMP),
(37, 82, 0, 1,CURRENT_TIMESTAMP),
(37, 13,0,1, CURRENT_TIMESTAMP),
(7, 83,0,1, CURRENT_TIMESTAMP),
(10, 83,0,1, CURRENT_TIMESTAMP),
(26, 83,0,1, CURRENT_TIMESTAMP),
(28, 83,0,1, CURRENT_TIMESTAMP),
(35, 83,0,1, CURRENT_TIMESTAMP),

(36, 84,0,1, CURRENT_TIMESTAMP),
(37, 84,0,1, CURRENT_TIMESTAMP),

(3, 90,0,1, CURRENT_TIMESTAMP),
(3, 86,0,1, CURRENT_TIMESTAMP),
(4, 90,0,1, CURRENT_TIMESTAMP),
(4, 86,0,1, CURRENT_TIMESTAMP),
(5, 85,0,1, CURRENT_TIMESTAMP),
(5, 86,0,1, CURRENT_TIMESTAMP),

(7, 85,0,1, CURRENT_TIMESTAMP),
(7, 86,0,1, CURRENT_TIMESTAMP),
(8, 85,0,1, CURRENT_TIMESTAMP),
(8, 86,0,1, CURRENT_TIMESTAMP),
(10,85,0,1, CURRENT_TIMESTAMP),
(10,86,0,1, CURRENT_TIMESTAMP),

(3, 87, 0, 1,CURRENT_TIMESTAMP),
(5, 87, 0, 1,CURRENT_TIMESTAMP),
(4, 87, 0, 1,CURRENT_TIMESTAMP),
(7, 87, 0, 1,CURRENT_TIMESTAMP),
(10, 87, 0, 1,CURRENT_TIMESTAMP),
(19, 87, 0, 1,CURRENT_TIMESTAMP),
(20, 87, 0, 1,CURRENT_TIMESTAMP),
(18, 90, 0,1, CURRENT_TIMESTAMP),
(18, 86, 0,1, CURRENT_TIMESTAMP),

(19, 85,0,1, CURRENT_TIMESTAMP),
(19, 86,0,1, CURRENT_TIMESTAMP),
(20, 85,0,1, CURRENT_TIMESTAMP),
(20, 86,0,1, CURRENT_TIMESTAMP),

(21, 85,0,1, CURRENT_TIMESTAMP),
(21, 86,0,1, CURRENT_TIMESTAMP),
(21, 87, 0, 1,CURRENT_TIMESTAMP),

(22, 90,0,1, CURRENT_TIMESTAMP),
(22, 86,0,1, CURRENT_TIMESTAMP),
(22, 87, 0, 1,CURRENT_TIMESTAMP),

(23, 90,0,1, CURRENT_TIMESTAMP),
(23, 86,0,1, CURRENT_TIMESTAMP),
(23, 87, 0, 1,CURRENT_TIMESTAMP),

(24, 90,0,1, CURRENT_TIMESTAMP),
(24, 86,0,1, CURRENT_TIMESTAMP),
(24, 87, 0, 1,CURRENT_TIMESTAMP),

(25, 90,0,1, CURRENT_TIMESTAMP),
(25, 86,0,1, CURRENT_TIMESTAMP),
(25, 87, 0, 1,CURRENT_TIMESTAMP),

(26, 85,0,1, CURRENT_TIMESTAMP),
(26, 86,0,1, CURRENT_TIMESTAMP),
(26, 87, 0, 1,CURRENT_TIMESTAMP),
(28, 85,0,1, CURRENT_TIMESTAMP),
(28, 86,0,1, CURRENT_TIMESTAMP),
(28, 87, 0, 1,CURRENT_TIMESTAMP),
(30, 85, 0,1, CURRENT_TIMESTAMP),
(31, 85, 0,1, CURRENT_TIMESTAMP),
(32, 85, 0,1, CURRENT_TIMESTAMP),
(30, 86, 0,1, CURRENT_TIMESTAMP),
(31, 86, 0,1, CURRENT_TIMESTAMP),
(32, 86, 0,1, CURRENT_TIMESTAMP),
(30, 87, 0,1, CURRENT_TIMESTAMP),
(31, 87, 0,1, CURRENT_TIMESTAMP),
(33, 85, 0,1, CURRENT_TIMESTAMP),
(33, 86, 0,1, CURRENT_TIMESTAMP),
(34, 85,0,1, CURRENT_TIMESTAMP),
(34, 86,0,1, CURRENT_TIMESTAMP),
(34, 87, 0, 1,CURRENT_TIMESTAMP),
(35, 85,0,1, CURRENT_TIMESTAMP),
(35, 86,0,1, CURRENT_TIMESTAMP),
(35, 87, 0, 1,CURRENT_TIMESTAMP),
(38, 85, 0, 1,CURRENT_TIMESTAMP),
(38, 86, 0, 1,CURRENT_TIMESTAMP),
(38, 87, 0, 1,CURRENT_TIMESTAMP),

(36, 88,0,1, CURRENT_TIMESTAMP),
(37, 88,0,1, CURRENT_TIMESTAMP),
(39, 1, 0, 1, CURRENT_TIMESTAMP),
(40, 1, 0, 1, CURRENT_TIMESTAMP),

(39, 13, 0, 1, CURRENT_TIMESTAMP),
(40, 13, 0, 1, CURRENT_TIMESTAMP),
(39, 86, 0, 1, CURRENT_TIMESTAMP),
(40, 86, 0, 1, CURRENT_TIMESTAMP),
(39, 91, 0, 1, CURRENT_TIMESTAMP),
(40, 91, 0, 1, CURRENT_TIMESTAMP),
(39, 92, 0, 1, CURRENT_TIMESTAMP),
(40, 98, 0, 1, CURRENT_TIMESTAMP),
(39, 93, 0, 1, CURRENT_TIMESTAMP),
(40, 93, 0, 1, CURRENT_TIMESTAMP),
(39, 94, 0, 1, CURRENT_TIMESTAMP),
(40, 94, 0, 1, CURRENT_TIMESTAMP),
(39, 95, 0, 1, CURRENT_TIMESTAMP),
(40, 95, 0, 1, CURRENT_TIMESTAMP),
(39, 96, 0, 1, CURRENT_TIMESTAMP),
(40, 96, 0, 1, CURRENT_TIMESTAMP),
(39, 97, 0, 1, CURRENT_TIMESTAMP),
(40, 97, 0, 1, CURRENT_TIMESTAMP),

(41, 1, 0, 1, CURRENT_TIMESTAMP),
(41, 13, 0, 1, CURRENT_TIMESTAMP),
(41, 86, 0, 1, CURRENT_TIMESTAMP),

(41, 94, 0, 1, CURRENT_TIMESTAMP),
(41, 95, 0, 1, CURRENT_TIMESTAMP),
(41, 96, 0, 1, CURRENT_TIMESTAMP),
(41, 97, 0, 1, CURRENT_TIMESTAMP),

(41, 99, 0, 1, CURRENT_TIMESTAMP),
(41, 100, 0, 1, CURRENT_TIMESTAMP),
(41, 101, 0, 1, CURRENT_TIMESTAMP),
(41, 102, 0, 1, CURRENT_TIMESTAMP),
(41, 103, 0, 1, CURRENT_TIMESTAMP),
(41, 106, 0, 1, CURRENT_TIMESTAMP),
(42, 1, 0, 1, CURRENT_TIMESTAMP),
(42, 107, 0, 1, CURRENT_TIMESTAMP),
(42, 104, 0, 1, CURRENT_TIMESTAMP),
(42, 105, 0, 1, CURRENT_TIMESTAMP),

(3, 108, 0, 1, CURRENT_TIMESTAMP),
(3, 109, 0, 1, CURRENT_TIMESTAMP),
(3, 110, 0, 1, CURRENT_TIMESTAMP),
(3, 111, 0, 1, CURRENT_TIMESTAMP),
(3, 112, 0, 1, CURRENT_TIMESTAMP),
(3, 113, 0, 1, CURRENT_TIMESTAMP),
(3, 114, 0, 1, CURRENT_TIMESTAMP),
(3, 115, 0, 1, CURRENT_TIMESTAMP),
(3, 116, 0, 1, CURRENT_TIMESTAMP),
(3, 117, 0, 1, CURRENT_TIMESTAMP),

(4, 108, 0, 1, CURRENT_TIMESTAMP),
(4, 109, 0, 1, CURRENT_TIMESTAMP),
(4, 110, 0, 1, CURRENT_TIMESTAMP),
(4, 111, 0, 1, CURRENT_TIMESTAMP),
(4, 112, 0, 1, CURRENT_TIMESTAMP),
(4, 113, 0, 1, CURRENT_TIMESTAMP),
(4, 114, 0, 1, CURRENT_TIMESTAMP),
(4, 115, 0, 1, CURRENT_TIMESTAMP),
(4, 116, 0, 1, CURRENT_TIMESTAMP),
(4, 117, 0, 1, CURRENT_TIMESTAMP),

(5, 108, 0, 1, CURRENT_TIMESTAMP),
(5, 109, 0, 1, CURRENT_TIMESTAMP),
(5, 110, 0, 1, CURRENT_TIMESTAMP),
(5, 111, 0, 1, CURRENT_TIMESTAMP),
(5, 112, 0, 1, CURRENT_TIMESTAMP),
(5, 113, 0, 1, CURRENT_TIMESTAMP),
(5, 114, 0, 1, CURRENT_TIMESTAMP),
(5, 115, 0, 1, CURRENT_TIMESTAMP),
(5, 116, 0, 1, CURRENT_TIMESTAMP),
(5, 117, 0, 1, CURRENT_TIMESTAMP),

(7, 108, 0, 1, CURRENT_TIMESTAMP),
(7, 109, 0, 1, CURRENT_TIMESTAMP),
(7, 110, 0, 1, CURRENT_TIMESTAMP),
(7, 111, 0, 1, CURRENT_TIMESTAMP),
(7, 112, 0, 1, CURRENT_TIMESTAMP),
(7, 113, 0, 1, CURRENT_TIMESTAMP),
(7, 114, 0, 1, CURRENT_TIMESTAMP),
(7, 115, 0, 1, CURRENT_TIMESTAMP),
(7, 116, 0, 1, CURRENT_TIMESTAMP),
(7, 117, 0, 1, CURRENT_TIMESTAMP),

(8, 108, 0, 1, CURRENT_TIMESTAMP),
(8, 109, 0, 1, CURRENT_TIMESTAMP),
(8, 110, 0, 1, CURRENT_TIMESTAMP),
(8, 111, 0, 1, CURRENT_TIMESTAMP),
(8, 113, 0, 1, CURRENT_TIMESTAMP),
(8, 114, 0, 1, CURRENT_TIMESTAMP),
(8, 115, 0, 1, CURRENT_TIMESTAMP),
(8, 116, 0, 1, CURRENT_TIMESTAMP),

(10, 108, 0, 1, CURRENT_TIMESTAMP),
(10, 109, 0, 1, CURRENT_TIMESTAMP),
(10, 110, 0, 1, CURRENT_TIMESTAMP),
(10, 111, 0, 1, CURRENT_TIMESTAMP),
(10, 112, 0, 1, CURRENT_TIMESTAMP),
(10, 113, 0, 1, CURRENT_TIMESTAMP),
(10, 114, 0, 1, CURRENT_TIMESTAMP),
(10, 115, 0, 1, CURRENT_TIMESTAMP),
(10, 116, 0, 1, CURRENT_TIMESTAMP),
(10, 117, 0, 1, CURRENT_TIMESTAMP),

(18, 108, 0, 1, CURRENT_TIMESTAMP),
(18, 109, 0, 1, CURRENT_TIMESTAMP),
(18, 110, 0, 1, CURRENT_TIMESTAMP),
(18, 111, 0, 1, CURRENT_TIMESTAMP),
(18, 112, 0, 1, CURRENT_TIMESTAMP),
(18, 113, 0, 1, CURRENT_TIMESTAMP),
(18, 114, 0, 1, CURRENT_TIMESTAMP),
(18, 115, 0, 1, CURRENT_TIMESTAMP),
(18, 116, 0, 1, CURRENT_TIMESTAMP),
(18, 117, 0, 1, CURRENT_TIMESTAMP),

(19, 108, 0, 1, CURRENT_TIMESTAMP),
(19, 109, 0, 1, CURRENT_TIMESTAMP),
(19, 110, 0, 1, CURRENT_TIMESTAMP),
(19, 111, 0, 1, CURRENT_TIMESTAMP),
(19, 112, 0, 1, CURRENT_TIMESTAMP),
(19, 113, 0, 1, CURRENT_TIMESTAMP),
(19, 114, 0, 1, CURRENT_TIMESTAMP),
(19, 115, 0, 1, CURRENT_TIMESTAMP),
(19, 116, 0, 1, CURRENT_TIMESTAMP),
(19, 117, 0, 1, CURRENT_TIMESTAMP),

(20, 108, 0, 1, CURRENT_TIMESTAMP),
(20, 109, 0, 1, CURRENT_TIMESTAMP),
(20, 110, 0, 1, CURRENT_TIMESTAMP),
(20, 111, 0, 1, CURRENT_TIMESTAMP),
(20, 112, 0, 1, CURRENT_TIMESTAMP),
(20, 113, 0, 1, CURRENT_TIMESTAMP),
(20, 114, 0, 1, CURRENT_TIMESTAMP),
(20, 115, 0, 1, CURRENT_TIMESTAMP),
(20, 116, 0, 1, CURRENT_TIMESTAMP),
(20, 117, 0, 1, CURRENT_TIMESTAMP),

(21, 108, 0, 1, CURRENT_TIMESTAMP),
(21, 109, 0, 1, CURRENT_TIMESTAMP),
(21, 110, 0, 1, CURRENT_TIMESTAMP),
(21, 111, 0, 1, CURRENT_TIMESTAMP),
(21, 112, 0, 1, CURRENT_TIMESTAMP),
(21, 113, 0, 1, CURRENT_TIMESTAMP),
(21, 114, 0, 1, CURRENT_TIMESTAMP),
(21, 115, 0, 1, CURRENT_TIMESTAMP),
(21, 116, 0, 1, CURRENT_TIMESTAMP),
(21, 117, 0, 1, CURRENT_TIMESTAMP),

(22, 108, 0, 1, CURRENT_TIMESTAMP),
(22, 109, 0, 1, CURRENT_TIMESTAMP),
(22, 110, 0, 1, CURRENT_TIMESTAMP),
(22, 111, 0, 1, CURRENT_TIMESTAMP),
(22, 112, 0, 1, CURRENT_TIMESTAMP),
(22, 113, 0, 1, CURRENT_TIMESTAMP),
(22, 114, 0, 1, CURRENT_TIMESTAMP),
(22, 115, 0, 1, CURRENT_TIMESTAMP),
(22, 116, 0, 1, CURRENT_TIMESTAMP),
(22, 117, 0, 1, CURRENT_TIMESTAMP),

(23, 108, 0, 1, CURRENT_TIMESTAMP),
(23, 109, 0, 1, CURRENT_TIMESTAMP),
(23, 110, 0, 1, CURRENT_TIMESTAMP),
(23, 111, 0, 1, CURRENT_TIMESTAMP),
(23, 112, 0, 1, CURRENT_TIMESTAMP),
(23, 113, 0, 1, CURRENT_TIMESTAMP),
(23, 114, 0, 1, CURRENT_TIMESTAMP),
(23, 115, 0, 1, CURRENT_TIMESTAMP),
(23, 116, 0, 1, CURRENT_TIMESTAMP),
(23, 117, 0, 1, CURRENT_TIMESTAMP),

(24, 108, 0, 1, CURRENT_TIMESTAMP),
(24, 109, 0, 1, CURRENT_TIMESTAMP),
(24, 110, 0, 1, CURRENT_TIMESTAMP),
(24, 111, 0, 1, CURRENT_TIMESTAMP),
(24, 112, 0, 1, CURRENT_TIMESTAMP),
(24, 113, 0, 1, CURRENT_TIMESTAMP),
(24, 114, 0, 1, CURRENT_TIMESTAMP),
(24, 115, 0, 1, CURRENT_TIMESTAMP),
(24, 116, 0, 1, CURRENT_TIMESTAMP),
(24, 117, 0, 1, CURRENT_TIMESTAMP),

(25, 108, 0, 1, CURRENT_TIMESTAMP),
(25, 109, 0, 1, CURRENT_TIMESTAMP),
(25, 110, 0, 1, CURRENT_TIMESTAMP),
(25, 111, 0, 1, CURRENT_TIMESTAMP),
(25, 112, 0, 1, CURRENT_TIMESTAMP),
(25, 113, 0, 1, CURRENT_TIMESTAMP),
(25, 114, 0, 1, CURRENT_TIMESTAMP),
(25, 115, 0, 1, CURRENT_TIMESTAMP),
(25, 116, 0, 1, CURRENT_TIMESTAMP),
(25, 117, 0, 1, CURRENT_TIMESTAMP),

(26, 108, 0, 1, CURRENT_TIMESTAMP),
(26, 109, 0, 1, CURRENT_TIMESTAMP),
(26, 110, 0, 1, CURRENT_TIMESTAMP),
(26, 111, 0, 1, CURRENT_TIMESTAMP),
(26, 112, 0, 1, CURRENT_TIMESTAMP),
(26, 113, 0, 1, CURRENT_TIMESTAMP),
(26, 114, 0, 1, CURRENT_TIMESTAMP),
(26, 115, 0, 1, CURRENT_TIMESTAMP),
(26, 116, 0, 1, CURRENT_TIMESTAMP),
(26, 117, 0, 1, CURRENT_TIMESTAMP),

(28, 108, 0, 1, CURRENT_TIMESTAMP),
(28, 109, 0, 1, CURRENT_TIMESTAMP),
(28, 110, 0, 1, CURRENT_TIMESTAMP),
(28, 111, 0, 1, CURRENT_TIMESTAMP),
(28, 112, 0, 1, CURRENT_TIMESTAMP),
(28, 113, 0, 1, CURRENT_TIMESTAMP),
(28, 114, 0, 1, CURRENT_TIMESTAMP),
(28, 115, 0, 1, CURRENT_TIMESTAMP),
(28, 116, 0, 1, CURRENT_TIMESTAMP),
(28, 117, 0, 1, CURRENT_TIMESTAMP),

(30, 108, 0, 1, CURRENT_TIMESTAMP),
(30, 109, 0, 1, CURRENT_TIMESTAMP),
(30, 110, 0, 1, CURRENT_TIMESTAMP),
(30, 111, 0, 1, CURRENT_TIMESTAMP),
(30, 112, 0, 1, CURRENT_TIMESTAMP),
(30, 113, 0, 1, CURRENT_TIMESTAMP),
(30, 114, 0, 1, CURRENT_TIMESTAMP),
(30, 115, 0, 1, CURRENT_TIMESTAMP),
(30, 116, 0, 1, CURRENT_TIMESTAMP),
(30, 117, 0, 1, CURRENT_TIMESTAMP),

(31, 108, 0, 1, CURRENT_TIMESTAMP),
(31, 109, 0, 1, CURRENT_TIMESTAMP),
(31, 110, 0, 1, CURRENT_TIMESTAMP),
(31, 111, 0, 1, CURRENT_TIMESTAMP),
(31, 112, 0, 1, CURRENT_TIMESTAMP),
(31, 113, 0, 1, CURRENT_TIMESTAMP),
(31, 114, 0, 1, CURRENT_TIMESTAMP),
(31, 115, 0, 1, CURRENT_TIMESTAMP),
(31, 116, 0, 1, CURRENT_TIMESTAMP),
(31, 117, 0, 1, CURRENT_TIMESTAMP),

(32, 108, 0, 1, CURRENT_TIMESTAMP),
(32, 109, 0, 1, CURRENT_TIMESTAMP),
(32, 110, 0, 1, CURRENT_TIMESTAMP),
(32, 111, 0, 1, CURRENT_TIMESTAMP),
(32, 113, 0, 1, CURRENT_TIMESTAMP),
(32, 114, 0, 1, CURRENT_TIMESTAMP),
(32, 115, 0, 1, CURRENT_TIMESTAMP),
(32, 116, 0, 1, CURRENT_TIMESTAMP),

(33, 108, 0, 1, CURRENT_TIMESTAMP),
(33, 109, 0, 1, CURRENT_TIMESTAMP),
(33, 110, 0, 1, CURRENT_TIMESTAMP),
(33, 111, 0, 1, CURRENT_TIMESTAMP),
(33, 112, 0, 1, CURRENT_TIMESTAMP),
(33, 113, 0, 1, CURRENT_TIMESTAMP),
(33, 114, 0, 1, CURRENT_TIMESTAMP),
(33, 115, 0, 1, CURRENT_TIMESTAMP),
(33, 116, 0, 1, CURRENT_TIMESTAMP),
(33, 117, 0, 1, CURRENT_TIMESTAMP),

(34, 108, 0, 1, CURRENT_TIMESTAMP),
(34, 109, 0, 1, CURRENT_TIMESTAMP),
(34, 110, 0, 1, CURRENT_TIMESTAMP),
(34, 111, 0, 1, CURRENT_TIMESTAMP),
(34, 112, 0, 1, CURRENT_TIMESTAMP),
(34, 113, 0, 1, CURRENT_TIMESTAMP),
(34, 114, 0, 1, CURRENT_TIMESTAMP),
(34, 115, 0, 1, CURRENT_TIMESTAMP),
(34, 116, 0, 1, CURRENT_TIMESTAMP),
(34, 117, 0, 1, CURRENT_TIMESTAMP),

(35, 108, 0, 1, CURRENT_TIMESTAMP),
(35, 109, 0, 1, CURRENT_TIMESTAMP),
(35, 110, 0, 1, CURRENT_TIMESTAMP),
(35, 111, 0, 1, CURRENT_TIMESTAMP),
(35, 112, 0, 1, CURRENT_TIMESTAMP),
(35, 113, 0, 1, CURRENT_TIMESTAMP),
(35, 114, 0, 1, CURRENT_TIMESTAMP),
(35, 115, 0, 1, CURRENT_TIMESTAMP),
(35, 116, 0, 1, CURRENT_TIMESTAMP),
(35, 117, 0, 1, CURRENT_TIMESTAMP),

(36, 108, 0, 1, CURRENT_TIMESTAMP),
(36, 110, 0, 1, CURRENT_TIMESTAMP),
(36, 113, 0, 1, CURRENT_TIMESTAMP),
(36, 115, 0, 1, CURRENT_TIMESTAMP),

(37, 108, 0, 1, CURRENT_TIMESTAMP),
(37, 110, 0, 1, CURRENT_TIMESTAMP),
(37, 113, 0, 1, CURRENT_TIMESTAMP),
(37, 115, 0, 1, CURRENT_TIMESTAMP),

(38, 108, 0, 1, CURRENT_TIMESTAMP),
(38, 109, 0, 1, CURRENT_TIMESTAMP),
(38, 110, 0, 1, CURRENT_TIMESTAMP),
(38, 111, 0, 1, CURRENT_TIMESTAMP),
(38, 112, 0, 1, CURRENT_TIMESTAMP),
(38, 113, 0, 1, CURRENT_TIMESTAMP),
(38, 114, 0, 1, CURRENT_TIMESTAMP),
(38, 115, 0, 1, CURRENT_TIMESTAMP),
(38, 116, 0, 1, CURRENT_TIMESTAMP),
(38, 117, 0, 1, CURRENT_TIMESTAMP),

(39, 108, 0, 1, CURRENT_TIMESTAMP),
(39, 109, 0, 1, CURRENT_TIMESTAMP),
(39, 110, 0, 1, CURRENT_TIMESTAMP),
(39, 113, 0, 1, CURRENT_TIMESTAMP),
(39, 114, 0, 1, CURRENT_TIMESTAMP),
(39, 115, 0, 1, CURRENT_TIMESTAMP),

(40, 108, 0, 1, CURRENT_TIMESTAMP),
(40, 109, 0, 1, CURRENT_TIMESTAMP),
(40, 110, 0, 1, CURRENT_TIMESTAMP),
(40, 113, 0, 1, CURRENT_TIMESTAMP),
(40, 114, 0, 1, CURRENT_TIMESTAMP),
(40, 115, 0, 1, CURRENT_TIMESTAMP),

(41, 108, 0, 1, CURRENT_TIMESTAMP),
(41, 109, 0, 1, CURRENT_TIMESTAMP),
(41, 110, 0, 1, CURRENT_TIMESTAMP),
(41, 113, 0, 1, CURRENT_TIMESTAMP),
(41, 114, 0, 1, CURRENT_TIMESTAMP),
(41, 115, 0, 1, CURRENT_TIMESTAMP),

(42, 108, 0, 1, CURRENT_TIMESTAMP),
(42, 109, 0, 1, CURRENT_TIMESTAMP),
(42, 113, 0, 1, CURRENT_TIMESTAMP),
(42, 114, 0, 1, CURRENT_TIMESTAMP),
(43, 1, 0, 1,CURRENT_TIMESTAMP),
(52, 1, 0, 1,CURRENT_TIMESTAMP),
(53, 1, 0, 1,CURRENT_TIMESTAMP),

(43, 13, 0, 1,CURRENT_TIMESTAMP),
(52, 13, 0, 1,CURRENT_TIMESTAMP),
(53, 13, 0, 1,CURRENT_TIMESTAMP),

(43, 86, 0, 1,CURRENT_TIMESTAMP),
(52, 86, 0, 1,CURRENT_TIMESTAMP),
(53, 86, 0, 1,CURRENT_TIMESTAMP),

(43, 94, 0, 1,CURRENT_TIMESTAMP),
(43, 95, 0, 1,CURRENT_TIMESTAMP),
(43, 96, 0, 1,CURRENT_TIMESTAMP),
(43, 97, 0, 1,CURRENT_TIMESTAMP),
(43, 131, 0, 1,CURRENT_TIMESTAMP),
(43, 132, 0, 1,CURRENT_TIMESTAMP),

(52, 137, 0, 1,CURRENT_TIMESTAMP),
(52, 138, 0, 1,CURRENT_TIMESTAMP),
(52, 96, 0, 1,CURRENT_TIMESTAMP),
(52, 97, 0, 1,CURRENT_TIMESTAMP),
(52, 133, 0, 1,CURRENT_TIMESTAMP),
(52, 120, 0, 1,CURRENT_TIMESTAMP),

(53, 139, 0, 1,CURRENT_TIMESTAMP),
(53, 140, 0, 1,CURRENT_TIMESTAMP),
(53, 96, 0, 1,CURRENT_TIMESTAMP),
(53, 97, 0, 1,CURRENT_TIMESTAMP),
(53, 134, 0, 1,CURRENT_TIMESTAMP),
(53, 121, 0, 1,CURRENT_TIMESTAMP),

(44, 1, 0, 1,CURRENT_TIMESTAMP),
(44, 13, 0, 1,CURRENT_TIMESTAMP),
(44, 86, 0, 1,CURRENT_TIMESTAMP),
(44, 84, 0, 1,CURRENT_TIMESTAMP),
(44, 88, 0, 1,CURRENT_TIMESTAMP),
(44, 135, 0, 1,CURRENT_TIMESTAMP),
(44, 136, 0, 1,CURRENT_TIMESTAMP),
(44, 118, 0, 1,CURRENT_TIMESTAMP),
(44, 119, 0, 1,CURRENT_TIMESTAMP),

(54, 1, 0, 1,CURRENT_TIMESTAMP),
(54, 13, 0, 1,CURRENT_TIMESTAMP),
(54, 86, 0, 1,CURRENT_TIMESTAMP),
(54, 84, 0, 1,CURRENT_TIMESTAMP),
(54, 88, 0, 1,CURRENT_TIMESTAMP),
(54, 135, 0, 1,CURRENT_TIMESTAMP),
(54, 136, 0, 1,CURRENT_TIMESTAMP),
(54, 118, 0, 1,CURRENT_TIMESTAMP),
(54, 119, 0, 1,CURRENT_TIMESTAMP),
(54, 122, 0, 1,CURRENT_TIMESTAMP),

(43, 115, 0, 1,CURRENT_TIMESTAMP),
(44, 115, 0, 1,CURRENT_TIMESTAMP),
(52, 115, 0, 1,CURRENT_TIMESTAMP),
(53, 115, 0, 1,CURRENT_TIMESTAMP),
(54, 115, 0, 1,CURRENT_TIMESTAMP),

(43, 110, 0, 1,CURRENT_TIMESTAMP),
(44, 110, 0, 1,CURRENT_TIMESTAMP),
(52, 110, 0, 1,CURRENT_TIMESTAMP),
(53, 110, 0, 1,CURRENT_TIMESTAMP),
(54, 110, 0, 1,CURRENT_TIMESTAMP),

(44, 108, 0, 1,CURRENT_TIMESTAMP),
(54, 108, 0, 1,CURRENT_TIMESTAMP),

(44, 113, 0, 1,CURRENT_TIMESTAMP),
(54, 113, 0, 1,CURRENT_TIMESTAMP),
(39, 127, 0, 1, CURRENT_TIMESTAMP),
(10, 130, 0, 1, CURRENT_TIMESTAMP),
(7, 124, 0, 1, CURRENT_TIMESTAMP),
(18, 128, 0, 1, CURRENT_TIMESTAMP),

(5, 123, 0, 1, CURRENT_TIMESTAMP),
(5, 124, 0, 1, CURRENT_TIMESTAMP),
(19, 125, 0, 1, CURRENT_TIMESTAMP),
(32, 126, 0, 1, CURRENT_TIMESTAMP);

INSERT INTO `ima_game_dependency` (`Game_ID`, `Resource_ID`, `Order`, `Active`, `Last_Edit`) VALUES
(3, 1, 1, 1, CURRENT_TIMESTAMP),
(3, 2, 2, 1, CURRENT_TIMESTAMP),
(4, 1, 1, 1, CURRENT_TIMESTAMP),
(4, 2, 2, 1, CURRENT_TIMESTAMP),
(5, 1, 1, 1, CURRENT_TIMESTAMP),
(5, 2, 2, 1, CURRENT_TIMESTAMP),
(7, 1, 1, 1, CURRENT_TIMESTAMP),
(7, 2, 2, 1, CURRENT_TIMESTAMP),
(8, 1, 1, 1, CURRENT_TIMESTAMP),
(8, 2, 2, 1, CURRENT_TIMESTAMP),
(10, 1, 1, 1, CURRENT_TIMESTAMP),
(10, 2, 2, 1, CURRENT_TIMESTAMP),
(14, 11, 1, 1, CURRENT_TIMESTAMP),
(14, 12, 2, 1, CURRENT_TIMESTAMP),
(14, 6, 3, 1, CURRENT_TIMESTAMP),
(15, 11, 1, 1, CURRENT_TIMESTAMP),
(15, 12, 2, 1, CURRENT_TIMESTAMP),
(15, 6, 3, 1, CURRENT_TIMESTAMP),
(16, 11, 1, 1, CURRENT_TIMESTAMP),
(16, 12, 2, 1, CURRENT_TIMESTAMP),
(17, 11, 1, 1, CURRENT_TIMESTAMP),
(17, 12, 2, 1, CURRENT_TIMESTAMP),
(17, 7, 3, 1, CURRENT_TIMESTAMP),
(18, 1, 1, 1, CURRENT_TIMESTAMP),
(18, 2, 2, 1, CURRENT_TIMESTAMP),

(19, 1, 1, 1, CURRENT_TIMESTAMP),
(19, 2, 2, 1, CURRENT_TIMESTAMP),

(20, 8, 1, 1, CURRENT_TIMESTAMP),
(20, 2, 2, 1, CURRENT_TIMESTAMP),

(21, 1, 1, 1, CURRENT_TIMESTAMP),
(21, 2, 2, 1, CURRENT_TIMESTAMP),
(21, 3, 3, 1, CURRENT_TIMESTAMP),
(21, 9, 4, 1, CURRENT_TIMESTAMP),
(21, 10, 5, 1, CURRENT_TIMESTAMP),
(22, 1, 1, 1, CURRENT_TIMESTAMP),
(22, 2, 2, 1, CURRENT_TIMESTAMP),
(23, 1, 1, 1, CURRENT_TIMESTAMP),
(23, 2, 2, 1, CURRENT_TIMESTAMP),
(24, 1, 1, 1, CURRENT_TIMESTAMP),
(24, 2, 2, 1, CURRENT_TIMESTAMP),
(25, 1, 1, 1, CURRENT_TIMESTAMP),
(25, 2, 2, 1, CURRENT_TIMESTAMP),
(26, 1, 1, 1, CURRENT_TIMESTAMP),
(26, 2, 2, 1, CURRENT_TIMESTAMP),
(28, 1, 1, 1, CURRENT_TIMESTAMP),
(28, 2, 2, 1, CURRENT_TIMESTAMP),
(30, 1, 1, 1, CURRENT_TIMESTAMP),
(30, 2, 2, 1, CURRENT_TIMESTAMP),
(31, 1, 1, 1, CURRENT_TIMESTAMP),
(31, 2, 2, 1, CURRENT_TIMESTAMP),
(32, 1, 1, 1, CURRENT_TIMESTAMP),
(32, 2, 2, 1, CURRENT_TIMESTAMP),

(33, 1, 1, 1, CURRENT_TIMESTAMP),
(33, 2, 2, 1, CURRENT_TIMESTAMP),
(33, 3, 3, 1, CURRENT_TIMESTAMP),
(33, 9, 4, 1, CURRENT_TIMESTAMP),
(33, 10, 5, 1, CURRENT_TIMESTAMP),

(34, 1, 1, 1, CURRENT_TIMESTAMP),
(34, 2, 2, 1, CURRENT_TIMESTAMP),
(34, 3, 3, 1, CURRENT_TIMESTAMP),
(34, 9, 4, 1, CURRENT_TIMESTAMP),
(34, 10, 5, 1, CURRENT_TIMESTAMP),

(35, 1, 1, 1, CURRENT_TIMESTAMP),
(35, 2, 2, 1, CURRENT_TIMESTAMP),
(35, 3, 3, 1, CURRENT_TIMESTAMP),
(35, 9, 4, 1, CURRENT_TIMESTAMP),
(35, 10, 5, 1, CURRENT_TIMESTAMP),

(36, 1, 1, 1, CURRENT_TIMESTAMP),
(36, 2, 2, 1, CURRENT_TIMESTAMP),

(37, 1, 1, 1, CURRENT_TIMESTAMP),
(37, 2, 2, 1, CURRENT_TIMESTAMP),

(38, 1, 1, 1, CURRENT_TIMESTAMP),
(38, 2, 2, 1, CURRENT_TIMESTAMP),
(38, 3, 3, 1, CURRENT_TIMESTAMP),
(38, 9, 4, 1, CURRENT_TIMESTAMP),
(38, 10, 5, 1, CURRENT_TIMESTAMP),
(39, 1, 1, 1, CURRENT_TIMESTAMP),
(39, 2, 2, 1, CURRENT_TIMESTAMP),
(40, 1, 1, 1, CURRENT_TIMESTAMP),
(40, 2, 2, 1, CURRENT_TIMESTAMP),

(41, 1, 1, 1, CURRENT_TIMESTAMP),
(41, 2, 2, 1, CURRENT_TIMESTAMP),

(42, 1, 1, 1, CURRENT_TIMESTAMP),
(42, 2, 2, 1, CURRENT_TIMESTAMP),
(42, 3, 3, 1, CURRENT_TIMESTAMP),
(42, 11, 4, 1, CURRENT_TIMESTAMP),
(42, 10, 5, 1, CURRENT_TIMESTAMP),
(43, 1, 1, 1, CURRENT_TIMESTAMP),
(43, 2, 2, 1, CURRENT_TIMESTAMP),

(52, 1, 1, 1, CURRENT_TIMESTAMP),
(52, 2, 2, 1, CURRENT_TIMESTAMP),

(53, 1, 1, 1, CURRENT_TIMESTAMP),
(53, 2, 2, 1, CURRENT_TIMESTAMP),

(44, 1, 1, 1, CURRENT_TIMESTAMP),
(44, 2, 2, 1, CURRENT_TIMESTAMP),
(44, 3, 3, 1, CURRENT_TIMESTAMP),
(44, 11, 4, 1, CURRENT_TIMESTAMP),
(44, 10, 5, 1, CURRENT_TIMESTAMP),

(54, 1, 1, 1, CURRENT_TIMESTAMP),
(54, 2, 2, 1, CURRENT_TIMESTAMP),
(54, 3, 3, 1, CURRENT_TIMESTAMP),
(54, 11, 4, 1, CURRENT_TIMESTAMP),
(54, 10, 5, 1, CURRENT_TIMESTAMP);

INSERT INTO `ima_game_resource` (`Resource_ID`, `Name`, `Resource_URL`, `Type`, `Version`, `Active`, `Last_Edit`) VALUES
(1, 'ENVIRONMENT', 'GameEnvironment', 'Scene', 21, 1, CURRENT_TIMESTAMP),
(2, 'GUI', 'GameMenu', 'Scene', 22, 1, CURRENT_TIMESTAMP),
(3, 'LOADER', 'Loader', 'Scene', 13, 1, CURRENT_TIMESTAMP),
(6, 'elements', 'Element_Res', 'Resource', 13, 1, CURRENT_TIMESTAMP),
(7, 'pictures', 'Pictures_Res', 'Resource', 13, 1, CURRENT_TIMESTAMP),
(8, 'SMENVIRONMENT', 'SmartMarketEnvironment', 'Scene', 12, 1, CURRENT_TIMESTAMP),
(9, 'KIDSENVIRONMENT', 'KidsEnvironment', 'Scene', 11, 1, CURRENT_TIMESTAMP),
(10, 'KIDSMENU', 'GameMenu', 'Scene', 11, 1, CURRENT_TIMESTAMP),
(11, 'VOID_ENVIRONMENT', 'VoidEnvironment', 'Scene', 1, 1, CURRENT_TIMESTAMP),
(12, 'GUI', 'GameMenuCognitive', 'Scene', 22, 1, CURRENT_TIMESTAMP);



--
-- Dump dei dati per la tabella `ima_game_parameter_value`
--
INSERT INTO `ima_game_parameter_value` (`Parameter_ID`, `Value`, `Label`, `Description`, `Active`, `Last_Edit`, `Default`, `Order`) VALUES
(1, '60', '1 minute', NULL, 1, '2016-03-04 10:47:33', 1, 1),
(1, '120', '2 minutes', NULL, 1, '2016-03-04 10:47:33', 0, 2),
(1, '180', '3 minutes', NULL, 1, '2016-03-04 10:47:33', 0, 3),
(1, '240', '4 minutes', NULL, 1, '2016-03-04 10:47:33', 0, 4),
(1, '300', '5 minutes', NULL, 1, '2016-03-04 10:47:33', 0, 5),
(2, 'very fast', 'very fast', NULL, 1, '2016-03-04 10:47:33', 0, 4),	
(2, 'fast', 'fast', NULL, 1, '2016-03-04 10:47:33', 0, 3),
(2, 'medium', 'medium', NULL, 1, '2016-03-04 10:47:33', 1, 2),
(2, 'very slow', 'slow', NULL, 1, '2016-03-04 10:48:06', 0, 1),
(3, 'few', 'few', NULL, 1, '2016-03-04 10:47:33', 0, 1),
(3, 'many', 'many', NULL, 1, '2016-03-04 10:47:33', 0, 3),
(3, 'a lot', 'a lot', NULL, 1, '2016-03-04 10:47:33', 0, 4),
(3, 'medium', 'medium', NULL, 1, '2016-03-04 10:47:33', 1, 2),
(4, 'no bees', 'no bees', NULL, 1, '2016-03-04 10:47:33', 0, 0),
(4, '10% bees', '10% bees', NULL, 1, '2016-03-04 10:47:33', 0, 1),
(4, '30% bees', '30% bees', NULL, 1, '2016-03-04 10:47:33', 1, 2),
(4, '50% bees', '50% bees', NULL, 1, '2016-03-04 10:47:33', 0, 3),
(5, '2(right,left)', 'right vs left', NULL, 1, '2016-03-04 10:48:54', 0, 1),
(5, '2(upper,lower)', 'upper vs lower', NULL, 1, '2016-03-04 10:49:01', 0, 2),
(5, '4(right,left,upper,lower)', 'all 4 positions', NULL, 1, '2016-03-04 10:51:02', 1, 3),
(6, 'big space', 'big spaces', NULL, 1, '2016-03-04 10:50:16', 1, 1),
(6, 'small space', 'small spaces', NULL, 1, '2016-03-04 10:50:18', 0, 2),
(7, 'big', 'big', NULL, 1, '2016-03-04 10:47:33', 1, 1),
(7, 'medium', 'medium', NULL, 1, '2016-03-04 10:47:33', 0, 2),
(7, 'small', 'small', NULL, 1, '2016-03-04 10:47:33', 0, 3),
(8, 'all', 'all', NULL, 1, '2016-03-04 10:47:33', 1, 3),
(8, 'half far', 'half far', NULL, 1, '2016-03-04 10:47:33', 0, 2),
(8, 'half near', 'half near', NULL, 1, '2016-03-04 10:47:33', 0, 1),
(9, 'large', 'large', NULL, 1, '2016-03-04 10:47:33', 0, 3),
(9, 'medium', 'medium', NULL, 1, '2016-03-04 10:47:33', 1, 2),
(9, 'small', 'small', NULL, 1, '2016-03-04 10:47:33', 0, 1),
(10, 'very fast', 'very fast', NULL, 1, '2016-03-04 10:47:33', 0, 3),	
(10, 'fast', 'fast', NULL, 1, '2016-03-04 10:47:33', 0, 3),
(10, 'medium', 'medium', NULL, 1, '2016-03-04 10:47:33', 1, 2),
(10, 'slow', 'slow', NULL, 1, '2016-03-04 10:47:33', 0, 1),
(11, 'no engines', 'no gears', NULL, 1, '2016-03-04 10:50:30', 0, 0),
(11, '10% engines', '10% gears', NULL, 1, '2016-03-04 10:50:30', 0, 1),
(11, '30% engines', '30% gears', NULL, 1, '2016-03-04 10:50:35', 1, 2),
(11, '50% engines', '50% gears', NULL, 1, '2016-03-04 10:50:38', 0, 3),
(12, 'right', 'right', NULL, 1, '2016-03-04 10:50:30', 0, 1),
(12, 'left', 'left', NULL, 1, '2016-03-04 10:50:35', 0, 2),
(12, 'preferred', 'default', NULL, 1, '2016-03-04 10:50:35', 1, 3),
(12, 'not preferred', 'not default', NULL, 1, '2016-03-04 10:50:35', 0, 4),
(13, 'standing', 'standing', NULL, 1, '2016-03-04 10:50:38', 1, 1),
(13, 'sitting', 'sitting', NULL, 1, '2016-03-04 10:50:38', 0, 2),

(23, '1','1 stage',NULL, 1, CURRENT_TIMESTAMP, 0, 1),
(23, '3','3 stages',NULL, 1, CURRENT_TIMESTAMP, 1, 3),
(23, '5','5 stages',NULL, 1, CURRENT_TIMESTAMP, 0, 5),
(23, '10','10 stages',NULL, 1, CURRENT_TIMESTAMP, 0, 10),
(23, '15','15 stages',NULL, 1, CURRENT_TIMESTAMP, 0, 15),

(24, '1','a single type',NULL, 1, CURRENT_TIMESTAMP, 0, 1),
(24, '2','2 types',NULL, 1, CURRENT_TIMESTAMP, 1, 2),
(24, '3','3 types',NULL, 1, CURRENT_TIMESTAMP, 0, 3),

(25, '1-5','random',NULL, 0, CURRENT_TIMESTAMP, 0, 1),
(25, '1-2','few',NULL, 0, CURRENT_TIMESTAMP, 0, 2),
(25, '2-4','medium',NULL, 0, CURRENT_TIMESTAMP, 0, 3),
(25, '4-5','many',NULL, 0, CURRENT_TIMESTAMP, 0, 4),
(25, '1','1',NULL, 1, CURRENT_TIMESTAMP, 0, 5),
(25, '2','2',NULL, 1, CURRENT_TIMESTAMP, 1, 6),
(25, '3','3',NULL, 1, CURRENT_TIMESTAMP, 0, 7),
(25, '4','4',NULL, 1, CURRENT_TIMESTAMP, 0, 8),
(25, '5','5',NULL, 1, CURRENT_TIMESTAMP, 0, 9),

(26, 'all','all',NULL, 1, CURRENT_TIMESTAMP, 0, 1),
(26, 'shapes','_shapes',NULL, 1, CURRENT_TIMESTAMP, 0, 2),
(26, 'geometric','__geometric',NULL, 1, CURRENT_TIMESTAMP, 0, 3),
(26, 'numbers','__numbers',NULL, 1, CURRENT_TIMESTAMP, 0, 4),
(26, 'letters','__letters',NULL, 1, CURRENT_TIMESTAMP, 0, 5),
(26, 'objects','_objects',NULL, 1, CURRENT_TIMESTAMP, 1, 6),
(26, 'cloth','__cloth',NULL, 1, CURRENT_TIMESTAMP, 0, 7),
(26, 'desktop','__desktop',NULL, 1, CURRENT_TIMESTAMP, 0, 8),
(26, 'home','__home',NULL, 1, CURRENT_TIMESTAMP, 0, 9),
(26, 'instruments','__instruments',NULL, 1, CURRENT_TIMESTAMP, 0, 10),
(26, 'kitchen','__kitchen',NULL, 1, CURRENT_TIMESTAMP, 0, 11),
(26, 'tools','__tools',NULL, 1, CURRENT_TIMESTAMP, 0, 12),
(26, 'transport','__transport',NULL, 1, CURRENT_TIMESTAMP, 0, 13),

(27, 'c','only central',NULL, 1, CURRENT_TIMESTAMP, 0, 2),
(27, 'c+i','avoid peripherical',NULL, 1, CURRENT_TIMESTAMP, 0, 7),
(27, 'c+i+p','all the grid',NULL, 1, CURRENT_TIMESTAMP, 1, 1),
(27, 'i','only intermediate',NULL, 1, CURRENT_TIMESTAMP, 0, 3),
(27, 'p','only peripherical',NULL, 1, CURRENT_TIMESTAMP, 0, 4),
(27, 'i+p','avoid central',NULL, 1, CURRENT_TIMESTAMP, 0, 5),
(27, 'c+p','avoid intermediate',NULL, 1, CURRENT_TIMESTAMP, 0, 6),

(28, '4','4',NULL, 1, CURRENT_TIMESTAMP, 0, 1),
(28, '8','8',NULL, 1, CURRENT_TIMESTAMP, 0, 2),
(28, '12','12',NULL, 1, CURRENT_TIMESTAMP, 1, 3),
(28, '16','16',NULL, 1, CURRENT_TIMESTAMP, 0, 4),
(28, '20','20',NULL, 1, CURRENT_TIMESTAMP, 0, 5),

(29,'alldiff','100% different',NULL, 1, CURRENT_TIMESTAMP, 1, 0),
(29,'25%cat','25% same category',NULL, 1, CURRENT_TIMESTAMP, 0, 5),
(29,'25%cat+25%col','25% same category + 25% same color',NULL, 1, CURRENT_TIMESTAMP, 0, 9),
(29,'25%cat+25%col+25%c2','25% same category + 25% same color + 25% same color and category',NULL, 1, CURRENT_TIMESTAMP, 0, 15),
(29,'25%cat+25%col+25%c2+25%o','25% same category + 25% same color + 25% same color and category + 25% same object',NULL, 1, CURRENT_TIMESTAMP, 0, 19),
(29,'25%cat+25%col+50%c2','25% same category + 25% same color + 50% same color and category',NULL, 0, CURRENT_TIMESTAMP, 0, 4),
(29,'25%cat+25%col+25%o','25% same category + 25% same color + 25% same object',NULL, 1, CURRENT_TIMESTAMP, 0, 16),
(29,'25%cat+25%col+50%o','25% same category + 25% same color + 50% same object',NULL, 0, CURRENT_TIMESTAMP, 0, 4),
(29,'25%cat+50%col','25% same category + 50% same color',NULL, 0, CURRENT_TIMESTAMP, 0, 4),
(29,'25%cat+50%col+25c2','25% same category + 50% same color + 25% same color and category',NULL, 0, CURRENT_TIMESTAMP, 0, 4),
(29,'25%cat+50%col+25o','25% same category + 50% same color + 25% same object',NULL, 0, CURRENT_TIMESTAMP, 0, 4),
(29,'25%cat+75%col','25% same category + 75% same color',NULL, 0, CURRENT_TIMESTAMP, 0, 4),
(29,'25%cat+25%c2','25% same category + 25% same color and category',NULL, 1, CURRENT_TIMESTAMP, 0, 10),
(29,'25%cat+25%c2+25%o','25% same category + 25% same color and category +25% same object',NULL, 1, CURRENT_TIMESTAMP, 0, 17),
(29,'25%cat+25%c2+50%o','25% same category + 25% same color and category +50% same object',NULL, 0, CURRENT_TIMESTAMP, 0, 4),
(29,'25%cat+50%c2','25% same category + 50% same color and category',NULL, 0, CURRENT_TIMESTAMP, 0, 4),
(29,'25%cat+50%c2+25%o','25% same category + 50% same color and category + 25% same object',NULL, 0, CURRENT_TIMESTAMP, 0, 4),
(29,'25%cat+75%c2','25% same category + 75% same color and category',NULL, 0, CURRENT_TIMESTAMP, 0, 4),
(29,'25%cat+25%o','25% same category + 25% same object',NULL, 1, CURRENT_TIMESTAMP, 0, 11),
(29,'25%cat+50%o','25% same category + 50% same object',NULL, 0, CURRENT_TIMESTAMP, 0, 4),
(29,'25%cat+75%o','25% same category + 75% same object',NULL, 0, CURRENT_TIMESTAMP, 0, 4),
(29,'50%cat','50% same category',NULL, 0, CURRENT_TIMESTAMP, 0, 4),
(29,'50%cat+25%col','50% same category + 25% same color',NULL, 0, CURRENT_TIMESTAMP, 0, 4),
(29,'50%cat+25%col+25%c2','50% same category + 25% same color + 25% same color and category',NULL, 0, CURRENT_TIMESTAMP, 0, 4),
(29,'50%cat+25%col+25%o','50% same category + 25% same color + 25% same object',NULL, 0, CURRENT_TIMESTAMP, 0, 4),
(29,'50%cat+50%col','50% same category + 50% same color',NULL, 0, CURRENT_TIMESTAMP, 0, 4),
(29,'50%cat+25%c2','50% same category + 25% same color and category',NULL, 0, CURRENT_TIMESTAMP, 0, 4),
(29,'50%cat+25%c2+25%o','50% same category + 25% same color and category + 25% same object',NULL, 0, CURRENT_TIMESTAMP, 0, 4),
(29,'50%cat+50%c2','50% same category + 50% same color and category',NULL, 0, CURRENT_TIMESTAMP, 0, 4),
(29,'50%cat+25%o','50% same category + 25% same object',NULL, 0, CURRENT_TIMESTAMP, 0, 4),
(29,'50%cat+50%o','50% same category + 50% same object',NULL, 0, CURRENT_TIMESTAMP, 0, 4),
(29,'75%cat','75% same category',NULL, 0, CURRENT_TIMESTAMP, 0, 4),
(29,'75%cat+25%col','75% same category + 25% same color',NULL, 0, CURRENT_TIMESTAMP, 0, 4),
(29,'75%cat+25%c2','75% same category + 25% same color and category',NULL, 0, CURRENT_TIMESTAMP, 0, 4),
(29,'75%cat+25%o','75% same category + 25% same object',NULL, 0, CURRENT_TIMESTAMP, 0, 4),
(29,'allcat','100% same category',NULL, 1, CURRENT_TIMESTAMP, 0, 1),
(29,'25%col','25% same color',NULL, 1, CURRENT_TIMESTAMP, 0, 6),
(29,'25%col+25%c2','25% same color + 25% same color and category',NULL, 1, CURRENT_TIMESTAMP, 0, 12),
(29,'25%col+25%c2+25%o','25% same color + 25% same color and category + 25% same object',NULL, 1, CURRENT_TIMESTAMP, 0, 18),
(29,'25%col+25%c2+50%o','25% same color + 25% same color and category + 50% same object',NULL, 0, CURRENT_TIMESTAMP, 0, 4),
(29,'25%col+50%c2','25% same color + 50% same color and category',NULL, 0, CURRENT_TIMESTAMP, 0, 4),
(29,'25%col+50%c2+25%','25% same color + 50% same color and category + 25% same object',NULL, 0, CURRENT_TIMESTAMP, 0, 4),
(29,'25%col+75%c2','25% same color + 75% same color and category',NULL, 0, CURRENT_TIMESTAMP, 0, 4),
(29,'25%col+25%o','25% same color + 25% same object',NULL, 1, CURRENT_TIMESTAMP, 0, 13),
(29,'25%col+50%o','25% same color + 50% same object',NULL, 0, CURRENT_TIMESTAMP, 0, 4),
(29,'25%col+75%o','25% same color + 75% same object',NULL, 0, CURRENT_TIMESTAMP, 0, 4),
(29,'50%col','50% same color',NULL, 0, CURRENT_TIMESTAMP, 0, 4),
(29,'50%col+25%c2','50% same color + 25% same color and category',NULL, 0, CURRENT_TIMESTAMP, 0, 4),
(29,'50%col+25%c2+25%o','50% same color + 25% same color and category + 25% same object',NULL, 0, CURRENT_TIMESTAMP, 0, 4),
(29,'50%col+50%c2','50% same color + 50% same color and category',NULL, 0, CURRENT_TIMESTAMP, 0, 4),
(29,'50%col+25%o','50% same color + 25% same object',NULL, 0, CURRENT_TIMESTAMP, 0, 4),
(29,'50%col+50%o','50% same color + 50% same object',NULL, 0, CURRENT_TIMESTAMP, 0, 4),
(29,'75%col','75% same color',NULL, 0, CURRENT_TIMESTAMP, 0, 4),
(29,'75%col+25%c2','75% same color + 25% same color and category',NULL, 0, CURRENT_TIMESTAMP, 0, 4),
(29,'75%col+25%o','75% same color + 25% same object',NULL, 0, CURRENT_TIMESTAMP, 0, 4),
(29,'allcol','100% same color',NULL, 1, CURRENT_TIMESTAMP, 0, 2),
(29,'25%c2','25% same color and category',NULL, 1, CURRENT_TIMESTAMP, 0, 7),
(29,'25%c2+25%o','25% same color and category + 25% same object',NULL, 1, CURRENT_TIMESTAMP, 0, 14),
(29,'25%c2+50%o','25% same color and category + 50% same object',NULL, 0, CURRENT_TIMESTAMP, 0, 4),
(29,'25%c2+75%o','25% same color and category + 75% same object',NULL, 0, CURRENT_TIMESTAMP, 0, 4),
(29,'50%c2','50% same color and category',NULL, 0, CURRENT_TIMESTAMP, 0, 4),
(29,'50%c2+25%o','50% same color and category + 25% same object',NULL, 0, CURRENT_TIMESTAMP, 0, 4),
(29,'50%c2+50%o','50% same color and category + 50% same object',NULL, 0, CURRENT_TIMESTAMP, 0, 4),
(29,'75%c2','75% same color and category',NULL, 0, CURRENT_TIMESTAMP, 0, 4),
(29,'75%c2+25%o','75% same color and category + 25% same object',NULL, 0, CURRENT_TIMESTAMP, 0, 4),
(29,'allc2','100% same color and category',NULL, 1, CURRENT_TIMESTAMP, 0, 3),
(29,'25%o','25% same object',NULL, 1, CURRENT_TIMESTAMP, 0, 8),
(29,'50%o','50% same object',NULL, 0, CURRENT_TIMESTAMP, 0, 4),
(29,'75%o','75% same object',NULL, 0, CURRENT_TIMESTAMP, 0, 4),
(29,'allo','100% same object',NULL, 1, CURRENT_TIMESTAMP, 0, 4),

(30,'3','3',NULL, 1, CURRENT_TIMESTAMP, 0, 1),
(30,'4','4',NULL, 1, CURRENT_TIMESTAMP, 0, 2),
(30,'5','5',NULL, 1, CURRENT_TIMESTAMP, 1, 3),
(30,'6','6',NULL, 1, CURRENT_TIMESTAMP, 0, 4),
(30,'7','7',NULL, 1, CURRENT_TIMESTAMP, 0, 5),
(30,'8','8',NULL, 1, CURRENT_TIMESTAMP, 0, 6),

(31,'2','pairs',NULL, 1, CURRENT_TIMESTAMP, 1, 1),
(31,'3','triplets',NULL, 1, CURRENT_TIMESTAMP, 0, 2),

(32,'3','3 seconds',NULL, 1, CURRENT_TIMESTAMP, 0, 1),
(32,'4','4 seconds',NULL, 1, CURRENT_TIMESTAMP, 0, 2),
(32,'5','5 seconds',NULL, 1, CURRENT_TIMESTAMP, 1, 3),
(32,'6','6 seconds',NULL, 1, CURRENT_TIMESTAMP, 0, 4),
(32,'7','7 seconds',NULL, 1, CURRENT_TIMESTAMP, 0, 5),

(33,'6','6 seconds',NULL, 1, CURRENT_TIMESTAMP, 0, 1),
(33,'5','5 seconds',NULL, 1, CURRENT_TIMESTAMP, 0, 2),
(33,'4','4 seconds',NULL, 1, CURRENT_TIMESTAMP, 1, 3),
(33,'3','3 seconds',NULL, 1, CURRENT_TIMESTAMP, 0, 4),
(33,'2','2 seconds',NULL, 1, CURRENT_TIMESTAMP, 0, 5),

(34,'alldiff','100% different',NULL, 1, CURRENT_TIMESTAMP, 1, 0),
(34,'25%cat','25% same category',NULL, 1, CURRENT_TIMESTAMP, 0, 5),
(34,'25%cat+25%col','25% same category + 25% same color',NULL, 1, CURRENT_TIMESTAMP, 0, 9),
(34,'25%cat+25%col+25%c2','25% same category + 25% same color + 25% same color and category',NULL, 1, CURRENT_TIMESTAMP, 0, 15),
(34,'25%cat+25%col+25%c2+25%o','25% same category + 25% same color + 25% same color and category + 25% same object',NULL, 1, CURRENT_TIMESTAMP, 0, 19),
(34,'25%cat+25%col+50%c2','25% same category + 25% same color + 50% same color and category',NULL, 0, CURRENT_TIMESTAMP, 0, 4),
(34,'25%cat+25%col+25%o','25% same category + 25% same color + 25% same object',NULL, 1, CURRENT_TIMESTAMP, 0, 16),
(34,'25%cat+25%col+50%o','25% same category + 25% same color + 50% same object',NULL, 0, CURRENT_TIMESTAMP, 0, 4),
(34,'25%cat+50%col','25% same category + 50% same color',NULL, 0, CURRENT_TIMESTAMP, 0, 4),
(34,'25%cat+50%col+25c2','25% same category + 50% same color + 25% same color and category',NULL, 0, CURRENT_TIMESTAMP, 0, 4),
(34,'25%cat+50%col+25o','25% same category + 50% same color + 25% same object',NULL, 0, CURRENT_TIMESTAMP, 0, 4),
(34,'25%cat+75%col','25% same category + 75% same color',NULL, 0, CURRENT_TIMESTAMP, 0, 4),
(34,'25%cat+25%c2','25% same category + 25% same color and category',NULL, 1, CURRENT_TIMESTAMP, 0, 10),
(34,'25%cat+25%c2+25%o','25% same category + 25% same color and category +25% same object',NULL, 1, CURRENT_TIMESTAMP, 0, 17),
(34,'25%cat+25%c2+50%o','25% same category + 25% same color and category +50% same object',NULL, 0, CURRENT_TIMESTAMP, 0, 4),
(34,'25%cat+50%c2','25% same category + 50% same color and category',NULL, 0, CURRENT_TIMESTAMP, 0, 4),
(34,'25%cat+50%c2+25%o','25% same category + 50% same color and category + 25% same object',NULL, 0, CURRENT_TIMESTAMP, 0, 4),
(34,'25%cat+75%c2','25% same category + 75% same color and category',NULL, 0, CURRENT_TIMESTAMP, 0, 4),
(34,'25%cat+25%o','25% same category + 25% same object',NULL, 1, CURRENT_TIMESTAMP, 0, 11),
(34,'25%cat+50%o','25% same category + 50% same object',NULL, 0, CURRENT_TIMESTAMP, 0, 4),
(34,'25%cat+75%o','25% same category + 75% same object',NULL, 0, CURRENT_TIMESTAMP, 0, 4),
(34,'50%cat','50% same category',NULL, 0, CURRENT_TIMESTAMP, 0, 4),
(34,'50%cat+25%col','50% same category + 25% same color',NULL, 0, CURRENT_TIMESTAMP, 0, 4),
(34,'50%cat+25%col+25%c2','50% same category + 25% same color + 25% same color and category',NULL, 0, CURRENT_TIMESTAMP, 0, 4),
(34,'50%cat+25%col+25%o','50% same category + 25% same color + 25% same object',NULL, 0, CURRENT_TIMESTAMP, 0, 4),
(34,'50%cat+50%col','50% same category + 50% same color',NULL, 0, CURRENT_TIMESTAMP, 0, 4),
(34,'50%cat+25%c2','50% same category + 25% same color and category',NULL, 0, CURRENT_TIMESTAMP, 0, 4),
(34,'50%cat+25%c2+25%o','50% same category + 25% same color and category + 25% same object',NULL, 0, CURRENT_TIMESTAMP, 0, 4),
(34,'50%cat+50%c2','50% same category + 50% same color and category',NULL, 0, CURRENT_TIMESTAMP, 0, 4),
(34,'50%cat+25%o','50% same category + 25% same object',NULL, 0, CURRENT_TIMESTAMP, 0, 4),
(34,'50%cat+50%o','50% same category + 50% same object',NULL, 0, CURRENT_TIMESTAMP, 0, 4),
(34,'75%cat','75% same category',NULL, 0, CURRENT_TIMESTAMP, 0, 4),
(34,'75%cat+25%col','75% same category + 25% same color',NULL, 0, CURRENT_TIMESTAMP, 0, 4),
(34,'75%cat+25%c2','75% same category + 25% same color and category',NULL, 0, CURRENT_TIMESTAMP, 0, 4),
(34,'75%cat+25%o','75% same category + 25% same object',NULL, 0, CURRENT_TIMESTAMP, 0, 4),
(34,'allcat','100% same category',NULL, 1, CURRENT_TIMESTAMP, 0, 1),
(34,'25%col','25% same color',NULL, 1, CURRENT_TIMESTAMP, 0, 6),
(34,'25%col+25%c2','25% same color + 25% same color and category',NULL, 1, CURRENT_TIMESTAMP, 0, 12),
(34,'25%col+25%c2+25%o','25% same color + 25% same color and category + 25% same object',NULL, 1, CURRENT_TIMESTAMP, 0, 18),
(34,'25%col+25%c2+50%o','25% same color + 25% same color and category + 50% same object',NULL, 0, CURRENT_TIMESTAMP, 0, 4),
(34,'25%col+50%c2','25% same color + 50% same color and category',NULL, 0, CURRENT_TIMESTAMP, 0, 4),
(34,'25%col+50%c2+25%','25% same color + 50% same color and category + 25% same object',NULL, 0, CURRENT_TIMESTAMP, 0, 4),
(34,'25%col+75%c2','25% same color + 75% same color and category',NULL, 0, CURRENT_TIMESTAMP, 0, 4),
(34,'25%col+25%o','25% same color + 25% same object',NULL, 1, CURRENT_TIMESTAMP, 0, 13),
(34,'25%col+50%o','25% same color + 50% same object',NULL, 0, CURRENT_TIMESTAMP, 0, 4),
(34,'25%col+75%o','25% same color + 75% same object',NULL, 0, CURRENT_TIMESTAMP, 0, 4),
(34,'50%col','50% same color',NULL, 0, CURRENT_TIMESTAMP, 0, 4),
(34,'50%col+25%c2','50% same color + 25% same color and category',NULL, 0, CURRENT_TIMESTAMP, 0, 4),
(34,'50%col+25%c2+25%o','50% same color + 25% same color and category + 25% same object',NULL, 0, CURRENT_TIMESTAMP, 0, 4),
(34,'50%col+50%c2','50% same color + 50% same color and category',NULL, 0, CURRENT_TIMESTAMP, 0, 4),
(34,'50%col+25%o','50% same color + 25% same object',NULL, 0, CURRENT_TIMESTAMP, 0, 4),
(34,'50%col+50%o','50% same color + 50% same object',NULL, 0, CURRENT_TIMESTAMP, 0, 4),
(34,'75%col','75% same color',NULL, 0, CURRENT_TIMESTAMP, 0, 4),
(34,'75%col+25%c2','75% same color + 25% same color and category',NULL, 0, CURRENT_TIMESTAMP, 0, 4),
(34,'75%col+25%o','75% same color + 25% same object',NULL, 0, CURRENT_TIMESTAMP, 0, 4),
(34,'allcol','100% same color',NULL, 1, CURRENT_TIMESTAMP, 0, 2),
(34,'25%c2','25% same color and category',NULL, 1, CURRENT_TIMESTAMP, 0, 7),
(34,'25%c2+25%o','25% same color and category + 25% same object',NULL, 1, CURRENT_TIMESTAMP, 0, 14),
(34,'25%c2+50%o','25% same color and category + 50% same object',NULL, 0, CURRENT_TIMESTAMP, 0, 4),
(34,'25%c2+75%o','25% same color and category + 75% same object',NULL, 0, CURRENT_TIMESTAMP, 0, 4),
(34,'50%c2','50% same color and category',NULL, 0, CURRENT_TIMESTAMP, 0, 4),
(34,'50%c2+25%o','50% same color and category + 25% same object',NULL, 0, CURRENT_TIMESTAMP, 0, 4),
(34,'50%c2+50%o','50% same color and category + 50% same object',NULL, 0, CURRENT_TIMESTAMP, 0, 4),
(34,'75%c2','75% same color and category',NULL, 0, CURRENT_TIMESTAMP, 0, 4),
(34,'75%c2+25%o','75% same color and category + 25% same object',NULL, 0, CURRENT_TIMESTAMP, 0, 4),
(34,'allc2','100% same color and category',NULL, 1, CURRENT_TIMESTAMP, 0, 3),
(34,'25%o','25% same object',NULL, 1, CURRENT_TIMESTAMP, 0, 8),
(34,'50%o','50% same object',NULL, 0, CURRENT_TIMESTAMP, 0, 4),
(34,'75%o','75% same object',NULL, 0, CURRENT_TIMESTAMP, 0, 4),
(34,'allo','100% same object',NULL, 1, CURRENT_TIMESTAMP, 0, 4),

(35, 'all','all',NULL, 1, CURRENT_TIMESTAMP, 0, 1),
(35, 'shapes','_shapes',NULL, 1, CURRENT_TIMESTAMP, 0, 2),
(35, 'geometric','__geometric',NULL, 1, CURRENT_TIMESTAMP, 0, 3),
(35, 'numbers','__numbers',NULL, 1, CURRENT_TIMESTAMP, 0, 4),
(35, 'letters','__letters',NULL, 1, CURRENT_TIMESTAMP, 0, 5),
(35, 'objects','_objects',NULL, 1, CURRENT_TIMESTAMP, 1, 6),
(35, 'cloth','__cloth',NULL, 1, CURRENT_TIMESTAMP, 0, 7),
(35, 'desktop','__desktop',NULL, 1, CURRENT_TIMESTAMP, 0, 8),
(35, 'home','__home',NULL, 1, CURRENT_TIMESTAMP, 0, 9),
(35, 'instruments','__instruments',NULL, 1, CURRENT_TIMESTAMP, 0, 10),
(35, 'kitchen','__kitchen',NULL, 1, CURRENT_TIMESTAMP, 0, 11),
(35, 'tools','__tools',NULL, 1, CURRENT_TIMESTAMP, 0, 12),
(35, 'transport','__transport',NULL, 1, CURRENT_TIMESTAMP, 0, 13),

(36, '+','sum',NULL, 1, CURRENT_TIMESTAMP, 1, 1),
(36, '-','subtract',NULL, 1, CURRENT_TIMESTAMP, 0, 2),
(36, '*','multiply',NULL, 1, CURRENT_TIMESTAMP, 0, 3),
(36, '/','divide',NULL, 1, CURRENT_TIMESTAMP, 0, 4),

(37, '2','2',NULL, 1, CURRENT_TIMESTAMP, 1, 3),
(37, '3','3',NULL, 1, CURRENT_TIMESTAMP, 0, 4),

(38, 'veryeasy','very easy',NULL, 1, CURRENT_TIMESTAMP, 0, 1),
(38, 'easy','easy',NULL, 1, CURRENT_TIMESTAMP, 0, 2),
(38, 'medium','medium',NULL, 1, CURRENT_TIMESTAMP, 1, 3),
(38, 'hard','hard',NULL, 1, CURRENT_TIMESTAMP, 0, 4),
(38, 'veryhard','very hard',NULL, 1, CURRENT_TIMESTAMP, 0, 5),

(39, '1-5','from 1 to 5',NULL, 1, CURRENT_TIMESTAMP, 0, 1),
(39, '5-10','from 5 to 10',NULL, 1, CURRENT_TIMESTAMP, 1, 2),
(39, '10-20','from 10 to 20',NULL, 1, CURRENT_TIMESTAMP, 0, 3),
(39, '20-40','from 20 to 40',NULL, 1, CURRENT_TIMESTAMP, 0, 4),

(40, '1','1',NULL, 1, CURRENT_TIMESTAMP, 0, 1),
(40, '2','2',NULL, 1, CURRENT_TIMESTAMP, 0, 2),
(40, '3','3',NULL, 1, CURRENT_TIMESTAMP, 1, 3),
(40, '4','4',NULL, 1, CURRENT_TIMESTAMP, 0, 4),
(40, '5','5',NULL, 1, CURRENT_TIMESTAMP, 0, 5),
(40, '6','6',NULL, 1, CURRENT_TIMESTAMP, 0, 6),
(40, '7','7',NULL, 1, CURRENT_TIMESTAMP, 0, 7),
(40, '8','8',NULL, 1, CURRENT_TIMESTAMP, 0, 8),
(40, '9','9',NULL, 1, CURRENT_TIMESTAMP, 0, 9),

(41, '0','0',NULL, 1, CURRENT_TIMESTAMP, 0, 1),
(41, '1','1',NULL, 1, CURRENT_TIMESTAMP, 0, 2),
(41, '2','2',NULL, 1, CURRENT_TIMESTAMP, 1, 3),
(41, '3','3',NULL, 1, CURRENT_TIMESTAMP, 0, 4),
(41, '4','4',NULL, 1, CURRENT_TIMESTAMP, 0, 5),
(41, '5','5',NULL, 1, CURRENT_TIMESTAMP, 0, 6),
(41, '6','6',NULL, 1, CURRENT_TIMESTAMP, 0, 7),
(41, '7','7',NULL, 1, CURRENT_TIMESTAMP, 0, 8),
(41, '8','8',NULL, 1, CURRENT_TIMESTAMP, 0, 9),

(42, '0%','0%',NULL, 1, CURRENT_TIMESTAMP, 0, 1),
(42, '25%','25%',NULL, 1, CURRENT_TIMESTAMP, 0, 2),
(42, '50%','50%',NULL, 1, CURRENT_TIMESTAMP, 1, 3),
(42, '75%','75%',NULL, 1, CURRENT_TIMESTAMP, 0, 4),
(42, '100%','100%',NULL, 1, CURRENT_TIMESTAMP, 0, 5),

(43, 'none','none',NULL, 1, CURRENT_TIMESTAMP, 0, 0),
(43, '10%','10%',NULL, 1, CURRENT_TIMESTAMP, 1, 1),
(43, '20%','20%',NULL, 1, CURRENT_TIMESTAMP, 0, 2),
(43, '50%','50%',NULL, 1, CURRENT_TIMESTAMP, 0, 3),

(44, 'random','random',NULL, 1, CURRENT_TIMESTAMP, 1, 1),
(44, 'winter','winter',NULL, 1, CURRENT_TIMESTAMP, 1, 2),
(44, 'spring','spring',NULL, 1, CURRENT_TIMESTAMP, 1, 3),
(44, 'summer','summer',NULL, 1, CURRENT_TIMESTAMP, 1, 4),
(44, 'autumn','autumn',NULL, 1, CURRENT_TIMESTAMP, 1, 5),

(45, 'none','none',NULL, 1, CURRENT_TIMESTAMP, 1, 1),
(45, 'fixed','fixed',NULL, 1, CURRENT_TIMESTAMP, 1, 2),
(45, 'animated','animated',NULL, 1, CURRENT_TIMESTAMP, 1, 3),

(46, 'fast', 'fast', NULL, 1, '2016-03-04 10:47:33', 0, 3),
(46, 'medium', 'medium', NULL, 1, '2016-03-04 10:47:33', 1, 2),
(46, 'very slow', 'slow', NULL, 1, '2016-03-04 10:48:06', 0, 1),

(47, 'few', 'few', NULL, 1, '2016-03-04 10:47:33', 0, 1),
(47, 'many', 'many', NULL, 1, '2016-03-04 10:47:33', 0, 3),
(47, 'a lot', 'a lot', NULL, 1, '2016-03-04 10:47:33', 0, 4),
(47, 'medium', 'medium', NULL, 1, '2016-03-04 10:47:33', 1, 2),

(48, 'yes', 'yes', NULL, 1, '2016-03-04 10:47:33', 0, 3),
(48, 'no', 'no', NULL, 1, '2016-03-04 10:47:33', 1, 2),

(49, 'very easy','very easy',NULL, 1, CURRENT_TIMESTAMP, 0, 1),
(49, 'easy','easy',NULL, 1, CURRENT_TIMESTAMP, 0, 2),
(49, 'medium','medium',NULL, 1, CURRENT_TIMESTAMP, 1, 3),
(49, 'hard','hard',NULL, 1, CURRENT_TIMESTAMP, 0, 4),
(49, 'very hard','very hard',NULL, 1, CURRENT_TIMESTAMP, 0, 5),

(50, 'few', 'few', NULL, 1, '2016-03-04 10:47:33', 0, 1),
(50, 'many', 'many', NULL, 1, '2016-03-04 10:47:33', 0, 3),
(50, 'a lot', 'a lot', NULL, 1, '2016-03-04 10:47:33', 0, 4),
(50, 'medium', 'medium', NULL, 1, '2016-03-04 10:47:33', 1, 2),

(51, 'very fast', 'very fast', NULL, 1, '2016-03-04 10:47:33', 0, 4),
(51, 'fast', 'fast', NULL, 1, '2016-03-04 10:47:33', 0, 3),
(51, 'medium', 'medium', NULL, 1, '2016-03-04 10:47:33', 1, 2),
(51, 'slow', 'slow', NULL, 1, '2016-03-04 10:48:06', 0, 1),
(51, 'very slow', 'very slow', NULL, 1, '2016-03-04 10:48:06', 0, 0),

(52, 'large', 'large', NULL, 1, '2016-03-04 10:47:33', 0, 3),
(52, 'medium', 'medium', NULL, 1, '2016-03-04 10:47:33', 1, 2),
(52, 'small', 'small', NULL, 1, '2016-03-04 10:47:33', 0, 1),

(53, 'none', 'no balls', NULL, 1, '2016-03-04 10:50:30', 0, 0),
(53, '10%', '10% balls', NULL, 1, '2016-03-04 10:50:30', 0, 1),
(53, '30%', '30% balls', NULL, 1, '2016-03-04 10:50:35', 1, 2),
(53, '50%', '50% balls', NULL, 1, '2016-03-04 10:50:38', 0, 3),

(54, 'left-right', 'top left to bottom right', NULL, 1, CURRENT_TIMESTAMP, 1, 1),
(54, 'right-left', 'top right to bottom left', NULL, 1, CURRENT_TIMESTAMP, 0, 2),
(54, 'random', 'random', NULL, 1, CURRENT_TIMESTAMP, 0, 3),
(54, 'alternate', 'first random than alternate', NULL, 1, CURRENT_TIMESTAMP, 0, 4),

(55, 'yes', 'yes', NULL, 1, '2016-03-04 10:47:33', 0, 3),
(55, 'no', 'no', NULL, 1, '2016-03-04 10:47:33', 1, 2),

(56, '2', '2', NULL, 1, '2016-03-04 10:47:33', 0, 1),
(56, '3', '3', NULL, 1, '2016-03-04 10:47:33', 1, 2),
(56, '4', '4', NULL, 1, '2016-03-04 10:47:33', 0, 3),

(57, '2', '2', NULL, 1, '2016-03-04 10:47:33', 0, 1),
(57, '3', '3', NULL, 1, '2016-03-04 10:47:33', 1, 2),
(57, '4', '4', NULL, 1, '2016-03-04 10:47:33', 0, 3),
(58, '2(right,left)', 'right vs left', NULL, 1, '2016-03-04 10:48:54', 0, 1),
(58, '2(upper,lower)', 'upper vs lower', NULL, 1, '2016-03-04 10:49:01', 0, 2),
(58, '4(right,left,upper,lower)', 'all 4 positions', NULL, 1, '2016-03-04 10:51:02', 1, 3),
(59, 'big space', 'big spaces', NULL, 1, '2016-03-04 10:50:16', 1, 1),
(59, 'small space', 'small spaces', NULL, 1, '2016-03-04 10:50:18', 0, 2),

(60, 'fast', 'fast', NULL, 1, '2016-03-04 10:47:33', 0, 3),
(60, 'medium', 'medium', NULL, 1, '2016-03-04 10:47:33', 1, 2),
(60, 'very slow', 'slow', NULL, 1, '2016-03-04 10:48:06', 0, 1),

(61, 'no bees', 'no jellyfish', NULL, 1, '2016-03-04 10:47:33', 0, 0),
(61, '10% bees', '10% jellyfish', NULL, 1, '2016-03-04 10:47:33', 0, 1),
(61, '30% bees', '30% jellyfish', NULL, 1, '2016-03-04 10:47:33', 1, 2),
(61, '50% bees', '50% jellyfish', NULL, 1, '2016-03-04 10:47:33', 0, 3),
(62, 'fast', 'fast', NULL, 1, '2016-03-04 10:47:33', 0, 3),
(62, 'medium', 'medium', NULL, 1, '2016-03-04 10:47:33', 1, 2),
(62, 'very slow', 'slow', NULL, 1, '2016-03-04 10:48:06', 0, 1),
(63, 'fast', 'fast', NULL, 1, '2016-03-04 10:47:33', 0, 3),
(63, 'medium', 'medium', NULL, 1, '2016-03-04 10:47:33', 1, 2),
(63, 'very slow', 'slow', NULL, 1, '2016-03-04 10:48:06', 0, 1),
(64, 'no bees', 'no meteorites', NULL, 1, '2016-03-04 10:47:33', 0, 0),
(64, '10% bees', '10% meteorites', NULL, 1, '2016-03-04 10:47:33', 0, 1),
(64, '30% bees', '30% meteorites', NULL, 1, '2016-03-04 10:47:33', 1, 2),
(64, '50% bees', '50% meteorites', NULL, 1, '2016-03-04 10:47:33', 0, 3),
(65, 'fast', 'fast', NULL, 1, '2016-03-04 10:47:33', 0, 3),
(65, 'medium', 'medium', NULL, 1, '2016-03-04 10:47:33', 1, 2),
(65, 'very slow', 'slow', NULL, 1, '2016-03-04 10:48:06', 0, 1),
(66, '2', '2', NULL, 1, '2016-03-04 10:47:33', 0, 1),
(66, '3', '3', NULL, 1, '2016-03-04 10:47:33', 1, 2),
(66, '4', '4', NULL, 1, '2016-03-04 10:47:33', 0, 3),

(67, '2(right,left)', 'right vs left', NULL, 1, CURRENT_TIMESTAMP, 0, 1),
(67, '2(upper,lower)', 'upper vs lower', NULL, 1, CURRENT_TIMESTAMP, 0, 2),
(67, '4(right,left,upper,lower)', 'all 4 positions', NULL, 1, CURRENT_TIMESTAMP, 1, 3),
(68, 'big space', 'big containers/pans', NULL, 1,CURRENT_TIMESTAMP, 1, 1),
(68, 'small space', 'small containers/pans', NULL, 1, CURRENT_TIMESTAMP, 0, 2),
(69, 'all', 'all', NULL, 1,CURRENT_TIMESTAMP, 1, 3),
(69, 'half far', 'half far', NULL, 1, CURRENT_TIMESTAMP, 0, 2),
(69, 'half near', 'half near', NULL, 1,CURRENT_TIMESTAMP, 0, 1),
(70, 'large', 'large', NULL, 1, CURRENT_TIMESTAMP, 0, 3),
(70, 'medium', 'medium', NULL, 1, CURRENT_TIMESTAMP, 1, 2),
(70, 'small', 'small', NULL, 1, CURRENT_TIMESTAMP, 0, 1),

(71, 'max', 'max', NULL, 1, CURRENT_TIMESTAMP, 0, 5),
(71, 'very fast', 'very fast', NULL, 1, CURRENT_TIMESTAMP, 0, 4),
(71, 'fast', 'fast', NULL, 1, CURRENT_TIMESTAMP, 0, 3),
(71, 'medium', 'medium', NULL, 1, CURRENT_TIMESTAMP, 1, 2),
(71, 'slow', 'slow', NULL, 1, CURRENT_TIMESTAMP, 0, 1),
(71, 'very slow', 'very slow', NULL, 1, CURRENT_TIMESTAMP, 0, 0),

(72, 'a lot', 'a lot', NULL, 1, CURRENT_TIMESTAMP, 0, 4),	
(72, 'few', 'few', NULL, 1, CURRENT_TIMESTAMP, 0, 1),
(72, 'many', 'many', NULL, 1, CURRENT_TIMESTAMP, 0, 3),
(72, 'medium', 'medium', NULL, 1, CURRENT_TIMESTAMP, 1, 2),

(73, '2', '2', NULL, 1, CURRENT_TIMESTAMP, 0, 1),
(73, '3', '3', NULL, 1, CURRENT_TIMESTAMP, 1, 2),
(73, '4', '4', NULL, 1, CURRENT_TIMESTAMP, 0, 3),

(74, '2', '2', NULL, 1, CURRENT_TIMESTAMP, 0, 1),
(74, '3', '3', NULL, 1, CURRENT_TIMESTAMP, 1, 2),
(74, '4', '4', NULL, 1, CURRENT_TIMESTAMP, 0, 3),

(75, 'very few', 'very few', NULL, 1, CURRENT_TIMESTAMP, 0, 0),
(75, 'few', 'few', NULL, 1, CURRENT_TIMESTAMP, 0, 1),
(75, 'medium', 'medium', NULL, 1, CURRENT_TIMESTAMP, 1, 2),
(75, 'many', 'many', NULL, 1, CURRENT_TIMESTAMP, 0, 3),
(75, 'lots', 'a lots', NULL, 1, CURRENT_TIMESTAMP, 0, 4),

(76, 'one', 'one at time', NULL, 1, CURRENT_TIMESTAMP, 0, 0),
(76, 'few', 'few', NULL, 1, CURRENT_TIMESTAMP, 0, 1),
(76, 'medium', 'medium', NULL, 1, CURRENT_TIMESTAMP, 1, 2),
(76, 'many', 'many', NULL, 1, CURRENT_TIMESTAMP, 0, 3),
(76, 'lots', 'a lots', NULL, 1, CURRENT_TIMESTAMP, 0, 4),
(76, 'more', 'more', NULL, 1, CURRENT_TIMESTAMP, 0, 5),	
(76, 'max', 'max', NULL, 1, CURRENT_TIMESTAMP, 0, 5),	

(77, 'large', 'large', NULL, 1, CURRENT_TIMESTAMP, 0, 1),
(77, 'medium', 'medium', NULL, 1, CURRENT_TIMESTAMP, 1, 2),
(77, 'small', 'small', NULL, 1, CURRENT_TIMESTAMP, 0, 3),

(78, 'slow', 'slow', NULL, 1, CURRENT_TIMESTAMP, 0, 1),
(78, 'medium', 'medium', NULL, 1, CURRENT_TIMESTAMP, 1, 2),
(78, 'fast', 'fast', NULL, 1, CURRENT_TIMESTAMP, 0, 3),
(78, 'very fast', 'very fast', NULL, 1, CURRENT_TIMESTAMP, 0, 3),
(78, 'max', 'max', NULL, 1, CURRENT_TIMESTAMP, 0, 3),

(79, 'one', '1', NULL, 1, CURRENT_TIMESTAMP, 0, 1),
(79, 'two', '2', NULL, 1, CURRENT_TIMESTAMP, 1, 2),
(79, 'three', '3', NULL, 1, CURRENT_TIMESTAMP, 0, 3),
(79, 'four', '4', NULL, 1, CURRENT_TIMESTAMP, 0, 4),

(80, 'few', 'few', NULL, 1, CURRENT_TIMESTAMP, 0, 1),
(80, 'medium', 'medium', NULL, 1, CURRENT_TIMESTAMP, 1, 2),
(80, 'many', 'many', NULL, 1, CURRENT_TIMESTAMP, 0, 3),

(81, 'large', 'large', NULL, 1, CURRENT_TIMESTAMP, 0, 1),
(81, 'medium', 'medium', NULL, 1, CURRENT_TIMESTAMP, 1, 2),
(81, 'small', 'small', NULL, 1, CURRENT_TIMESTAMP, 0, 3),

(82, 'ceres', 'ceres (3%)', NULL, 1, CURRENT_TIMESTAMP, 0, 1),
(82, 'pluto', 'pluto (7%)', NULL, 1, CURRENT_TIMESTAMP, 0, 2),
(82, 'moon', 'moon (17%)', NULL, 1, CURRENT_TIMESTAMP, 1, 3),
(82, 'mars', 'mars (38%)', NULL, 1, CURRENT_TIMESTAMP, 0, 4),
(82, 'earth', 'earth (100%)', NULL, 1, CURRENT_TIMESTAMP, 0, 5),

(83, 'rtl', 'right to left', NULL, 1, CURRENT_TIMESTAMP, 0, 2),
(83, 'ltr', 'left to right', NULL, 1, CURRENT_TIMESTAMP, 1, 1),

(84, 'yes', 'yes', NULL, 1, CURRENT_TIMESTAMP, 1, 3),

(85, 'right', 'right', NULL, 1, CURRENT_TIMESTAMP, 0, 1),
(85, 'left', 'left', NULL, 1, CURRENT_TIMESTAMP, 0, 2),
(85, 'preferred', 'default', NULL, 1, CURRENT_TIMESTAMP, 1, 3),
(85, 'not preferred', 'not default', NULL, 1, CURRENT_TIMESTAMP, 0, 4),

(86, 'standing', 'standing', NULL, 1, CURRENT_TIMESTAMP, 1, 1),
(86, 'sitting', 'sitting', NULL, 1, CURRENT_TIMESTAMP, 0, 2),

(87, 'yes', 'yes', NULL, 1, CURRENT_TIMESTAMP, 0, 3),
(87, 'no', 'no', NULL, 1,CURRENT_TIMESTAMP, 1, 2),
(88, 'yes', 'yes', NULL, 1, CURRENT_TIMESTAMP, 1, 3),
(89, 'right', 'right', NULL, 1, CURRENT_TIMESTAMP, 0, 1),
(89, 'left', 'left', NULL, 1,  CURRENT_TIMESTAMP, 0, 2),
(89, 'preferred', 'default', NULL, 1,  CURRENT_TIMESTAMP, 1, 3),
(89, 'both', 'both', NULL, 1,  CURRENT_TIMESTAMP, 0, 4),
(89, 'not preferred', 'not default', NULL, 1, CURRENT_TIMESTAMP, 0, 5),
(90, 'right', 'right', NULL, 1, CURRENT_TIMESTAMP, 0, 1),
(90, 'left', 'left', NULL, 1,  CURRENT_TIMESTAMP, 0, 2),
(90, 'preferred', 'default', NULL, 1,  CURRENT_TIMESTAMP, 1, 3),
(90, 'both', 'both', NULL, 1,  CURRENT_TIMESTAMP, 0, 4),
(90, 'not preferred', 'not default', NULL, 1, CURRENT_TIMESTAMP, 0, 5),
(91, 'few-front', 'few bins frontly', NULL, 1, CURRENT_TIMESTAMP, 0, 1),
(91, 'few-lateral', 'few bins laterally', NULL, 1, CURRENT_TIMESTAMP, 0, 2),
(91, 'medium', 'bins all around', NULL, 1, CURRENT_TIMESTAMP, 1, 3),
(91, 'many', 'many bins all around', NULL, 1, CURRENT_TIMESTAMP, 0, 4),
(92, 'max', 'max', NULL, 1, CURRENT_TIMESTAMP, 0, 4),
(92, 'very fast', 'very fast', NULL, 1, CURRENT_TIMESTAMP, 0, 4),	
(92, 'fast', 'fast', NULL, 1, CURRENT_TIMESTAMP, 0, 3),
(92, 'medium', 'medium', NULL, 1, CURRENT_TIMESTAMP, 1, 2),
(92, 'slow', 'slow', NULL, 1, CURRENT_TIMESTAMP, 0, 1),
(93, 'large', 'large', NULL, 1, CURRENT_TIMESTAMP, 0, 1),
(93, 'medium', 'medium', NULL, 1, CURRENT_TIMESTAMP, 1, 2),
(93, 'small', 'small', NULL, 1, CURRENT_TIMESTAMP, 0, 3),
(94, 'narrow', 'narrow area', NULL, 1, CURRENT_TIMESTAMP, 0, 1),
(94, 'medium', 'medium area', NULL, 1, CURRENT_TIMESTAMP, 0, 2),
(94, 'wide', 'wide area', NULL, 1, CURRENT_TIMESTAMP, 1, 3),
(95, 'narrow', 'narrow area', NULL, 1, CURRENT_TIMESTAMP, 0, 1),
(95, 'medium', 'medium area', NULL, 1, CURRENT_TIMESTAMP, 0, 2),
(95, 'wide', 'wide area', NULL, 1, CURRENT_TIMESTAMP, 1, 3),
(96, 'left', 'only left', NULL, 1, CURRENT_TIMESTAMP, 0, 1),
(96, 'right', 'only right', NULL, 1, CURRENT_TIMESTAMP, 0, 2),
(96, 'both', 'both feet', NULL, 1, CURRENT_TIMESTAMP, 1, 3),
(96, 'preferred', 'default', NULL, 1, CURRENT_TIMESTAMP, 0, 4),
(96, 'not preferred', 'not default', NULL, 1, CURRENT_TIMESTAMP, 0, 5),
(97, 'left', 'only left', NULL, 1, CURRENT_TIMESTAMP, 0, 1),
(97, 'right', 'only right', NULL, 1, CURRENT_TIMESTAMP, 0, 2),
(97, 'both', 'both feet', NULL, 1, CURRENT_TIMESTAMP, 1, 3),
(97, 'preferred', 'default', NULL, 1, CURRENT_TIMESTAMP, 0, 4),
(97, 'not preferred', 'not default', NULL, 1, CURRENT_TIMESTAMP, 0, 5),
(98, 'very fast', 'very fast', NULL, 1, CURRENT_TIMESTAMP, 0, 3),
(98, 'fast', 'fast', NULL, 1, CURRENT_TIMESTAMP, 0, 3),
(98, 'medium', 'medium', NULL, 1, CURRENT_TIMESTAMP, 1, 2),
(98, 'slow', 'slow', NULL, 1, CURRENT_TIMESTAMP, 0, 1),

(99, 'front-few', 'central frontal holes', NULL, 1, CURRENT_TIMESTAMP, 0, 1),
(99, 'front', 'frontal holes', NULL, 1, CURRENT_TIMESTAMP, 0, 2),
(99, 'front+lateral', 'frontal and lateral holes', NULL, 1, CURRENT_TIMESTAMP, 0, 3),
(99, 'back-few', 'central rear holes', NULL, 1, CURRENT_TIMESTAMP, 0, 4),
(99, 'back', 'rear holes', NULL, 1, CURRENT_TIMESTAMP, 0, 5),
(99, 'back+lateral', 'rear and lateral holes', NULL, 1, CURRENT_TIMESTAMP, 0, 6),
(99, 'lateral', 'lateral holes', NULL, 1, CURRENT_TIMESTAMP, 0, 7),
(99, 'few', 'central holes', NULL, 1, CURRENT_TIMESTAMP, 0, 8),
(99, 'few-corners', 'corner holes', NULL, 1, CURRENT_TIMESTAMP, 0, 9),
(99, 'medium', 'central and lateral holes', NULL, 1, CURRENT_TIMESTAMP, 1, 10),
(99, 'many', 'all holes', NULL, 1, CURRENT_TIMESTAMP, 0, 11),

(100, 'none', 'no distractors', NULL, 1, CURRENT_TIMESTAMP, 0, 1),
(100, 'few', 'few distractors', NULL, 1, CURRENT_TIMESTAMP, 0, 2),
(100, 'medium', 'some distractors', NULL, 1, CURRENT_TIMESTAMP, 1, 3),
(100, 'many', 'many distractors', NULL, 1, CURRENT_TIMESTAMP, 0, 4),

(101, 'long', 'long persistency', NULL, 1, CURRENT_TIMESTAMP, 0, 1),
(101, 'medium', 'medium persistency', NULL, 1, CURRENT_TIMESTAMP, 1, 2),
(101, 'short', 'short persistency', NULL, 1, CURRENT_TIMESTAMP, 0, 3),
(101, 'very short', 'very short persistency', NULL, 1, CURRENT_TIMESTAMP, 0, 4),	

(102, 'large', 'large size', NULL, 1, CURRENT_TIMESTAMP, 0, 1),
(102, 'medium', 'medium size', NULL, 1, CURRENT_TIMESTAMP, 1, 2),
(102, 'small', 'small size', NULL, 1, CURRENT_TIMESTAMP, 0, 3),

(103, 'low', 'low density', NULL, 1, CURRENT_TIMESTAMP, 0, 1),
(103, 'medium', 'medium density', NULL, 1, CURRENT_TIMESTAMP, 1, 2),
(103, 'high', 'high density', NULL, 1, CURRENT_TIMESTAMP, 0, 3),
(103, 'max', 'maximum density', NULL, 1, CURRENT_TIMESTAMP, 0, 4),

(104, 'very-slow', 'very slow speed', NULL, 1, CURRENT_TIMESTAMP, 0, 1),
(104, 'slow', 'slow speed', NULL, 1, CURRENT_TIMESTAMP, 0, 2),
(104, 'normal', 'normal speed', NULL, 1, CURRENT_TIMESTAMP, 1, 3),
(104, 'fast', 'fast speed', NULL, 1, CURRENT_TIMESTAMP, 0, 4),
(104, 'very-fast', 'very fast speed', NULL, 1, CURRENT_TIMESTAMP, 0, 5),
(104, 'faster', 'faster speed', NULL, 1, CURRENT_TIMESTAMP, 0, 6),
(104, 'max', 'max speed', NULL, 1, CURRENT_TIMESTAMP, 0, 7),

(105, 'low', 'low density', NULL, 1, CURRENT_TIMESTAMP, 0, 1),
(105, 'medium', 'medium density', NULL, 1, CURRENT_TIMESTAMP, 1, 2),
(105, 'high', 'high density', NULL, 1, CURRENT_TIMESTAMP, 0, 3),
(105, 'max', 'maximum density', NULL, 1, CURRENT_TIMESTAMP, 0, 4),

(106, 'instant', 'instant disappear', NULL, 1, CURRENT_TIMESTAMP, 0, 1),
(106, 'tiny', 'tiny permanence', NULL, 1, CURRENT_TIMESTAMP, 0, 2),
(106, 'little', 'little permanence', NULL, 1, CURRENT_TIMESTAMP, 1, 3),
(106, 'short', 'short permanence', NULL, 1, CURRENT_TIMESTAMP, 0, 4),
(106, 'normal', 'normal permanence', NULL, 1, CURRENT_TIMESTAMP, 1, 5),
(107, 'squatting', 'yes', NULL, 1, CURRENT_TIMESTAMP, 1, 1),

(108, 'none', 'none', NULL, 1, CURRENT_TIMESTAMP, 1, 1),
(108, 'mild', 'mild', NULL, 1, CURRENT_TIMESTAMP, 0, 2),
(108, 'medium', 'medium', NULL, 1, CURRENT_TIMESTAMP, 0, 3),
(108, 'strict', 'strict', NULL, 1, CURRENT_TIMESTAMP, 0, 4),

(109, 'none', 'none', NULL, 1, CURRENT_TIMESTAMP, 1, 1),
(109, 'mild', 'mild', NULL, 1, CURRENT_TIMESTAMP, 0, 2),
(109, 'medium', 'medium', NULL, 1, CURRENT_TIMESTAMP, 0, 3),
(109, 'strict', 'strict', NULL, 1, CURRENT_TIMESTAMP, 0, 4),

(110, 'none', 'none', NULL, 1, CURRENT_TIMESTAMP, 1, 1),
(110, 'mild', 'mild', NULL, 1, CURRENT_TIMESTAMP, 0, 2),
(110, 'medium', 'medium', NULL, 1, CURRENT_TIMESTAMP, 0, 3),
(110, 'strict', 'strict', NULL, 1, CURRENT_TIMESTAMP, 0, 4),

(111, 'none', 'none', NULL, 1, CURRENT_TIMESTAMP, 1, 1),
(111, 'mild', 'mild', NULL, 1, CURRENT_TIMESTAMP, 0, 2),
(111, 'medium', 'medium', NULL, 1, CURRENT_TIMESTAMP, 0, 3),
(111, 'strict', 'strict', NULL, 1, CURRENT_TIMESTAMP, 0, 4),

(112, 'none', 'none', NULL, 1, CURRENT_TIMESTAMP, 1, 1),
(112, 'mild', 'mild', NULL, 1, CURRENT_TIMESTAMP, 0, 2),
(112, 'medium', 'medium', NULL, 1, CURRENT_TIMESTAMP, 0, 3),
(112, 'strict', 'strict', NULL, 1, CURRENT_TIMESTAMP, 0, 4),

(113, 'none', 'none', NULL, 1, CURRENT_TIMESTAMP, 1, 1),
(113, 'mild', 'mild', NULL, 1, CURRENT_TIMESTAMP, 0, 2),
(113, 'medium', 'medium', NULL, 1, CURRENT_TIMESTAMP, 0, 3),
(113, 'strict', 'strict', NULL, 1, CURRENT_TIMESTAMP, 0, 4),

(114, 'none', 'none', NULL, 1, CURRENT_TIMESTAMP, 1, 1),
(114, 'mild', 'mild', NULL, 1, CURRENT_TIMESTAMP, 0, 2),
(114, 'medium', 'medium', NULL, 1, CURRENT_TIMESTAMP, 0, 3),
(114, 'strict', 'strict', NULL, 1, CURRENT_TIMESTAMP, 0, 4),

(115, 'none', 'none', NULL, 1, CURRENT_TIMESTAMP, 1, 1),
(115, 'mild', 'mild', NULL, 1, CURRENT_TIMESTAMP, 0, 2),
(115, 'medium', 'medium', NULL, 1, CURRENT_TIMESTAMP, 0, 3),
(115, 'strict', 'strict', NULL, 1, CURRENT_TIMESTAMP, 0, 4),

(116, 'none', 'none', NULL, 1, CURRENT_TIMESTAMP, 1, 1),
(116, 'mild', 'mild', NULL, 1, CURRENT_TIMESTAMP, 0, 2),
(116, 'medium', 'medium', NULL, 1, CURRENT_TIMESTAMP, 0, 3),
(116, 'strict', 'strict', NULL, 1, CURRENT_TIMESTAMP, 0, 4),

(117, 'none', 'none', NULL, 1, CURRENT_TIMESTAMP, 1, 1),
(117, 'mild', 'mild', NULL, 1, CURRENT_TIMESTAMP, 0, 2),
(117, 'medium', 'medium', NULL, 1, CURRENT_TIMESTAMP, 0, 3),
(117, 'strict', 'strict', NULL, 1, CURRENT_TIMESTAMP, 0, 4),

(118, 'none', 'none', NULL, 1, CURRENT_TIMESTAMP, 0, 1),
(118, 'few', 'few', NULL, 1, CURRENT_TIMESTAMP, 0, 2),
(118, 'some', 'some', NULL, 1, CURRENT_TIMESTAMP, 1, 3),
(118, 'many', 'many', NULL, 1, CURRENT_TIMESTAMP, 0, 4),
(118, 'all', 'all', NULL, 0, CURRENT_TIMESTAMP, 0, 5),

(119, 'none', 'none', 'if none lateral movement will be disabled', 1, CURRENT_TIMESTAMP, 0, 1),
(119, 'few', 'few', NULL, 1, CURRENT_TIMESTAMP, 0, 2),
(119, 'some', 'some', NULL, 1, CURRENT_TIMESTAMP, 1, 3),
(119, 'many', 'many', NULL, 1, CURRENT_TIMESTAMP, 0, 4),
(119, 'all', 'all', NULL, 0, CURRENT_TIMESTAMP, 0, 5),

(120, 'very-slow', 'very slow', NULL, 1, CURRENT_TIMESTAMP, 0, 1),
(120, 'slow', 'slow', NULL, 1, CURRENT_TIMESTAMP, 0, 2),
(120, 'normal', 'normal', NULL, 1, CURRENT_TIMESTAMP, 1, 3),
(120, 'fast', 'fast', NULL, 1, CURRENT_TIMESTAMP, 0, 4),
(120, 'very-fast', 'very fast', NULL, 1, CURRENT_TIMESTAMP, 0, 5),
(120, 'max', 'max', NULL, 1, CURRENT_TIMESTAMP, 0, 5),

(121, 'very-slow', 'very slow', NULL, 1, CURRENT_TIMESTAMP, 0, 1),
(121, 'slow', 'slow', NULL, 1, CURRENT_TIMESTAMP, 0, 2),
(121, 'normal', 'normal', NULL, 1, CURRENT_TIMESTAMP, 1, 3),
(121, 'fast', 'fast', NULL, 1, CURRENT_TIMESTAMP, 0, 4),
(121, 'very-fast', 'very fast', NULL, 1, CURRENT_TIMESTAMP, 0, 5),

(122, 'single', 'only one', NULL, 1, CURRENT_TIMESTAMP, 1, 1),
(122, 'double', 'double', NULL, 1, CURRENT_TIMESTAMP, 0, 2),
(122, 'triple', 'triple', NULL, 1, CURRENT_TIMESTAMP, 0, 3),
(122, 'quadruple', 'quadruple', NULL, 1, CURRENT_TIMESTAMP, 0, 4),
(122, 'quintuple', 'quintuple', NULL, 1, CURRENT_TIMESTAMP, 0, 5),
(123, 'disabled', 'disabled', NULL, 1, CURRENT_TIMESTAMP, 1, 1),
(123, 'random', 'random', NULL, 1, CURRENT_TIMESTAMP, 0, 2),
(123, 'every1', 'every 1', NULL, 1, CURRENT_TIMESTAMP, 0, 3),
(123, 'every2', 'every 2', NULL, 1, CURRENT_TIMESTAMP, 0, 4),
(123, 'every3', 'every 3', NULL, 1, CURRENT_TIMESTAMP, 0, 5),
(123, 'every4', 'every 4', NULL, 1, CURRENT_TIMESTAMP, 0, 6),
(124, 'disabled', 'disabled', NULL, 1, CURRENT_TIMESTAMP, 1, 1),
(124, 'slow', 'slow', NULL, 1, CURRENT_TIMESTAMP, 0, 2),
(124, 'medium', 'medium', NULL, 1, CURRENT_TIMESTAMP, 0, 3),
(124, 'fast', 'fast', NULL, 1, CURRENT_TIMESTAMP, 0, 4),
(125, 'disabled', 'disabled', NULL, 1, CURRENT_TIMESTAMP, 1, 1),
(125, 'enabled', 'enabled', NULL, 1, CURRENT_TIMESTAMP, 0, 2),
(126, 'none', 'none', NULL, 1,CURRENT_TIMESTAMP, 0, 1),
(126, 'little', 'little', NULL, 1, CURRENT_TIMESTAMP, 0, 2),
(126, 'medium', 'medium', NULL, 1,CURRENT_TIMESTAMP, 0, 3),
(126, 'long', 'long', NULL, 1,CURRENT_TIMESTAMP, 0, 4),

(127, 'disabled', 'disabled', NULL, 1,CURRENT_TIMESTAMP, 1, 1),
(127, 'slow', 'slow', NULL, 1, CURRENT_TIMESTAMP, 0, 2),
(127, 'medium', 'medium', NULL, 1,CURRENT_TIMESTAMP, 0, 3),
(127, 'fast', 'fast', NULL, 1,CURRENT_TIMESTAMP, 0, 4),
(128, 'show', 'show', NULL, 1,CURRENT_TIMESTAMP, 0, 2),
(128, 'hide', 'hide', NULL, 1, CURRENT_TIMESTAMP, 1, 1),
(129, 'yes', 'yes', NULL, 1,CURRENT_TIMESTAMP, 0, 2),
(129, 'no', 'no', NULL, 1, CURRENT_TIMESTAMP, 1, 1),
(130, 'disabled', 'disabled', NULL, 1,CURRENT_TIMESTAMP, 1, 1),
(130, 'slow', 'slow', NULL, 1, CURRENT_TIMESTAMP, 0, 2),
(130, 'medium', 'medium', NULL, 1,CURRENT_TIMESTAMP, 0, 3),
(130, 'fast', 'fast', NULL, 1,CURRENT_TIMESTAMP, 0, 4),

(131, 'large', 'large size', NULL, 1, CURRENT_TIMESTAMP, 0, 1),
(131, 'medium', 'medium size', NULL, 1, CURRENT_TIMESTAMP, 1, 2),
(131, 'small', 'small size', NULL, 1, CURRENT_TIMESTAMP, 0, 3),

(132, 'instant', 'instant disappear', NULL, 1, CURRENT_TIMESTAMP, 0, 1),
(132, 'tiny', 'tiny permanence', NULL, 1, CURRENT_TIMESTAMP, 0, 2),
(132, 'little', 'little permanence', NULL, 1, CURRENT_TIMESTAMP, 1, 3),
(132, 'short', 'short permanence', NULL, 1, CURRENT_TIMESTAMP, 0, 4),
(132, 'normal', 'normal permanence', NULL, 1, CURRENT_TIMESTAMP, 1, 5),

(133, 'instant', 'instant disappear', NULL, 1, CURRENT_TIMESTAMP, 0, 1),
(133, 'tiny', 'tiny permanence', NULL, 1, CURRENT_TIMESTAMP, 0, 2),
(133, 'little', 'little permanence', NULL, 1, CURRENT_TIMESTAMP, 1, 3),
(133, 'short', 'short permanence', NULL, 1, CURRENT_TIMESTAMP, 0, 4),
(133, 'normal', 'normal permanence', NULL, 1, CURRENT_TIMESTAMP, 1, 5),

(134, 'instant', 'instant disappear', NULL, 1, CURRENT_TIMESTAMP, 0, 1),
(134, 'tiny', 'tiny permanence', NULL, 1, CURRENT_TIMESTAMP, 0, 2),
(134, 'little', 'little permanence', NULL, 1, CURRENT_TIMESTAMP, 1, 3),
(134, 'short', 'short permanence', NULL, 1, CURRENT_TIMESTAMP, 0, 4),
(134, 'normal', 'normal permanence', NULL, 1, CURRENT_TIMESTAMP, 1, 5),

(135, 'very-slow', 'very slow speed', NULL, 1, CURRENT_TIMESTAMP, 0, 1),
(135, 'slow', 'slow speed', NULL, 1, CURRENT_TIMESTAMP, 0, 2),
(135, 'normal', 'normal speed', NULL, 1, CURRENT_TIMESTAMP, 1, 3),
(135, 'fast', 'fast speed', NULL, 1, CURRENT_TIMESTAMP, 0, 4),
(135, 'very-fast', 'very fast speed', NULL, 1, CURRENT_TIMESTAMP, 0, 5),

(136, 'low', 'low density', NULL, 1, CURRENT_TIMESTAMP, 0, 1),
(136, 'medium', 'medium density', NULL, 1, CURRENT_TIMESTAMP, 1, 2),
(136, 'high', 'high density', NULL, 1, CURRENT_TIMESTAMP, 0, 3),
(136, 'max', 'maximum density', NULL, 1, CURRENT_TIMESTAMP, 0, 4),

(137, 'narrow', 'narrow movement', NULL, 1, CURRENT_TIMESTAMP, 0, 1),
(137, 'medium', 'medium movement', NULL, 1, CURRENT_TIMESTAMP, 0, 2),
(137, 'wide', 'wide movement', NULL, 1, CURRENT_TIMESTAMP, 1, 3),

(138, 'narrow', 'narrow movement', NULL, 1, CURRENT_TIMESTAMP, 0, 1),
(138, 'medium', 'medium movement', NULL, 1, CURRENT_TIMESTAMP, 0, 2),
(138, 'wide', 'wide movement', NULL, 1, CURRENT_TIMESTAMP, 1, 3),

(139, 'narrow', 'narrow movement', NULL, 1, CURRENT_TIMESTAMP, 0, 1),
(139, 'medium', 'medium movement', NULL, 1, CURRENT_TIMESTAMP, 0, 2),
(139, 'wide', 'wide movement', NULL, 1, CURRENT_TIMESTAMP, 1, 3),

(140, 'narrow', 'narrow movement', NULL, 1, CURRENT_TIMESTAMP, 0, 1),
(140, 'medium', 'medium movement', NULL, 1, CURRENT_TIMESTAMP, 0, 2),
(140, 'wide', 'wide movement', NULL, 1, CURRENT_TIMESTAMP, 1, 3);


INSERT INTO `ima_plan_game` (`Plan_Game_ID`, `Plan_ID`, `Game_ID`, `Parameters`, `Plan_Order`, `Active`, `Last_Edit`) VALUES
(-2, 0, 2, '{}', -50, 1, '2015-05-13 14:01:20'),
(1, 0, 1, '{}', -200, 1, '2015-05-13 14:01:16'),
(2, 0, 2, '{}', -100, 1, '2015-05-13 14:01:20');

--
-- Dump dei dati per la tabella `rehab_calibration`
--

INSERT INTO `rehab_calibration` (`Calibration_ID`, `User_ID`, `Calibration_Value`, `Hand`, `Device_ID`,`Last_Edit`) VALUES
(1, 0, '{"x":"-0.2","width":"1.8","y":"0.1","height":"1.8","hand":"right","device":1}', 'right',1,'2015-06-03 15:48:08'),
(2, 0, '{"x":"-0.6","width":"1.8","y":"0.1","height":"1.8","hand":"left","device":1}', 'left',1, '2015-06-03 15:48:08'),
(3, 0, '{"x":"0","width":"1","y":"0","height":"1","hand":"left","device":6}', 'left',6, CURRENT_TIMESTAMP),
(4, 0, '{"x":"0","width":"1","y":"0","height":"1","hand":"right","device":6}', 'right',6, CURRENT_TIMESTAMP);


INSERT INTO `cb_leaderboard` (`Id`, `Title`, `Description`, `UniqueRecords`, `ValueType`, `OrderType`, `AllowAnonymous`) VALUES
(2, 'Bees and flowers', 'Leaderboard for Bees and Flowers', 0, 0, 0, 0),
(3, 'Popping flowers', 'Leaderboard for Popping Flowers', 0, 0, 0, 0),
(4, 'Coloured cans', 'Leaderboard for Coloured cans', 0, 0, 0, 0),
(6, 'Red dots', 'Leaderboard for Red Dots', 0, 0, 0, 0),
(7, 'Mad Fridge', 'Leaderboard for Mad fridge', 0, 0, 0, 0),
(8, 'Shapes and colours', 'Leaderboard for Shapes and colours', 0, 0, 0, 0),
(12, 'Find it', 'Leaderboard for Find it', 0, 0, 0, 0),
(13, 'Match it', 'Leaderboard for Match it', 0, 0, 0, 0),
(14, 'Solve it', 'Leaderboard for Solve it', 0, 0, 0, 0),
(15, 'Complete it', 'Leaderboard for Complete it', 0, 0, 0, 0),
(16, 'Four seasons', 'Leaderboard for four seasons', 0, 0, 0, 0),
(17, 'The amazing maze', 'Leaderboard for the amazing maze', 0, 0, 0, 0),
(18, 'Rolling fruits', 'Leaderboard for rolling fruits', 0, 0, 0, 0),
(19, 'The gem picker', 'Leaderboard for gem picker', 0, 0, 0, 0),
(20, 'Jellies and fishes', 'Leaderboard for Jellies and fishes', 0, 0, 0, 0),
(21, 'Popping fishes', 'Leaderboard for popping fishes', 0, 0, 0, 0),
(22, 'Meteor and spaceship', 'Leaderboard for Meteor and spaceship', 0, 0, 0, 0),
(23, 'Popping meteor', 'Leaderboard for Popping meteor', 0, 0, 0, 0),
(24, 'Everyday things', 'Leaderboard for Everyday things', 0, 0, 0, 0),
(26, 'Tranports', 'Leaderboard for Tranports', 0, 0, 0, 0),
(28, 'Masterchef', 'Leaderboard for Masterchef', 0, 0, 0, 0),
(29, 'Moveat', 'Leaderboard for Moveat', 0, 0, 0, 0),
(30, 'Breadbuster', 'Leaderboard for Breadbuster', 0, 0, 0, 0),
(31, 'SeasonMachine', 'Leaderboard for SeasonMachine', 0, 0, 0, 0),
(32, 'EarthDefender', 'Leaderboard for EarthDefender', 0, 0, 0, 0),
(33, 'MagicSpells', 'Leaderboard for MagicSpells', 0, 0, 0, 0),
(34, 'Squeezer', 'Leaderboard for Squeezer', 0, 0, 0, 0),
(35, 'Fridge shelves', 'Leaderboard for Fridge shelves', 0, 0, 0, 0),
(36, 'Fish the duck', 'Leaderboard for Fish the duck', 0, 0, 0, 0),
(37, 'Recycling', 'Leaderboard for Recycling', 0, 0, 0, 0),
(38, 'Pedal bin', 'Leaderboard for Pedal bin', 0, 0, 0, 0),
(39, 'Catch-a-Mole', 'Leaderboard for Catch-a-Mole', 0, 0, 0, 0),
(40, 'Hot air balloon', 'Leaderboard for Hot air balloon', 0, 0, 0, 0),
(41, 'Slippers', 'Leaderboard for slippers', 0, 0, 0, 0),
(50, 'Vacuum cleaner', 'Leaderboard for vacuum cleaner', 0, 0, 0, 0),
(51, 'Shoeshine', 'Leaderboard for shoeshine', 0, 0, 0, 0),
(42, 'Chipmunk', 'Leaderboard for chipmunk', 0, 0, 0, 0),
(52, 'Skier', 'Leaderboard for skier', 0, 0, 0, 0);


INSERT INTO `ima_device` (`Device_ID`, `Name`, `Icon_URL`, `Active`) VALUES
(1, 'Kinect', 'icons/kinect.png',1),
(2, 'Touch', 'icons/touch.png',0),
(3, 'Mouse', 'icons/mouse.png',1),
(4, 'Tablet', 'icons/tablet.png',0),
(6, 'Nuitrack', 'icons/nuitrack.png',1);

INSERT INTO `ima_game_device` (`Game_ID`, `Device_ID`, `Active`, `Last_Edit`) VALUES
(3, 1, 1, CURRENT_TIMESTAMP),
(3, 2, 1, CURRENT_TIMESTAMP),
(3, 3, 1, CURRENT_TIMESTAMP),
(4, 1, 1, CURRENT_TIMESTAMP),
(4, 2, 1, CURRENT_TIMESTAMP),
(4, 3, 1, CURRENT_TIMESTAMP),
(5, 1, 1, CURRENT_TIMESTAMP),
(5, 2, 1, CURRENT_TIMESTAMP),
(5, 3, 1, CURRENT_TIMESTAMP),
(7, 1, 1, CURRENT_TIMESTAMP),
(7, 2, 1, CURRENT_TIMESTAMP),
(7, 3, 1, CURRENT_TIMESTAMP),
(8, 1, 1, CURRENT_TIMESTAMP),
(8, 2, 1, CURRENT_TIMESTAMP),
(8, 3, 1, CURRENT_TIMESTAMP),
(10, 1, 1, CURRENT_TIMESTAMP),
(10, 2, 1, CURRENT_TIMESTAMP),
(10, 3, 1, CURRENT_TIMESTAMP),
(14, 1, 0, CURRENT_TIMESTAMP),
(14, 2, 1, CURRENT_TIMESTAMP),
(14, 3, 1, CURRENT_TIMESTAMP),
(15, 1, 0, CURRENT_TIMESTAMP),
(15, 2, 1, CURRENT_TIMESTAMP),
(15, 3, 1, CURRENT_TIMESTAMP),
(16, 1, 0, CURRENT_TIMESTAMP),
(16, 2, 1, CURRENT_TIMESTAMP),
(16, 3, 1, CURRENT_TIMESTAMP),
(17, 1, 0, CURRENT_TIMESTAMP),
(17, 2, 1, CURRENT_TIMESTAMP),
(17, 3, 1, CURRENT_TIMESTAMP),
(18, 1, 1, CURRENT_TIMESTAMP),
(18, 2, 1, CURRENT_TIMESTAMP),
(18, 3, 1, CURRENT_TIMESTAMP),
(19, 1, 1, CURRENT_TIMESTAMP),
(19, 2, 1, CURRENT_TIMESTAMP),
(19, 3, 1, CURRENT_TIMESTAMP),
(20, 1, 1, CURRENT_TIMESTAMP),
(20, 2, 1, CURRENT_TIMESTAMP),
(20, 3, 1, CURRENT_TIMESTAMP),
(21, 1, 1, CURRENT_TIMESTAMP),
(21, 2, 1, CURRENT_TIMESTAMP),
(21, 3, 1, CURRENT_TIMESTAMP),
(22, 1, 1, CURRENT_TIMESTAMP),
(22, 2, 1, CURRENT_TIMESTAMP),
(22, 3, 1, CURRENT_TIMESTAMP),
(23, 1, 1, CURRENT_TIMESTAMP),
(23, 2, 1, CURRENT_TIMESTAMP),
(23, 3, 1, CURRENT_TIMESTAMP),
(24, 1, 1, CURRENT_TIMESTAMP),
(24, 2, 1, CURRENT_TIMESTAMP),
(24, 3, 1, CURRENT_TIMESTAMP),
(25, 1, 1, CURRENT_TIMESTAMP),
(25, 2, 1, CURRENT_TIMESTAMP),
(25, 3, 1, CURRENT_TIMESTAMP),
(26, 1, 1, CURRENT_TIMESTAMP),
(26, 2, 1, CURRENT_TIMESTAMP),
(26, 3, 1, CURRENT_TIMESTAMP),
(28, 1, 1, CURRENT_TIMESTAMP),
(28, 2, 1, CURRENT_TIMESTAMP),
(28, 3, 1, CURRENT_TIMESTAMP),

( 3, 4, 1, CURRENT_TIMESTAMP),
( 4, 4, 1, CURRENT_TIMESTAMP),
( 5, 4, 1, CURRENT_TIMESTAMP),
( 7, 4, 1, CURRENT_TIMESTAMP),
( 8, 4, 1, CURRENT_TIMESTAMP),
(10, 4, 1, CURRENT_TIMESTAMP),
(14, 4, 1, CURRENT_TIMESTAMP),
(15, 4, 1, CURRENT_TIMESTAMP),
(16, 4, 1, CURRENT_TIMESTAMP),
(17, 4, 1, CURRENT_TIMESTAMP),
(18, 4, 1, CURRENT_TIMESTAMP),
(19, 4, 1, CURRENT_TIMESTAMP),
(20, 4, 1, CURRENT_TIMESTAMP),
(21, 4, 1, CURRENT_TIMESTAMP),
(22, 4, 1, CURRENT_TIMESTAMP),
(23, 4, 1, CURRENT_TIMESTAMP),
(24, 4, 1, CURRENT_TIMESTAMP),
(25, 4, 1, CURRENT_TIMESTAMP),
(26, 4, 1, CURRENT_TIMESTAMP),
(28, 4, 1, CURRENT_TIMESTAMP),

(30, 1, 1, CURRENT_TIMESTAMP),
(30, 2, 1, CURRENT_TIMESTAMP),
(30, 3, 1, CURRENT_TIMESTAMP),
(30, 4, 1, CURRENT_TIMESTAMP),

(31, 1, 1, CURRENT_TIMESTAMP),
(31, 2, 1, CURRENT_TIMESTAMP),
(31, 3, 1, CURRENT_TIMESTAMP),
(31, 4, 1, CURRENT_TIMESTAMP),

(32, 1, 1, CURRENT_TIMESTAMP),
(32, 2, 1, CURRENT_TIMESTAMP),
(32, 3, 1, CURRENT_TIMESTAMP),
(32, 4, 1, CURRENT_TIMESTAMP),

(33, 1, 1, CURRENT_TIMESTAMP),
(33, 2, 1, CURRENT_TIMESTAMP),
(33, 3, 1, CURRENT_TIMESTAMP),
(33, 4, 1, CURRENT_TIMESTAMP),

(34, 1, 1, CURRENT_TIMESTAMP),
(34, 2, 1, CURRENT_TIMESTAMP),
(34, 3, 1, CURRENT_TIMESTAMP),
(34, 4, 1, CURRENT_TIMESTAMP),

(35, 1, 1, CURRENT_TIMESTAMP),
(35, 2, 1, CURRENT_TIMESTAMP),
(35, 3, 1, CURRENT_TIMESTAMP),
(35, 4, 1, CURRENT_TIMESTAMP),

(36, 1, 1, CURRENT_TIMESTAMP),

(37, 1, 1, CURRENT_TIMESTAMP),

(38, 1, 1, CURRENT_TIMESTAMP),
(38, 2, 1, CURRENT_TIMESTAMP),
(38, 3, 1, CURRENT_TIMESTAMP),
(38, 4, 1, CURRENT_TIMESTAMP),

(3,  6, 1, CURRENT_TIMESTAMP),
(4,  6, 1, CURRENT_TIMESTAMP),
(5,  6, 1, CURRENT_TIMESTAMP),
(7,  6, 1, CURRENT_TIMESTAMP),
(8,  6, 1, CURRENT_TIMESTAMP),
(10, 6, 1, CURRENT_TIMESTAMP),
(18, 6, 1, CURRENT_TIMESTAMP),
(19, 6, 1, CURRENT_TIMESTAMP),
(20, 6, 1, CURRENT_TIMESTAMP),
(21, 6, 1, CURRENT_TIMESTAMP),
(22, 6, 1, CURRENT_TIMESTAMP),
(23, 6, 1, CURRENT_TIMESTAMP),
(24, 6, 1, CURRENT_TIMESTAMP),
(25, 6, 1, CURRENT_TIMESTAMP),
(26, 6, 1, CURRENT_TIMESTAMP),
(28, 6, 1, CURRENT_TIMESTAMP),
(30, 6, 1, CURRENT_TIMESTAMP),
(31, 6, 1, CURRENT_TIMESTAMP),
(32, 6, 1, CURRENT_TIMESTAMP),
(33, 6, 1, CURRENT_TIMESTAMP),
(34, 6, 1, CURRENT_TIMESTAMP),
(35, 6, 1, CURRENT_TIMESTAMP),
(36, 6, 1, CURRENT_TIMESTAMP),
(37, 6, 1, CURRENT_TIMESTAMP),
(38, 6, 1, CURRENT_TIMESTAMP),
(39, 1, 1, CURRENT_TIMESTAMP),
(39, 2, 1, CURRENT_TIMESTAMP),
(39, 3, 1, CURRENT_TIMESTAMP),
(39, 4, 1, CURRENT_TIMESTAMP),
(39, 6, 1, CURRENT_TIMESTAMP),
(40, 1, 1, CURRENT_TIMESTAMP),
(40, 2, 1, CURRENT_TIMESTAMP),
(40, 3, 1, CURRENT_TIMESTAMP),
(40, 4, 1, CURRENT_TIMESTAMP),
(40, 6, 1, CURRENT_TIMESTAMP),

(41, 1, 1, CURRENT_TIMESTAMP),
(41, 2, 1, CURRENT_TIMESTAMP),
(41, 3, 1, CURRENT_TIMESTAMP),
(41, 4, 1, CURRENT_TIMESTAMP),
(41, 6, 1, CURRENT_TIMESTAMP),

(42, 1, 1, CURRENT_TIMESTAMP),
(42, 3, 1, CURRENT_TIMESTAMP),
(42, 6, 1, CURRENT_TIMESTAMP),
(36, 4, 1, CURRENT_TIMESTAMP),
(37, 4, 1, CURRENT_TIMESTAMP),

(14, 6, 0, CURRENT_TIMESTAMP),
(15, 6, 0, CURRENT_TIMESTAMP),
(16, 6, 0, CURRENT_TIMESTAMP),
(17, 6, 0, CURRENT_TIMESTAMP),
(42, 4, 1, CURRENT_TIMESTAMP),
(43, 1, 1, CURRENT_TIMESTAMP),
(43, 6, 1, CURRENT_TIMESTAMP),

(52, 1, 1, CURRENT_TIMESTAMP),
(52, 6, 1, CURRENT_TIMESTAMP),

(53, 1, 1, CURRENT_TIMESTAMP),
(53, 6, 1, CURRENT_TIMESTAMP),

(44, 1, 1, CURRENT_TIMESTAMP),
(44, 2, 1, CURRENT_TIMESTAMP),
(44, 3, 1, CURRENT_TIMESTAMP),
(44, 4, 1, CURRENT_TIMESTAMP),
(44, 6, 1, CURRENT_TIMESTAMP),

(54, 1, 1, CURRENT_TIMESTAMP),
(54, 2, 1, CURRENT_TIMESTAMP),
(54, 3, 1, CURRENT_TIMESTAMP),
(54, 4, 1, CURRENT_TIMESTAMP),
(54, 6, 1, CURRENT_TIMESTAMP);




-- Connector commons parameters
INSERT INTO `rehab_option` (`Key`, `Value`,      `Type`,   `Order`, `Access_Role`, `Group`,      `Description`, `Active`) VALUES
('connector enabled',           'false',         'bool',   1,       'private',     'Connector',  'Enables connector functionality', 1),
('connector customization',     'CUSTOM',        'string', 3,       'private',     'Connector',  'Name of remote server to identify the type of protocol to be used for shipping', 1),
('connector send results',      'false',         'bool',   5,       'private',     'Connector',  'Enables game results sending to remote server', 1),
('connector send results url',  'https://....',  'string', 7,       'private',     'Connector',  'Url of the remote server that receives data of patients', 1),
('connector upload plan',       'false',         'bool',   9,       'private',     'Connector',  'Enables upload patient plan when saved/updated/deleted', 1),
('connector upload plan url',   'https://....',  'string', 11,      'private',     'Connector',  'Upload patient plan endpoint url', 1),
('rh client base url',          'https://....',  'string', 13,      'private',     'Connector',  'Url of the REHABILITY web client (used for images of games)', 1),
('log level',                   '0',             'number', 15,      'private',     'Connector',  'Connector Log level: 0 -> no logs, 1 -> few logs, 2 -> many logs', 1),
('auto patients associations',  'false',         'bool',   17,      'private',     'Connector',  'If true, when a patient is requested from a professional, is automatically associated to the professional', 1);

-- Connector VR2Care
INSERT INTO `rehab_option` (`Key`, `Value`, `Description`, `Access_Role`, `Type`, `Order`, `Group`, `EditedBy`, `Active`) VALUES
('RH Professional keycloak login', 'false', 'Rehability Unity login professionals users using vr2care keycloak system instead of original login (Used in Unity3d client) ',  NULL,  'bool',  9,  'Connector VR2CARE',  0, 1),
('client_secret', 'ehBVX0YlCLhOwTGAmO4kbsNjtOLiCNop', 'client_secret for token request', NULL, 'string', 5, 'Connector VR2CARE', 0, 1),
('client_id', 'imaginary', 'client_id for token request', NULL, 'string', 3, 'Connector VR2CARE', 0, 1),
('get token url', 'https://smartal2.alticelabs.com/keycloak/realms/VR2Care/protocol/openid-connect/token', 'Endpoint url for token request (by keycloak server)', NULL, 'string', 1, 'Connector VR2CARE', 0, 1),
('JWT public key', 'MIIBIjANBgkqhkiG9w0BAQEFAAOCAQ8AMIIBCgKCAQEA85+nw54sWJZuyyZgshKnuqjDJrbMEkah7oyZDKPTWpXX8u0uVYt7RfHgQ5TVVbypOrFBCYLU28XdlHVeUAvT9pAvPmPu+accJpkj+hLPqbZ55rgI0NVHiiNbtkw7csb+knHKnncHIMtrmI07kFNY8WSY/YfiTfOjzVwMidWQnUqvqBjMXQL8YVKeVL2p3LX3DLxKRF9CI+4z/jXoJyrGv3+hqZC57+H7KXT7Ec48GNDesJJ6qrr3ZV260ssLni19FLyiLtQN3IyHWfvW8hraZpjD0boeucIPdP3QH+pdqfhUqePB/WvDz03FO4YEjUDnGw03q3D38cgM4TGenvEBQQIDAQAB', 'JWT public key for checking token', NULL, 'string', 7, 'Connector VR2CARE', 0, 1),
('MPE token url', 'https://smartal2.alticelabs.com/keycloak/realms/VR2Care/protocol/openid-connect/token', 'The server url for MPE token authentication', NULL, 'string', 30, 'Connector VR2CARE', 2460253, 1),
('MPE client_id', 'multiplayer-environment', 'Enables connector functionality', NULL, 'string', 31, 'Connector VR2CARE', 2460253, 1),
('MPE client_secret', 'BmOi8IALIQvVoLl9B41EWsSQg5UkV4IA', 'secret for token authentication', NULL, 'string', 33, 'Connector VR2CARE', 2460253, 1),
('MPE schedule url', 'https://smartal2.alticelabs.com/vr-connector/api/task-management/retrieve-schedule?username={username}', 'Endpoint Url for retrieving the patient multiplayer environment schedule', NULL, 'string', 34, 'Connector VR2CARE', 0, 1),
('external application', 'application_path_name', 'Application name to be started for the external process if the file is not found it will start the default application ./externalApplication/externalApplication.x86_64 app', NULL, 'string', 15, 'Connector VR2CARE', 0, 1),
('check external application', 'false', 'it checks if the patient have to play with external application by his external plan on the external server', NULL, 'bool', 9, 'Connector VR2CARE', 0, 1),
('force external application', 'false', 'it forces the visibility of the button for starting the external process without checking the patient schedule ', NULL, 'bool', 9, 'Connector VR2CARE', 0, 1);


-- private settings
INSERT INTO `rehab_option` (`Key`, `Value`, `Description`, `Access_Role`, `Type`, `Order`, `Group`, `EditedBy`, `Active`, `Checksum`, `Last_Edit`) VALUES
('azure api key', '', 'API Key for Azure services', 'private', 'string', '0', 'Azure', NULL, '1', NULL, CURRENT_TIMESTAMP),
('azure endpoint', '', 'Endpoint for Azure services', 'private', 'string', '0', 'Azure', NULL, '1', NULL, CURRENT_TIMESTAMP),
('azure request uri', '', 'Request URI for Azure services', 'private', 'string', '0', 'Azure', NULL, '1', NULL, CURRENT_TIMESTAMP);


INSERT INTO `ima_game_output`(`Id`,`Game_ID`, `Name`, `Parameter`,`Description`) VALUES 
(1, 3,'Score','{final-score}','The score of the play.'),
(2, 4,'Score','{final-score}','The score of the play.'),
(3, 5,'Score','{final-score}','The score of the play.'),
(4, 7,'Score','{final-score}','The score of the play.'),
(5, 8,'Score','{final-score}','The score of the play.'),
(6, 10,'Score','{final-score}','The score of the play.'),
(10, 14,'Score','{final-score}','The score of the play.'),
(11, 15,'Score','{final-score}','The score of the play.'),
(12, 16,'Score','{final-score}','The score of the play.'),
(13, 17,'Score','{final-score}','The score of the play.'),
(14, 18,'Score','{final-score}','The score of the play.'),
(15, 19,'Score','{final-score}','The score of the play.'),
(16, 20,'Score','{final-score}','The score of the play.'),
(17, 3,'Accuracy','({taken-flowers}/{total-flowers}/{2})+({total-bees}-{taken-bees}/{total-bees}/{2})','The average between the taken correct objects out of the total ones and the avoided wrong objects out of the total ones.'),
(18, 4,'Accuracy','({taken-flowers}/{total-flowers}/{2})+({total-bees}-{taken-bees}/{total-bees}/{2})','The average between the taken correct objects out of to the total ones and the avoided wrong objects out of the total ones.'),
(19, 5,'Accuracy','{correct}/({correct}+{wrong})','Correct placed cans out of all placed cans.'),
(20, 7,'Accuracy','({correct-curves}/({correct-curves}+{wrong-curves})/{2})+({taken-stars}-{out-of-curve}/{total-stars}/{2})','The average between the correct performed curves out of the total and the taken stars less the number of time the user went out of the curves out of total stars.'),
(21, 8,'Accuracy','({taken-eggs}/{total-eggs}/{2})+({total-engines}-{taken-engines}/{total-engines}/{2})','The average between the taken correct objects out of the total ones and the avoided wrong objects out of the total ones.'),
(22, 10,'Accuracy','({correct-shape-curves}/({correct-shape-curves}+{wrong-shape-curves})/{3})+({correct-color-curves}/({correct-color-curves}+{wrong-color-curves})/{3})+({taken-stars}-{out-of-curve}/{total-stars}/{3})','The average between the correct placed shapes out of the total, the correct selected color out of the total and the taken stars less the number of time the user went out of the curves out of total stars.'),
(26, 14,'Accuracy','{response-accuracy}','The response accuracy of the game.'),
(27, 15,'Accuracy','{response-accuracy}','The response accuracy of the game.'),
(28, 16,'Accuracy','{response-accuracy}','The response accuracy of the game.'),
(29, 17,'Accuracy','{response-accuracy}','The response accuracy of the game.'),
(30, 18,'Accuracy','({taken-correct}/{total-correct}/{2})+({total-wrong}-{taken-wrong}/{total-wrong}/{2})','The average between the taken correct objects out of the total ones and the avoided wrong objects out of the total ones.'),
(31, 19,'Accuracy','{visited-right}/({counter-right}+{counter-wrong})','The minimum path to solve the maze out of full crossed path by the user.'),
(32, 20,'Accuracy','({taken-fruits}/{total-fruits}/{2})+({total-distractors}-{taken-distractors}/{total-distractors}/{2})','The average between the taken correct objects out of the total ones and the avoided wrong objects out of the total ones.'),
(33, 3,'Correct','{taken-flowers}/({input-parameters.duration}/{60})','Total flowers taken by minute.'),
(34, 4,'Correct','{taken-flowers}/({input-parameters.duration}/{60})','Total flowers taken by minute.'),
(35, 5,'Correct','{correct}/({input-parameters.duration}/{60})','The correct placed cans by minute.'),
(36, 7,'Correct','{correct-curves}/({input-parameters.duration}/{60})','The correct placed curves by minute.'),
(37, 8,'Correct','{taken-eggs}/({input-parameters.duration}/{60})','Total eggs taken by minute.'),
(38, 10,'Correct','({correct-shape-curves}+{correct-color-curves})/({input-parameters.duration}/{60})','The sum of correct selected shapes and correct placed colours by minute. '),
(42, 14,'Correct','{correct}/{input-parameters.stages}','The correct touched objects by stage.'),
(43, 15,'Correct','{correct}/{input-parameters.stages}','The correct matched pairs by stage.'),
(44, 16,'Correct','{correct}/{input-parameters.stages}','The correct given answers by stage.'),
(45, 17,'Correct','{correct}/{input-parameters.stages}','The correct placed puzzle pieces by stage.'),
(46, 18,'Correct','{taken-correct}/({input-parameters.duration}/{60})','The correct taken bubbles by minute.'),
(47, 19,'Correct','{correct-maze}/({input-parameters.duration}/{60})','Total solved mazes by minute.'),
(48, 20,'Correct','{taken-fruits}/({input-parameters.duration}/{60})','Total fruits taken by minute.'),
(49, 3,'Wrong','{taken-bees}/({input-parameters.duration}/{60})','Total bees taken by minute.'),
(50, 4,'Wrong','{taken-bees}/({input-parameters.duration}/{60})','Total bees taken by minute.'),
(51, 5,'Wrong','{wrong}/({input-parameters.duration}/{60})','The wrong placed cans by minute.'),
(52, 7,'Wrong','{wrong-curves}/({input-parameters.duration}/{60})','The wrong placed curves by minute.'),
(53, 8,'Wrong','{taken-engines}/({input-parameters.duration}/{60})','Total engines taken by minute.'),
(54, 10,'Wrong','({wrong-shape-curves}+{wrong-color-curves})/({input-parameters.duration}/{60})','The sum of wrong selected shapes and wrong placed colours by minute.'),
(58, 14,'Wrong','({wrong}+{empty})/{input-parameters.stages}','The sum of wrong and empty touched objects by stage.'),
(59, 15,'Wrong','{wrong}/{input-parameters.stages}','The wrong matched pairs by stage.'),
(60, 16,'Wrong','{wrong}/{input-parameters.stages}','The wrong given answers by stage.'),
(61, 17,'Wrong','{wrong}/{input-parameters.stages}','The wrong placed puzzle pieces by stage.'),
(62, 18,'Wrong','{taken-wrong}/({input-parameters.duration}/{60})','The wrong taken bubbles by minute.'),
(63, 19,'Wrong','{visited-wrong}/({input-parameters.duration}/{60})','The number of wrongly visited cells of the maze.'),
(64, 20,'Wrong','{taken-distractors}/({input-parameters.duration}/{60})','Total distractors taken by minute.'),
(67, 14,'Time','{average-time}','The average time to complete the stage.'),
(68, 15,'Time','{average-time}','The average time to complete the stage.'),
(69, 16,'Time','{average-time}','The average time to complete the stage.'),
(70, 17,'Time','{average-time}','The average time to complete the stage.'),
(71, 21,'Score','{final-score}','The score of the play.'),
(72, 21,'Accuracy','{correct}/({correct}+{wrong})','Correct placed gems out of all placed gems.'),
(73, 21,'Correct','{correct}/({input-parameters.duration}/{60})','The correct placed gems by minute.'),
(74, 21,'Wrong','{wrong}/({input-parameters.duration}/{60})','The wrong placed gems by minute.'),

(75,22,'Score','{final-score}','The score of the play.'),
(76,22,'Accuracy','({taken-flowers}/{total-flowers}/{2})+({total-bees}-{taken-bees}/{total-bees}/{2})','The average between the taken correct objects out of the total ones and the avoided wrong objects out of the total ones.'),
(77,22,'Correct','{taken-flowers}/({input-parameters.duration}/{60})','Total fish taken by minute.'),
(78,22,'Wrong','{taken-bees}/({input-parameters.duration}/{60})','Total jellyfish taken by minute.'),

(79,23,'Accuracy','({taken-flowers}/{total-flowers}/{2})+({total-bees}-{taken-bees}/{total-bees}/{2})','The average between the taken correct objects out of to the total ones and the avoided wrong objects out of the total ones.'),
(80,23,'Score','{final-score}','The score of the play.'),
(81,23,'Correct','{taken-flowers}/({input-parameters.duration}/{60})','Total fish taken by minute.'),
(82,23,'Wrong','{taken-bees}/({input-parameters.duration}/{60})','Total jellyfish taken by minute.'),

(83,24,'Score','{final-score}','The score of the play.'),
(84,24,'Accuracy','({taken-flowers}/{total-flowers}/{2})+({total-bees}-{taken-bees}/{total-bees}/{2})','The average between the taken correct objects out of the total ones and the avoided wrong objects out of the total ones.'),
(85,24,'Correct','{taken-flowers}/({input-parameters.duration}/{60})','Total rockets taken by minute.'),
(86,24,'Wrong','{taken-bees}/({input-parameters.duration}/{60})','Total meteorites taken by minute.'),

(87,25,'Accuracy','({taken-flowers}/{total-flowers}/{2})+({total-bees}-{taken-bees}/{total-bees}/{2})','The average between the taken correct objects out of to the total ones and the avoided wrong objects out of the total ones.'),
(88,25,'Score','{final-score}','The score of the play.'),
(89,25,'Correct','{taken-flowers}/({input-parameters.duration}/{60})','Total rockets taken by minute.'),
(90,25,'Wrong','{taken-bees}/({input-parameters.duration}/{60})','Total meteorites taken by minute.'),

(91,26,'Score','{final-score}','The score of the play.'),
(92,26,'Accuracy','({correct-curves}/({correct-curves}+{wrong-curves})/{2})+({taken-stars}-{out-of-curve}/{total-stars}/{2})','The average between the correct performed curves out of the total and the taken dots less the number of time the user went out of the curves out of total dots.'),
(93,26,'Correct','{correct-curves}/({input-parameters.duration}/{60})','The correct placed curves by minute.'),
(94,26,'Wrong','{wrong-curves}/({input-parameters.duration}/{60})','The wrong placed curves by minute.'),

(99,28,'Score','{final-score}','The score of the play.'),
(100,28,'Accuracy','({correct-curves}/({correct-curves}+{wrong-curves})/{2})+({taken-stars}-{out-of-curve}/{total-stars}/{2})','The average between the correct performed curves out of the total and the taken dots less the number of time the user went out of the curves out of total dots.'),
(101,28,'Correct','{correct-curves}/({input-parameters.duration}/{60})','The correct placed curves by minute.'),
(102,28,'Wrong','{wrong-curves}/({input-parameters.duration}/{60})','The wrong placed curves by minute.'),

(107, 30,'Score','{final-score}','The score of the play.'),
(108, 30,'Accuracy','{correct}/({correct}+{wrong})','Correct placed food out of all placed food.'),
(109, 30,'Correct','{correct}/({input-parameters.duration}/{60})','The correct placed food by minute.'),
(110, 30,'Wrong','{wrong}/({input-parameters.duration}/{60})','The wrong placed food by minute.'),

(111, 31,'Score','{final-score}','The score of the play.'),
(112, 31,'Accuracy','{correct}/({correct}+{wrong})','Correct placed food out of all placed food.'),
(113, 31,'Correct','{correct}/({input-parameters.duration}/{60})','The correct placed food by minute.'),
(114, 31,'Wrong','{wrong}/({input-parameters.duration}/{60})','The wrong placed food by minute.'),

(115, 32,'Score','{final-score}','The score of the play.'),
(116, 32,'Accuracy','({taken-eggs}/{total-eggs}/{2})+({total-engines}-{taken-engines}/{total-engines}/{2})','The average between the taken correct objects out of the total ones and the avoided wrong objects out of the total ones.'),
(117, 32,'Correct','{taken-eggs}/({input-parameters.duration}/{60})','Total debris taken by minute.'),
(118, 32,'Wrong','{taken-engines}/({input-parameters.duration}/{60})','Total screws taken by minute.'),
(119, 33,'Score','{final-score}','The score of the play.'),
(120, 33,'Accuracy','({taken-correct}/{total-correct}/{2})+({total-wrong}-{taken-wrong}/{total-wrong}/{2})','The average between the taken correct objects out of the total ones and the avoided wrong objects out of the total ones.'),
(121, 33,'Correct','{taken-correct}/({input-parameters.duration}/{60})','The correct taken bubbles by minute.'),
(122, 33,'Wrong','{taken-wrong}/({input-parameters.duration}/{60})','The wrong taken bubbles by minute.'),

(123, 34,'Score','{final-score}','The score of the play.'),
(124, 34,'Accuracy','({taken-flowers}/{total-flowers}/{2})+({total-bees}-{taken-bees}/{total-bees}/{2})','The average between the destroyed correct objects out of the total ones and the avoided wrong objects out of the total ones.'),
(125, 34,'Correct','{taken-flowers}/({input-parameters.duration}/{60})','Total meteorites destroyed by minute.'),
(126, 34,'Wrong','{taken-bees}/({input-parameters.duration}/{60})','Total satellites destroyed by minute.'),

(127, 35,'Score','{final-score}','The score of the play.'),
(128, 35,'Accuracy','({correct-shape-curves}/({correct-shape-curves}+{wrong-shape-curves})/{3})+({correct-color-curves}/({correct-color-curves}+{wrong-color-curves})/{3})+({taken-stars}-{out-of-curve}/{total-stars}/{3})','The average between the correct placed magic items out of the total, the correct selected element out of the total and the taken runes less the number of time the user went out of the curves out of total runes.'),
(129, 35,'Correct','({correct-shape-curves}+{correct-color-curves})/({input-parameters.duration}/{60})','The sum of correct selected items and correct placed elements by minute. '),
(130, 35,'Wrong','({wrong-shape-curves}+{wrong-color-curves})/({input-parameters.duration}/{60})','The sum of wrong selected items and wrong placed elements by minute.'),

(131, 38,'Score','{final-score}','The score of the play.'),
(132, 38,'Accuracy','{visited-right}/({counter-right}+{counter-wrong})','The minimum path to solve the maze out of full crossed path by the user.'),
(133, 38,'Correct','{correct-maze}/({input-parameters.duration}/{60})','Total solved mazes by minute.'),
(134, 38,'Wrong','{visited-wrong}/({input-parameters.duration}/{60})','The number of wrongly visited cells of the maze.'),

(135, 36,'Score','{final-score}','The score of the play.'),
(136, 37,'Score','{final-score}','The score of the play.'),
(137, 36,'Correct','{oranges}/({input-parameters.duration}/{60})','Total oranges squeezed by minute.'),
(138, 37,'Accuracy','{correct}/({correct}+{wrong})','Correct placed fruits out of all placed fruits.'),
(139, 37,'Correct','{correct}/({input-parameters.duration}/{60})','Correct placed fruits by minute.'),
(140, 37,'Wrong','{wrong}/({input-parameters.duration}/{60})','Wrongly placed fruits by minute.'),

(141, 39,'Score','{final-score}','The score of the play.'),
(142, 39,'Accuracy','{correct}/({correct}+{wrong})','Correct thrown trash bag.'),
(143, 39,'Correct','{correct}/({input-parameters.duration}/{60})','The correct thrown trash bag by minute.'),
(144, 39,'Wrong','{wrong}/({input-parameters.duration}/{60})','The wrongly thrown trash bag by minute.'),

(145, 40,'Score','{final-score}','The score of the play.'),
(146, 40,'Accuracy','{correct}/({correct}+{wrong})','Correcly opened trash bin out of total trash bags.'),
(147, 40,'Correct','{correct}/({input-parameters.duration}/{60})','Correcly opened trash bin by minute.'),
(148, 40,'Wrong','{wrong}/({input-parameters.duration}/{60})','Missed trash bag by minute.'),

(149, 41,'Score','{final-score}','The score of the play.'),
(150, 41,'Accuracy','({taken-correct}/{total-correct}/{2})+({total-distractor}-{taken-distractor}/{total-distractor}/{2})','The average between the taken correct objects out of the total ones and the avoided wrong objects out of the total ones.'),
(151, 41,'Correct','{taken-correct}/({input-parameters.duration}/{60})','The correctly taken moles by minute.'),
(152, 41,'Wrong','{taken-distractor}/({input-parameters.duration}/{60})','The wrongly taken carrots by minute.'),

(153, 42,'Score','{final-score}','The score of the play.'),
(154, 42,'Accuracy','({correct-top}+{correct-bottom}+{correct-middle})/({correct-top}+{wrong-top}+{correct-bottom}+{wrong-bottom}+{wrong-middle})','Correcly avoided obstacles out of total obstacles.'),
(155, 42,'Correct','({correct-top}+{correct-bottom}+{correct-middle})/({input-parameters.duration}/{60})','The correctly avoided obstacles by minute.'),
(156, 42,'Wrong','({wrong-top}+{wrong-bottom}+{wrong-middle})/({input-parameters.duration}/{60})','The wrongly hit obstacles by minute.'),
(176, 43,'Score','{final-score}','The score of the play.'),
(177, 43,'Correct','{correct}/({input-parameters.duration}/{60})','The dirt stains cleaned by minute.'),

(182, 52,'Score','{final-score}','The score of the play.'),
(183, 52,'Accuracy','{correct}/({correct}+{wrong})','Correct actions out of total ones.'),
(184, 52,'Correct','{correct}/({input-parameters.duration}/{60})','Correct action by minute.'),
(185, 52,'Wrong','{wrong}/({input-parameters.duration}/{60})','Wrong action by minute.'),

(186, 53,'Score','{final-score}','The score of the play.'),
(187, 53,'Accuracy','{correct}/({correct}+{wrong})','Correct actions out of total ones.'),
(188, 53,'Correct','{correct}/({input-parameters.duration}/{60})','Correct action by minute.'),
(189, 53,'Wrong','{wrong}/({input-parameters.duration}/{60})','Wrong action by minute.'),

(178, 44,'Score','{final-score}','The score of the play.'),
(179, 44,'Accuracy','({correct}+{correct-left}+{correct-right}/({correct}+{correct-left}+{correct-right}+{missed-correct}+{missed-correct-left}+{missed-correct-right})/{2})+({avoided-wrong}+{avoided-wrong-left}+{avoided-wrong-right}+{avoided-wrong-center}/({avoided-wrong}+{avoided-wrong-left}+{avoided-wrong-right}+{avoided-wrong-center}+{wrong}+{wrong-left}+{wrong-right}+{wrong-center})/{2})','The average between the taken correct objects out of the total ones and the avoided wrong objects out of the total ones.'),
(180, 44,'Correct','{correct}+{correct-left}+{correct-right}/({input-parameters.duration}/{60})','The correct element taken by minute.'),
(181, 44,'Wrong','{wrong}+{wrong-left}+{wrong-right}+{wrong-center}/({input-parameters.duration}/{60})','The distractors crashed by minute.'),

(190, 54,'Score','{final-score}','The score of the play.'),
(191, 54,'Accuracy','({correct}+{correct-left}+{correct-right}/({correct}+{correct-left}+{correct-right}+{missed-correct}+{missed-correct-left}+{missed-correct-right})/{2})+({avoided-wrong}/({avoided-wrong}+{wrong})/{2})','The average between the taken correct objects out of the total ones and the avoided wrong objects out of the total ones.'),
(192, 54,'Correct','{correct}+{correct-left}+{correct-right}/({input-parameters.duration}/{60})','The correct element taken by minute.'),
(193, 54,'Wrong','{wrong}/({input-parameters.duration}/{60})','The distractors crashed by minute.');


INSERT INTO `cb_usergroup` (`Id`, `Name`, `IdOwner`, `Public`, `CustomData`) VALUES
(1, 'All Users', 0, 1, '{}');


INSERT INTO `ima_language`(`Language_ID`, `Eng_Name`, `Lang_Name`, `Resource_URL`) VALUES 
('ar', 'Arabic', 'العربية', './images/lang/AR.png'),
('da', 'Danish', 'Dansk', './images/lang/DA.png'),
('de', 'German', 'Deutsch', './images/lang/DE.png'),
('el', 'Greek', 'ελληνικά', './images/lang/EL.png'),
('en', 'English', 'English', './images/lang/EN.png'),
('es', 'Spanish', 'español', './images/lang/ES.png'),
('fil-PH', 'Filipino', 'Pilipino', './images/lang/fil-PH.png'),
('fr', 'French', 'Français', './images/lang/FR.png'),
('it', 'Italian', 'Italiano', './images/lang/IT.png'),
('nl', 'Dutch', 'Nederlands', './images/lang/NL.png'),
('no', 'Norwegian', 'Norsk', './images/lang/NO.png'),
('pl', 'Polish', 'Polski', './images/lang/PL.png'),
('pt', 'Portuguese', 'Português', './images/lang/PT.png'),
('ro', 'Romanian', 'Română', './images/lang/RO.png'),
('sv', 'Swedish', 'Svenska', './images/lang/SV.png'),
('zh-CN', 'Chinese (China)', '中文（中国）', './images/lang/ZH-CN.png'),
('zh-HK', 'Chinese (Hong Kong)', '中文（香港）', './images/lang/ZH-HK.png'),
('zh-TW', 'Chinese (Taiwan)', '中文（台灣）', './images/lang/ZH-TW.png');


-- ----------------------------------------------------
-- 12/06/2023 Aggiunta di parametri ad alcuni giochi
-- ----------------------------------------------------



-- Night and day
-- ----------------------------------------------------
INSERT INTO `ima_game_parameter_association` (`Game_ID`, `Parameter_ID`, `Optional_Parameter`, `Active`) VALUES 
('59', '108', '0', '1'), -- check.shoulders kinect
('59', '109', '0', '1'), -- check.spine kinect
('59', '110', '0', '1'), -- check.position kinect
('59', '111', '0', '1'), -- check.hand kinect
('59', '112', '0', '1'), -- check.elbow kinect
('59', '113', '0', '1'), -- check.shoulders  nuitrack
('59', '114', '0', '1'), -- check.spine  nuitrack
('59', '115', '0', '1'), -- check.position  nuitrack
('59', '116', '0', '1'), -- check.hand  nuitrack
('59', '117', '0', '1'); -- check.elbow  nuitrack

INSERT INTO `ima_game_parameter_association` (`Game_ID`, `Parameter_ID`, `Optional_Parameter`, `Active`) VALUES 
('59', '13', '0', '1'), -- body position kinect
('59', '86', '0', '1'); -- body position nuitrack

-- grab to interact 
-- INSERT INTO `ima_game_parameter_association` (`Game_ID`, `Parameter_ID`, `Optional_Parameter`, `Active`) VALUES 
-- ('59', '55', '0', '1'), -- grab to interact nuitrack
-- ('59', '48', '0', '1'), -- grab to interact kinect
-- ('59', '87', '0', '1'); -- click to interact mouse


INSERT INTO `ima_game_parameter_association` (`Game_ID`, `Parameter_ID`, `Optional_Parameter`, `Active`) VALUES 
('59', '89', '0', '1'),  -- hand to use kinect
('59', '90', '0', '1');  -- hand to use nuitrack
